[INFO] fetching crate curerr 1.1.0...
[INFO] testing curerr-1.1.0 against 1.83.0 for beta-1.84.0-4-retry
[INFO] extracting crate curerr 1.1.0 into /workspace/builds/worker-2-tc1/source
[INFO] validating manifest of crates.io crate curerr 1.1.0 on toolchain 1.83.0
[INFO] running `Command { std: CARGO_HOME="/workspace/cargo-home" RUSTUP_HOME="/workspace/rustup-home" "/workspace/cargo-home/bin/cargo" "+1.83.0" "metadata" "--manifest-path" "Cargo.toml" "--no-deps", kill_on_drop: false }`
[INFO] started tweaking crates.io crate curerr 1.1.0
[INFO] finished tweaking crates.io crate curerr 1.1.0
[INFO] tweaked toml for crates.io crate curerr 1.1.0 written to /workspace/builds/worker-2-tc1/source/Cargo.toml
[INFO] running `Command { std: CARGO_HOME="/workspace/cargo-home" RUSTUP_HOME="/workspace/rustup-home" "/workspace/cargo-home/bin/cargo" "+1.83.0" "generate-lockfile" "--manifest-path" "Cargo.toml", kill_on_drop: false }`
[INFO] running `Command { std: CARGO_HOME="/workspace/cargo-home" RUSTUP_HOME="/workspace/rustup-home" "/workspace/cargo-home/bin/cargo" "+1.83.0" "fetch" "--manifest-path" "Cargo.toml", kill_on_drop: false }`
[INFO] running `Command { std: "docker" "create" "-v" "/var/lib/crater-agent-workspace/builds/worker-2-tc1/target:/opt/rustwide/target:rw,Z" "-v" "/var/lib/crater-agent-workspace/builds/worker-2-tc1/source:/opt/rustwide/workdir:ro,Z" "-v" "/var/lib/crater-agent-workspace/cargo-home:/opt/rustwide/cargo-home:ro,Z" "-v" "/var/lib/crater-agent-workspace/rustup-home:/opt/rustwide/rustup-home:ro,Z" "-e" "SOURCE_DIR=/opt/rustwide/workdir" "-e" "CARGO_TARGET_DIR=/opt/rustwide/target" "-e" "CARGO_HOME=/opt/rustwide/cargo-home" "-e" "RUSTUP_HOME=/opt/rustwide/rustup-home" "-w" "/opt/rustwide/workdir" "-m" "1610612736" "--user" "0:0" "--network" "none" "ghcr.io/rust-lang/crates-build-env/linux@sha256:f3a9d4ad9d972b27faf3965f35b62e55ba32bbce8f20bc8fe909558a86702fde" "/opt/rustwide/cargo-home/bin/cargo" "+1.83.0" "metadata" "--no-deps" "--format-version=1", kill_on_drop: false }`
[INFO] [stdout] 67fe086c5fb5bea77b7074286c3e3574e970e87895cb067e9bec6863eca8d283
[INFO] running `Command { std: "docker" "start" "-a" "67fe086c5fb5bea77b7074286c3e3574e970e87895cb067e9bec6863eca8d283", kill_on_drop: false }`
[INFO] running `Command { std: "docker" "inspect" "67fe086c5fb5bea77b7074286c3e3574e970e87895cb067e9bec6863eca8d283", kill_on_drop: false }`
[INFO] running `Command { std: "docker" "rm" "-f" "67fe086c5fb5bea77b7074286c3e3574e970e87895cb067e9bec6863eca8d283", kill_on_drop: false }`
[INFO] [stdout] 67fe086c5fb5bea77b7074286c3e3574e970e87895cb067e9bec6863eca8d283
[INFO] running `Command { std: "docker" "create" "-v" "/var/lib/crater-agent-workspace/builds/worker-2-tc1/target:/opt/rustwide/target:rw,Z" "-v" "/var/lib/crater-agent-workspace/builds/worker-2-tc1/source:/opt/rustwide/workdir:ro,Z" "-v" "/var/lib/crater-agent-workspace/cargo-home:/opt/rustwide/cargo-home:ro,Z" "-v" "/var/lib/crater-agent-workspace/rustup-home:/opt/rustwide/rustup-home:ro,Z" "-e" "SOURCE_DIR=/opt/rustwide/workdir" "-e" "CARGO_TARGET_DIR=/opt/rustwide/target" "-e" "CARGO_INCREMENTAL=0" "-e" "RUST_BACKTRACE=full" "-e" "RUSTFLAGS=--cap-lints=warn" "-e" "RUSTDOCFLAGS=--cap-lints=warn" "-e" "CARGO_HOME=/opt/rustwide/cargo-home" "-e" "RUSTUP_HOME=/opt/rustwide/rustup-home" "-w" "/opt/rustwide/workdir" "-m" "1610612736" "--user" "0:0" "--network" "none" "ghcr.io/rust-lang/crates-build-env/linux@sha256:f3a9d4ad9d972b27faf3965f35b62e55ba32bbce8f20bc8fe909558a86702fde" "/opt/rustwide/cargo-home/bin/cargo" "+1.83.0" "build" "--frozen" "--message-format=json", kill_on_drop: false }`
[INFO] [stdout] f2ee3c5abab5f06340d1e06b0b84ee9b6b6b0c6a8c233d5683df3043a619966d
[INFO] running `Command { std: "docker" "start" "-a" "f2ee3c5abab5f06340d1e06b0b84ee9b6b6b0c6a8c233d5683df3043a619966d", kill_on_drop: false }`
[INFO] [stderr]    Compiling curerr v1.1.0 (/opt/rustwide/workdir)
[INFO] [stderr]     Finished `dev` profile [unoptimized + debuginfo] target(s) in 0.38s
[INFO] running `Command { std: "docker" "inspect" "f2ee3c5abab5f06340d1e06b0b84ee9b6b6b0c6a8c233d5683df3043a619966d", kill_on_drop: false }`
[INFO] running `Command { std: "docker" "rm" "-f" "f2ee3c5abab5f06340d1e06b0b84ee9b6b6b0c6a8c233d5683df3043a619966d", kill_on_drop: false }`
[INFO] [stdout] f2ee3c5abab5f06340d1e06b0b84ee9b6b6b0c6a8c233d5683df3043a619966d
[INFO] running `Command { std: "docker" "create" "-v" "/var/lib/crater-agent-workspace/builds/worker-2-tc1/target:/opt/rustwide/target:rw,Z" "-v" "/var/lib/crater-agent-workspace/builds/worker-2-tc1/source:/opt/rustwide/workdir:ro,Z" "-v" "/var/lib/crater-agent-workspace/cargo-home:/opt/rustwide/cargo-home:ro,Z" "-v" "/var/lib/crater-agent-workspace/rustup-home:/opt/rustwide/rustup-home:ro,Z" "-e" "SOURCE_DIR=/opt/rustwide/workdir" "-e" "CARGO_TARGET_DIR=/opt/rustwide/target" "-e" "CARGO_INCREMENTAL=0" "-e" "RUST_BACKTRACE=full" "-e" "RUSTFLAGS=--cap-lints=warn" "-e" "RUSTDOCFLAGS=--cap-lints=warn" "-e" "CARGO_HOME=/opt/rustwide/cargo-home" "-e" "RUSTUP_HOME=/opt/rustwide/rustup-home" "-w" "/opt/rustwide/workdir" "-m" "1610612736" "--user" "0:0" "--network" "none" "ghcr.io/rust-lang/crates-build-env/linux@sha256:f3a9d4ad9d972b27faf3965f35b62e55ba32bbce8f20bc8fe909558a86702fde" "/opt/rustwide/cargo-home/bin/cargo" "+1.83.0" "test" "--frozen" "--no-run" "--message-format=json", kill_on_drop: false }`
[INFO] [stdout] 75fc7b7cab7c53d4793302b77679e637ad7ed824d5f45ec1faa6c201e0555afc
[INFO] running `Command { std: "docker" "start" "-a" "75fc7b7cab7c53d4793302b77679e637ad7ed824d5f45ec1faa6c201e0555afc", kill_on_drop: false }`
[INFO] [stderr]    Compiling curerr v1.1.0 (/opt/rustwide/workdir)
[INFO] [stderr]     Finished `test` profile [unoptimized + debuginfo] target(s) in 0.35s
[INFO] running `Command { std: "docker" "inspect" "75fc7b7cab7c53d4793302b77679e637ad7ed824d5f45ec1faa6c201e0555afc", kill_on_drop: false }`
[INFO] running `Command { std: "docker" "rm" "-f" "75fc7b7cab7c53d4793302b77679e637ad7ed824d5f45ec1faa6c201e0555afc", kill_on_drop: false }`
[INFO] [stdout] 75fc7b7cab7c53d4793302b77679e637ad7ed824d5f45ec1faa6c201e0555afc
[INFO] running `Command { std: "docker" "create" "-v" "/var/lib/crater-agent-workspace/builds/worker-2-tc1/target:/opt/rustwide/target:rw,Z" "-v" "/var/lib/crater-agent-workspace/builds/worker-2-tc1/source:/opt/rustwide/workdir:ro,Z" "-v" "/var/lib/crater-agent-workspace/cargo-home:/opt/rustwide/cargo-home:ro,Z" "-v" "/var/lib/crater-agent-workspace/rustup-home:/opt/rustwide/rustup-home:ro,Z" "-e" "SOURCE_DIR=/opt/rustwide/workdir" "-e" "CARGO_TARGET_DIR=/opt/rustwide/target" "-e" "CARGO_INCREMENTAL=0" "-e" "RUST_BACKTRACE=full" "-e" "RUSTFLAGS=--cap-lints=warn" "-e" "RUSTDOCFLAGS=--cap-lints=warn" "-e" "CARGO_HOME=/opt/rustwide/cargo-home" "-e" "RUSTUP_HOME=/opt/rustwide/rustup-home" "-w" "/opt/rustwide/workdir" "-m" "1610612736" "--user" "0:0" "--network" "none" "ghcr.io/rust-lang/crates-build-env/linux@sha256:f3a9d4ad9d972b27faf3965f35b62e55ba32bbce8f20bc8fe909558a86702fde" "/opt/rustwide/cargo-home/bin/cargo" "+1.83.0" "test" "--frozen", kill_on_drop: false }`
[INFO] [stdout] df62d336c19debba89ecf2220fc68ad1ee41f1e23a964a321f3d734cb8181e0c
[INFO] running `Command { std: "docker" "start" "-a" "df62d336c19debba89ecf2220fc68ad1ee41f1e23a964a321f3d734cb8181e0c", kill_on_drop: false }`
[INFO] [stderr]     Finished `test` profile [unoptimized + debuginfo] target(s) in 0.01s
[INFO] [stderr]      Running unittests src/lib.rs (/opt/rustwide/target/debug/deps/curerr-26eddbdad852ebda)
[INFO] [stdout] 
[INFO] [stdout] running 0 tests
[INFO] [stdout] 
[INFO] [stdout] test result: ok. 0 passed; 0 failed; 0 ignored; 0 measured; 0 filtered out; finished in 0.00s
[INFO] [stdout] 
[INFO] [stderr]    Doc-tests curerr
[INFO] [stdout] 
[INFO] [stdout] running 2 tests
[INFO] [stdout] test src/lib.rs - CursedErrorHandle (line 6) ... FAILED
[INFO] [stdout] test src/lib.rs - CursedError (line 57) ... ok
[INFO] [stdout] 
[INFO] [stdout] failures:
[INFO] [stdout] 
[INFO] [stdout] ---- src/lib.rs - CursedErrorHandle (line 6) stdout ----
[INFO] [stdout] error[E0599]: no variant or associated item named `Argument` found for enum `curerr::CursedError` in the current scope
[INFO] [stdout]   --> src/lib.rs:13:26
[INFO] [stdout]    |
[INFO] [stdout] 10 |             CursedError::Argument(CursedErrorType::Invalid),
[INFO] [stdout]    |                          ^^^^^^^^ variant or associated item not found in `CursedError`
[INFO] [stdout] 
[INFO] [stdout] error: aborting due to 1 previous error
[INFO] [stdout] 
[INFO] [stdout] For more information about this error, try `rustc --explain E0599`.
[INFO] [stdout] Couldn't compile the test.
[INFO] [stdout] 
[INFO] [stdout] failures:
[INFO] [stdout]     src/lib.rs - CursedErrorHandle (line 6)
[INFO] [stdout] 
[INFO] [stdout] test result: FAILED. 1 passed; 1 failed; 0 ignored; 0 measured; 0 filtered out; finished in 0.27s
[INFO] [stdout] 
[INFO] [stderr] error: doctest failed, to rerun pass `--doc`
[INFO] running `Command { std: "docker" "inspect" "df62d336c19debba89ecf2220fc68ad1ee41f1e23a964a321f3d734cb8181e0c", kill_on_drop: false }`
[INFO] running `Command { std: "docker" "rm" "-f" "df62d336c19debba89ecf2220fc68ad1ee41f1e23a964a321f3d734cb8181e0c", kill_on_drop: false }`
[INFO] [stdout] df62d336c19debba89ecf2220fc68ad1ee41f1e23a964a321f3d734cb8181e0c
