[INFO] fetching crate cumaea 0.1.1...
[INFO] testing cumaea-0.1.1 against 1.83.0 for beta-1.84.0-4-retry
[INFO] extracting crate cumaea 0.1.1 into /workspace/builds/worker-5-tc1/source
[INFO] validating manifest of crates.io crate cumaea 0.1.1 on toolchain 1.83.0
[INFO] running `Command { std: CARGO_HOME="/workspace/cargo-home" RUSTUP_HOME="/workspace/rustup-home" "/workspace/cargo-home/bin/cargo" "+1.83.0" "metadata" "--manifest-path" "Cargo.toml" "--no-deps", kill_on_drop: false }`
[INFO] started tweaking crates.io crate cumaea 0.1.1
[INFO] finished tweaking crates.io crate cumaea 0.1.1
[INFO] tweaked toml for crates.io crate cumaea 0.1.1 written to /workspace/builds/worker-5-tc1/source/Cargo.toml
[INFO] running `Command { std: CARGO_HOME="/workspace/cargo-home" RUSTUP_HOME="/workspace/rustup-home" "/workspace/cargo-home/bin/cargo" "+1.83.0" "generate-lockfile" "--manifest-path" "Cargo.toml", kill_on_drop: false }`
[INFO] [stderr]     Updating crates.io index
[INFO] [stderr]      Locking 11 packages to latest compatible versions
[INFO] running `Command { std: CARGO_HOME="/workspace/cargo-home" RUSTUP_HOME="/workspace/rustup-home" "/workspace/cargo-home/bin/cargo" "+1.83.0" "fetch" "--manifest-path" "Cargo.toml", kill_on_drop: false }`
[INFO] running `Command { std: "docker" "create" "-v" "/var/lib/crater-agent-workspace/builds/worker-5-tc1/target:/opt/rustwide/target:rw,Z" "-v" "/var/lib/crater-agent-workspace/builds/worker-5-tc1/source:/opt/rustwide/workdir:ro,Z" "-v" "/var/lib/crater-agent-workspace/cargo-home:/opt/rustwide/cargo-home:ro,Z" "-v" "/var/lib/crater-agent-workspace/rustup-home:/opt/rustwide/rustup-home:ro,Z" "-e" "SOURCE_DIR=/opt/rustwide/workdir" "-e" "CARGO_TARGET_DIR=/opt/rustwide/target" "-e" "CARGO_HOME=/opt/rustwide/cargo-home" "-e" "RUSTUP_HOME=/opt/rustwide/rustup-home" "-w" "/opt/rustwide/workdir" "-m" "1610612736" "--user" "0:0" "--network" "none" "ghcr.io/rust-lang/crates-build-env/linux@sha256:f3a9d4ad9d972b27faf3965f35b62e55ba32bbce8f20bc8fe909558a86702fde" "/opt/rustwide/cargo-home/bin/cargo" "+1.83.0" "metadata" "--no-deps" "--format-version=1", kill_on_drop: false }`
[INFO] [stdout] fdf85bfecc415ab87566aea0e3f7745b16fcf95d846ebef258cfde67b2f078ad
[INFO] running `Command { std: "docker" "start" "-a" "fdf85bfecc415ab87566aea0e3f7745b16fcf95d846ebef258cfde67b2f078ad", kill_on_drop: false }`
[INFO] running `Command { std: "docker" "inspect" "fdf85bfecc415ab87566aea0e3f7745b16fcf95d846ebef258cfde67b2f078ad", kill_on_drop: false }`
[INFO] running `Command { std: "docker" "rm" "-f" "fdf85bfecc415ab87566aea0e3f7745b16fcf95d846ebef258cfde67b2f078ad", kill_on_drop: false }`
[INFO] [stdout] fdf85bfecc415ab87566aea0e3f7745b16fcf95d846ebef258cfde67b2f078ad
[INFO] running `Command { std: "docker" "create" "-v" "/var/lib/crater-agent-workspace/builds/worker-5-tc1/target:/opt/rustwide/target:rw,Z" "-v" "/var/lib/crater-agent-workspace/builds/worker-5-tc1/source:/opt/rustwide/workdir:ro,Z" "-v" "/var/lib/crater-agent-workspace/cargo-home:/opt/rustwide/cargo-home:ro,Z" "-v" "/var/lib/crater-agent-workspace/rustup-home:/opt/rustwide/rustup-home:ro,Z" "-e" "SOURCE_DIR=/opt/rustwide/workdir" "-e" "CARGO_TARGET_DIR=/opt/rustwide/target" "-e" "CARGO_INCREMENTAL=0" "-e" "RUST_BACKTRACE=full" "-e" "RUSTFLAGS=--cap-lints=warn" "-e" "RUSTDOCFLAGS=--cap-lints=warn" "-e" "CARGO_HOME=/opt/rustwide/cargo-home" "-e" "RUSTUP_HOME=/opt/rustwide/rustup-home" "-w" "/opt/rustwide/workdir" "-m" "1610612736" "--user" "0:0" "--network" "none" "ghcr.io/rust-lang/crates-build-env/linux@sha256:f3a9d4ad9d972b27faf3965f35b62e55ba32bbce8f20bc8fe909558a86702fde" "/opt/rustwide/cargo-home/bin/cargo" "+1.83.0" "build" "--frozen" "--message-format=json", kill_on_drop: false }`
[INFO] [stdout] 14c4ef358bc8889d1eaf701620d74ae7558c32d34e40eb47a04453b807e182a9
[INFO] running `Command { std: "docker" "start" "-a" "14c4ef358bc8889d1eaf701620d74ae7558c32d34e40eb47a04453b807e182a9", kill_on_drop: false }`
[INFO] [stderr]    Compiling lazy_static v1.5.0
[INFO] [stderr]    Compiling colored v2.1.0
[INFO] [stderr]    Compiling cumaea v0.1.1 (/opt/rustwide/workdir)
[INFO] [stderr]     Finished `dev` profile [unoptimized + debuginfo] target(s) in 0.85s
[INFO] running `Command { std: "docker" "inspect" "14c4ef358bc8889d1eaf701620d74ae7558c32d34e40eb47a04453b807e182a9", kill_on_drop: false }`
[INFO] running `Command { std: "docker" "rm" "-f" "14c4ef358bc8889d1eaf701620d74ae7558c32d34e40eb47a04453b807e182a9", kill_on_drop: false }`
[INFO] [stdout] 14c4ef358bc8889d1eaf701620d74ae7558c32d34e40eb47a04453b807e182a9
[INFO] running `Command { std: "docker" "create" "-v" "/var/lib/crater-agent-workspace/builds/worker-5-tc1/target:/opt/rustwide/target:rw,Z" "-v" "/var/lib/crater-agent-workspace/builds/worker-5-tc1/source:/opt/rustwide/workdir:ro,Z" "-v" "/var/lib/crater-agent-workspace/cargo-home:/opt/rustwide/cargo-home:ro,Z" "-v" "/var/lib/crater-agent-workspace/rustup-home:/opt/rustwide/rustup-home:ro,Z" "-e" "SOURCE_DIR=/opt/rustwide/workdir" "-e" "CARGO_TARGET_DIR=/opt/rustwide/target" "-e" "CARGO_INCREMENTAL=0" "-e" "RUST_BACKTRACE=full" "-e" "RUSTFLAGS=--cap-lints=warn" "-e" "RUSTDOCFLAGS=--cap-lints=warn" "-e" "CARGO_HOME=/opt/rustwide/cargo-home" "-e" "RUSTUP_HOME=/opt/rustwide/rustup-home" "-w" "/opt/rustwide/workdir" "-m" "1610612736" "--user" "0:0" "--network" "none" "ghcr.io/rust-lang/crates-build-env/linux@sha256:f3a9d4ad9d972b27faf3965f35b62e55ba32bbce8f20bc8fe909558a86702fde" "/opt/rustwide/cargo-home/bin/cargo" "+1.83.0" "test" "--frozen" "--no-run" "--message-format=json", kill_on_drop: false }`
[INFO] [stdout] b4b10128654e09a6affb1d0a4500e5c4f9504cc246d5b81e5bb018c3413c7455
[INFO] running `Command { std: "docker" "start" "-a" "b4b10128654e09a6affb1d0a4500e5c4f9504cc246d5b81e5bb018c3413c7455", kill_on_drop: false }`
[INFO] [stderr]    Compiling cumaea v0.1.1 (/opt/rustwide/workdir)
[INFO] [stderr]     Finished `test` profile [unoptimized + debuginfo] target(s) in 0.45s
[INFO] running `Command { std: "docker" "inspect" "b4b10128654e09a6affb1d0a4500e5c4f9504cc246d5b81e5bb018c3413c7455", kill_on_drop: false }`
[INFO] running `Command { std: "docker" "rm" "-f" "b4b10128654e09a6affb1d0a4500e5c4f9504cc246d5b81e5bb018c3413c7455", kill_on_drop: false }`
[INFO] [stdout] b4b10128654e09a6affb1d0a4500e5c4f9504cc246d5b81e5bb018c3413c7455
[INFO] running `Command { std: "docker" "create" "-v" "/var/lib/crater-agent-workspace/builds/worker-5-tc1/target:/opt/rustwide/target:rw,Z" "-v" "/var/lib/crater-agent-workspace/builds/worker-5-tc1/source:/opt/rustwide/workdir:ro,Z" "-v" "/var/lib/crater-agent-workspace/cargo-home:/opt/rustwide/cargo-home:ro,Z" "-v" "/var/lib/crater-agent-workspace/rustup-home:/opt/rustwide/rustup-home:ro,Z" "-e" "SOURCE_DIR=/opt/rustwide/workdir" "-e" "CARGO_TARGET_DIR=/opt/rustwide/target" "-e" "CARGO_INCREMENTAL=0" "-e" "RUST_BACKTRACE=full" "-e" "RUSTFLAGS=--cap-lints=warn" "-e" "RUSTDOCFLAGS=--cap-lints=warn" "-e" "CARGO_HOME=/opt/rustwide/cargo-home" "-e" "RUSTUP_HOME=/opt/rustwide/rustup-home" "-w" "/opt/rustwide/workdir" "-m" "1610612736" "--user" "0:0" "--network" "none" "ghcr.io/rust-lang/crates-build-env/linux@sha256:f3a9d4ad9d972b27faf3965f35b62e55ba32bbce8f20bc8fe909558a86702fde" "/opt/rustwide/cargo-home/bin/cargo" "+1.83.0" "test" "--frozen", kill_on_drop: false }`
[INFO] [stdout] 8d97cc590b7d2230b36bbd1c8b230c92df0fbe42b5fee5b089b912426339e91c
[INFO] running `Command { std: "docker" "start" "-a" "8d97cc590b7d2230b36bbd1c8b230c92df0fbe42b5fee5b089b912426339e91c", kill_on_drop: false }`
[INFO] [stderr]     Finished `test` profile [unoptimized + debuginfo] target(s) in 0.01s
[INFO] [stderr]      Running unittests src/lib.rs (/opt/rustwide/target/debug/deps/cumaea-a3dc8c1aa261cc9b)
[INFO] [stdout] 
[INFO] [stdout] running 0 tests
[INFO] [stdout] 
[INFO] [stdout] test result: ok. 0 passed; 0 failed; 0 ignored; 0 measured; 0 filtered out; finished in 0.00s
[INFO] [stdout] 
[INFO] [stderr]    Doc-tests cumaea
[INFO] [stdout] 
[INFO] [stdout] running 4 tests
[INFO] [stdout] test src/lib.rs - prompt_tf_default (line 171) ... FAILED
[INFO] [stdout] test src/lib.rs - prompt_text (line 41) ... FAILED
[INFO] [stdout] test src/lib.rs - prompt_selection (line 261) ... FAILED
[INFO] [stdout] test src/lib.rs - prompt_text (line 33) ... FAILED
[INFO] [stdout] 
[INFO] [stdout] failures:
[INFO] [stdout] 
[INFO] [stdout] ---- src/lib.rs - prompt_tf_default (line 171) stdout ----
[INFO] [stdout] error[E0425]: cannot find function `prompt_tf_default` in this scope
[INFO] [stdout]  --> src/lib.rs:172:16
[INFO] [stdout]   |
[INFO] [stdout] 3 | let the_bool = prompt_tf_default(
[INFO] [stdout]   |                ^^^^^^^^^^^^^^^^^ not found in this scope
[INFO] [stdout]   |
[INFO] [stdout] help: consider importing this function
[INFO] [stdout]   |
[INFO] [stdout] 2 + use cumaea::prompt_tf_default;
[INFO] [stdout]   |
[INFO] [stdout] 
[INFO] [stdout] error[E0433]: failed to resolve: use of undeclared type `Choice`
[INFO] [stdout]  --> src/lib.rs:174:13
[INFO] [stdout]   |
[INFO] [stdout] 5 |        Some(Choice::Normal(ChoiceColor::Green)),
[INFO] [stdout]   |             ^^^^^^ use of undeclared type `Choice`
[INFO] [stdout]   |
[INFO] [stdout] help: consider importing this enum
[INFO] [stdout]   |
[INFO] [stdout] 2 + use cumaea::Choice;
[INFO] [stdout]   |
[INFO] [stdout] 
[INFO] [stdout] error[E0433]: failed to resolve: use of undeclared type `ChoiceColor`
[INFO] [stdout]  --> src/lib.rs:174:28
[INFO] [stdout]   |
[INFO] [stdout] 5 |        Some(Choice::Normal(ChoiceColor::Green)),
[INFO] [stdout]   |                            ^^^^^^^^^^^ use of undeclared type `ChoiceColor`
[INFO] [stdout]   |
[INFO] [stdout] help: consider importing this enum
[INFO] [stdout]   |
[INFO] [stdout] 2 + use cumaea::ChoiceColor;
[INFO] [stdout]   |
[INFO] [stdout] 
[INFO] [stdout] error: aborting due to 3 previous errors
[INFO] [stdout] 
[INFO] [stdout] Some errors have detailed explanations: E0425, E0433.
[INFO] [stdout] For more information about an error, try `rustc --explain E0425`.
[INFO] [stdout] Couldn't compile the test.
[INFO] [stdout] ---- src/lib.rs - prompt_text (line 41) stdout ----
[INFO] [stdout] error[E0425]: cannot find function `prompt_text` in this scope
[INFO] [stdout]  --> src/lib.rs:42:16
[INFO] [stdout]   |
[INFO] [stdout] 3 | let the_text = prompt_text(
[INFO] [stdout]   |                ^^^^^^^^^^^ not found in this scope
[INFO] [stdout]   |
[INFO] [stdout] help: consider importing this function
[INFO] [stdout]   |
[INFO] [stdout] 2 + use cumaea::prompt_text;
[INFO] [stdout]   |
[INFO] [stdout] 
[INFO] [stdout] error[E0433]: failed to resolve: use of undeclared type `Choice`
[INFO] [stdout]  --> src/lib.rs:45:13
[INFO] [stdout]   |
[INFO] [stdout] 6 |        Some(Choice::Normal(ChoiceColor::Green)),
[INFO] [stdout]   |             ^^^^^^ use of undeclared type `Choice`
[INFO] [stdout]   |
[INFO] [stdout] help: consider importing this enum
[INFO] [stdout]   |
[INFO] [stdout] 2 + use cumaea::Choice;
[INFO] [stdout]   |
[INFO] [stdout] 
[INFO] [stdout] error[E0433]: failed to resolve: use of undeclared type `ChoiceColor`
[INFO] [stdout]  --> src/lib.rs:45:28
[INFO] [stdout]   |
[INFO] [stdout] 6 |        Some(Choice::Normal(ChoiceColor::Green)),
[INFO] [stdout]   |                            ^^^^^^^^^^^ use of undeclared type `ChoiceColor`
[INFO] [stdout]   |
[INFO] [stdout] help: consider importing this enum
[INFO] [stdout]   |
[INFO] [stdout] 2 + use cumaea::ChoiceColor;
[INFO] [stdout]   |
[INFO] [stdout] 
[INFO] [stdout] error: aborting due to 3 previous errors
[INFO] [stdout] 
[INFO] [stdout] Some errors have detailed explanations: E0425, E0433.
[INFO] [stdout] For more information about an error, try `rustc --explain E0425`.
[INFO] [stdout] Couldn't compile the test.
[INFO] [stdout] ---- src/lib.rs - prompt_selection (line 261) stdout ----
[INFO] [stdout] error[E0425]: cannot find function `prompt_selection` in this scope
[INFO] [stdout]  --> src/lib.rs:262:18
[INFO] [stdout]   |
[INFO] [stdout] 3 | let the_string = prompt_selection(
[INFO] [stdout]   |                  ^^^^^^^^^^^^^^^^ not found in this scope
[INFO] [stdout]   |
[INFO] [stdout] help: consider importing this function
[INFO] [stdout]   |
[INFO] [stdout] 2 + use cumaea::prompt_selection;
[INFO] [stdout]   |
[INFO] [stdout] 
[INFO] [stdout] error[E0433]: failed to resolve: use of undeclared type `Choice`
[INFO] [stdout]  --> src/lib.rs:265:10
[INFO] [stdout]   |
[INFO] [stdout] 6 |     Some(Choice::Normal(ChoiceColor::Cyan)),
[INFO] [stdout]   |          ^^^^^^ use of undeclared type `Choice`
[INFO] [stdout]   |
[INFO] [stdout] help: consider importing this enum
[INFO] [stdout]   |
[INFO] [stdout] 2 + use cumaea::Choice;
[INFO] [stdout]   |
[INFO] [stdout] 
[INFO] [stdout] error[E0433]: failed to resolve: use of undeclared type `ChoiceColor`
[INFO] [stdout]  --> src/lib.rs:265:25
[INFO] [stdout]   |
[INFO] [stdout] 6 |     Some(Choice::Normal(ChoiceColor::Cyan)),
[INFO] [stdout]   |                         ^^^^^^^^^^^ use of undeclared type `ChoiceColor`
[INFO] [stdout]   |
[INFO] [stdout] help: consider importing this enum
[INFO] [stdout]   |
[INFO] [stdout] 2 + use cumaea::ChoiceColor;
[INFO] [stdout]   |
[INFO] [stdout] 
[INFO] [stdout] error: aborting due to 3 previous errors
[INFO] [stdout] 
[INFO] [stdout] Some errors have detailed explanations: E0425, E0433.
[INFO] [stdout] For more information about an error, try `rustc --explain E0425`.
[INFO] [stdout] Couldn't compile the test.
[INFO] [stdout] ---- src/lib.rs - prompt_text (line 33) stdout ----
[INFO] [stdout] error: expected one of `!`, `.`, `::`, `;`, `?`, `{`, `}`, or an operator, found `a`
[INFO] [stdout]  --> src/lib.rs:34:8
[INFO] [stdout]   |
[INFO] [stdout] 3 | {Enter a} {NAME}:
[INFO] [stdout]   |        ^ expected one of 8 possible tokens
[INFO] [stdout] 
[INFO] [stdout] error: expected expression, found `:`
[INFO] [stdout]  --> src/lib.rs:34:17
[INFO] [stdout]   |
[INFO] [stdout] 3 | {Enter a} {NAME}:
[INFO] [stdout]   |                 ^ expected expression
[INFO] [stdout] 
[INFO] [stdout] error[E0425]: cannot find value `NAME` in this scope
[INFO] [stdout]  --> src/lib.rs:34:12
[INFO] [stdout]   |
[INFO] [stdout] 3 | {Enter a} {NAME}:
[INFO] [stdout]   |            ^^^^ not found in this scope
[INFO] [stdout] 
[INFO] [stdout] error: aborting due to 3 previous errors
[INFO] [stdout] 
[INFO] [stdout] For more information about this error, try `rustc --explain E0425`.
[INFO] [stdout] Couldn't compile the test.
[INFO] [stdout] 
[INFO] [stdout] failures:
[INFO] [stdout]     src/lib.rs - prompt_selection (line 261)
[INFO] [stdout]     src/lib.rs - prompt_text (line 33)
[INFO] [stdout]     src/lib.rs - prompt_text (line 41)
[INFO] [stdout]     src/lib.rs - prompt_tf_default (line 171)
[INFO] [stdout] 
[INFO] [stdout] test result: FAILED. 0 passed; 4 failed; 0 ignored; 0 measured; 0 filtered out; finished in 0.24s
[INFO] [stdout] 
[INFO] [stderr] error: doctest failed, to rerun pass `--doc`
[INFO] running `Command { std: "docker" "inspect" "8d97cc590b7d2230b36bbd1c8b230c92df0fbe42b5fee5b089b912426339e91c", kill_on_drop: false }`
[INFO] running `Command { std: "docker" "rm" "-f" "8d97cc590b7d2230b36bbd1c8b230c92df0fbe42b5fee5b089b912426339e91c", kill_on_drop: false }`
[INFO] [stdout] 8d97cc590b7d2230b36bbd1c8b230c92df0fbe42b5fee5b089b912426339e91c
