[INFO] fetching crate cuicui_reflect_query 0.1.1...
[INFO] testing cuicui_reflect_query-0.1.1 against 1.83.0 for beta-1.84.0-4-retry
[INFO] extracting crate cuicui_reflect_query 0.1.1 into /workspace/builds/worker-6-tc1/source
[INFO] validating manifest of crates.io crate cuicui_reflect_query 0.1.1 on toolchain 1.83.0
[INFO] running `Command { std: CARGO_HOME="/workspace/cargo-home" RUSTUP_HOME="/workspace/rustup-home" "/workspace/cargo-home/bin/cargo" "+1.83.0" "metadata" "--manifest-path" "Cargo.toml" "--no-deps", kill_on_drop: false }`
[INFO] started tweaking crates.io crate cuicui_reflect_query 0.1.1
[INFO] finished tweaking crates.io crate cuicui_reflect_query 0.1.1
[INFO] tweaked toml for crates.io crate cuicui_reflect_query 0.1.1 written to /workspace/builds/worker-6-tc1/source/Cargo.toml
[INFO] running `Command { std: CARGO_HOME="/workspace/cargo-home" RUSTUP_HOME="/workspace/rustup-home" "/workspace/cargo-home/bin/cargo" "+1.83.0" "generate-lockfile" "--manifest-path" "Cargo.toml", kill_on_drop: false }`
[INFO] [stderr]     Blocking waiting for file lock on package cache
[INFO] [stderr]     Updating crates.io index
[INFO] [stderr]     Blocking waiting for file lock on package cache
[INFO] [stderr]      Locking 272 packages to latest compatible versions
[INFO] [stderr]       Adding bevy v0.10.1 (available: v0.15.0)
[INFO] [stderr]       Adding block-sys v0.1.0-beta.1 (available: v0.1.0-beta.2)
[INFO] [stderr]       Adding block2 v0.2.0-alpha.6 (available: v0.2.0)
[INFO] [stderr]       Adding objc-sys v0.2.0-beta.2 (available: v0.2.0-beta.3)
[INFO] [stderr]       Adding objc2 v0.3.0-beta.3.patch-leaks.3 (available: v0.3.0-beta.5)
[INFO] [stderr]       Adding objc2-encode v2.0.0-pre.2 (available: v2.0.0)
[INFO] [stderr]       Adding wasm-bindgen-futures v0.4.45 (available: v0.4.49)
[INFO] [stderr]       Adding web-sys v0.3.72 (available: v0.3.76)
[INFO] running `Command { std: CARGO_HOME="/workspace/cargo-home" RUSTUP_HOME="/workspace/rustup-home" "/workspace/cargo-home/bin/cargo" "+1.83.0" "fetch" "--manifest-path" "Cargo.toml", kill_on_drop: false }`
[INFO] [stderr]     Blocking waiting for file lock on package cache
[INFO] [stderr]  Downloading crates ...
[INFO] [stderr]   Downloaded bevy_text v0.10.1
[INFO] [stderr]   Downloaded bevy_window v0.10.1
[INFO] [stderr]   Downloaded bevy_render v0.10.1
[INFO] [stderr]   Downloaded bevy_diagnostic v0.10.1
[INFO] [stderr]   Downloaded accesskit_winit v0.12.4
[INFO] [stderr]   Downloaded bevy_pbr v0.10.1
[INFO] [stderr]   Downloaded bevy_winit v0.10.1
[INFO] [stderr]   Downloaded bevy_asset v0.10.1
[INFO] [stderr]   Downloaded sysinfo v0.28.4
[INFO] [stderr]   Downloaded bevy_sprite v0.10.1
[INFO] [stderr]   Downloaded bevy_ui v0.10.1
[INFO] [stderr]   Downloaded bevy_input v0.10.1
[INFO] [stderr]   Downloaded bevy v0.10.1
[INFO] [stderr]   Downloaded accesskit_macos v0.6.2
[INFO] [stderr]   Downloaded bevy_a11y v0.10.1
[INFO] [stderr]   Downloaded bevy_encase_derive v0.10.1
[INFO] [stderr]   Downloaded bevy_core_pipeline v0.10.1
[INFO] [stderr]   Downloaded bevy_mikktspace v0.10.1
[INFO] [stderr]   Downloaded bevy_render_macros v0.10.1
[INFO] [stderr]   Downloaded bevy_internal v0.10.1
[INFO] [stderr]   Downloaded wgpu-hal v0.15.4
[INFO] [stderr]   Downloaded naga v0.11.1
[INFO] running `Command { std: "docker" "create" "-v" "/var/lib/crater-agent-workspace/builds/worker-6-tc1/target:/opt/rustwide/target:rw,Z" "-v" "/var/lib/crater-agent-workspace/builds/worker-6-tc1/source:/opt/rustwide/workdir:ro,Z" "-v" "/var/lib/crater-agent-workspace/cargo-home:/opt/rustwide/cargo-home:ro,Z" "-v" "/var/lib/crater-agent-workspace/rustup-home:/opt/rustwide/rustup-home:ro,Z" "-e" "SOURCE_DIR=/opt/rustwide/workdir" "-e" "CARGO_TARGET_DIR=/opt/rustwide/target" "-e" "CARGO_HOME=/opt/rustwide/cargo-home" "-e" "RUSTUP_HOME=/opt/rustwide/rustup-home" "-w" "/opt/rustwide/workdir" "-m" "1610612736" "--user" "0:0" "--network" "none" "ghcr.io/rust-lang/crates-build-env/linux@sha256:f3a9d4ad9d972b27faf3965f35b62e55ba32bbce8f20bc8fe909558a86702fde" "/opt/rustwide/cargo-home/bin/cargo" "+1.83.0" "metadata" "--no-deps" "--format-version=1", kill_on_drop: false }`
[INFO] [stdout] 02c2da0148f1b83fca607bbbdc327871360548c1e36195f7b65ff227fafb1a2a
[INFO] running `Command { std: "docker" "start" "-a" "02c2da0148f1b83fca607bbbdc327871360548c1e36195f7b65ff227fafb1a2a", kill_on_drop: false }`
[INFO] running `Command { std: "docker" "inspect" "02c2da0148f1b83fca607bbbdc327871360548c1e36195f7b65ff227fafb1a2a", kill_on_drop: false }`
[INFO] running `Command { std: "docker" "rm" "-f" "02c2da0148f1b83fca607bbbdc327871360548c1e36195f7b65ff227fafb1a2a", kill_on_drop: false }`
[INFO] [stdout] 02c2da0148f1b83fca607bbbdc327871360548c1e36195f7b65ff227fafb1a2a
[INFO] running `Command { std: "docker" "create" "-v" "/var/lib/crater-agent-workspace/builds/worker-6-tc1/target:/opt/rustwide/target:rw,Z" "-v" "/var/lib/crater-agent-workspace/builds/worker-6-tc1/source:/opt/rustwide/workdir:ro,Z" "-v" "/var/lib/crater-agent-workspace/cargo-home:/opt/rustwide/cargo-home:ro,Z" "-v" "/var/lib/crater-agent-workspace/rustup-home:/opt/rustwide/rustup-home:ro,Z" "-e" "SOURCE_DIR=/opt/rustwide/workdir" "-e" "CARGO_TARGET_DIR=/opt/rustwide/target" "-e" "CARGO_INCREMENTAL=0" "-e" "RUST_BACKTRACE=full" "-e" "RUSTFLAGS=--cap-lints=warn" "-e" "RUSTDOCFLAGS=--cap-lints=warn" "-e" "CARGO_HOME=/opt/rustwide/cargo-home" "-e" "RUSTUP_HOME=/opt/rustwide/rustup-home" "-w" "/opt/rustwide/workdir" "-m" "1610612736" "--user" "0:0" "--network" "none" "ghcr.io/rust-lang/crates-build-env/linux@sha256:f3a9d4ad9d972b27faf3965f35b62e55ba32bbce8f20bc8fe909558a86702fde" "/opt/rustwide/cargo-home/bin/cargo" "+1.83.0" "build" "--frozen" "--message-format=json", kill_on_drop: false }`
[INFO] [stdout] 50ac32c8a83543daabbeee9f8fb6941e095fdb49c2a0bbbe779a2c81b1eadc59
[INFO] running `Command { std: "docker" "start" "-a" "50ac32c8a83543daabbeee9f8fb6941e095fdb49c2a0bbbe779a2c81b1eadc59", kill_on_drop: false }`
[INFO] [stderr]    Compiling proc-macro2 v1.0.92
[INFO] [stderr]    Compiling unicode-ident v1.0.14
[INFO] [stderr]    Compiling cfg-if v1.0.0
[INFO] [stderr]    Compiling serde v1.0.216
[INFO] [stderr]    Compiling once_cell v1.20.2
[INFO] [stderr]    Compiling libc v0.2.168
[INFO] [stderr]    Compiling autocfg v1.4.0
[INFO] [stderr]    Compiling syn v1.0.109
[INFO] [stderr]    Compiling hashbrown v0.15.2
[INFO] [stderr]    Compiling equivalent v1.0.1
[INFO] [stderr]    Compiling pin-project-lite v0.2.15
[INFO] [stderr]    Compiling crossbeam-utils v0.8.20
[INFO] [stderr]    Compiling toml_datetime v0.6.8
[INFO] [stderr]    Compiling winnow v0.5.40
[INFO] [stderr]    Compiling version_check v0.9.5
[INFO] [stderr]    Compiling futures-core v0.3.31
[INFO] [stderr]    Compiling parking_lot_core v0.9.10
[INFO] [stderr]    Compiling thiserror v1.0.69
[INFO] [stderr]    Compiling fixedbitset v0.4.2
[INFO] [stderr]    Compiling scopeguard v1.2.0
[INFO] [stderr]    Compiling bit-vec v0.6.3
[INFO] [stderr]    Compiling tracing-core v0.1.33
[INFO] [stderr]    Compiling bytemuck v1.20.0
[INFO] [stderr]    Compiling futures-lite v2.5.0
[INFO] [stderr]    Compiling ahash v0.7.8
[INFO] [stderr]    Compiling bit-set v0.5.3
[INFO] [stderr]    Compiling instant v0.1.13
[INFO] [stderr]    Compiling event-listener v2.5.3
[INFO] [stderr]    Compiling waker-fn v1.2.0
[INFO] [stderr]    Compiling fastrand v2.3.0
[INFO] [stderr]    Compiling async-task v4.7.1
[INFO] [stderr]    Compiling memchr v2.7.4
[INFO] [stderr]    Compiling parking v2.2.1
[INFO] [stderr]    Compiling futures-io v0.3.31
[INFO] [stderr]    Compiling slab v0.4.9
[INFO] [stderr]    Compiling lock_api v0.4.12
[INFO] [stderr]    Compiling fastrand v1.9.0
[INFO] [stderr]    Compiling thread_local v1.1.8
[INFO] [stderr]    Compiling bevy_ptr v0.10.1
[INFO] [stderr]    Compiling concurrent-queue v2.5.0
[INFO] [stderr]    Compiling tracing v0.1.41
[INFO] [stderr]    Compiling downcast-rs v1.2.1
[INFO] [stderr]    Compiling rustc-hash v1.1.0
[INFO] [stderr]    Compiling log v0.4.22
[INFO] [stderr]    Compiling futures-lite v1.13.0
[INFO] [stderr]    Compiling async-channel v1.9.0
[INFO] [stderr]    Compiling getrandom v0.2.15
[INFO] [stderr]    Compiling regex-syntax v0.8.5
[INFO] [stderr]    Compiling regex-syntax v0.6.29
[INFO] [stderr]    Compiling lazy_static v1.5.0
[INFO] [stderr]    Compiling indexmap v2.7.0
[INFO] [stderr]    Compiling async-executor v1.13.1
[INFO] [stderr]    Compiling overload v0.1.1
[INFO] [stderr]    Compiling nu-ansi-term v0.46.0
[INFO] [stderr]    Compiling sharded-slab v0.1.7
[INFO] [stderr]    Compiling tracing-log v0.2.0
[INFO] [stderr]    Compiling tracing-log v0.1.4
[INFO] [stderr]    Compiling crossbeam-channel v0.5.13
[INFO] [stderr]    Compiling sysinfo v0.28.4
[INFO] [stderr]    Compiling quote v1.0.37
[INFO] [stderr]    Compiling raw-window-handle v0.5.2
[INFO] [stderr]    Compiling accesskit v0.10.1
[INFO] [stderr]    Compiling uuid v1.11.0
[INFO] [stderr]    Compiling syn v2.0.90
[INFO] [stderr]    Compiling bevy_tasks v0.10.1
[INFO] [stderr]    Compiling petgraph v0.6.5
[INFO] [stderr]    Compiling toml_edit v0.19.15
[INFO] [stderr]    Compiling regex-automata v0.4.9
[INFO] [stderr]    Compiling regex-automata v0.1.10
[INFO] [stderr]    Compiling serde_derive v1.0.216
[INFO] [stderr]    Compiling thiserror-impl v1.0.69
[INFO] [stderr]    Compiling matchers v0.1.0
[INFO] [stderr]    Compiling regex v1.11.1
[INFO] [stderr]    Compiling bevy_macro_utils v0.10.1
[INFO] [stderr]    Compiling bevy_utils_proc_macros v0.10.1
[INFO] [stderr]    Compiling bevy_reflect_derive v0.10.1
[INFO] [stderr]    Compiling bevy_ecs_macros v0.10.1
[INFO] [stderr]    Compiling bevy_derive v0.10.1
[INFO] [stderr]    Compiling smallvec v1.13.2
[INFO] [stderr]    Compiling glam v0.23.0
[INFO] [stderr]    Compiling hashbrown v0.12.3
[INFO] [stderr]    Compiling erased-serde v0.3.31
[INFO] [stderr]    Compiling tracing-subscriber v0.3.19
[INFO] [stderr]    Compiling parking_lot v0.12.3
[INFO] [stderr]    Compiling bevy_utils v0.10.1
[INFO] [stderr]    Compiling bevy_math v0.10.1
[INFO] [stderr]    Compiling bevy_reflect v0.10.1
[INFO] [stderr]    Compiling bevy_ecs v0.10.1
[INFO] [stderr]    Compiling bevy_app v0.10.1
[INFO] [stderr]    Compiling bevy_log v0.10.1
[INFO] [stderr]    Compiling bevy_core v0.10.1
[INFO] [stderr]    Compiling bevy_time v0.10.1
[INFO] [stderr]    Compiling bevy_input v0.10.1
[INFO] [stderr]    Compiling bevy_a11y v0.10.1
[INFO] [stderr]    Compiling bevy_hierarchy v0.10.1
[INFO] [stderr]    Compiling bevy_diagnostic v0.10.1
[INFO] [stderr]    Compiling bevy_transform v0.10.1
[INFO] [stderr]    Compiling bevy_window v0.10.1
[INFO] [stderr]    Compiling bevy_internal v0.10.1
[INFO] [stderr]    Compiling bevy v0.10.1
[INFO] [stderr]    Compiling cuicui_reflect_query v0.1.1 (/opt/rustwide/workdir)
[INFO] [stderr]     Finished `dev` profile [unoptimized + debuginfo] target(s) in 53.40s
[INFO] running `Command { std: "docker" "inspect" "50ac32c8a83543daabbeee9f8fb6941e095fdb49c2a0bbbe779a2c81b1eadc59", kill_on_drop: false }`
[INFO] running `Command { std: "docker" "rm" "-f" "50ac32c8a83543daabbeee9f8fb6941e095fdb49c2a0bbbe779a2c81b1eadc59", kill_on_drop: false }`
[INFO] [stdout] 50ac32c8a83543daabbeee9f8fb6941e095fdb49c2a0bbbe779a2c81b1eadc59
[INFO] running `Command { std: "docker" "create" "-v" "/var/lib/crater-agent-workspace/builds/worker-6-tc1/target:/opt/rustwide/target:rw,Z" "-v" "/var/lib/crater-agent-workspace/builds/worker-6-tc1/source:/opt/rustwide/workdir:ro,Z" "-v" "/var/lib/crater-agent-workspace/cargo-home:/opt/rustwide/cargo-home:ro,Z" "-v" "/var/lib/crater-agent-workspace/rustup-home:/opt/rustwide/rustup-home:ro,Z" "-e" "SOURCE_DIR=/opt/rustwide/workdir" "-e" "CARGO_TARGET_DIR=/opt/rustwide/target" "-e" "CARGO_INCREMENTAL=0" "-e" "RUST_BACKTRACE=full" "-e" "RUSTFLAGS=--cap-lints=warn" "-e" "RUSTDOCFLAGS=--cap-lints=warn" "-e" "CARGO_HOME=/opt/rustwide/cargo-home" "-e" "RUSTUP_HOME=/opt/rustwide/rustup-home" "-w" "/opt/rustwide/workdir" "-m" "1610612736" "--user" "0:0" "--network" "none" "ghcr.io/rust-lang/crates-build-env/linux@sha256:f3a9d4ad9d972b27faf3965f35b62e55ba32bbce8f20bc8fe909558a86702fde" "/opt/rustwide/cargo-home/bin/cargo" "+1.83.0" "test" "--frozen" "--no-run" "--message-format=json", kill_on_drop: false }`
[INFO] [stdout] 8a020ef8091cf61520d38ce4c24672d108926c6d912d521ef9e3e9677efe48bb
[INFO] running `Command { std: "docker" "start" "-a" "8a020ef8091cf61520d38ce4c24672d108926c6d912d521ef9e3e9677efe48bb", kill_on_drop: false }`
[INFO] [stderr]    Compiling cuicui_reflect_query v0.1.1 (/opt/rustwide/workdir)
[INFO] [stderr]     Finished `test` profile [unoptimized + debuginfo] target(s) in 0.56s
[INFO] running `Command { std: "docker" "inspect" "8a020ef8091cf61520d38ce4c24672d108926c6d912d521ef9e3e9677efe48bb", kill_on_drop: false }`
[INFO] running `Command { std: "docker" "rm" "-f" "8a020ef8091cf61520d38ce4c24672d108926c6d912d521ef9e3e9677efe48bb", kill_on_drop: false }`
[INFO] [stdout] 8a020ef8091cf61520d38ce4c24672d108926c6d912d521ef9e3e9677efe48bb
[INFO] running `Command { std: "docker" "create" "-v" "/var/lib/crater-agent-workspace/builds/worker-6-tc1/target:/opt/rustwide/target:rw,Z" "-v" "/var/lib/crater-agent-workspace/builds/worker-6-tc1/source:/opt/rustwide/workdir:ro,Z" "-v" "/var/lib/crater-agent-workspace/cargo-home:/opt/rustwide/cargo-home:ro,Z" "-v" "/var/lib/crater-agent-workspace/rustup-home:/opt/rustwide/rustup-home:ro,Z" "-e" "SOURCE_DIR=/opt/rustwide/workdir" "-e" "CARGO_TARGET_DIR=/opt/rustwide/target" "-e" "CARGO_INCREMENTAL=0" "-e" "RUST_BACKTRACE=full" "-e" "RUSTFLAGS=--cap-lints=warn" "-e" "RUSTDOCFLAGS=--cap-lints=warn" "-e" "CARGO_HOME=/opt/rustwide/cargo-home" "-e" "RUSTUP_HOME=/opt/rustwide/rustup-home" "-w" "/opt/rustwide/workdir" "-m" "1610612736" "--user" "0:0" "--network" "none" "ghcr.io/rust-lang/crates-build-env/linux@sha256:f3a9d4ad9d972b27faf3965f35b62e55ba32bbce8f20bc8fe909558a86702fde" "/opt/rustwide/cargo-home/bin/cargo" "+1.83.0" "test" "--frozen", kill_on_drop: false }`
[INFO] [stdout] 3f4e36e62cdf290d41227ec6fe2b3de911f289c86f2f391244aade50da2702f2
[INFO] running `Command { std: "docker" "start" "-a" "3f4e36e62cdf290d41227ec6fe2b3de911f289c86f2f391244aade50da2702f2", kill_on_drop: false }`
[INFO] [stderr]     Finished `test` profile [unoptimized + debuginfo] target(s) in 0.22s
[INFO] [stderr]      Running unittests src/lib.rs (/opt/rustwide/target/debug/deps/cuicui_reflect_query-18e3c6c23e7e15b6)
[INFO] [stdout] 
[INFO] [stdout] running 0 tests
[INFO] [stdout] 
[INFO] [stdout] test result: ok. 0 passed; 0 failed; 0 ignored; 0 measured; 0 filtered out; finished in 0.00s
[INFO] [stdout] 
[INFO] [stderr]    Doc-tests cuicui_reflect_query
[INFO] [stdout] 
[INFO] [stdout] running 7 tests
[INFO] [stdout] test src/../README.md - (line 108) ... ignored
[INFO] [stdout] test src/../README.md - (line 131) ... FAILED
[INFO] [stdout] test src/queryable.rs - queryable::ReflectQueryable::query_mut (line 53) ... ok
[INFO] [stdout] test src/queryable.rs - queryable::ReflectQueryable::query_entities (line 53) ... ok
[INFO] [stdout] test src/queryable.rs - queryable::ReflectQueryable::query_ref (line 53) ... ok
[INFO] [stdout] test src/queryable.rs - queryable::ReflectQueryable::query (line 53) ... ok
[INFO] [stdout] test src/../README.md - (line 41) ... ok
[INFO] [stdout] 
[INFO] [stdout] failures:
[INFO] [stdout] 
[INFO] [stdout] ---- src/../README.md - (line 131) stdout ----
[INFO] [stdout] error: linking with `cc` failed: exit status: 1
[INFO] [stdout]   |
[INFO] [stdout]   = note: LC_ALL="C" PATH="/opt/rustwide/rustup-home/toolchains/1.83.0-x86_64-unknown-linux-gnu/lib/rustlib/x86_64-unknown-linux-gnu/bin:/opt/rustwide/cargo-home/bin:/usr/local/sbin:/usr/local/bin:/usr/sbin:/usr/bin:/sbin:/bin" VSLANG="1033" "cc" "-m64" "/tmp/rustc7Fkbo3/symbols.o" "/tmp/rustdoctest5dFCZw/rust_out.rust_out.cb03291d53e4e161-cgu.0.rcgu.o" "/tmp/rustdoctest5dFCZw/rust_out.1s7umcihpz0t7nkz1uc2ifee9.rcgu.o" "-Wl,--as-needed" "-Wl,-Bstatic" "/opt/rustwide/target/debug/deps/libcuicui_reflect_query-db1142369466446f.rlib" "/opt/rustwide/target/debug/deps/libbevy-05b7e85736322dd6.rlib" "/opt/rustwide/target/debug/deps/libbevy_internal-555df0d70d33894e.rlib" "/opt/rustwide/target/debug/deps/libbevy_window-232b78acb555ee37.rlib" "/opt/rustwide/target/debug/deps/libraw_window_handle-286bba6a45b29cfe.rlib" "/opt/rustwide/target/debug/deps/libbevy_transform-7ba34d66104d6ae8.rlib" "/opt/rustwide/target/debug/deps/libbevy_hierarchy-bbb8b38d8c830413.rlib" "/opt/rustwide/target/debug/deps/libbevy_input-06725ce23379146d.rlib" "/opt/rustwide/target/debug/deps/libbevy_diagnostic-74a40cc19960e79e.rlib" "/opt/rustwide/target/debug/deps/libsysinfo-980ed9d7c83a37c5.rlib" "/opt/rustwide/target/debug/deps/libbevy_time-3c70636ca8520793.rlib" "/opt/rustwide/target/debug/deps/libcrossbeam_channel-977a9aae225782fb.rlib" "/opt/rustwide/target/debug/deps/libbevy_log-1b8e68e8df4a3be3.rlib" "/opt/rustwide/target/debug/deps/libtracing_subscriber-89a9f46ac53ff930.rlib" "/opt/rustwide/target/debug/deps/libsharded_slab-0b982918e941cef5.rlib" "/opt/rustwide/target/debug/deps/liblazy_static-977f75dcedc2f7be.rlib" "/opt/rustwide/target/debug/deps/libmatchers-81da137eb49309ea.rlib" "/opt/rustwide/target/debug/deps/libregex_automata-abfc5f66ec152c0c.rlib" "/opt/rustwide/target/debug/deps/libregex_syntax-97b3d5521ce4fbed.rlib" "/opt/rustwide/target/debug/deps/libregex-65269ff0a2daa12f.rlib" "/opt/rustwide/target/debug/deps/libregex_automata-755b4f61f7b258ee.rlib" "/opt/rustwide/target/debug/deps/libregex_syntax-aa292c4420fe077c.rlib" "/opt/rustwide/target/debug/deps/libnu_ansi_term-3a69087052053dab.rlib" "/opt/rustwide/target/debug/deps/liboverload-26dab9b5b27fc3d3.rlib" "/opt/rustwide/target/debug/deps/libtracing_log-33803927015428c3.rlib" "/opt/rustwide/target/debug/deps/libtracing_log-c65a3279bd7a4646.rlib" "/opt/rustwide/target/debug/deps/liblog-6d50fe4853ae55d4.rlib" "/opt/rustwide/target/debug/deps/libbevy_core-bdf42988f4d4e66d.rlib" "/opt/rustwide/target/debug/deps/libbevy_a11y-91b862c993189a97.rlib" "/opt/rustwide/target/debug/deps/libaccesskit-a32348f14b60c281.rlib" "/opt/rustwide/target/debug/deps/libbevy_app-6306cd019f077e8d.rlib" "/opt/rustwide/target/debug/deps/libbevy_ecs-d611503a038d4ccb.rlib" "/opt/rustwide/target/debug/deps/librustc_hash-c9f1ca6ac0c62e13.rlib" "/opt/rustwide/target/debug/deps/libthread_local-2878fc2c0308edf0.rlib" "/opt/rustwide/target/debug/deps/libbevy_reflect-4c7708f2acfc6c2f.rlib" "/opt/rustwide/target/debug/deps/liberased_serde-5bf6052de120ed48.rlib" "/opt/rustwide/target/debug/deps/libbevy_math-a6a0fcdd608284b1.rlib" "/opt/rustwide/target/debug/deps/libglam-197321c6d5d27f27.rlib" "/opt/rustwide/target/debug/deps/libbytemuck-001c838fec11c0a7.rlib" "/opt/rustwide/target/debug/deps/libparking_lot-e5e625294f60224c.rlib" "/opt/rustwide/target/debug/deps/libparking_lot_core-29aef904ef1b454a.rlib" "/opt/rustwide/target/debug/deps/libsmallvec-3d6e2a2b47ebfec0.rlib" "/opt/rustwide/target/debug/deps/liblock_api-a23216ec06dff3bb.rlib" "/opt/rustwide/target/debug/deps/libscopeguard-d59b845c07f126eb.rlib" "/opt/rustwide/target/debug/deps/libdowncast_rs-f186421ecc7397d6.rlib" "/opt/rustwide/target/debug/deps/libbevy_tasks-3f910303f100d92a.rlib" "/opt/rustwide/target/debug/deps/libasync_channel-5b334c06bfaf34c4.rlib" "/opt/rustwide/target/debug/deps/libevent_listener-509b9517b5893499.rlib" "/opt/rustwide/target/debug/deps/libasync_executor-fabd0988c1500360.rlib" "/opt/rustwide/target/debug/deps/libfastrand-33d04f74cb9fe3e0.rlib" "/opt/rustwide/target/debug/deps/libslab-083dd68e0bc19c95.rlib" "/opt/rustwide/target/debug/deps/libfutures_lite-c3347fe7683009c5.rlib" "/opt/rustwide/target/debug/deps/libfutures_lite-78f6dda785423b45.rlib" "/opt/rustwide/target/debug/deps/libmemchr-a61794c77f52d343.rlib" "/opt/rustwide/target/debug/deps/libfastrand-e90ae9f45dae30dd.rlib" "/opt/rustwide/target/debug/deps/libfutures_io-b77a2fbaad2c9353.rlib" "/opt/rustwide/target/debug/deps/libfutures_core-6acc1f6b4df0dd33.rlib" "/opt/rustwide/target/debug/deps/libwaker_fn-52aac4a0b9e0298b.rlib" "/opt/rustwide/target/debug/deps/libparking-27e917f18806e974.rlib" "/opt/rustwide/target/debug/deps/libconcurrent_queue-436a60fc11aa6b5b.rlib" "/opt/rustwide/target/debug/deps/libcrossbeam_utils-f7ce83001347108b.rlib" "/opt/rustwide/target/debug/deps/libasync_task-ae112160920f0c1d.rlib" "/opt/rustwide/target/debug/deps/libbevy_ptr-de0dcbfa7e19e6dc.rlib" "/opt/rustwide/target/debug/deps/libbevy_utils-ad92ea35843e32ce.rlib" "/opt/rustwide/target/debug/deps/libuuid-7aee7db0b65d41f9.rlib" "/opt/rustwide/target/debug/deps/libtracing-b3614bfa6d34305c.rlib" "/opt/rustwide/target/debug/deps/libpin_project_lite-be51d264b86b6c5b.rlib" "/opt/rustwide/target/debug/deps/libtracing_core-a35e54d2ab947d05.rlib" "/opt/rustwide/target/debug/deps/libthiserror-2b6bc4b9b23ad706.rlib" "/opt/rustwide/target/debug/deps/libpetgraph-56c2228d2953b5c5.rlib" "/opt/rustwide/target/debug/deps/libindexmap-10fc62c8bb74c388.rlib" "/opt/rustwide/target/debug/deps/libequivalent-4d5cfde55792e26d.rlib" "/opt/rustwide/target/debug/deps/libhashbrown-62cdb64ce3ed52bb.rlib" "/opt/rustwide/target/debug/deps/libfixedbitset-fed68cf3f8ea195b.rlib" "/opt/rustwide/target/debug/deps/libinstant-0e7a156bd0837de7.rlib" "/opt/rustwide/target/debug/deps/libhashbrown-88e302527d051472.rlib" "/opt/rustwide/target/debug/deps/libserde-73ab9078dab625d7.rlib" "/opt/rustwide/target/debug/deps/libahash-1c61e6c0b1b2ec6d.rlib" "/opt/rustwide/target/debug/deps/libgetrandom-5a449155408c018d.rlib" "/opt/rustwide/target/debug/deps/liblibc-48c07cb418e82d02.rlib" "/opt/rustwide/target/debug/deps/libcfg_if-8217498f8667ada9.rlib" "/opt/rustwide/target/debug/deps/libonce_cell-6f631f2a5f71cecc.rlib" "/opt/rustwide/rustup-home/toolchains/1.83.0-x86_64-unknown-linux-gnu/lib/rustlib/x86_64-unknown-linux-gnu/lib/libstd-ca74a2d9c5166d9f.rlib" "/opt/rustwide/rustup-home/toolchains/1.83.0-x86_64-unknown-linux-gnu/lib/rustlib/x86_64-unknown-linux-gnu/lib/libpanic_unwind-e31ab23316ed5080.rlib" "/opt/rustwide/rustup-home/toolchains/1.83.0-x86_64-unknown-linux-gnu/lib/rustlib/x86_64-unknown-linux-gnu/lib/libobject-27dc4aa955912662.rlib" "/opt/rustwide/rustup-home/toolchains/1.83.0-x86_64-unknown-linux-gnu/lib/rustlib/x86_64-unknown-linux-gnu/lib/libmemchr-bd0d6cccce077b99.rlib" "/opt/rustwide/rustup-home/toolchains/1.83.0-x86_64-unknown-linux-gnu/lib/rustlib/x86_64-unknown-linux-gnu/lib/libaddr2line-8d001680935b5e3c.rlib" "/opt/rustwide/rustup-home/toolchains/1.83.0-x86_64-unknown-linux-gnu/lib/rustlib/x86_64-unknown-linux-gnu/lib/libgimli-ba8ce71964f984f4.rlib" "/opt/rustwide/rustup-home/toolchains/1.83.0-x86_64-unknown-linux-gnu/lib/rustlib/x86_64-unknown-linux-gnu/lib/librustc_demangle-99a73526abcec14b.rlib" "/opt/rustwide/rustup-home/toolchains/1.83.0-x86_64-unknown-linux-gnu/lib/rustlib/x86_64-unknown-linux-gnu/lib/libstd_detect-63ac0d22cff92579.rlib" "/opt/rustwide/rustup-home/toolchains/1.83.0-x86_64-unknown-linux-gnu/lib/rustlib/x86_64-unknown-linux-gnu/lib/libhashbrown-9057355c92c922d5.rlib" "/opt/rustwide/rustup-home/toolchains/1.83.0-x86_64-unknown-linux-gnu/lib/rustlib/x86_64-unknown-linux-gnu/lib/librustc_std_workspace_alloc-358be9bc1f6bab04.rlib" "/opt/rustwide/rustup-home/toolchains/1.83.0-x86_64-unknown-linux-gnu/lib/rustlib/x86_64-unknown-linux-gnu/lib/libminiz_oxide-aca15549d5bff974.rlib" "/opt/rustwide/rustup-home/toolchains/1.83.0-x86_64-unknown-linux-gnu/lib/rustlib/x86_64-unknown-linux-gnu/lib/libadler-8251d2cef7072448.rlib" "/opt/rustwide/rustup-home/toolchains/1.83.0-x86_64-unknown-linux-gnu/lib/rustlib/x86_64-unknown-linux-gnu/lib/libunwind-7d50b86011c66411.rlib" "/opt/rustwide/rustup-home/toolchains/1.83.0-x86_64-unknown-linux-gnu/lib/rustlib/x86_64-unknown-linux-gnu/lib/libcfg_if-51ea098fce5006bf.rlib" "/opt/rustwide/rustup-home/toolchains/1.83.0-x86_64-unknown-linux-gnu/lib/rustlib/x86_64-unknown-linux-gnu/lib/liblibc-5a14e0d0b712e731.rlib" "/opt/rustwide/rustup-home/toolchains/1.83.0-x86_64-unknown-linux-gnu/lib/rustlib/x86_64-unknown-linux-gnu/lib/liballoc-8b83dbf3a7b8f999.rlib" "/opt/rustwide/rustup-home/toolchains/1.83.0-x86_64-unknown-linux-gnu/lib/rustlib/x86_64-unknown-linux-gnu/lib/librustc_std_workspace_core-c6fd227bdc7b39ff.rlib" "/opt/rustwide/rustup-home/toolchains/1.83.0-x86_64-unknown-linux-gnu/lib/rustlib/x86_64-unknown-linux-gnu/lib/libcore-959d3389fa3da8a5.rlib" "/opt/rustwide/rustup-home/toolchains/1.83.0-x86_64-unknown-linux-gnu/lib/rustlib/x86_64-unknown-linux-gnu/lib/libcompiler_builtins-abe05db089cc2c62.rlib" "-Wl,-Bdynamic" "-lgcc_s" "-lutil" "-lrt" "-lpthread" "-lm" "-ldl" "-lc" "-Wl,--eh-frame-hdr" "-Wl,-z,noexecstack" "-L" "/opt/rustwide/rustup-home/toolchains/1.83.0-x86_64-unknown-linux-gnu/lib/rustlib/x86_64-unknown-linux-gnu/lib" "-o" "/tmp/rustdoctest5dFCZw/rust_out" "-Wl,--gc-sections" "-pie" "-Wl,-z,relro,-z,now" "-nodefaultlibs"
[INFO] [stdout]   = note: collect2: fatal error: ld terminated with signal 9 [Killed]
[INFO] [stdout]           compilation terminated.
[INFO] [stdout]           
[INFO] [stdout] 
[INFO] [stdout] error: aborting due to 1 previous error
[INFO] [stdout] 
[INFO] [stdout] Couldn't compile the test.
[INFO] [stdout] 
[INFO] [stdout] failures:
[INFO] [stdout]     src/../README.md - (line 131)
[INFO] [stdout] 
[INFO] [stdout] test result: FAILED. 5 passed; 1 failed; 1 ignored; 0 measured; 0 filtered out; finished in 7.46s
[INFO] [stdout] 
[INFO] [stderr] error: doctest failed, to rerun pass `--doc`
[INFO] running `Command { std: "docker" "inspect" "3f4e36e62cdf290d41227ec6fe2b3de911f289c86f2f391244aade50da2702f2", kill_on_drop: false }`
[INFO] running `Command { std: "docker" "rm" "-f" "3f4e36e62cdf290d41227ec6fe2b3de911f289c86f2f391244aade50da2702f2", kill_on_drop: false }`
[INFO] [stdout] 3f4e36e62cdf290d41227ec6fe2b3de911f289c86f2f391244aade50da2702f2
