[INFO] fetching crate cuicui_dsl 0.12.0...
[INFO] testing cuicui_dsl-0.12.0 against 1.83.0 for beta-1.84.0-4-retry
[INFO] extracting crate cuicui_dsl 0.12.0 into /workspace/builds/worker-1-tc1/source
[INFO] validating manifest of crates.io crate cuicui_dsl 0.12.0 on toolchain 1.83.0
[INFO] running `Command { std: CARGO_HOME="/workspace/cargo-home" RUSTUP_HOME="/workspace/rustup-home" "/workspace/cargo-home/bin/cargo" "+1.83.0" "metadata" "--manifest-path" "Cargo.toml" "--no-deps", kill_on_drop: false }`
[INFO] started tweaking crates.io crate cuicui_dsl 0.12.0
[INFO] finished tweaking crates.io crate cuicui_dsl 0.12.0
[INFO] tweaked toml for crates.io crate cuicui_dsl 0.12.0 written to /workspace/builds/worker-1-tc1/source/Cargo.toml
[INFO] running `Command { std: CARGO_HOME="/workspace/cargo-home" RUSTUP_HOME="/workspace/rustup-home" "/workspace/cargo-home/bin/cargo" "+1.83.0" "generate-lockfile" "--manifest-path" "Cargo.toml", kill_on_drop: false }`
[INFO] [stderr]     Updating crates.io index
[INFO] [stderr]     Blocking waiting for file lock on package cache
[INFO] [stderr]      Locking 288 packages to latest compatible versions
[INFO] [stderr]       Adding bevy v0.12.1 (available: v0.15.0)
[INFO] [stderr]       Adding block-sys v0.1.0-beta.1 (available: v0.1.0-beta.2)
[INFO] [stderr]       Adding block2 v0.2.0-alpha.6 (available: v0.2.0)
[INFO] [stderr]       Adding objc-sys v0.2.0-beta.2 (available: v0.2.0-beta.3)
[INFO] [stderr]       Adding objc2 v0.3.0-beta.3.patch-leaks.3 (available: v0.3.0-beta.5)
[INFO] [stderr]       Adding objc2-encode v2.0.0-pre.2 (available: v2.0.0)
[INFO] [stderr]       Adding wasm-bindgen-futures v0.4.45 (available: v0.4.49)
[INFO] [stderr]       Adding web-sys v0.3.72 (available: v0.3.76)
[INFO] running `Command { std: CARGO_HOME="/workspace/cargo-home" RUSTUP_HOME="/workspace/rustup-home" "/workspace/cargo-home/bin/cargo" "+1.83.0" "fetch" "--manifest-path" "Cargo.toml", kill_on_drop: false }`
[INFO] [stderr]     Blocking waiting for file lock on package cache
[INFO] running `Command { std: "docker" "create" "-v" "/var/lib/crater-agent-workspace/builds/worker-1-tc1/target:/opt/rustwide/target:rw,Z" "-v" "/var/lib/crater-agent-workspace/builds/worker-1-tc1/source:/opt/rustwide/workdir:ro,Z" "-v" "/var/lib/crater-agent-workspace/cargo-home:/opt/rustwide/cargo-home:ro,Z" "-v" "/var/lib/crater-agent-workspace/rustup-home:/opt/rustwide/rustup-home:ro,Z" "-e" "SOURCE_DIR=/opt/rustwide/workdir" "-e" "CARGO_TARGET_DIR=/opt/rustwide/target" "-e" "CARGO_HOME=/opt/rustwide/cargo-home" "-e" "RUSTUP_HOME=/opt/rustwide/rustup-home" "-w" "/opt/rustwide/workdir" "-m" "1610612736" "--user" "0:0" "--network" "none" "ghcr.io/rust-lang/crates-build-env/linux@sha256:f3a9d4ad9d972b27faf3965f35b62e55ba32bbce8f20bc8fe909558a86702fde" "/opt/rustwide/cargo-home/bin/cargo" "+1.83.0" "metadata" "--no-deps" "--format-version=1", kill_on_drop: false }`
[INFO] [stdout] 9bceab390ef3091211bc5c5856e0ec44286844c1b569edbb073e2c68bc1cd59d
[INFO] running `Command { std: "docker" "start" "-a" "9bceab390ef3091211bc5c5856e0ec44286844c1b569edbb073e2c68bc1cd59d", kill_on_drop: false }`
[INFO] running `Command { std: "docker" "inspect" "9bceab390ef3091211bc5c5856e0ec44286844c1b569edbb073e2c68bc1cd59d", kill_on_drop: false }`
[INFO] running `Command { std: "docker" "rm" "-f" "9bceab390ef3091211bc5c5856e0ec44286844c1b569edbb073e2c68bc1cd59d", kill_on_drop: false }`
[INFO] [stdout] 9bceab390ef3091211bc5c5856e0ec44286844c1b569edbb073e2c68bc1cd59d
[INFO] running `Command { std: "docker" "create" "-v" "/var/lib/crater-agent-workspace/builds/worker-1-tc1/target:/opt/rustwide/target:rw,Z" "-v" "/var/lib/crater-agent-workspace/builds/worker-1-tc1/source:/opt/rustwide/workdir:ro,Z" "-v" "/var/lib/crater-agent-workspace/cargo-home:/opt/rustwide/cargo-home:ro,Z" "-v" "/var/lib/crater-agent-workspace/rustup-home:/opt/rustwide/rustup-home:ro,Z" "-e" "SOURCE_DIR=/opt/rustwide/workdir" "-e" "CARGO_TARGET_DIR=/opt/rustwide/target" "-e" "CARGO_INCREMENTAL=0" "-e" "RUST_BACKTRACE=full" "-e" "RUSTFLAGS=--cap-lints=warn" "-e" "RUSTDOCFLAGS=--cap-lints=warn" "-e" "CARGO_HOME=/opt/rustwide/cargo-home" "-e" "RUSTUP_HOME=/opt/rustwide/rustup-home" "-w" "/opt/rustwide/workdir" "-m" "1610612736" "--user" "0:0" "--network" "none" "ghcr.io/rust-lang/crates-build-env/linux@sha256:f3a9d4ad9d972b27faf3965f35b62e55ba32bbce8f20bc8fe909558a86702fde" "/opt/rustwide/cargo-home/bin/cargo" "+1.83.0" "build" "--frozen" "--message-format=json", kill_on_drop: false }`
[INFO] [stdout] eb16a45e885e597f43b033127ba25da9c1cc3150c21ac84e0e43d899445c14c8
[INFO] running `Command { std: "docker" "start" "-a" "eb16a45e885e597f43b033127ba25da9c1cc3150c21ac84e0e43d899445c14c8", kill_on_drop: false }`
[INFO] [stderr]    Compiling proc-macro2 v1.0.92
[INFO] [stderr]    Compiling unicode-ident v1.0.14
[INFO] [stderr]    Compiling cfg-if v1.0.0
[INFO] [stderr]    Compiling serde v1.0.216
[INFO] [stderr]    Compiling once_cell v1.20.2
[INFO] [stderr]    Compiling hashbrown v0.15.2
[INFO] [stderr]    Compiling equivalent v1.0.1
[INFO] [stderr]    Compiling libc v0.2.168
[INFO] [stderr]    Compiling pin-project-lite v0.2.15
[INFO] [stderr]    Compiling crossbeam-utils v0.8.20
[INFO] [stderr]    Compiling winnow v0.5.40
[INFO] [stderr]    Compiling version_check v0.9.5
[INFO] [stderr]    Compiling toml_datetime v0.6.8
[INFO] [stderr]    Compiling autocfg v1.4.0
[INFO] [stderr]    Compiling rustc-hash v1.1.0
[INFO] [stderr]    Compiling futures-core v0.3.31
[INFO] [stderr]    Compiling thiserror v1.0.69
[INFO] [stderr]    Compiling zerocopy v0.7.35
[INFO] [stderr]    Compiling allocator-api2 v0.2.21
[INFO] [stderr]    Compiling bytemuck v1.20.0
[INFO] [stderr]    Compiling fixedbitset v0.4.2
[INFO] [stderr]    Compiling tracing-core v0.1.33
[INFO] [stderr]    Compiling futures-lite v2.5.0
[INFO] [stderr]    Compiling instant v0.1.13
[INFO] [stderr]    Compiling ahash v0.8.11
[INFO] [stderr]    Compiling fastrand v2.3.0
[INFO] [stderr]    Compiling waker-fn v1.2.0
[INFO] [stderr]    Compiling async-task v4.7.1
[INFO] [stderr]    Compiling futures-io v0.3.31
[INFO] [stderr]    Compiling parking v2.2.1
[INFO] [stderr]    Compiling slab v0.4.9
[INFO] [stderr]    Compiling fastrand v1.9.0
[INFO] [stderr]    Compiling nonmax v0.5.5
[INFO] [stderr]    Compiling memchr v2.7.4
[INFO] [stderr]    Compiling event-listener v2.5.3
[INFO] [stderr]    Compiling thread_local v1.1.8
[INFO] [stderr]    Compiling downcast-rs v1.2.1
[INFO] [stderr]    Compiling bevy_ptr v0.12.1
[INFO] [stderr]    Compiling indexmap v2.7.0
[INFO] [stderr]    Compiling smol_str v0.2.2
[INFO] [stderr]    Compiling log v0.4.22
[INFO] [stderr]    Compiling regex-syntax v0.6.29
[INFO] [stderr]    Compiling regex-syntax v0.8.5
[INFO] [stderr]    Compiling overload v0.1.1
[INFO] [stderr]    Compiling quote v1.0.37
[INFO] [stderr]    Compiling tracing v0.1.41
[INFO] [stderr]    Compiling concurrent-queue v2.5.0
[INFO] [stderr]    Compiling lazy_static v1.5.0
[INFO] [stderr]    Compiling sharded-slab v0.1.7
[INFO] [stderr]    Compiling tracing-log v0.2.0
[INFO] [stderr]    Compiling nu-ansi-term v0.46.0
[INFO] [stderr]    Compiling tracing-log v0.1.4
[INFO] [stderr]    Compiling syn v2.0.90
[INFO] [stderr]    Compiling async-executor v1.13.1
[INFO] [stderr]    Compiling async-channel v1.9.0
[INFO] [stderr]    Compiling futures-lite v1.13.0
[INFO] [stderr]    Compiling crossbeam-channel v0.5.13
[INFO] [stderr]    Compiling accesskit v0.12.3
[INFO] [stderr]    Compiling raw-window-handle v0.5.2
[INFO] [stderr]    Compiling getrandom v0.2.15
[INFO] [stderr]    Compiling sysinfo v0.29.11
[INFO] [stderr]    Compiling petgraph v0.6.5
[INFO] [stderr]    Compiling uuid v1.11.0
[INFO] [stderr]    Compiling bevy_tasks v0.12.1
[INFO] [stderr]    Compiling toml_edit v0.20.7
[INFO] [stderr]    Compiling regex-automata v0.1.10
[INFO] [stderr]    Compiling regex-automata v0.4.9
[INFO] [stderr]    Compiling matchers v0.1.0
[INFO] [stderr]    Compiling regex v1.11.1
[INFO] [stderr]    Compiling bevy_macro_utils v0.12.1
[INFO] [stderr]    Compiling serde_derive v1.0.216
[INFO] [stderr]    Compiling thiserror-impl v1.0.69
[INFO] [stderr]    Compiling bevy_utils_proc_macros v0.12.1
[INFO] [stderr]    Compiling bevy_reflect_derive v0.12.1
[INFO] [stderr]    Compiling bevy_ecs_macros v0.12.1
[INFO] [stderr]    Compiling bevy_derive v0.12.1
[INFO] [stderr]    Compiling hashbrown v0.14.5
[INFO] [stderr]    Compiling smallvec v1.13.2
[INFO] [stderr]    Compiling glam v0.24.2
[INFO] [stderr]    Compiling erased-serde v0.3.31
[INFO] [stderr]    Compiling tracing-subscriber v0.3.19
[INFO] [stderr]    Compiling bevy_utils v0.12.1
[INFO] [stderr]    Compiling bevy_math v0.12.1
[INFO] [stderr]    Compiling bevy_reflect v0.12.1
[INFO] [stderr]    Compiling bevy_ecs v0.12.1
[INFO] [stderr]    Compiling bevy_app v0.12.1
[INFO] [stderr]    Compiling bevy_core v0.12.1
[INFO] [stderr]    Compiling bevy_log v0.12.1
[INFO] [stderr]    Compiling bevy_time v0.12.1
[INFO] [stderr]    Compiling bevy_a11y v0.12.1
[INFO] [stderr]    Compiling bevy_input v0.12.1
[INFO] [stderr]    Compiling bevy_hierarchy v0.12.1
[INFO] [stderr]    Compiling bevy_diagnostic v0.12.1
[INFO] [stderr]    Compiling bevy_transform v0.12.1
[INFO] [stderr]    Compiling bevy_window v0.12.1
[INFO] [stderr]    Compiling bevy_internal v0.12.1
[INFO] [stderr]    Compiling bevy v0.12.1
[INFO] [stderr]    Compiling cuicui_dsl v0.12.0 (/opt/rustwide/workdir)
[INFO] [stderr]     Finished `dev` profile [unoptimized + debuginfo] target(s) in 54.88s
[INFO] running `Command { std: "docker" "inspect" "eb16a45e885e597f43b033127ba25da9c1cc3150c21ac84e0e43d899445c14c8", kill_on_drop: false }`
[INFO] running `Command { std: "docker" "rm" "-f" "eb16a45e885e597f43b033127ba25da9c1cc3150c21ac84e0e43d899445c14c8", kill_on_drop: false }`
[INFO] [stdout] eb16a45e885e597f43b033127ba25da9c1cc3150c21ac84e0e43d899445c14c8
[INFO] running `Command { std: "docker" "create" "-v" "/var/lib/crater-agent-workspace/builds/worker-1-tc1/target:/opt/rustwide/target:rw,Z" "-v" "/var/lib/crater-agent-workspace/builds/worker-1-tc1/source:/opt/rustwide/workdir:ro,Z" "-v" "/var/lib/crater-agent-workspace/cargo-home:/opt/rustwide/cargo-home:ro,Z" "-v" "/var/lib/crater-agent-workspace/rustup-home:/opt/rustwide/rustup-home:ro,Z" "-e" "SOURCE_DIR=/opt/rustwide/workdir" "-e" "CARGO_TARGET_DIR=/opt/rustwide/target" "-e" "CARGO_INCREMENTAL=0" "-e" "RUST_BACKTRACE=full" "-e" "RUSTFLAGS=--cap-lints=warn" "-e" "RUSTDOCFLAGS=--cap-lints=warn" "-e" "CARGO_HOME=/opt/rustwide/cargo-home" "-e" "RUSTUP_HOME=/opt/rustwide/rustup-home" "-w" "/opt/rustwide/workdir" "-m" "1610612736" "--user" "0:0" "--network" "none" "ghcr.io/rust-lang/crates-build-env/linux@sha256:f3a9d4ad9d972b27faf3965f35b62e55ba32bbce8f20bc8fe909558a86702fde" "/opt/rustwide/cargo-home/bin/cargo" "+1.83.0" "test" "--frozen" "--no-run" "--message-format=json", kill_on_drop: false }`
[INFO] [stdout] 4534e5eb90eb6fe5ec29f4ffdfbbecd321c5716609fc798f0ccdebb7af6a321e
[INFO] running `Command { std: "docker" "start" "-a" "4534e5eb90eb6fe5ec29f4ffdfbbecd321c5716609fc798f0ccdebb7af6a321e", kill_on_drop: false }`
[INFO] [stderr]    Compiling cuicui_dsl v0.12.0 (/opt/rustwide/workdir)
[INFO] [stderr]     Finished `test` profile [unoptimized + debuginfo] target(s) in 0.70s
[INFO] running `Command { std: "docker" "inspect" "4534e5eb90eb6fe5ec29f4ffdfbbecd321c5716609fc798f0ccdebb7af6a321e", kill_on_drop: false }`
[INFO] running `Command { std: "docker" "rm" "-f" "4534e5eb90eb6fe5ec29f4ffdfbbecd321c5716609fc798f0ccdebb7af6a321e", kill_on_drop: false }`
[INFO] [stdout] 4534e5eb90eb6fe5ec29f4ffdfbbecd321c5716609fc798f0ccdebb7af6a321e
[INFO] running `Command { std: "docker" "create" "-v" "/var/lib/crater-agent-workspace/builds/worker-1-tc1/target:/opt/rustwide/target:rw,Z" "-v" "/var/lib/crater-agent-workspace/builds/worker-1-tc1/source:/opt/rustwide/workdir:ro,Z" "-v" "/var/lib/crater-agent-workspace/cargo-home:/opt/rustwide/cargo-home:ro,Z" "-v" "/var/lib/crater-agent-workspace/rustup-home:/opt/rustwide/rustup-home:ro,Z" "-e" "SOURCE_DIR=/opt/rustwide/workdir" "-e" "CARGO_TARGET_DIR=/opt/rustwide/target" "-e" "CARGO_INCREMENTAL=0" "-e" "RUST_BACKTRACE=full" "-e" "RUSTFLAGS=--cap-lints=warn" "-e" "RUSTDOCFLAGS=--cap-lints=warn" "-e" "CARGO_HOME=/opt/rustwide/cargo-home" "-e" "RUSTUP_HOME=/opt/rustwide/rustup-home" "-w" "/opt/rustwide/workdir" "-m" "1610612736" "--user" "0:0" "--network" "none" "ghcr.io/rust-lang/crates-build-env/linux@sha256:f3a9d4ad9d972b27faf3965f35b62e55ba32bbce8f20bc8fe909558a86702fde" "/opt/rustwide/cargo-home/bin/cargo" "+1.83.0" "test" "--frozen", kill_on_drop: false }`
[INFO] [stdout] e2e96abada04ddd52f53ebb9e6b96eb29032d54ed2e1f340f4b2288d2f01bdd7
[INFO] running `Command { std: "docker" "start" "-a" "e2e96abada04ddd52f53ebb9e6b96eb29032d54ed2e1f340f4b2288d2f01bdd7", kill_on_drop: false }`
[INFO] [stderr]     Finished `test` profile [unoptimized + debuginfo] target(s) in 0.21s
[INFO] [stderr]      Running unittests src/lib.rs (/opt/rustwide/target/debug/deps/cuicui_dsl-fcea128dced02079)
[INFO] [stdout] 
[INFO] [stdout] running 0 tests
[INFO] [stdout] 
[INFO] [stdout] test result: ok. 0 passed; 0 failed; 0 ignored; 0 measured; 0 filtered out; finished in 0.00s
[INFO] [stdout] 
[INFO] [stderr]    Doc-tests cuicui_dsl
[INFO] [stdout] 
[INFO] [stdout] running 20 tests
[INFO] [stdout] test src/macros.rs - macros::dsl (line 129) ... ignored
[INFO] [stdout] test src/macros.rs - macros::dsl (line 299) ... FAILED
[INFO] [stdout] test src/macros.rs - macros::dsl (line 360) ... ignored
[INFO] [stdout] test src/macros.rs - macros::dsl (line 244) ... FAILED
[INFO] [stdout] test src/lib.rs - (line 153) ... FAILED
[INFO] [stdout] test src/macros.rs - macros::dsl (line 222) ... FAILED
[INFO] [stdout] test src/macros.rs - macros::dsl (line 67) ... FAILED
[INFO] [stdout] test src/macros.rs - macros::dsl (line 267) ... FAILED
[INFO] [stdout] test src/macros.rs - macros::dsl (line 214) ... FAILED
[INFO] [stdout] test src/lib.rs - (line 138) ... FAILED
[INFO] [stdout] test src/macros.rs - macros::dsl (line 109) ... FAILED
[INFO] [stdout] test src/lib.rs - (line 286) ... FAILED
[INFO] [stdout] test src/macros.rs - macros::dsl (line 317) ... FAILED
[INFO] [stdout] test src/lib.rs - (line 28) ... FAILED
[INFO] [stdout] test src/macros.rs - macros::dsl (line 171) ... FAILED
[INFO] [stdout] test src/lib.rs - (line 232) ... FAILED
[INFO] [stdout] test src/macros.rs - macros::dsl (line 46) ... FAILED
[INFO] [stdout] test src/macros.rs - macros::dsl (line 184) ... FAILED
[INFO] [stdout] test src/lib.rs - (line 189) ... FAILED
[INFO] [stdout] test src/macros.rs - macros::dsl (line 332) ... FAILED
[INFO] [stdout] 
[INFO] [stdout] failures:
[INFO] [stdout] 
[INFO] [stdout] ---- src/macros.rs - macros::dsl (line 299) stdout ----
[INFO] [stdout] error[E0432]: unresolved import `cuicui_dsl::macros::__doc_helpers`
[INFO] [stdout]  --> src/macros.rs:301:25
[INFO] [stdout]   |
[INFO] [stdout] 5 | use cuicui_dsl::macros::__doc_helpers::*; use cuicui_dsl::dsl;
[INFO] [stdout]   |                         ^^^^^^^^^^^^^ could not find `__doc_helpers` in `macros`
[INFO] [stdout] 
[INFO] [stdout] error: aborting due to 1 previous error
[INFO] [stdout] 
[INFO] [stdout] For more information about this error, try `rustc --explain E0432`.
[INFO] [stdout] Couldn't compile the test.
[INFO] [stdout] ---- src/macros.rs - macros::dsl (line 244) stdout ----
[INFO] [stdout] error[E0432]: unresolved import `cuicui_dsl::macros::__doc_helpers`
[INFO] [stdout]  --> src/macros.rs:246:25
[INFO] [stdout]   |
[INFO] [stdout] 5 | use cuicui_dsl::macros::__doc_helpers::*; use cuicui_dsl::dsl;
[INFO] [stdout]   |                         ^^^^^^^^^^^^^ could not find `__doc_helpers` in `macros`
[INFO] [stdout] 
[INFO] [stdout] error: aborting due to 1 previous error
[INFO] [stdout] 
[INFO] [stdout] For more information about this error, try `rustc --explain E0432`.
[INFO] [stdout] Couldn't compile the test.
[INFO] [stdout] ---- src/lib.rs - (line 153) stdout ----
[INFO] [stdout] error[E0432]: unresolved import `cuicui_dsl::macros::__doc_helpers`
[INFO] [stdout]  --> src/lib.rs:155:25
[INFO] [stdout]   |
[INFO] [stdout] 5 | use cuicui_dsl::macros::__doc_helpers::*; // ignore this line pls
[INFO] [stdout]   |                         ^^^^^^^^^^^^^ could not find `__doc_helpers` in `macros`
[INFO] [stdout] 
[INFO] [stdout] error: aborting due to 1 previous error
[INFO] [stdout] 
[INFO] [stdout] For more information about this error, try `rustc --explain E0432`.
[INFO] [stdout] Couldn't compile the test.
[INFO] [stdout] ---- src/macros.rs - macros::dsl (line 222) stdout ----
[INFO] [stdout] error[E0432]: unresolved import `cuicui_dsl::macros::__doc_helpers`
[INFO] [stdout]  --> src/macros.rs:224:25
[INFO] [stdout]   |
[INFO] [stdout] 5 | use cuicui_dsl::macros::__doc_helpers::*; use cuicui_dsl::dsl;
[INFO] [stdout]   |                         ^^^^^^^^^^^^^ could not find `__doc_helpers` in `macros`
[INFO] [stdout] 
[INFO] [stdout] error: aborting due to 1 previous error
[INFO] [stdout] 
[INFO] [stdout] For more information about this error, try `rustc --explain E0432`.
[INFO] [stdout] Couldn't compile the test.
[INFO] [stdout] ---- src/macros.rs - macros::dsl (line 67) stdout ----
[INFO] [stdout] error[E0432]: unresolved import `cuicui_dsl::macros::__doc_helpers`
[INFO] [stdout]  --> src/macros.rs:69:25
[INFO] [stdout]   |
[INFO] [stdout] 5 | use cuicui_dsl::macros::__doc_helpers::*; use cuicui_dsl::dsl;
[INFO] [stdout]   |                         ^^^^^^^^^^^^^ could not find `__doc_helpers` in `macros`
[INFO] [stdout] 
[INFO] [stdout] error: cannot find derive macro `Deref` in this scope
[INFO] [stdout]  --> src/macros.rs:70:10
[INFO] [stdout]   |
[INFO] [stdout] 6 | #[derive(Deref, DerefMut, Default)]
[INFO] [stdout]   |          ^^^^^
[INFO] [stdout]   |
[INFO] [stdout] help: consider importing this derive macro
[INFO] [stdout]   |
[INFO] [stdout] 2 + use bevy::prelude::Deref;
[INFO] [stdout]   |
[INFO] [stdout] 
[INFO] [stdout] error: cannot find derive macro `DerefMut` in this scope
[INFO] [stdout]  --> src/macros.rs:70:17
[INFO] [stdout]   |
[INFO] [stdout] 6 | #[derive(Deref, DerefMut, Default)]
[INFO] [stdout]   |                 ^^^^^^^^
[INFO] [stdout]   |
[INFO] [stdout] help: consider importing this derive macro
[INFO] [stdout]   |
[INFO] [stdout] 2 + use bevy::prelude::DerefMut;
[INFO] [stdout]   |
[INFO] [stdout] 
[INFO] [stdout] error: cannot find attribute `deref` in this scope
[INFO] [stdout]  --> src/macros.rs:72:7
[INFO] [stdout]   |
[INFO] [stdout] 8 |     #[deref]
[INFO] [stdout]   |       ^^^^^
[INFO] [stdout]   |
[INFO] [stdout]   = note: `deref` is in scope, but it is a function-like macro
[INFO] [stdout] 
[INFO] [stdout] error: aborting due to 4 previous errors
[INFO] [stderr] error: doctest failed, to rerun pass `--doc`
[INFO] [stdout] 
[INFO] [stdout] For more information about this error, try `rustc --explain E0432`.
[INFO] [stdout] Couldn't compile the test.
[INFO] [stdout] ---- src/macros.rs - macros::dsl (line 267) stdout ----
[INFO] [stdout] error[E0432]: unresolved import `cuicui_dsl::macros::__doc_helpers`
[INFO] [stdout]  --> src/macros.rs:269:25
[INFO] [stdout]   |
[INFO] [stdout] 5 | use cuicui_dsl::macros::__doc_helpers::*; use cuicui_dsl::dsl;
[INFO] [stdout]   |                         ^^^^^^^^^^^^^ could not find `__doc_helpers` in `macros`
[INFO] [stdout] 
[INFO] [stdout] error: aborting due to 1 previous error
[INFO] [stdout] 
[INFO] [stdout] For more information about this error, try `rustc --explain E0432`.
[INFO] [stdout] Couldn't compile the test.
[INFO] [stdout] ---- src/macros.rs - macros::dsl (line 214) stdout ----
[INFO] [stdout] error[E0432]: unresolved import `cuicui_dsl::macros::__doc_helpers`
[INFO] [stdout]  --> src/macros.rs:216:25
[INFO] [stdout]   |
[INFO] [stdout] 5 | use cuicui_dsl::macros::__doc_helpers::*; use cuicui_dsl::dsl;
[INFO] [stdout]   |                         ^^^^^^^^^^^^^ could not find `__doc_helpers` in `macros`
[INFO] [stdout] 
[INFO] [stdout] error: aborting due to 1 previous error
[INFO] [stdout] 
[INFO] [stdout] For more information about this error, try `rustc --explain E0432`.
[INFO] [stdout] Couldn't compile the test.
[INFO] [stdout] ---- src/lib.rs - (line 138) stdout ----
[INFO] [stdout] error[E0432]: unresolved import `cuicui_dsl::macros::__doc_helpers`
[INFO] [stdout]  --> src/lib.rs:140:25
[INFO] [stdout]   |
[INFO] [stdout] 5 | use cuicui_dsl::macros::__doc_helpers::*; // ignore this line pls
[INFO] [stdout]   |                         ^^^^^^^^^^^^^ could not find `__doc_helpers` in `macros`
[INFO] [stdout] 
[INFO] [stdout] error: aborting due to 1 previous error
[INFO] [stdout] 
[INFO] [stdout] For more information about this error, try `rustc --explain E0432`.
[INFO] [stdout] Couldn't compile the test.
[INFO] [stdout] ---- src/macros.rs - macros::dsl (line 109) stdout ----
[INFO] [stdout] error[E0432]: unresolved import `cuicui_dsl::macros::__doc_helpers`
[INFO] [stdout]  --> src/macros.rs:111:25
[INFO] [stdout]   |
[INFO] [stdout] 5 | use cuicui_dsl::macros::__doc_helpers::*; use cuicui_dsl::dsl; type BlinkDsl<T> = DocDsl<T>;
[INFO] [stdout]   |                         ^^^^^^^^^^^^^ could not find `__doc_helpers` in `macros`
[INFO] [stdout] 
[INFO] [stdout] error: aborting due to 1 previous error
[INFO] [stdout] 
[INFO] [stdout] For more information about this error, try `rustc --explain E0432`.
[INFO] [stdout] Couldn't compile the test.
[INFO] [stdout] ---- src/lib.rs - (line 286) stdout ----
[INFO] [stdout] error[E0432]: unresolved import `cuicui_dsl::macros::__doc_helpers`
[INFO] [stdout]  --> src/lib.rs:288:25
[INFO] [stdout]   |
[INFO] [stdout] 5 | use cuicui_dsl::macros::__doc_helpers::*; // ignore this line pls
[INFO] [stdout]   |                         ^^^^^^^^^^^^^ could not find `__doc_helpers` in `macros`
[INFO] [stdout] 
[INFO] [stdout] error: aborting due to 1 previous error
[INFO] [stdout] 
[INFO] [stdout] For more information about this error, try `rustc --explain E0432`.
[INFO] [stdout] Couldn't compile the test.
[INFO] [stdout] ---- src/macros.rs - macros::dsl (line 317) stdout ----
[INFO] [stdout] error[E0432]: unresolved import `cuicui_dsl::macros::__doc_helpers`
[INFO] [stdout]  --> src/macros.rs:319:25
[INFO] [stdout]   |
[INFO] [stdout] 5 | use cuicui_dsl::macros::__doc_helpers::*; use cuicui_dsl::dsl;
[INFO] [stdout]   |                         ^^^^^^^^^^^^^ could not find `__doc_helpers` in `macros`
[INFO] [stdout] 
[INFO] [stdout] error: aborting due to 1 previous error
[INFO] [stdout] 
[INFO] [stdout] For more information about this error, try `rustc --explain E0432`.
[INFO] [stdout] Couldn't compile the test.
[INFO] [stdout] ---- src/lib.rs - (line 28) stdout ----
[INFO] [stdout] error[E0432]: unresolved import `cuicui_dsl::macros::__doc_helpers`
[INFO] [stdout]  --> src/lib.rs:30:25
[INFO] [stdout]   |
[INFO] [stdout] 5 | use cuicui_dsl::macros::__doc_helpers::*; // ignore this line pls
[INFO] [stdout]   |                         ^^^^^^^^^^^^^ could not find `__doc_helpers` in `macros`
[INFO] [stdout] 
[INFO] [stdout] error: aborting due to 1 previous error
[INFO] [stdout] 
[INFO] [stdout] For more information about this error, try `rustc --explain E0432`.
[INFO] [stdout] Couldn't compile the test.
[INFO] [stdout] ---- src/macros.rs - macros::dsl (line 171) stdout ----
[INFO] [stdout] error[E0432]: unresolved import `cuicui_dsl::macros::__doc_helpers`
[INFO] [stdout]  --> src/macros.rs:173:25
[INFO] [stdout]   |
[INFO] [stdout] 5 | use cuicui_dsl::macros::__doc_helpers::*; use cuicui_dsl::dsl;
[INFO] [stdout]   |                         ^^^^^^^^^^^^^ could not find `__doc_helpers` in `macros`
[INFO] [stdout] 
[INFO] [stdout] error: aborting due to 1 previous error
[INFO] [stdout] 
[INFO] [stdout] For more information about this error, try `rustc --explain E0432`.
[INFO] [stdout] Couldn't compile the test.
[INFO] [stdout] ---- src/lib.rs - (line 232) stdout ----
[INFO] [stdout] error[E0432]: unresolved import `cuicui_dsl::macros::__doc_helpers`
[INFO] [stdout]  --> src/lib.rs:234:25
[INFO] [stdout]   |
[INFO] [stdout] 5 | use cuicui_dsl::macros::__doc_helpers::*; // ignore this line pls
[INFO] [stdout]   |                         ^^^^^^^^^^^^^ could not find `__doc_helpers` in `macros`
[INFO] [stdout] 
[INFO] [stdout] error: aborting due to 1 previous error
[INFO] [stdout] 
[INFO] [stdout] For more information about this error, try `rustc --explain E0432`.
[INFO] [stdout] Couldn't compile the test.
[INFO] [stdout] ---- src/macros.rs - macros::dsl (line 46) stdout ----
[INFO] [stdout] error[E0432]: unresolved import `cuicui_dsl::macros::__doc_helpers`
[INFO] [stdout]  --> src/macros.rs:48:25
[INFO] [stdout]   |
[INFO] [stdout] 5 | use cuicui_dsl::macros::__doc_helpers::*; use cuicui_dsl::dsl;
[INFO] [stdout]   |                         ^^^^^^^^^^^^^ could not find `__doc_helpers` in `macros`
[INFO] [stdout] 
[INFO] [stdout] error: cannot find derive macro `Bundle` in this scope
[INFO] [stdout]   --> src/macros.rs:54:10
[INFO] [stdout]    |
[INFO] [stdout] 11 | #[derive(Bundle, Default)]
[INFO] [stdout]    |          ^^^^^^
[INFO] [stdout]    |
[INFO] [stdout] help: consider importing this derive macro
[INFO] [stdout]    |
[INFO] [stdout] 2  + use bevy::ecs::bundle::Bundle;
[INFO] [stdout]    |
[INFO] [stdout] 
[INFO] [stdout] error: cannot find derive macro `Component` in this scope
[INFO] [stdout]  --> src/macros.rs:49:10
[INFO] [stdout]   |
[INFO] [stdout] 6 | #[derive(Component, Default)]
[INFO] [stdout]   |          ^^^^^^^^^
[INFO] [stdout]   |
[INFO] [stdout] help: consider importing this derive macro
[INFO] [stdout]   |
[INFO] [stdout] 2 + use bevy::ecs::component::Component;
[INFO] [stdout]   |
[INFO] [stdout] 
[INFO] [stdout] error: aborting due to 3 previous errors
[INFO] [stdout] 
[INFO] [stdout] For more information about this error, try `rustc --explain E0432`.
[INFO] [stdout] Couldn't compile the test.
[INFO] [stdout] ---- src/macros.rs - macros::dsl (line 184) stdout ----
[INFO] [stdout] error[E0432]: unresolved import `cuicui_dsl::macros::__doc_helpers`
[INFO] [stdout]  --> src/macros.rs:186:25
[INFO] [stdout]   |
[INFO] [stdout] 5 | use cuicui_dsl::macros::__doc_helpers::*; use cuicui_dsl::dsl;
[INFO] [stdout]   |                         ^^^^^^^^^^^^^ could not find `__doc_helpers` in `macros`
[INFO] [stdout] 
[INFO] [stdout] error: aborting due to 1 previous error
[INFO] [stdout] 
[INFO] [stdout] For more information about this error, try `rustc --explain E0432`.
[INFO] [stdout] Couldn't compile the test.
[INFO] [stdout] ---- src/lib.rs - (line 189) stdout ----
[INFO] [stdout] error[E0432]: unresolved import `cuicui_dsl::macros::__doc_helpers`
[INFO] [stdout]  --> src/lib.rs:191:25
[INFO] [stdout]   |
[INFO] [stdout] 5 | use cuicui_dsl::macros::__doc_helpers::*; // ignore this line pls
[INFO] [stdout]   |                         ^^^^^^^^^^^^^ could not find `__doc_helpers` in `macros`
[INFO] [stdout] 
[INFO] [stdout] error: cannot find derive macro `Deref` in this scope
[INFO] [stdout]  --> src/lib.rs:195:19
[INFO] [stdout]   |
[INFO] [stdout] 9 | #[derive(Default, Deref, DerefMut)]
[INFO] [stdout]   |                   ^^^^^
[INFO] [stdout]   |
[INFO] [stdout] help: consider importing this derive macro
[INFO] [stdout]   |
[INFO] [stdout] 2 + use bevy::prelude::Deref;
[INFO] [stdout]   |
[INFO] [stdout] 
[INFO] [stdout] error: cannot find derive macro `DerefMut` in this scope
[INFO] [stdout]  --> src/lib.rs:195:26
[INFO] [stdout]   |
[INFO] [stdout] 9 | #[derive(Default, Deref, DerefMut)]
[INFO] [stdout]   |                          ^^^^^^^^
[INFO] [stdout]   |
[INFO] [stdout] help: consider importing this derive macro
[INFO] [stdout]   |
[INFO] [stdout] 2 + use bevy::prelude::DerefMut;
[INFO] [stdout]   |
[INFO] [stdout] 
[INFO] [stdout] error: cannot find attribute `deref` in this scope
[INFO] [stdout]   --> src/lib.rs:197:7
[INFO] [stdout]    |
[INFO] [stdout] 11 |     #[deref]
[INFO] [stdout]    |       ^^^^^
[INFO] [stdout]    |
[INFO] [stdout]    = note: `deref` is in scope, but it is a function-like macro
[INFO] [stdout] 
[INFO] [stdout] error: aborting due to 4 previous errors
[INFO] [stdout] 
[INFO] [stdout] For more information about this error, try `rustc --explain E0432`.
[INFO] [stdout] Couldn't compile the test.
[INFO] [stdout] ---- src/macros.rs - macros::dsl (line 332) stdout ----
[INFO] [stdout] error[E0432]: unresolved import `cuicui_dsl::macros::__doc_helpers`
[INFO] [stdout]  --> src/macros.rs:334:25
[INFO] [stdout]   |
[INFO] [stdout] 5 | use cuicui_dsl::macros::__doc_helpers::*; use cuicui_dsl::dsl;
[INFO] [stdout]   |                         ^^^^^^^^^^^^^ could not find `__doc_helpers` in `macros`
[INFO] [stdout] 
[INFO] [stdout] error: aborting due to 1 previous error
[INFO] [stdout] 
[INFO] [stdout] For more information about this error, try `rustc --explain E0432`.
[INFO] [stdout] Couldn't compile the test.
[INFO] [stdout] 
[INFO] [stdout] failures:
[INFO] [stdout]     src/lib.rs - (line 138)
[INFO] [stdout]     src/lib.rs - (line 153)
[INFO] [stdout]     src/lib.rs - (line 189)
[INFO] [stdout]     src/lib.rs - (line 232)
[INFO] [stdout]     src/lib.rs - (line 28)
[INFO] [stdout]     src/lib.rs - (line 286)
[INFO] [stdout]     src/macros.rs - macros::dsl (line 109)
[INFO] [stdout]     src/macros.rs - macros::dsl (line 171)
[INFO] [stdout]     src/macros.rs - macros::dsl (line 184)
[INFO] [stdout]     src/macros.rs - macros::dsl (line 214)
[INFO] [stdout]     src/macros.rs - macros::dsl (line 222)
[INFO] [stdout]     src/macros.rs - macros::dsl (line 244)
[INFO] [stdout]     src/macros.rs - macros::dsl (line 267)
[INFO] [stdout]     src/macros.rs - macros::dsl (line 299)
[INFO] [stdout]     src/macros.rs - macros::dsl (line 317)
[INFO] [stdout]     src/macros.rs - macros::dsl (line 332)
[INFO] [stdout]     src/macros.rs - macros::dsl (line 46)
[INFO] [stdout]     src/macros.rs - macros::dsl (line 67)
[INFO] [stdout] 
[INFO] [stdout] test result: FAILED. 0 passed; 18 failed; 2 ignored; 0 measured; 0 filtered out; finished in 0.79s
[INFO] [stdout] 
[INFO] running `Command { std: "docker" "inspect" "e2e96abada04ddd52f53ebb9e6b96eb29032d54ed2e1f340f4b2288d2f01bdd7", kill_on_drop: false }`
[INFO] running `Command { std: "docker" "rm" "-f" "e2e96abada04ddd52f53ebb9e6b96eb29032d54ed2e1f340f4b2288d2f01bdd7", kill_on_drop: false }`
[INFO] [stdout] e2e96abada04ddd52f53ebb9e6b96eb29032d54ed2e1f340f4b2288d2f01bdd7
