[INFO] fetching crate cucumber-codegen 0.21.1...
[INFO] testing cucumber-codegen-0.21.1 against 1.83.0 for beta-1.84.0-4-retry
[INFO] extracting crate cucumber-codegen 0.21.1 into /workspace/builds/worker-1-tc1/source
[INFO] validating manifest of crates.io crate cucumber-codegen 0.21.1 on toolchain 1.83.0
[INFO] running `Command { std: CARGO_HOME="/workspace/cargo-home" RUSTUP_HOME="/workspace/rustup-home" "/workspace/cargo-home/bin/cargo" "+1.83.0" "metadata" "--manifest-path" "Cargo.toml" "--no-deps", kill_on_drop: false }`
[INFO] started tweaking crates.io crate cucumber-codegen 0.21.1
[INFO] removed 2 missing tests
[INFO] finished tweaking crates.io crate cucumber-codegen 0.21.1
[INFO] tweaked toml for crates.io crate cucumber-codegen 0.21.1 written to /workspace/builds/worker-1-tc1/source/Cargo.toml
[INFO] running `Command { std: CARGO_HOME="/workspace/cargo-home" RUSTUP_HOME="/workspace/rustup-home" "/workspace/cargo-home/bin/cargo" "+1.83.0" "generate-lockfile" "--manifest-path" "Cargo.toml", kill_on_drop: false }`
[INFO] [stderr]     Updating crates.io index
[INFO] [stderr]      Locking 68 packages to latest compatible versions
[INFO] [stderr]       Adding derive_more v0.99.18 (available: v1.0.0)
[INFO] running `Command { std: CARGO_HOME="/workspace/cargo-home" RUSTUP_HOME="/workspace/rustup-home" "/workspace/cargo-home/bin/cargo" "+1.83.0" "fetch" "--manifest-path" "Cargo.toml", kill_on_drop: false }`
[INFO] running `Command { std: "docker" "create" "-v" "/var/lib/crater-agent-workspace/builds/worker-1-tc1/target:/opt/rustwide/target:rw,Z" "-v" "/var/lib/crater-agent-workspace/builds/worker-1-tc1/source:/opt/rustwide/workdir:ro,Z" "-v" "/var/lib/crater-agent-workspace/cargo-home:/opt/rustwide/cargo-home:ro,Z" "-v" "/var/lib/crater-agent-workspace/rustup-home:/opt/rustwide/rustup-home:ro,Z" "-e" "SOURCE_DIR=/opt/rustwide/workdir" "-e" "CARGO_TARGET_DIR=/opt/rustwide/target" "-e" "CARGO_HOME=/opt/rustwide/cargo-home" "-e" "RUSTUP_HOME=/opt/rustwide/rustup-home" "-w" "/opt/rustwide/workdir" "-m" "1610612736" "--user" "0:0" "--network" "none" "ghcr.io/rust-lang/crates-build-env/linux@sha256:f3a9d4ad9d972b27faf3965f35b62e55ba32bbce8f20bc8fe909558a86702fde" "/opt/rustwide/cargo-home/bin/cargo" "+1.83.0" "metadata" "--no-deps" "--format-version=1", kill_on_drop: false }`
[INFO] [stdout] ede37d15708a2cc74299bf6e358d86538680dec5d354bd8a96e02dbe0e63c2c1
[INFO] running `Command { std: "docker" "start" "-a" "ede37d15708a2cc74299bf6e358d86538680dec5d354bd8a96e02dbe0e63c2c1", kill_on_drop: false }`
[INFO] running `Command { std: "docker" "inspect" "ede37d15708a2cc74299bf6e358d86538680dec5d354bd8a96e02dbe0e63c2c1", kill_on_drop: false }`
[INFO] running `Command { std: "docker" "rm" "-f" "ede37d15708a2cc74299bf6e358d86538680dec5d354bd8a96e02dbe0e63c2c1", kill_on_drop: false }`
[INFO] [stdout] ede37d15708a2cc74299bf6e358d86538680dec5d354bd8a96e02dbe0e63c2c1
[INFO] running `Command { std: "docker" "create" "-v" "/var/lib/crater-agent-workspace/builds/worker-1-tc1/target:/opt/rustwide/target:rw,Z" "-v" "/var/lib/crater-agent-workspace/builds/worker-1-tc1/source:/opt/rustwide/workdir:ro,Z" "-v" "/var/lib/crater-agent-workspace/cargo-home:/opt/rustwide/cargo-home:ro,Z" "-v" "/var/lib/crater-agent-workspace/rustup-home:/opt/rustwide/rustup-home:ro,Z" "-e" "SOURCE_DIR=/opt/rustwide/workdir" "-e" "CARGO_TARGET_DIR=/opt/rustwide/target" "-e" "CARGO_INCREMENTAL=0" "-e" "RUST_BACKTRACE=full" "-e" "RUSTFLAGS=--cap-lints=warn" "-e" "RUSTDOCFLAGS=--cap-lints=warn" "-e" "CARGO_HOME=/opt/rustwide/cargo-home" "-e" "RUSTUP_HOME=/opt/rustwide/rustup-home" "-w" "/opt/rustwide/workdir" "-m" "1610612736" "--user" "0:0" "--network" "none" "ghcr.io/rust-lang/crates-build-env/linux@sha256:f3a9d4ad9d972b27faf3965f35b62e55ba32bbce8f20bc8fe909558a86702fde" "/opt/rustwide/cargo-home/bin/cargo" "+1.83.0" "build" "--frozen" "--message-format=json", kill_on_drop: false }`
[INFO] [stdout] 6dc1b4424da033bcbcca35931fb0fdbbfcb4ceb05975ab28254fc388345bc54b
[INFO] running `Command { std: "docker" "start" "-a" "6dc1b4424da033bcbcca35931fb0fdbbfcb4ceb05975ab28254fc388345bc54b", kill_on_drop: false }`
[INFO] [stderr]    Compiling proc-macro2 v1.0.92
[INFO] [stderr]    Compiling unicode-ident v1.0.14
[INFO] [stderr]    Compiling memchr v2.7.4
[INFO] [stderr]    Compiling heck v0.4.1
[INFO] [stderr]    Compiling regex-syntax v0.8.5
[INFO] [stderr]    Compiling minimal-lexical v0.2.1
[INFO] [stderr]    Compiling either v1.13.0
[INFO] [stderr]    Compiling bytecount v0.6.8
[INFO] [stderr]    Compiling regex-syntax v0.7.5
[INFO] [stderr]    Compiling inflections v1.1.1
[INFO] [stderr]    Compiling itertools v0.13.0
[INFO] [stderr]    Compiling aho-corasick v1.1.3
[INFO] [stderr]    Compiling nom v7.1.3
[INFO] [stderr]    Compiling quote v1.0.37
[INFO] [stderr]    Compiling syn v2.0.90
[INFO] [stderr]    Compiling regex-automata v0.4.9
[INFO] [stderr]    Compiling nom_locate v4.2.0
[INFO] [stderr]    Compiling regex v1.11.1
[INFO] [stderr]    Compiling sealed v0.5.0
[INFO] [stderr]    Compiling derive_more v0.99.18
[INFO] [stderr]    Compiling synthez-core v0.3.1
[INFO] [stderr]    Compiling synthez-codegen v0.3.1
[INFO] [stderr]    Compiling synthez v0.3.1
[INFO] [stderr]    Compiling cucumber-expressions v0.3.0
[INFO] [stderr]    Compiling cucumber-codegen v0.21.1 (/opt/rustwide/workdir)
[INFO] [stderr]     Finished `dev` profile [unoptimized + debuginfo] target(s) in 30.54s
[INFO] running `Command { std: "docker" "inspect" "6dc1b4424da033bcbcca35931fb0fdbbfcb4ceb05975ab28254fc388345bc54b", kill_on_drop: false }`
[INFO] running `Command { std: "docker" "rm" "-f" "6dc1b4424da033bcbcca35931fb0fdbbfcb4ceb05975ab28254fc388345bc54b", kill_on_drop: false }`
[INFO] [stdout] 6dc1b4424da033bcbcca35931fb0fdbbfcb4ceb05975ab28254fc388345bc54b
[INFO] running `Command { std: "docker" "create" "-v" "/var/lib/crater-agent-workspace/builds/worker-1-tc1/target:/opt/rustwide/target:rw,Z" "-v" "/var/lib/crater-agent-workspace/builds/worker-1-tc1/source:/opt/rustwide/workdir:ro,Z" "-v" "/var/lib/crater-agent-workspace/cargo-home:/opt/rustwide/cargo-home:ro,Z" "-v" "/var/lib/crater-agent-workspace/rustup-home:/opt/rustwide/rustup-home:ro,Z" "-e" "SOURCE_DIR=/opt/rustwide/workdir" "-e" "CARGO_TARGET_DIR=/opt/rustwide/target" "-e" "CARGO_INCREMENTAL=0" "-e" "RUST_BACKTRACE=full" "-e" "RUSTFLAGS=--cap-lints=warn" "-e" "RUSTDOCFLAGS=--cap-lints=warn" "-e" "CARGO_HOME=/opt/rustwide/cargo-home" "-e" "RUSTUP_HOME=/opt/rustwide/rustup-home" "-w" "/opt/rustwide/workdir" "-m" "1610612736" "--user" "0:0" "--network" "none" "ghcr.io/rust-lang/crates-build-env/linux@sha256:f3a9d4ad9d972b27faf3965f35b62e55ba32bbce8f20bc8fe909558a86702fde" "/opt/rustwide/cargo-home/bin/cargo" "+1.83.0" "test" "--frozen" "--no-run" "--message-format=json", kill_on_drop: false }`
[INFO] [stdout] 213b35b15bd0ab094e1a645ba193136dd22081081a8285f29906069817c76fe0
[INFO] running `Command { std: "docker" "start" "-a" "213b35b15bd0ab094e1a645ba193136dd22081081a8285f29906069817c76fe0", kill_on_drop: false }`
[INFO] [stderr]    Compiling memchr v2.7.4
[INFO] [stderr]    Compiling autocfg v1.4.0
[INFO] [stderr]    Compiling futures-sink v0.3.31
[INFO] [stderr]    Compiling pin-project-lite v0.2.15
[INFO] [stderr]    Compiling futures-core v0.3.31
[INFO] [stderr]    Compiling convert_case v0.4.0
[INFO] [stderr]    Compiling futures-io v0.3.31
[INFO] [stderr]    Compiling futures-macro v0.3.31
[INFO] [stderr]    Compiling futures-task v0.3.31
[INFO] [stderr]    Compiling pin-utils v0.1.0
[INFO] [stderr]    Compiling futures-channel v0.3.31
[INFO] [stderr]    Compiling rustix v0.38.42
[INFO] [stderr]    Compiling bitflags v2.6.0
[INFO] [stderr]    Compiling linux-raw-sys v0.4.14
[INFO] [stderr]    Compiling tokio-macros v2.4.0
[INFO] [stderr]    Compiling once_cell v1.20.2
[INFO] [stderr]    Compiling derive_more v0.99.18
[INFO] [stderr]    Compiling slab v0.4.9
[INFO] [stderr]    Compiling cfg-if v1.0.0
[INFO] [stderr]    Compiling fastrand v2.3.0
[INFO] [stderr]    Compiling aho-corasick v1.1.3
[INFO] [stderr]    Compiling nom v7.1.3
[INFO] [stderr]    Compiling futures-util v0.3.31
[INFO] [stderr]    Compiling tokio v1.42.0
[INFO] [stderr]    Compiling regex-automata v0.4.9
[INFO] [stderr]    Compiling nom_locate v4.2.0
[INFO] [stderr]    Compiling tempfile v3.14.0
[INFO] [stderr]    Compiling futures-executor v0.3.31
[INFO] [stderr]    Compiling futures v0.3.31
[INFO] [stderr]    Compiling regex v1.11.1
[INFO] [stderr]    Compiling cucumber-expressions v0.3.0
[INFO] [stderr]    Compiling cucumber-codegen v0.21.1 (/opt/rustwide/workdir)
[INFO] [stdout] warning: extern crate `derive_more` is unused in crate `cucumber_codegen`
[INFO] [stdout]    --> src/lib.rs:11:1
[INFO] [stdout]     |
[INFO] [stdout] 11  | #![doc(
[INFO] [stdout]     | ^
[INFO] [stdout]     |
[INFO] [stdout]     = help: remove the dependency or add `use derive_more as _;` to the crate root
[INFO] [stdout] note: the lint level is defined here
[INFO] [stdout]    --> src/lib.rs:150:5
[INFO] [stdout]     |
[INFO] [stdout] 150 |     unused_crate_dependencies,
[INFO] [stdout]     |     ^^^^^^^^^^^^^^^^^^^^^^^^^
[INFO] [stdout] 
[INFO] [stdout] 
[INFO] [stdout] warning: extern crate `futures` is unused in crate `cucumber_codegen`
[INFO] [stdout]   --> src/lib.rs:11:1
[INFO] [stdout]    |
[INFO] [stdout] 11 | #![doc(
[INFO] [stdout]    | ^
[INFO] [stdout]    |
[INFO] [stdout]    = help: remove the dependency or add `use futures as _;` to the crate root
[INFO] [stdout] 
[INFO] [stdout] 
[INFO] [stdout] warning: extern crate `tempfile` is unused in crate `cucumber_codegen`
[INFO] [stdout]   --> src/lib.rs:11:1
[INFO] [stdout]    |
[INFO] [stdout] 11 | #![doc(
[INFO] [stdout]    | ^
[INFO] [stdout]    |
[INFO] [stdout]    = help: remove the dependency or add `use tempfile as _;` to the crate root
[INFO] [stdout] 
[INFO] [stdout] 
[INFO] [stdout] warning: extern crate `tokio` is unused in crate `cucumber_codegen`
[INFO] [stdout]   --> src/lib.rs:11:1
[INFO] [stdout]    |
[INFO] [stdout] 11 | #![doc(
[INFO] [stdout]    | ^
[INFO] [stdout]    |
[INFO] [stdout]    = help: remove the dependency or add `use tokio as _;` to the crate root
[INFO] [stdout] 
[INFO] [stdout] 
[INFO] [stderr]     Finished `test` profile [unoptimized + debuginfo] target(s) in 32.91s
[INFO] running `Command { std: "docker" "inspect" "213b35b15bd0ab094e1a645ba193136dd22081081a8285f29906069817c76fe0", kill_on_drop: false }`
[INFO] running `Command { std: "docker" "rm" "-f" "213b35b15bd0ab094e1a645ba193136dd22081081a8285f29906069817c76fe0", kill_on_drop: false }`
[INFO] [stdout] 213b35b15bd0ab094e1a645ba193136dd22081081a8285f29906069817c76fe0
[INFO] running `Command { std: "docker" "create" "-v" "/var/lib/crater-agent-workspace/builds/worker-1-tc1/target:/opt/rustwide/target:rw,Z" "-v" "/var/lib/crater-agent-workspace/builds/worker-1-tc1/source:/opt/rustwide/workdir:ro,Z" "-v" "/var/lib/crater-agent-workspace/cargo-home:/opt/rustwide/cargo-home:ro,Z" "-v" "/var/lib/crater-agent-workspace/rustup-home:/opt/rustwide/rustup-home:ro,Z" "-e" "SOURCE_DIR=/opt/rustwide/workdir" "-e" "CARGO_TARGET_DIR=/opt/rustwide/target" "-e" "CARGO_INCREMENTAL=0" "-e" "RUST_BACKTRACE=full" "-e" "RUSTFLAGS=--cap-lints=warn" "-e" "RUSTDOCFLAGS=--cap-lints=warn" "-e" "CARGO_HOME=/opt/rustwide/cargo-home" "-e" "RUSTUP_HOME=/opt/rustwide/rustup-home" "-w" "/opt/rustwide/workdir" "-m" "1610612736" "--user" "0:0" "--network" "none" "ghcr.io/rust-lang/crates-build-env/linux@sha256:f3a9d4ad9d972b27faf3965f35b62e55ba32bbce8f20bc8fe909558a86702fde" "/opt/rustwide/cargo-home/bin/cargo" "+1.83.0" "test" "--frozen", kill_on_drop: false }`
[INFO] [stdout] 6ec0e6cec28897237f50d01d0df1a7e6d58dc45acd8a5dda5b1133675de1989e
[INFO] running `Command { std: "docker" "start" "-a" "6ec0e6cec28897237f50d01d0df1a7e6d58dc45acd8a5dda5b1133675de1989e", kill_on_drop: false }`
[INFO] [stderr] warning: extern crate `derive_more` is unused in crate `cucumber_codegen`
[INFO] [stderr]    --> src/lib.rs:11:1
[INFO] [stderr]     |
[INFO] [stderr] 11  | #![doc(
[INFO] [stderr]     | ^
[INFO] [stderr]     |
[INFO] [stderr]     = help: remove the dependency or add `use derive_more as _;` to the crate root
[INFO] [stderr] note: the lint level is defined here
[INFO] [stderr]    --> src/lib.rs:150:5
[INFO] [stderr]     |
[INFO] [stderr] 150 |     unused_crate_dependencies,
[INFO] [stderr]     |     ^^^^^^^^^^^^^^^^^^^^^^^^^
[INFO] [stderr] 
[INFO] [stderr] warning: extern crate `futures` is unused in crate `cucumber_codegen`
[INFO] [stderr]   --> src/lib.rs:11:1
[INFO] [stderr]    |
[INFO] [stderr] 11 | #![doc(
[INFO] [stderr]    | ^
[INFO] [stderr]    |
[INFO] [stderr]    = help: remove the dependency or add `use futures as _;` to the crate root
[INFO] [stderr] 
[INFO] [stderr] warning: extern crate `tempfile` is unused in crate `cucumber_codegen`
[INFO] [stderr]   --> src/lib.rs:11:1
[INFO] [stderr]    |
[INFO] [stderr] 11 | #![doc(
[INFO] [stderr]    | ^
[INFO] [stderr]    |
[INFO] [stderr]    = help: remove the dependency or add `use tempfile as _;` to the crate root
[INFO] [stderr] 
[INFO] [stderr] warning: extern crate `tokio` is unused in crate `cucumber_codegen`
[INFO] [stderr]   --> src/lib.rs:11:1
[INFO] [stderr]    |
[INFO] [stderr] 11 | #![doc(
[INFO] [stderr]    | ^
[INFO] [stderr]    |
[INFO] [stderr]    = help: remove the dependency or add `use tokio as _;` to the crate root
[INFO] [stderr] 
[INFO] [stderr] warning: `cucumber-codegen` (lib test) generated 4 warnings
[INFO] [stderr]     Finished `test` profile [unoptimized + debuginfo] target(s) in 0.17s
[INFO] [stderr]      Running unittests src/lib.rs (/opt/rustwide/target/debug/deps/cucumber_codegen-94c06b15ba9d4f89)
[INFO] [stdout] 
[INFO] [stdout] running 10 tests
[INFO] [stdout] test parameter::spec::derives_impl ... ok
[INFO] [stdout] test parameter::spec::derives_impl_with_default_name ... ok
[INFO] [stdout] test parameter::spec::derives_impl_with_non_capturing_regex_groups ... ok
[INFO] [stdout] test parameter::spec::invalid_regex ... ok
[INFO] [stdout] test parameter::spec::regex_arg_is_required ... ok
[INFO] [stdout] test world::spec::derives_impl ... ok
[INFO] [stdout] test world::spec::derives_impl_with_generics ... ok
[INFO] [stdout] test parameter::spec::derives_impl_with_generics ... ok
[INFO] [stdout] test world::spec::derives_impl_with_init_fn ... ok
[INFO] [stdout] test parameter::spec::derives_impl_with_capturing_group ... ok
[INFO] [stdout] 
[INFO] [stdout] test result: ok. 10 passed; 0 failed; 0 ignored; 0 measured; 0 filtered out; finished in 0.02s
[INFO] [stdout] 
[INFO] [stderr]    Doc-tests cucumber_codegen
[INFO] [stdout] 
[INFO] [stdout] running 8 tests
[INFO] [stdout] test src/lib.rs - then (line 226) ... FAILED
[INFO] [stdout] test src/lib.rs - when (line 226) ... FAILED
[INFO] [stdout] test src/lib.rs - given (line 226) ... FAILED
[INFO] [stdout] test src/lib.rs - world (line 286) ... FAILED
[INFO] [stdout] test src/lib.rs - parameter (line 319) ... FAILED
[INFO] [stdout] test src/lib.rs - given (line 179) ... FAILED
[INFO] [stdout] test src/lib.rs - when (line 179) ... FAILED
[INFO] [stdout] test src/lib.rs - then (line 179) ... FAILED
[INFO] [stdout] 
[INFO] [stdout] failures:
[INFO] [stdout] 
[INFO] [stdout] ---- src/lib.rs - then (line 226) stdout ----
[INFO] [stdout] error[E0433]: failed to resolve: use of undeclared crate or module `cucumber`
[INFO] [stdout]  --> src/lib.rs:229:5
[INFO] [stdout]   |
[INFO] [stdout] 4 | use cucumber::{gherkin::Step, given, World};
[INFO] [stdout]   |     ^^^^^^^^ use of undeclared crate or module `cucumber`
[INFO] [stdout] 
[INFO] [stdout] error[E0432]: unresolved import `cucumber`
[INFO] [stdout]  --> src/lib.rs:229:5
[INFO] [stdout]   |
[INFO] [stdout] 4 | use cucumber::{gherkin::Step, given, World};
[INFO] [stdout]   |     ^^^^^^^^ use of undeclared crate or module `cucumber`
[INFO] [stdout] 
[INFO] [stdout] error: cannot find attribute `step` in this scope
[INFO] [stdout]   --> src/lib.rs:237:7
[INFO] [stdout]    |
[INFO] [stdout] 12 |     #[step] s: &Step,
[INFO] [stdout]    |       ^^^^
[INFO] [stdout] 
[INFO] [stdout] error[E0599]: no function or associated item named `run` found for struct `MyWorld` in the current scope
[INFO] [stdout]   --> src/lib.rs:247:14
[INFO] [stdout]    |
[INFO] [stdout] 7  | struct MyWorld;
[INFO] [stdout]    | -------------- function or associated item `run` not found for this struct
[INFO] [stdout] ...
[INFO] [stdout] 22 |     MyWorld::run("./tests/features/doctests.feature").await;
[INFO] [stdout]    |              ^^^ function or associated item not found in `MyWorld`
[INFO] [stdout] 
[INFO] [stdout] error: aborting due to 4 previous errors
[INFO] [stdout] 
[INFO] [stdout] Some errors have detailed explanations: E0432, E0433, E0599.
[INFO] [stdout] For more information about an error, try `rustc --explain E0432`.
[INFO] [stdout] Couldn't compile the test.
[INFO] [stdout] ---- src/lib.rs - when (line 226) stdout ----
[INFO] [stdout] error[E0433]: failed to resolve: use of undeclared crate or module `cucumber`
[INFO] [stdout]  --> src/lib.rs:229:5
[INFO] [stdout]   |
[INFO] [stdout] 4 | use cucumber::{gherkin::Step, given, World};
[INFO] [stdout]   |     ^^^^^^^^ use of undeclared crate or module `cucumber`
[INFO] [stdout] 
[INFO] [stdout] error[E0432]: unresolved import `cucumber`
[INFO] [stdout]  --> src/lib.rs:229:5
[INFO] [stdout]   |
[INFO] [stdout] 4 | use cucumber::{gherkin::Step, given, World};
[INFO] [stdout]   |     ^^^^^^^^ use of undeclared crate or module `cucumber`
[INFO] [stdout] 
[INFO] [stdout] error: cannot find attribute `step` in this scope
[INFO] [stdout]   --> src/lib.rs:237:7
[INFO] [stdout]    |
[INFO] [stdout] 12 |     #[step] s: &Step,
[INFO] [stdout]    |       ^^^^
[INFO] [stdout] 
[INFO] [stdout] error[E0599]: no function or associated item named `run` found for struct `MyWorld` in the current scope
[INFO] [stdout]   --> src/lib.rs:247:14
[INFO] [stdout]    |
[INFO] [stdout] 7  | struct MyWorld;
[INFO] [stdout]    | -------------- function or associated item `run` not found for this struct
[INFO] [stdout] ...
[INFO] [stdout] 22 |     MyWorld::run("./tests/features/doctests.feature").await;
[INFO] [stdout]    |              ^^^ function or associated item not found in `MyWorld`
[INFO] [stdout] 
[INFO] [stdout] error: aborting due to 4 previous errors
[INFO] [stdout] 
[INFO] [stdout] Some errors have detailed explanations: E0432, E0433, E0599.
[INFO] [stdout] For more information about an error, try `rustc --explain E0432`.
[INFO] [stdout] Couldn't compile the test.
[INFO] [stdout] ---- src/lib.rs - given (line 226) stdout ----
[INFO] [stdout] error[E0433]: failed to resolve: use of undeclared crate or module `cucumber`
[INFO] [stdout]  --> src/lib.rs:229:5
[INFO] [stdout]   |
[INFO] [stdout] 4 | use cucumber::{gherkin::Step, given, World};
[INFO] [stdout]   |     ^^^^^^^^ use of undeclared crate or module `cucumber`
[INFO] [stdout] 
[INFO] [stdout] error[E0432]: unresolved import `cucumber`
[INFO] [stdout]  --> src/lib.rs:229:5
[INFO] [stdout]   |
[INFO] [stdout] 4 | use cucumber::{gherkin::Step, given, World};
[INFO] [stdout]   |     ^^^^^^^^ use of undeclared crate or module `cucumber`
[INFO] [stdout] 
[INFO] [stdout] error: cannot find attribute `step` in this scope
[INFO] [stdout]   --> src/lib.rs:237:7
[INFO] [stdout]    |
[INFO] [stdout] 12 |     #[step] s: &Step,
[INFO] [stdout]    |       ^^^^
[INFO] [stdout] 
[INFO] [stdout] error[E0599]: no function or associated item named `run` found for struct `MyWorld` in the current scope
[INFO] [stdout]   --> src/lib.rs:247:14
[INFO] [stdout]    |
[INFO] [stdout] 7  | struct MyWorld;
[INFO] [stdout]    | -------------- function or associated item `run` not found for this struct
[INFO] [stdout] ...
[INFO] [stdout] 22 |     MyWorld::run("./tests/features/doctests.feature").await;
[INFO] [stdout]    |              ^^^ function or associated item not found in `MyWorld`
[INFO] [stdout] 
[INFO] [stdout] error: aborting due to 4 previous errors
[INFO] [stdout] 
[INFO] [stdout] Some errors have detailed explanations: E0432, E0433, E0599.
[INFO] [stdout] For more information about an error, try `rustc --explain E0432`.
[INFO] [stdout] Couldn't compile the test.
[INFO] [stdout] ---- src/lib.rs - world (line 286) stdout ----
[INFO] [stdout] error[E0433]: failed to resolve: use of undeclared crate or module `cucumber`
[INFO] [stdout]  --> src/lib.rs:287:10
[INFO] [stdout]   |
[INFO] [stdout] 3 | #[derive(cucumber::World)]
[INFO] [stdout]   |          ^^^^^^^^ use of undeclared crate or module `cucumber`
[INFO] [stdout] 
[INFO] [stdout] error: cannot find attribute `world` in this scope
[INFO] [stdout]  --> src/lib.rs:288:3
[INFO] [stdout]   |
[INFO] [stdout] 4 | #[world(init = Self::new)] // optional, uses `Default::default()` if omitted
[INFO] [stdout]   |   ^^^^^
[INFO] [stdout] 
[INFO] [stdout] error: aborting due to 2 previous errors
[INFO] [stdout] 
[INFO] [stdout] For more information about this error, try `rustc --explain E0433`.
[INFO] [stdout] Couldn't compile the test.
[INFO] [stdout] ---- src/lib.rs - parameter (line 319) stdout ----
[INFO] [stdout] error[E0432]: unresolved import `cucumber`
[INFO] [stdout]  --> src/lib.rs:322:5
[INFO] [stdout]   |
[INFO] [stdout] 4 | use cucumber::{given, when, Parameter, World};
[INFO] [stdout]   |     ^^^^^^^^ use of undeclared crate or module `cucumber`
[INFO] [stdout] 
[INFO] [stdout] error: cannot find attribute `param` in this scope
[INFO] [stdout]   --> src/lib.rs:336:3
[INFO] [stdout]    |
[INFO] [stdout] 18 | #[param(regex = r"\d+", name = "u64")]
[INFO] [stdout]    |   ^^^^^
[INFO] [stdout] 
[INFO] [stdout] error[E0599]: no function or associated item named `run` found for struct `MyWorld` in the current scope
[INFO] [stdout]   --> src/lib.rs:341:14
[INFO] [stdout]    |
[INFO] [stdout] 8  | struct MyWorld;
[INFO] [stdout]    | -------------- function or associated item `run` not found for this struct
[INFO] [stdout] ...
[INFO] [stdout] 23 |     MyWorld::run("./tests/features/doctests.feature").await;
[INFO] [stdout]    |              ^^^ function or associated item not found in `MyWorld`
[INFO] [stdout] 
[INFO] [stdout] error: aborting due to 3 previous errors
[INFO] [stdout] 
[INFO] [stdout] Some errors have detailed explanations: E0432, E0599.
[INFO] [stdout] For more information about an error, try `rustc --explain E0432`.
[INFO] [stdout] Couldn't compile the test.
[INFO] [stdout] ---- src/lib.rs - given (line 179) stdout ----
[INFO] [stdout] error[E0432]: unresolved import `cucumber`
[INFO] [stdout]  --> src/lib.rs:182:5
[INFO] [stdout]   |
[INFO] [stdout] 4 | use cucumber::{given, when, World};
[INFO] [stdout]   |     ^^^^^^^^ use of undeclared crate or module `cucumber`
[INFO] [stdout] 
[INFO] [stdout] error[E0599]: no function or associated item named `run` found for struct `MyWorld` in the current scope
[INFO] [stdout]   --> src/lib.rs:196:14
[INFO] [stdout]    |
[INFO] [stdout] 7  | struct MyWorld;
[INFO] [stdout]    | -------------- function or associated item `run` not found for this struct
[INFO] [stdout] ...
[INFO] [stdout] 18 |     MyWorld::run("./tests/features/doctests.feature").await;
[INFO] [stdout]    |              ^^^ function or associated item not found in `MyWorld`
[INFO] [stdout] 
[INFO] [stdout] error: aborting due to 2 previous errors
[INFO] [stdout] 
[INFO] [stdout] Some errors have detailed explanations: E0432, E0599.
[INFO] [stdout] For more information about an error, try `rustc --explain E0432`.
[INFO] [stdout] Couldn't compile the test.
[INFO] [stdout] ---- src/lib.rs - when (line 179) stdout ----
[INFO] [stdout] error[E0432]: unresolved import `cucumber`
[INFO] [stdout]  --> src/lib.rs:182:5
[INFO] [stdout]   |
[INFO] [stdout] 4 | use cucumber::{given, when, World};
[INFO] [stdout]   |     ^^^^^^^^ use of undeclared crate or module `cucumber`
[INFO] [stdout] 
[INFO] [stdout] error[E0599]: no function or associated item named `run` found for struct `MyWorld` in the current scope
[INFO] [stdout]   --> src/lib.rs:196:14
[INFO] [stdout]    |
[INFO] [stdout] 7  | struct MyWorld;
[INFO] [stdout]    | -------------- function or associated item `run` not found for this struct
[INFO] [stdout] ...
[INFO] [stdout] 18 |     MyWorld::run("./tests/features/doctests.feature").await;
[INFO] [stdout]    |              ^^^ function or associated item not found in `MyWorld`
[INFO] [stdout] 
[INFO] [stdout] error: aborting due to 2 previous errors
[INFO] [stdout] 
[INFO] [stdout] Some errors have detailed explanations: E0432, E0599.
[INFO] [stdout] For more information about an error, try `rustc --explain E0432`.
[INFO] [stdout] Couldn't compile the test.
[INFO] [stdout] ---- src/lib.rs - then (line 179) stdout ----
[INFO] [stdout] error[E0432]: unresolved import `cucumber`
[INFO] [stdout]  --> src/lib.rs:182:5
[INFO] [stdout]   |
[INFO] [stdout] 4 | use cucumber::{given, when, World};
[INFO] [stdout]   |     ^^^^^^^^ use of undeclared crate or module `cucumber`
[INFO] [stdout] 
[INFO] [stdout] error[E0599]: no function or associated item named `run` found for struct `MyWorld` in the current scope
[INFO] [stdout]   --> src/lib.rs:196:14
[INFO] [stdout]    |
[INFO] [stdout] 7  | struct MyWorld;
[INFO] [stdout]    | -------------- function or associated item `run` not found for this struct
[INFO] [stdout] ...
[INFO] [stdout] 18 |     MyWorld::run("./tests/features/doctests.feature").await;
[INFO] [stdout]    |              ^^^ function or associated item not found in `MyWorld`
[INFO] [stdout] 
[INFO] [stdout] error: aborting due to 2 previous errors
[INFO] [stdout] 
[INFO] [stdout] Some errors have detailed explanations: E0432, E0599.
[INFO] [stdout] For more information about an error, try `rustc --explain E0432`.
[INFO] [stdout] Couldn't compile the test.
[INFO] [stdout] 
[INFO] [stdout] failures:
[INFO] [stdout]     src/lib.rs - given (line 179)
[INFO] [stdout]     src/lib.rs - given (line 226)
[INFO] [stdout]     src/lib.rs - parameter (line 319)
[INFO] [stdout]     src/lib.rs - then (line 179)
[INFO] [stdout]     src/lib.rs - then (line 226)
[INFO] [stdout]     src/lib.rs - when (line 179)
[INFO] [stdout]     src/lib.rs - when (line 226)
[INFO] [stdout]     src/lib.rs - world (line 286)
[INFO] [stdout] 
[INFO] [stdout] test result: FAILED. 0 passed; 8 failed; 0 ignored; 0 measured; 0 filtered out; finished in 0.63s
[INFO] [stdout] 
[INFO] [stderr] error: doctest failed, to rerun pass `--doc`
[INFO] running `Command { std: "docker" "inspect" "6ec0e6cec28897237f50d01d0df1a7e6d58dc45acd8a5dda5b1133675de1989e", kill_on_drop: false }`
[INFO] running `Command { std: "docker" "rm" "-f" "6ec0e6cec28897237f50d01d0df1a7e6d58dc45acd8a5dda5b1133675de1989e", kill_on_drop: false }`
[INFO] [stdout] 6ec0e6cec28897237f50d01d0df1a7e6d58dc45acd8a5dda5b1133675de1989e
