[INFO] fetching crate cu40026 0.1.1...
[INFO] testing cu40026-0.1.1 against 1.83.0 for beta-1.84.0-4-retry
[INFO] extracting crate cu40026 0.1.1 into /workspace/builds/worker-5-tc1/source
[INFO] validating manifest of crates.io crate cu40026 0.1.1 on toolchain 1.83.0
[INFO] running `Command { std: CARGO_HOME="/workspace/cargo-home" RUSTUP_HOME="/workspace/rustup-home" "/workspace/cargo-home/bin/cargo" "+1.83.0" "metadata" "--manifest-path" "Cargo.toml" "--no-deps", kill_on_drop: false }`
[INFO] started tweaking crates.io crate cu40026 0.1.1
[INFO] finished tweaking crates.io crate cu40026 0.1.1
[INFO] tweaked toml for crates.io crate cu40026 0.1.1 written to /workspace/builds/worker-5-tc1/source/Cargo.toml
[INFO] running `Command { std: CARGO_HOME="/workspace/cargo-home" RUSTUP_HOME="/workspace/rustup-home" "/workspace/cargo-home/bin/cargo" "+1.83.0" "generate-lockfile" "--manifest-path" "Cargo.toml", kill_on_drop: false }`
[INFO] [stderr]     Updating crates.io index
[INFO] [stderr]      Locking 1 package to latest compatible version
[INFO] running `Command { std: CARGO_HOME="/workspace/cargo-home" RUSTUP_HOME="/workspace/rustup-home" "/workspace/cargo-home/bin/cargo" "+1.83.0" "fetch" "--manifest-path" "Cargo.toml", kill_on_drop: false }`
[INFO] running `Command { std: "docker" "create" "-v" "/var/lib/crater-agent-workspace/builds/worker-5-tc1/target:/opt/rustwide/target:rw,Z" "-v" "/var/lib/crater-agent-workspace/builds/worker-5-tc1/source:/opt/rustwide/workdir:ro,Z" "-v" "/var/lib/crater-agent-workspace/cargo-home:/opt/rustwide/cargo-home:ro,Z" "-v" "/var/lib/crater-agent-workspace/rustup-home:/opt/rustwide/rustup-home:ro,Z" "-e" "SOURCE_DIR=/opt/rustwide/workdir" "-e" "CARGO_TARGET_DIR=/opt/rustwide/target" "-e" "CARGO_HOME=/opt/rustwide/cargo-home" "-e" "RUSTUP_HOME=/opt/rustwide/rustup-home" "-w" "/opt/rustwide/workdir" "-m" "1610612736" "--user" "0:0" "--network" "none" "ghcr.io/rust-lang/crates-build-env/linux@sha256:f3a9d4ad9d972b27faf3965f35b62e55ba32bbce8f20bc8fe909558a86702fde" "/opt/rustwide/cargo-home/bin/cargo" "+1.83.0" "metadata" "--no-deps" "--format-version=1", kill_on_drop: false }`
[INFO] [stdout] 0a805eba49726ee69448d803d8bdd4710438bf7dd7e550469e540a016d2505fc
[INFO] running `Command { std: "docker" "start" "-a" "0a805eba49726ee69448d803d8bdd4710438bf7dd7e550469e540a016d2505fc", kill_on_drop: false }`
[INFO] running `Command { std: "docker" "inspect" "0a805eba49726ee69448d803d8bdd4710438bf7dd7e550469e540a016d2505fc", kill_on_drop: false }`
[INFO] running `Command { std: "docker" "rm" "-f" "0a805eba49726ee69448d803d8bdd4710438bf7dd7e550469e540a016d2505fc", kill_on_drop: false }`
[INFO] [stdout] 0a805eba49726ee69448d803d8bdd4710438bf7dd7e550469e540a016d2505fc
[INFO] running `Command { std: "docker" "create" "-v" "/var/lib/crater-agent-workspace/builds/worker-5-tc1/target:/opt/rustwide/target:rw,Z" "-v" "/var/lib/crater-agent-workspace/builds/worker-5-tc1/source:/opt/rustwide/workdir:ro,Z" "-v" "/var/lib/crater-agent-workspace/cargo-home:/opt/rustwide/cargo-home:ro,Z" "-v" "/var/lib/crater-agent-workspace/rustup-home:/opt/rustwide/rustup-home:ro,Z" "-e" "SOURCE_DIR=/opt/rustwide/workdir" "-e" "CARGO_TARGET_DIR=/opt/rustwide/target" "-e" "CARGO_INCREMENTAL=0" "-e" "RUST_BACKTRACE=full" "-e" "RUSTFLAGS=--cap-lints=warn" "-e" "RUSTDOCFLAGS=--cap-lints=warn" "-e" "CARGO_HOME=/opt/rustwide/cargo-home" "-e" "RUSTUP_HOME=/opt/rustwide/rustup-home" "-w" "/opt/rustwide/workdir" "-m" "1610612736" "--user" "0:0" "--network" "none" "ghcr.io/rust-lang/crates-build-env/linux@sha256:f3a9d4ad9d972b27faf3965f35b62e55ba32bbce8f20bc8fe909558a86702fde" "/opt/rustwide/cargo-home/bin/cargo" "+1.83.0" "build" "--frozen" "--message-format=json", kill_on_drop: false }`
[INFO] [stdout] 3b3e3c95d2f5007b496466557b9f40bea8d7d1caf5939f39de43b272c134f5ca
[INFO] running `Command { std: "docker" "start" "-a" "3b3e3c95d2f5007b496466557b9f40bea8d7d1caf5939f39de43b272c134f5ca", kill_on_drop: false }`
[INFO] [stderr]    Compiling embedded-io v0.6.1
[INFO] [stderr]    Compiling cu40026 v0.1.1 (/opt/rustwide/workdir)
[INFO] [stderr]     Finished `dev` profile [unoptimized + debuginfo] target(s) in 0.25s
[INFO] running `Command { std: "docker" "inspect" "3b3e3c95d2f5007b496466557b9f40bea8d7d1caf5939f39de43b272c134f5ca", kill_on_drop: false }`
[INFO] running `Command { std: "docker" "rm" "-f" "3b3e3c95d2f5007b496466557b9f40bea8d7d1caf5939f39de43b272c134f5ca", kill_on_drop: false }`
[INFO] [stdout] 3b3e3c95d2f5007b496466557b9f40bea8d7d1caf5939f39de43b272c134f5ca
[INFO] running `Command { std: "docker" "create" "-v" "/var/lib/crater-agent-workspace/builds/worker-5-tc1/target:/opt/rustwide/target:rw,Z" "-v" "/var/lib/crater-agent-workspace/builds/worker-5-tc1/source:/opt/rustwide/workdir:ro,Z" "-v" "/var/lib/crater-agent-workspace/cargo-home:/opt/rustwide/cargo-home:ro,Z" "-v" "/var/lib/crater-agent-workspace/rustup-home:/opt/rustwide/rustup-home:ro,Z" "-e" "SOURCE_DIR=/opt/rustwide/workdir" "-e" "CARGO_TARGET_DIR=/opt/rustwide/target" "-e" "CARGO_INCREMENTAL=0" "-e" "RUST_BACKTRACE=full" "-e" "RUSTFLAGS=--cap-lints=warn" "-e" "RUSTDOCFLAGS=--cap-lints=warn" "-e" "CARGO_HOME=/opt/rustwide/cargo-home" "-e" "RUSTUP_HOME=/opt/rustwide/rustup-home" "-w" "/opt/rustwide/workdir" "-m" "1610612736" "--user" "0:0" "--network" "none" "ghcr.io/rust-lang/crates-build-env/linux@sha256:f3a9d4ad9d972b27faf3965f35b62e55ba32bbce8f20bc8fe909558a86702fde" "/opt/rustwide/cargo-home/bin/cargo" "+1.83.0" "test" "--frozen" "--no-run" "--message-format=json", kill_on_drop: false }`
[INFO] [stdout] dfbfe2969241bb61704842ca039f4164cd2c6c1d33c33fb41db7ea8057cc1f5c
[INFO] running `Command { std: "docker" "start" "-a" "dfbfe2969241bb61704842ca039f4164cd2c6c1d33c33fb41db7ea8057cc1f5c", kill_on_drop: false }`
[INFO] [stderr]    Compiling cu40026 v0.1.1 (/opt/rustwide/workdir)
[INFO] [stderr]     Finished `test` profile [unoptimized + debuginfo] target(s) in 0.34s
[INFO] running `Command { std: "docker" "inspect" "dfbfe2969241bb61704842ca039f4164cd2c6c1d33c33fb41db7ea8057cc1f5c", kill_on_drop: false }`
[INFO] running `Command { std: "docker" "rm" "-f" "dfbfe2969241bb61704842ca039f4164cd2c6c1d33c33fb41db7ea8057cc1f5c", kill_on_drop: false }`
[INFO] [stdout] dfbfe2969241bb61704842ca039f4164cd2c6c1d33c33fb41db7ea8057cc1f5c
[INFO] running `Command { std: "docker" "create" "-v" "/var/lib/crater-agent-workspace/builds/worker-5-tc1/target:/opt/rustwide/target:rw,Z" "-v" "/var/lib/crater-agent-workspace/builds/worker-5-tc1/source:/opt/rustwide/workdir:ro,Z" "-v" "/var/lib/crater-agent-workspace/cargo-home:/opt/rustwide/cargo-home:ro,Z" "-v" "/var/lib/crater-agent-workspace/rustup-home:/opt/rustwide/rustup-home:ro,Z" "-e" "SOURCE_DIR=/opt/rustwide/workdir" "-e" "CARGO_TARGET_DIR=/opt/rustwide/target" "-e" "CARGO_INCREMENTAL=0" "-e" "RUST_BACKTRACE=full" "-e" "RUSTFLAGS=--cap-lints=warn" "-e" "RUSTDOCFLAGS=--cap-lints=warn" "-e" "CARGO_HOME=/opt/rustwide/cargo-home" "-e" "RUSTUP_HOME=/opt/rustwide/rustup-home" "-w" "/opt/rustwide/workdir" "-m" "1610612736" "--user" "0:0" "--network" "none" "ghcr.io/rust-lang/crates-build-env/linux@sha256:f3a9d4ad9d972b27faf3965f35b62e55ba32bbce8f20bc8fe909558a86702fde" "/opt/rustwide/cargo-home/bin/cargo" "+1.83.0" "test" "--frozen", kill_on_drop: false }`
[INFO] [stdout] 3b8d2890f898ca822d61785ec72642e07c97ec77556f616840284dcc350815e2
[INFO] running `Command { std: "docker" "start" "-a" "3b8d2890f898ca822d61785ec72642e07c97ec77556f616840284dcc350815e2", kill_on_drop: false }`
[INFO] [stderr]     Finished `test` profile [unoptimized + debuginfo] target(s) in 0.02s
[INFO] [stderr]      Running unittests src/lib.rs (/opt/rustwide/target/debug/deps/cu40026-7bc483713ac8c545)
[INFO] [stderr]    Doc-tests cu40026
[INFO] [stdout] 
[INFO] [stdout] running 0 tests
[INFO] [stdout] 
[INFO] [stdout] test result: ok. 0 passed; 0 failed; 0 ignored; 0 measured; 0 filtered out; finished in 0.00s
[INFO] [stdout] 
[INFO] [stdout] 
[INFO] [stdout] running 1 test
[INFO] [stdout] test src/lib.rs - (line 7) ... FAILED
[INFO] [stdout] 
[INFO] [stdout] failures:
[INFO] [stdout] 
[INFO] [stdout] ---- src/lib.rs - (line 7) stdout ----
[INFO] [stdout] error[E0433]: failed to resolve: use of undeclared type `SerialInterface`
[INFO] [stdout]  --> src/lib.rs:9:24
[INFO] [stdout]   |
[INFO] [stdout] 5 | let serial_interface = SerialInterface::new(tx);
[INFO] [stdout]   |                        ^^^^^^^^^^^^^^^ use of undeclared type `SerialInterface`
[INFO] [stdout]   |
[INFO] [stdout] help: consider importing this struct
[INFO] [stdout]   |
[INFO] [stdout] 2 + use cu40026::interface::SerialInterface;
[INFO] [stdout]   |
[INFO] [stdout] 
[INFO] [stdout] error[E0425]: cannot find value `tx` in this scope
[INFO] [stdout]  --> src/lib.rs:9:45
[INFO] [stdout]   |
[INFO] [stdout] 5 | let serial_interface = SerialInterface::new(tx);
[INFO] [stdout]   |                                             ^^ not found in this scope
[INFO] [stdout] 
[INFO] [stdout] error[E0433]: failed to resolve: use of undeclared type `Duration`
[INFO] [stdout]  --> src/lib.rs:13:14
[INFO] [stdout]   |
[INFO] [stdout] 9 | Timer::after(Duration::from_millis(10)).await;
[INFO] [stdout]   |              ^^^^^^^^ use of undeclared type `Duration`
[INFO] [stdout]   |
[INFO] [stdout] help: consider importing this struct
[INFO] [stdout]   |
[INFO] [stdout] 2 + use std::time::Duration;
[INFO] [stdout]   |
[INFO] [stdout] 
[INFO] [stdout] error[E0433]: failed to resolve: use of undeclared type `CursorType`
[INFO] [stdout]   --> src/lib.rs:14:25
[INFO] [stdout]    |
[INFO] [stdout] 10 | display.set_cursor_type(CursorType::InvisibleCursor)?;
[INFO] [stdout]    |                         ^^^^^^^^^^ use of undeclared type `CursorType`
[INFO] [stdout]    |
[INFO] [stdout] help: consider importing this enum
[INFO] [stdout]    |
[INFO] [stdout] 2  + use cu40026::CursorType;
[INFO] [stdout]    |
[INFO] [stdout] 
[INFO] [stdout] error[E0728]: `await` is only allowed inside `async` functions and blocks
[INFO] [stdout]  --> src/lib.rs:13:41
[INFO] [stdout]   |
[INFO] [stdout] 4 | fn main() { #[allow(non_snake_case)] fn _doctest_main_src_lib_rs_7_0() {
[INFO] [stdout]   |                                      --------------------------------- this is not `async`
[INFO] [stdout] ...
[INFO] [stdout] 9 | Timer::after(Duration::from_millis(10)).await;
[INFO] [stdout]   |                                         ^^^^^ only allowed inside `async` functions and blocks
[INFO] [stdout] 
[INFO] [stdout] error[E0433]: failed to resolve: use of undeclared type `Timer`
[INFO] [stdout]  --> src/lib.rs:13:1
[INFO] [stdout]   |
[INFO] [stdout] 9 | Timer::after(Duration::from_millis(10)).await;
[INFO] [stdout]   | ^^^^^ use of undeclared type `Timer`
[INFO] [stdout] 
[INFO] [stdout] error: aborting due to 6 previous errors
[INFO] [stdout] 
[INFO] [stdout] Some errors have detailed explanations: E0425, E0433, E0728.
[INFO] [stdout] For more information about an error, try `rustc --explain E0425`.
[INFO] [stdout] Couldn't compile the test.
[INFO] [stdout] 
[INFO] [stdout] failures:
[INFO] [stdout]     src/lib.rs - (line 7)
[INFO] [stdout] 
[INFO] [stdout] test result: FAILED. 0 passed; 1 failed; 0 ignored; 0 measured; 0 filtered out; finished in 0.12s
[INFO] [stdout] 
[INFO] [stderr] error: doctest failed, to rerun pass `--doc`
[INFO] running `Command { std: "docker" "inspect" "3b8d2890f898ca822d61785ec72642e07c97ec77556f616840284dcc350815e2", kill_on_drop: false }`
[INFO] running `Command { std: "docker" "rm" "-f" "3b8d2890f898ca822d61785ec72642e07c97ec77556f616840284dcc350815e2", kill_on_drop: false }`
[INFO] [stdout] 3b8d2890f898ca822d61785ec72642e07c97ec77556f616840284dcc350815e2
