[INFO] fetching crate ctl10n 0.2.0...
[INFO] testing ctl10n-0.2.0 against beta-2024-12-08 for beta-1.84.0-4-retry
[INFO] extracting crate ctl10n 0.2.0 into /workspace/builds/worker-7-tc2/source
[INFO] validating manifest of crates.io crate ctl10n 0.2.0 on toolchain beta-2024-12-08
[INFO] running `Command { std: CARGO_HOME="/workspace/cargo-home" RUSTUP_HOME="/workspace/rustup-home" "/workspace/cargo-home/bin/cargo" "+beta-2024-12-08" "metadata" "--manifest-path" "Cargo.toml" "--no-deps", kill_on_drop: false }`
[INFO] started tweaking crates.io crate ctl10n 0.2.0
[INFO] finished tweaking crates.io crate ctl10n 0.2.0
[INFO] tweaked toml for crates.io crate ctl10n 0.2.0 written to /workspace/builds/worker-7-tc2/source/Cargo.toml
[INFO] running `Command { std: CARGO_HOME="/workspace/cargo-home" RUSTUP_HOME="/workspace/rustup-home" "/workspace/cargo-home/bin/cargo" "+beta-2024-12-08" "generate-lockfile" "--manifest-path" "Cargo.toml", kill_on_drop: false }`
[INFO] [stderr]     Updating crates.io index
[INFO] [stderr]      Locking 7 packages to latest compatible versions
[INFO] [stderr]       Adding toml v0.5.11 (available: v0.8.19)
[INFO] running `Command { std: CARGO_HOME="/workspace/cargo-home" RUSTUP_HOME="/workspace/rustup-home" "/workspace/cargo-home/bin/cargo" "+beta-2024-12-08" "fetch" "--manifest-path" "Cargo.toml", kill_on_drop: false }`
[INFO] running `Command { std: "docker" "create" "-v" "/var/lib/crater-agent-workspace/builds/worker-7-tc2/target:/opt/rustwide/target:rw,Z" "-v" "/var/lib/crater-agent-workspace/builds/worker-7-tc2/source:/opt/rustwide/workdir:ro,Z" "-v" "/var/lib/crater-agent-workspace/cargo-home:/opt/rustwide/cargo-home:ro,Z" "-v" "/var/lib/crater-agent-workspace/rustup-home:/opt/rustwide/rustup-home:ro,Z" "-e" "SOURCE_DIR=/opt/rustwide/workdir" "-e" "CARGO_TARGET_DIR=/opt/rustwide/target" "-e" "CARGO_HOME=/opt/rustwide/cargo-home" "-e" "RUSTUP_HOME=/opt/rustwide/rustup-home" "-w" "/opt/rustwide/workdir" "-m" "1610612736" "--user" "0:0" "--network" "none" "ghcr.io/rust-lang/crates-build-env/linux@sha256:f3a9d4ad9d972b27faf3965f35b62e55ba32bbce8f20bc8fe909558a86702fde" "/opt/rustwide/cargo-home/bin/cargo" "+beta-2024-12-08" "metadata" "--no-deps" "--format-version=1", kill_on_drop: false }`
[INFO] [stdout] 82e7089b2c8a9c71b9a190fc7111559074699040c79a9ca09e525437fc247304
[INFO] running `Command { std: "docker" "start" "-a" "82e7089b2c8a9c71b9a190fc7111559074699040c79a9ca09e525437fc247304", kill_on_drop: false }`
[INFO] running `Command { std: "docker" "inspect" "82e7089b2c8a9c71b9a190fc7111559074699040c79a9ca09e525437fc247304", kill_on_drop: false }`
[INFO] running `Command { std: "docker" "rm" "-f" "82e7089b2c8a9c71b9a190fc7111559074699040c79a9ca09e525437fc247304", kill_on_drop: false }`
[INFO] [stdout] 82e7089b2c8a9c71b9a190fc7111559074699040c79a9ca09e525437fc247304
[INFO] running `Command { std: "docker" "create" "-v" "/var/lib/crater-agent-workspace/builds/worker-7-tc2/target:/opt/rustwide/target:rw,Z" "-v" "/var/lib/crater-agent-workspace/builds/worker-7-tc2/source:/opt/rustwide/workdir:ro,Z" "-v" "/var/lib/crater-agent-workspace/cargo-home:/opt/rustwide/cargo-home:ro,Z" "-v" "/var/lib/crater-agent-workspace/rustup-home:/opt/rustwide/rustup-home:ro,Z" "-e" "SOURCE_DIR=/opt/rustwide/workdir" "-e" "CARGO_TARGET_DIR=/opt/rustwide/target" "-e" "CARGO_INCREMENTAL=0" "-e" "RUST_BACKTRACE=full" "-e" "RUSTFLAGS=--cap-lints=warn" "-e" "RUSTDOCFLAGS=--cap-lints=warn" "-e" "CARGO_HOME=/opt/rustwide/cargo-home" "-e" "RUSTUP_HOME=/opt/rustwide/rustup-home" "-w" "/opt/rustwide/workdir" "-m" "1610612736" "--user" "0:0" "--network" "none" "ghcr.io/rust-lang/crates-build-env/linux@sha256:f3a9d4ad9d972b27faf3965f35b62e55ba32bbce8f20bc8fe909558a86702fde" "/opt/rustwide/cargo-home/bin/cargo" "+beta-2024-12-08" "build" "--frozen" "--message-format=json", kill_on_drop: false }`
[INFO] [stdout] 3bcfeccf4c8ed3e4c158ba9523e5d6c7830094917e165249f1df4b61956d3c0f
[INFO] running `Command { std: "docker" "start" "-a" "3bcfeccf4c8ed3e4c158ba9523e5d6c7830094917e165249f1df4b61956d3c0f", kill_on_drop: false }`
[INFO] [stderr]    Compiling serde v1.0.216
[INFO] [stderr]    Compiling proc-macro2 v1.0.92
[INFO] [stderr]    Compiling unicode-ident v1.0.14
[INFO] [stderr]    Compiling quote v1.0.37
[INFO] [stderr]    Compiling toml v0.5.11
[INFO] [stderr]    Compiling ctl10n v0.2.0 (/opt/rustwide/workdir)
[INFO] [stderr]     Finished `dev` profile [unoptimized + debuginfo] target(s) in 5.87s
[INFO] running `Command { std: "docker" "inspect" "3bcfeccf4c8ed3e4c158ba9523e5d6c7830094917e165249f1df4b61956d3c0f", kill_on_drop: false }`
[INFO] running `Command { std: "docker" "rm" "-f" "3bcfeccf4c8ed3e4c158ba9523e5d6c7830094917e165249f1df4b61956d3c0f", kill_on_drop: false }`
[INFO] [stdout] 3bcfeccf4c8ed3e4c158ba9523e5d6c7830094917e165249f1df4b61956d3c0f
[INFO] running `Command { std: "docker" "create" "-v" "/var/lib/crater-agent-workspace/builds/worker-7-tc2/target:/opt/rustwide/target:rw,Z" "-v" "/var/lib/crater-agent-workspace/builds/worker-7-tc2/source:/opt/rustwide/workdir:ro,Z" "-v" "/var/lib/crater-agent-workspace/cargo-home:/opt/rustwide/cargo-home:ro,Z" "-v" "/var/lib/crater-agent-workspace/rustup-home:/opt/rustwide/rustup-home:ro,Z" "-e" "SOURCE_DIR=/opt/rustwide/workdir" "-e" "CARGO_TARGET_DIR=/opt/rustwide/target" "-e" "CARGO_INCREMENTAL=0" "-e" "RUST_BACKTRACE=full" "-e" "RUSTFLAGS=--cap-lints=warn" "-e" "RUSTDOCFLAGS=--cap-lints=warn" "-e" "CARGO_HOME=/opt/rustwide/cargo-home" "-e" "RUSTUP_HOME=/opt/rustwide/rustup-home" "-w" "/opt/rustwide/workdir" "-m" "1610612736" "--user" "0:0" "--network" "none" "ghcr.io/rust-lang/crates-build-env/linux@sha256:f3a9d4ad9d972b27faf3965f35b62e55ba32bbce8f20bc8fe909558a86702fde" "/opt/rustwide/cargo-home/bin/cargo" "+beta-2024-12-08" "test" "--frozen" "--no-run" "--message-format=json", kill_on_drop: false }`
[INFO] [stdout] c9d87203bfcc0213b191d374e75ab21f4e0332605b5139662a7f2be5fdb1f6f9
[INFO] running `Command { std: "docker" "start" "-a" "c9d87203bfcc0213b191d374e75ab21f4e0332605b5139662a7f2be5fdb1f6f9", kill_on_drop: false }`
[INFO] [stderr]    Compiling ctl10n v0.2.0 (/opt/rustwide/workdir)
[INFO] [stderr]     Finished `test` profile [unoptimized + debuginfo] target(s) in 0.38s
[INFO] running `Command { std: "docker" "inspect" "c9d87203bfcc0213b191d374e75ab21f4e0332605b5139662a7f2be5fdb1f6f9", kill_on_drop: false }`
[INFO] running `Command { std: "docker" "rm" "-f" "c9d87203bfcc0213b191d374e75ab21f4e0332605b5139662a7f2be5fdb1f6f9", kill_on_drop: false }`
[INFO] [stdout] c9d87203bfcc0213b191d374e75ab21f4e0332605b5139662a7f2be5fdb1f6f9
[INFO] running `Command { std: "docker" "create" "-v" "/var/lib/crater-agent-workspace/builds/worker-7-tc2/target:/opt/rustwide/target:rw,Z" "-v" "/var/lib/crater-agent-workspace/builds/worker-7-tc2/source:/opt/rustwide/workdir:ro,Z" "-v" "/var/lib/crater-agent-workspace/cargo-home:/opt/rustwide/cargo-home:ro,Z" "-v" "/var/lib/crater-agent-workspace/rustup-home:/opt/rustwide/rustup-home:ro,Z" "-e" "SOURCE_DIR=/opt/rustwide/workdir" "-e" "CARGO_TARGET_DIR=/opt/rustwide/target" "-e" "CARGO_INCREMENTAL=0" "-e" "RUST_BACKTRACE=full" "-e" "RUSTFLAGS=--cap-lints=warn" "-e" "RUSTDOCFLAGS=--cap-lints=warn" "-e" "CARGO_HOME=/opt/rustwide/cargo-home" "-e" "RUSTUP_HOME=/opt/rustwide/rustup-home" "-w" "/opt/rustwide/workdir" "-m" "1610612736" "--user" "0:0" "--network" "none" "ghcr.io/rust-lang/crates-build-env/linux@sha256:f3a9d4ad9d972b27faf3965f35b62e55ba32bbce8f20bc8fe909558a86702fde" "/opt/rustwide/cargo-home/bin/cargo" "+beta-2024-12-08" "test" "--frozen", kill_on_drop: false }`
[INFO] [stdout] b1e6b38409f0e17ec624a7784d7993869b765f5da4d94f1280cdf7d217fce454
[INFO] running `Command { std: "docker" "start" "-a" "b1e6b38409f0e17ec624a7784d7993869b765f5da4d94f1280cdf7d217fce454", kill_on_drop: false }`
[INFO] [stderr]     Finished `test` profile [unoptimized + debuginfo] target(s) in 0.02s
[INFO] [stderr]      Running unittests src/lib.rs (/opt/rustwide/target/debug/deps/ctl10n-dcbd7a8b930c649d)
[INFO] [stdout] 
[INFO] [stdout] running 0 tests
[INFO] [stdout] 
[INFO] [stdout] test result: ok. 0 passed; 0 failed; 0 ignored; 0 measured; 0 filtered out; finished in 0.00s
[INFO] [stdout] 
[INFO] [stderr]    Doc-tests ctl10n
[INFO] [stdout] 
[INFO] [stdout] running 3 tests
[INFO] [stdout] test src/lib.rs - (line 46) ... ignored
[INFO] [stdout] test src/lib.rs - (line 71) ... FAILED
[INFO] [stdout] test src/lib.rs - (line 23) - compile ... FAILED
[INFO] [stdout] 
[INFO] [stdout] failures:
[INFO] [stdout] 
[INFO] [stdout] ---- src/lib.rs - (line 71) stdout ----
[INFO] [stdout] error[E0254]: the name `ctl10n` is defined multiple times
[INFO] [stdout]  --> src/lib.rs:73:5
[INFO] [stdout]   |
[INFO] [stdout] 3 | extern crate r#ctl10n;
[INFO] [stdout]   | ---------------------- previous import of the extern crate `ctl10n` here
[INFO] [stdout] 4 | use ctl10n;
[INFO] [stdout]   |     ^^^^^^ `ctl10n` reimported here
[INFO] [stdout]   |
[INFO] [stdout]   = note: `ctl10n` must be defined only once in the type namespace of this module
[INFO] [stdout] 
[INFO] [stdout] error: aborting due to 1 previous error
[INFO] [stdout] 
[INFO] [stdout] For more information about this error, try `rustc --explain E0254`.
[INFO] [stdout] Couldn't compile the test.
[INFO] [stdout] ---- src/lib.rs - (line 23) stdout ----
[INFO] [stdout] error[E0254]: the name `ctl10n` is defined multiple times
[INFO] [stdout]  --> src/lib.rs:25:5
[INFO] [stdout]   |
[INFO] [stdout] 3 | extern crate r#ctl10n;
[INFO] [stdout]   | ---------------------- previous import of the extern crate `ctl10n` here
[INFO] [stdout] 4 | use ctl10n;
[INFO] [stdout]   |     ^^^^^^ `ctl10n` reimported here
[INFO] [stdout]   |
[INFO] [stdout]   = note: `ctl10n` must be defined only once in the type namespace of this module
[INFO] [stdout] 
[INFO] [stdout] error: aborting due to 1 previous error
[INFO] [stdout] 
[INFO] [stdout] For more information about this error, try `rustc --explain E0254`.
[INFO] [stdout] Couldn't compile the test.
[INFO] [stdout] 
[INFO] [stdout] failures:
[INFO] [stdout]     src/lib.rs - (line 23)
[INFO] [stdout]     src/lib.rs - (line 71)
[INFO] [stdout] 
[INFO] [stdout] test result: FAILED. 0 passed; 2 failed; 1 ignored; 0 measured; 0 filtered out; finished in 0.06s
[INFO] [stdout] 
[INFO] [stderr] error: doctest failed, to rerun pass `--doc`
[INFO] running `Command { std: "docker" "inspect" "b1e6b38409f0e17ec624a7784d7993869b765f5da4d94f1280cdf7d217fce454", kill_on_drop: false }`
[INFO] running `Command { std: "docker" "rm" "-f" "b1e6b38409f0e17ec624a7784d7993869b765f5da4d94f1280cdf7d217fce454", kill_on_drop: false }`
[INFO] [stdout] b1e6b38409f0e17ec624a7784d7993869b765f5da4d94f1280cdf7d217fce454
