[INFO] fetching crate ctb 1.1.0...
[INFO] testing ctb-1.1.0 against 1.83.0 for beta-1.84.0-4-retry
[INFO] extracting crate ctb 1.1.0 into /workspace/builds/worker-0-tc1/source
[INFO] validating manifest of crates.io crate ctb 1.1.0 on toolchain 1.83.0
[INFO] running `Command { std: CARGO_HOME="/workspace/cargo-home" RUSTUP_HOME="/workspace/rustup-home" "/workspace/cargo-home/bin/cargo" "+1.83.0" "metadata" "--manifest-path" "Cargo.toml" "--no-deps", kill_on_drop: false }`
[INFO] started tweaking crates.io crate ctb 1.1.0
[INFO] finished tweaking crates.io crate ctb 1.1.0
[INFO] tweaked toml for crates.io crate ctb 1.1.0 written to /workspace/builds/worker-0-tc1/source/Cargo.toml
[INFO] running `Command { std: CARGO_HOME="/workspace/cargo-home" RUSTUP_HOME="/workspace/rustup-home" "/workspace/cargo-home/bin/cargo" "+1.83.0" "generate-lockfile" "--manifest-path" "Cargo.toml", kill_on_drop: false }`
[INFO] running `Command { std: CARGO_HOME="/workspace/cargo-home" RUSTUP_HOME="/workspace/rustup-home" "/workspace/cargo-home/bin/cargo" "+1.83.0" "fetch" "--manifest-path" "Cargo.toml", kill_on_drop: false }`
[INFO] running `Command { std: "docker" "create" "-v" "/var/lib/crater-agent-workspace/builds/worker-0-tc1/target:/opt/rustwide/target:rw,Z" "-v" "/var/lib/crater-agent-workspace/builds/worker-0-tc1/source:/opt/rustwide/workdir:ro,Z" "-v" "/var/lib/crater-agent-workspace/cargo-home:/opt/rustwide/cargo-home:ro,Z" "-v" "/var/lib/crater-agent-workspace/rustup-home:/opt/rustwide/rustup-home:ro,Z" "-e" "SOURCE_DIR=/opt/rustwide/workdir" "-e" "CARGO_TARGET_DIR=/opt/rustwide/target" "-e" "CARGO_HOME=/opt/rustwide/cargo-home" "-e" "RUSTUP_HOME=/opt/rustwide/rustup-home" "-w" "/opt/rustwide/workdir" "-m" "1610612736" "--user" "0:0" "--network" "none" "ghcr.io/rust-lang/crates-build-env/linux@sha256:f3a9d4ad9d972b27faf3965f35b62e55ba32bbce8f20bc8fe909558a86702fde" "/opt/rustwide/cargo-home/bin/cargo" "+1.83.0" "metadata" "--no-deps" "--format-version=1", kill_on_drop: false }`
[INFO] [stdout] 98290b1410f6443e9669e55027237e067ff2e9a9bcf8ef45cd1c7496a51b0168
[INFO] running `Command { std: "docker" "start" "-a" "98290b1410f6443e9669e55027237e067ff2e9a9bcf8ef45cd1c7496a51b0168", kill_on_drop: false }`
[INFO] running `Command { std: "docker" "inspect" "98290b1410f6443e9669e55027237e067ff2e9a9bcf8ef45cd1c7496a51b0168", kill_on_drop: false }`
[INFO] running `Command { std: "docker" "rm" "-f" "98290b1410f6443e9669e55027237e067ff2e9a9bcf8ef45cd1c7496a51b0168", kill_on_drop: false }`
[INFO] [stdout] 98290b1410f6443e9669e55027237e067ff2e9a9bcf8ef45cd1c7496a51b0168
[INFO] running `Command { std: "docker" "create" "-v" "/var/lib/crater-agent-workspace/builds/worker-0-tc1/target:/opt/rustwide/target:rw,Z" "-v" "/var/lib/crater-agent-workspace/builds/worker-0-tc1/source:/opt/rustwide/workdir:ro,Z" "-v" "/var/lib/crater-agent-workspace/cargo-home:/opt/rustwide/cargo-home:ro,Z" "-v" "/var/lib/crater-agent-workspace/rustup-home:/opt/rustwide/rustup-home:ro,Z" "-e" "SOURCE_DIR=/opt/rustwide/workdir" "-e" "CARGO_TARGET_DIR=/opt/rustwide/target" "-e" "CARGO_INCREMENTAL=0" "-e" "RUST_BACKTRACE=full" "-e" "RUSTFLAGS=--cap-lints=warn" "-e" "RUSTDOCFLAGS=--cap-lints=warn" "-e" "CARGO_HOME=/opt/rustwide/cargo-home" "-e" "RUSTUP_HOME=/opt/rustwide/rustup-home" "-w" "/opt/rustwide/workdir" "-m" "1610612736" "--user" "0:0" "--network" "none" "ghcr.io/rust-lang/crates-build-env/linux@sha256:f3a9d4ad9d972b27faf3965f35b62e55ba32bbce8f20bc8fe909558a86702fde" "/opt/rustwide/cargo-home/bin/cargo" "+1.83.0" "build" "--frozen" "--message-format=json", kill_on_drop: false }`
[INFO] [stdout] 7ef69d45d8b002979585a16e4853466c3d61dbec4261b8f42f91d7ff32755b69
[INFO] running `Command { std: "docker" "start" "-a" "7ef69d45d8b002979585a16e4853466c3d61dbec4261b8f42f91d7ff32755b69", kill_on_drop: false }`
[INFO] [stderr]    Compiling ctb v1.1.0 (/opt/rustwide/workdir)
[INFO] [stderr]     Finished `dev` profile [unoptimized + debuginfo] target(s) in 0.18s
[INFO] running `Command { std: "docker" "inspect" "7ef69d45d8b002979585a16e4853466c3d61dbec4261b8f42f91d7ff32755b69", kill_on_drop: false }`
[INFO] running `Command { std: "docker" "rm" "-f" "7ef69d45d8b002979585a16e4853466c3d61dbec4261b8f42f91d7ff32755b69", kill_on_drop: false }`
[INFO] [stdout] 7ef69d45d8b002979585a16e4853466c3d61dbec4261b8f42f91d7ff32755b69
[INFO] running `Command { std: "docker" "create" "-v" "/var/lib/crater-agent-workspace/builds/worker-0-tc1/target:/opt/rustwide/target:rw,Z" "-v" "/var/lib/crater-agent-workspace/builds/worker-0-tc1/source:/opt/rustwide/workdir:ro,Z" "-v" "/var/lib/crater-agent-workspace/cargo-home:/opt/rustwide/cargo-home:ro,Z" "-v" "/var/lib/crater-agent-workspace/rustup-home:/opt/rustwide/rustup-home:ro,Z" "-e" "SOURCE_DIR=/opt/rustwide/workdir" "-e" "CARGO_TARGET_DIR=/opt/rustwide/target" "-e" "CARGO_INCREMENTAL=0" "-e" "RUST_BACKTRACE=full" "-e" "RUSTFLAGS=--cap-lints=warn" "-e" "RUSTDOCFLAGS=--cap-lints=warn" "-e" "CARGO_HOME=/opt/rustwide/cargo-home" "-e" "RUSTUP_HOME=/opt/rustwide/rustup-home" "-w" "/opt/rustwide/workdir" "-m" "1610612736" "--user" "0:0" "--network" "none" "ghcr.io/rust-lang/crates-build-env/linux@sha256:f3a9d4ad9d972b27faf3965f35b62e55ba32bbce8f20bc8fe909558a86702fde" "/opt/rustwide/cargo-home/bin/cargo" "+1.83.0" "test" "--frozen" "--no-run" "--message-format=json", kill_on_drop: false }`
[INFO] [stdout] 50986ded71ddda3c0ab1efa99026bc458b3b64dc10dc6e3c83eb588db9f4e6f9
[INFO] running `Command { std: "docker" "start" "-a" "50986ded71ddda3c0ab1efa99026bc458b3b64dc10dc6e3c83eb588db9f4e6f9", kill_on_drop: false }`
[INFO] [stderr]    Compiling ctb v1.1.0 (/opt/rustwide/workdir)
[INFO] [stderr]     Finished `test` profile [unoptimized + debuginfo] target(s) in 0.54s
[INFO] running `Command { std: "docker" "inspect" "50986ded71ddda3c0ab1efa99026bc458b3b64dc10dc6e3c83eb588db9f4e6f9", kill_on_drop: false }`
[INFO] running `Command { std: "docker" "rm" "-f" "50986ded71ddda3c0ab1efa99026bc458b3b64dc10dc6e3c83eb588db9f4e6f9", kill_on_drop: false }`
[INFO] [stdout] 50986ded71ddda3c0ab1efa99026bc458b3b64dc10dc6e3c83eb588db9f4e6f9
[INFO] running `Command { std: "docker" "create" "-v" "/var/lib/crater-agent-workspace/builds/worker-0-tc1/target:/opt/rustwide/target:rw,Z" "-v" "/var/lib/crater-agent-workspace/builds/worker-0-tc1/source:/opt/rustwide/workdir:ro,Z" "-v" "/var/lib/crater-agent-workspace/cargo-home:/opt/rustwide/cargo-home:ro,Z" "-v" "/var/lib/crater-agent-workspace/rustup-home:/opt/rustwide/rustup-home:ro,Z" "-e" "SOURCE_DIR=/opt/rustwide/workdir" "-e" "CARGO_TARGET_DIR=/opt/rustwide/target" "-e" "CARGO_INCREMENTAL=0" "-e" "RUST_BACKTRACE=full" "-e" "RUSTFLAGS=--cap-lints=warn" "-e" "RUSTDOCFLAGS=--cap-lints=warn" "-e" "CARGO_HOME=/opt/rustwide/cargo-home" "-e" "RUSTUP_HOME=/opt/rustwide/rustup-home" "-w" "/opt/rustwide/workdir" "-m" "1610612736" "--user" "0:0" "--network" "none" "ghcr.io/rust-lang/crates-build-env/linux@sha256:f3a9d4ad9d972b27faf3965f35b62e55ba32bbce8f20bc8fe909558a86702fde" "/opt/rustwide/cargo-home/bin/cargo" "+1.83.0" "test" "--frozen", kill_on_drop: false }`
[INFO] [stdout] ba8abb057071e06af9f953bfb47f66f0c9a52eff53dbde91a0fb6e3513301f34
[INFO] running `Command { std: "docker" "start" "-a" "ba8abb057071e06af9f953bfb47f66f0c9a52eff53dbde91a0fb6e3513301f34", kill_on_drop: false }`
[INFO] [stderr]     Finished `test` profile [unoptimized + debuginfo] target(s) in 0.01s
[INFO] [stderr]      Running unittests src/lib.rs (/opt/rustwide/target/debug/deps/ctb-ffb09c17195a2960)
[INFO] [stdout] 
[INFO] [stdout] running 4 tests
[INFO] [stdout] test tests::test_constructors ... ok
[INFO] [stdout] test doc_tests::test ... ok
[INFO] [stdout] test tests::test ... ok
[INFO] [stdout] test tests::test_converters ... ok
[INFO] [stdout] 
[INFO] [stdout] test result: ok. 4 passed; 0 failed; 0 ignored; 0 measured; 0 filtered out; finished in 0.01s
[INFO] [stdout] 
[INFO] [stderr]    Doc-tests ctb
[INFO] [stdout] 
[INFO] [stdout] running 1 test
[INFO] [stdout] test src/lib.rs - (line 48) ... FAILED
[INFO] [stdout] 
[INFO] [stdout] failures:
[INFO] [stdout] 
[INFO] [stdout] ---- src/lib.rs - (line 48) stdout ----
[INFO] [stdout] error[E0432]: unresolved import `CloneOnExtract`
[INFO] [stdout]  --> src/lib.rs:49:5
[INFO] [stdout]   |
[INFO] [stdout] 3 | use CloneOnExtract::{CloneOnExtract, AsCloneOnExtract, IntoCloneOnExtract};
[INFO] [stdout]   |     ^^^^^^^^^^^^^^ help: a similar path exists: `ctb::CloneOnExtract`
[INFO] [stdout] 
[INFO] [stdout] error[E0599]: no method named `CloneOnExtract` found for type `u8` in the current scope
[INFO] [stdout]   --> src/lib.rs:104:44
[INFO] [stdout]    |
[INFO] [stdout] 58 |     assert_eq!(add_together_and_double(1u8.CloneOnExtract(), 2u8.CloneOnExtract()), 6);
[INFO] [stdout]    |                                            ^^^^^^^^^^^^^^ method not found in `u8`
[INFO] [stdout] 
[INFO] [stdout] error[E0599]: no method named `CloneOnExtract` found for type `u8` in the current scope
[INFO] [stdout]   --> src/lib.rs:104:66
[INFO] [stdout]    |
[INFO] [stdout] 58 |     assert_eq!(add_together_and_double(1u8.CloneOnExtract(), 2u8.CloneOnExtract()), 6);
[INFO] [stdout]    |                                                                  ^^^^^^^^^^^^^^ method not found in `u8`
[INFO] [stdout] 
[INFO] [stdout] error[E0599]: no method named `CloneOnExtract` found for type `i32` in the current scope
[INFO] [stdout]   --> src/lib.rs:105:45
[INFO] [stdout]    |
[INFO] [stdout] 59 |     assert_eq!(add_together_and_double(1i32.CloneOnExtract(), 2i32.CloneOnExtract()), 6);
[INFO] [stdout]    |                                             ^^^^^^^^^^^^^^ method not found in `i32`
[INFO] [stdout] 
[INFO] [stdout] error[E0599]: no method named `CloneOnExtract` found for type `i32` in the current scope
[INFO] [stdout]   --> src/lib.rs:105:68
[INFO] [stdout]    |
[INFO] [stdout] 59 |     assert_eq!(add_together_and_double(1i32.CloneOnExtract(), 2i32.CloneOnExtract()), 6);
[INFO] [stdout]    |                                                                    ^^^^^^^^^^^^^^ method not found in `i32`
[INFO] [stdout] 
[INFO] [stdout] error: aborting due to 5 previous errors
[INFO] [stdout] 
[INFO] [stdout] Some errors have detailed explanations: E0432, E0599.
[INFO] [stdout] For more information about an error, try `rustc --explain E0432`.
[INFO] [stdout] Couldn't compile the test.
[INFO] [stdout] 
[INFO] [stdout] failures:
[INFO] [stdout]     src/lib.rs - (line 48)
[INFO] [stdout] 
[INFO] [stdout] test result: FAILED. 0 passed; 1 failed; 0 ignored; 0 measured; 0 filtered out; finished in 0.13s
[INFO] [stdout] 
[INFO] [stderr] error: doctest failed, to rerun pass `--doc`
[INFO] running `Command { std: "docker" "inspect" "ba8abb057071e06af9f953bfb47f66f0c9a52eff53dbde91a0fb6e3513301f34", kill_on_drop: false }`
[INFO] running `Command { std: "docker" "rm" "-f" "ba8abb057071e06af9f953bfb47f66f0c9a52eff53dbde91a0fb6e3513301f34", kill_on_drop: false }`
[INFO] [stdout] ba8abb057071e06af9f953bfb47f66f0c9a52eff53dbde91a0fb6e3513301f34
