[INFO] fetching crate csvrow 0.2.1...
[INFO] testing csvrow-0.2.1 against 1.83.0 for beta-1.84.0-4-retry
[INFO] extracting crate csvrow 0.2.1 into /workspace/builds/worker-0-tc1/source
[INFO] validating manifest of crates.io crate csvrow 0.2.1 on toolchain 1.83.0
[INFO] running `Command { std: CARGO_HOME="/workspace/cargo-home" RUSTUP_HOME="/workspace/rustup-home" "/workspace/cargo-home/bin/cargo" "+1.83.0" "metadata" "--manifest-path" "Cargo.toml" "--no-deps", kill_on_drop: false }`
[INFO] started tweaking crates.io crate csvrow 0.2.1
[INFO] finished tweaking crates.io crate csvrow 0.2.1
[INFO] tweaked toml for crates.io crate csvrow 0.2.1 written to /workspace/builds/worker-0-tc1/source/Cargo.toml
[INFO] running `Command { std: CARGO_HOME="/workspace/cargo-home" RUSTUP_HOME="/workspace/rustup-home" "/workspace/cargo-home/bin/cargo" "+1.83.0" "generate-lockfile" "--manifest-path" "Cargo.toml", kill_on_drop: false }`
[INFO] running `Command { std: CARGO_HOME="/workspace/cargo-home" RUSTUP_HOME="/workspace/rustup-home" "/workspace/cargo-home/bin/cargo" "+1.83.0" "fetch" "--manifest-path" "Cargo.toml", kill_on_drop: false }`
[INFO] running `Command { std: "docker" "create" "-v" "/var/lib/crater-agent-workspace/builds/worker-0-tc1/target:/opt/rustwide/target:rw,Z" "-v" "/var/lib/crater-agent-workspace/builds/worker-0-tc1/source:/opt/rustwide/workdir:ro,Z" "-v" "/var/lib/crater-agent-workspace/cargo-home:/opt/rustwide/cargo-home:ro,Z" "-v" "/var/lib/crater-agent-workspace/rustup-home:/opt/rustwide/rustup-home:ro,Z" "-e" "SOURCE_DIR=/opt/rustwide/workdir" "-e" "CARGO_TARGET_DIR=/opt/rustwide/target" "-e" "CARGO_HOME=/opt/rustwide/cargo-home" "-e" "RUSTUP_HOME=/opt/rustwide/rustup-home" "-w" "/opt/rustwide/workdir" "-m" "1610612736" "--user" "0:0" "--network" "none" "ghcr.io/rust-lang/crates-build-env/linux@sha256:f3a9d4ad9d972b27faf3965f35b62e55ba32bbce8f20bc8fe909558a86702fde" "/opt/rustwide/cargo-home/bin/cargo" "+1.83.0" "metadata" "--no-deps" "--format-version=1", kill_on_drop: false }`
[INFO] [stdout] a1387c4c876bddeaa3e442ef9151bc6bf416a02205a096583328d0b9b523d963
[INFO] running `Command { std: "docker" "start" "-a" "a1387c4c876bddeaa3e442ef9151bc6bf416a02205a096583328d0b9b523d963", kill_on_drop: false }`
[INFO] running `Command { std: "docker" "inspect" "a1387c4c876bddeaa3e442ef9151bc6bf416a02205a096583328d0b9b523d963", kill_on_drop: false }`
[INFO] running `Command { std: "docker" "rm" "-f" "a1387c4c876bddeaa3e442ef9151bc6bf416a02205a096583328d0b9b523d963", kill_on_drop: false }`
[INFO] [stdout] a1387c4c876bddeaa3e442ef9151bc6bf416a02205a096583328d0b9b523d963
[INFO] running `Command { std: "docker" "create" "-v" "/var/lib/crater-agent-workspace/builds/worker-0-tc1/target:/opt/rustwide/target:rw,Z" "-v" "/var/lib/crater-agent-workspace/builds/worker-0-tc1/source:/opt/rustwide/workdir:ro,Z" "-v" "/var/lib/crater-agent-workspace/cargo-home:/opt/rustwide/cargo-home:ro,Z" "-v" "/var/lib/crater-agent-workspace/rustup-home:/opt/rustwide/rustup-home:ro,Z" "-e" "SOURCE_DIR=/opt/rustwide/workdir" "-e" "CARGO_TARGET_DIR=/opt/rustwide/target" "-e" "CARGO_INCREMENTAL=0" "-e" "RUST_BACKTRACE=full" "-e" "RUSTFLAGS=--cap-lints=warn" "-e" "RUSTDOCFLAGS=--cap-lints=warn" "-e" "CARGO_HOME=/opt/rustwide/cargo-home" "-e" "RUSTUP_HOME=/opt/rustwide/rustup-home" "-w" "/opt/rustwide/workdir" "-m" "1610612736" "--user" "0:0" "--network" "none" "ghcr.io/rust-lang/crates-build-env/linux@sha256:f3a9d4ad9d972b27faf3965f35b62e55ba32bbce8f20bc8fe909558a86702fde" "/opt/rustwide/cargo-home/bin/cargo" "+1.83.0" "build" "--frozen" "--message-format=json", kill_on_drop: false }`
[INFO] [stdout] f39122bca27a032af381261d1ca5bca45bd31a2c0ce8d76d062aee92e7af361d
[INFO] running `Command { std: "docker" "start" "-a" "f39122bca27a032af381261d1ca5bca45bd31a2c0ce8d76d062aee92e7af361d", kill_on_drop: false }`
[INFO] [stderr]    Compiling csvrow v0.2.1 (/opt/rustwide/workdir)
[INFO] [stderr]     Finished `dev` profile [unoptimized + debuginfo] target(s) in 0.38s
[INFO] running `Command { std: "docker" "inspect" "f39122bca27a032af381261d1ca5bca45bd31a2c0ce8d76d062aee92e7af361d", kill_on_drop: false }`
[INFO] running `Command { std: "docker" "rm" "-f" "f39122bca27a032af381261d1ca5bca45bd31a2c0ce8d76d062aee92e7af361d", kill_on_drop: false }`
[INFO] [stdout] f39122bca27a032af381261d1ca5bca45bd31a2c0ce8d76d062aee92e7af361d
[INFO] running `Command { std: "docker" "create" "-v" "/var/lib/crater-agent-workspace/builds/worker-0-tc1/target:/opt/rustwide/target:rw,Z" "-v" "/var/lib/crater-agent-workspace/builds/worker-0-tc1/source:/opt/rustwide/workdir:ro,Z" "-v" "/var/lib/crater-agent-workspace/cargo-home:/opt/rustwide/cargo-home:ro,Z" "-v" "/var/lib/crater-agent-workspace/rustup-home:/opt/rustwide/rustup-home:ro,Z" "-e" "SOURCE_DIR=/opt/rustwide/workdir" "-e" "CARGO_TARGET_DIR=/opt/rustwide/target" "-e" "CARGO_INCREMENTAL=0" "-e" "RUST_BACKTRACE=full" "-e" "RUSTFLAGS=--cap-lints=warn" "-e" "RUSTDOCFLAGS=--cap-lints=warn" "-e" "CARGO_HOME=/opt/rustwide/cargo-home" "-e" "RUSTUP_HOME=/opt/rustwide/rustup-home" "-w" "/opt/rustwide/workdir" "-m" "1610612736" "--user" "0:0" "--network" "none" "ghcr.io/rust-lang/crates-build-env/linux@sha256:f3a9d4ad9d972b27faf3965f35b62e55ba32bbce8f20bc8fe909558a86702fde" "/opt/rustwide/cargo-home/bin/cargo" "+1.83.0" "test" "--frozen" "--no-run" "--message-format=json", kill_on_drop: false }`
[INFO] [stdout] a47bc5407b8c608a79e5ea09452cb89680a45bf5f22c99f3feecfe15a380cdff
[INFO] running `Command { std: "docker" "start" "-a" "a47bc5407b8c608a79e5ea09452cb89680a45bf5f22c99f3feecfe15a380cdff", kill_on_drop: false }`
[INFO] [stderr]    Compiling csvrow v0.2.1 (/opt/rustwide/workdir)
[INFO] [stderr]     Finished `test` profile [unoptimized + debuginfo] target(s) in 0.78s
[INFO] running `Command { std: "docker" "inspect" "a47bc5407b8c608a79e5ea09452cb89680a45bf5f22c99f3feecfe15a380cdff", kill_on_drop: false }`
[INFO] running `Command { std: "docker" "rm" "-f" "a47bc5407b8c608a79e5ea09452cb89680a45bf5f22c99f3feecfe15a380cdff", kill_on_drop: false }`
[INFO] [stdout] a47bc5407b8c608a79e5ea09452cb89680a45bf5f22c99f3feecfe15a380cdff
[INFO] running `Command { std: "docker" "create" "-v" "/var/lib/crater-agent-workspace/builds/worker-0-tc1/target:/opt/rustwide/target:rw,Z" "-v" "/var/lib/crater-agent-workspace/builds/worker-0-tc1/source:/opt/rustwide/workdir:ro,Z" "-v" "/var/lib/crater-agent-workspace/cargo-home:/opt/rustwide/cargo-home:ro,Z" "-v" "/var/lib/crater-agent-workspace/rustup-home:/opt/rustwide/rustup-home:ro,Z" "-e" "SOURCE_DIR=/opt/rustwide/workdir" "-e" "CARGO_TARGET_DIR=/opt/rustwide/target" "-e" "CARGO_INCREMENTAL=0" "-e" "RUST_BACKTRACE=full" "-e" "RUSTFLAGS=--cap-lints=warn" "-e" "RUSTDOCFLAGS=--cap-lints=warn" "-e" "CARGO_HOME=/opt/rustwide/cargo-home" "-e" "RUSTUP_HOME=/opt/rustwide/rustup-home" "-w" "/opt/rustwide/workdir" "-m" "1610612736" "--user" "0:0" "--network" "none" "ghcr.io/rust-lang/crates-build-env/linux@sha256:f3a9d4ad9d972b27faf3965f35b62e55ba32bbce8f20bc8fe909558a86702fde" "/opt/rustwide/cargo-home/bin/cargo" "+1.83.0" "test" "--frozen", kill_on_drop: false }`
[INFO] [stdout] f29a0634ea13653f33c38dcef7b0ef99fb1e230a415004cb675ae86d8640df17
[INFO] running `Command { std: "docker" "start" "-a" "f29a0634ea13653f33c38dcef7b0ef99fb1e230a415004cb675ae86d8640df17", kill_on_drop: false }`
[INFO] [stderr]     Finished `test` profile [unoptimized + debuginfo] target(s) in 0.01s
[INFO] [stdout] 
[INFO] [stderr]      Running unittests src/lib.rs (/opt/rustwide/target/debug/deps/csvrow-1e43a1fdc0afceb6)
[INFO] [stdout] running 16 tests
[INFO] [stdout] test tests::blank_field_mid_string ... ok
[INFO] [stdout] test tests::can_parse_csv_with_quoted_field_containing_quote ... ok
[INFO] [stdout] test tests::can_parse_empty_row ... ok
[INFO] [stdout] test tests::can_parse_one_field_csv ... ok
[INFO] [stdout] test tests::can_parse_simple_csv ... ok
[INFO] [stdout] test tests::can_parse_simple_csv_with_quoted_field ... ok
[INFO] [stdout] test tests::can_parse_simple_csv_with_spaces ... ok
[INFO] [stdout] test tests::can_parse_tiny_csv ... ok
[INFO] [stdout] test tests::can_parse_tiny_csv_with_non_ascii ... ok
[INFO] [stdout] test tests::does_not_escape_simple_string ... ok
[INFO] [stdout] test tests::escapes_complex_string ... ok
[INFO] [stdout] test tests::can_parse_csv_with_orphaned_quote ... ok
[INFO] [stdout] test tests::can_parse_csv_with_premature_close_quote ... ok
[INFO] [stdout] test tests::trailing_comma_yields_empty_string ... ok
[INFO] [stdout] test tests::can_parse_csv_with_empty_quoted_field ... ok
[INFO] [stdout] test tests::can_parse_csv_with_quoted_field_containing_delim ... ok
[INFO] [stdout] 
[INFO] [stdout] test result: ok. 16 passed; 0 failed; 0 ignored; 0 measured; 0 filtered out; finished in 0.01s
[INFO] [stdout] 
[INFO] [stderr]    Doc-tests csvrow
[INFO] [stdout] 
[INFO] [stdout] running 2 tests
[INFO] [stdout] test src/lib.rs - CsvRow<'a>::new (line 23) ... FAILED
[INFO] [stdout] test src/lib.rs - escape (line 114) ... ok
[INFO] [stdout] 
[INFO] [stdout] failures:
[INFO] [stdout] 
[INFO] [stdout] ---- src/lib.rs - CsvRow<'a>::new (line 23) stdout ----
[INFO] [stdout] error[E0432]: unresolved import `CsvRow`
[INFO] [stdout]  --> src/lib.rs:24:5
[INFO] [stdout]   |
[INFO] [stdout] 3 | use CsvRow::*;
[INFO] [stdout]   |     ^^^^^^ use of undeclared type `CsvRow`
[INFO] [stdout] 
[INFO] [stdout] error: aborting due to 1 previous error
[INFO] [stdout] 
[INFO] [stdout] For more information about this error, try `rustc --explain E0432`.
[INFO] [stdout] Couldn't compile the test.
[INFO] [stdout] 
[INFO] [stdout] failures:
[INFO] [stdout]     src/lib.rs - CsvRow<'a>::new (line 23)
[INFO] [stdout] 
[INFO] [stdout] test result: FAILED. 1 passed; 1 failed; 0 ignored; 0 measured; 0 filtered out; finished in 0.38s
[INFO] [stdout] 
[INFO] [stderr] error: doctest failed, to rerun pass `--doc`
[INFO] running `Command { std: "docker" "inspect" "f29a0634ea13653f33c38dcef7b0ef99fb1e230a415004cb675ae86d8640df17", kill_on_drop: false }`
[INFO] running `Command { std: "docker" "rm" "-f" "f29a0634ea13653f33c38dcef7b0ef99fb1e230a415004cb675ae86d8640df17", kill_on_drop: false }`
[INFO] [stdout] f29a0634ea13653f33c38dcef7b0ef99fb1e230a415004cb675ae86d8640df17
