[INFO] fetching crate cstea 2.0.1...
[INFO] testing cstea-2.0.1 against beta-2024-12-08 for beta-1.84.0-4-retry
[INFO] extracting crate cstea 2.0.1 into /workspace/builds/worker-0-tc2/source
[INFO] validating manifest of crates.io crate cstea 2.0.1 on toolchain beta-2024-12-08
[INFO] running `Command { std: CARGO_HOME="/workspace/cargo-home" RUSTUP_HOME="/workspace/rustup-home" "/workspace/cargo-home/bin/cargo" "+beta-2024-12-08" "metadata" "--manifest-path" "Cargo.toml" "--no-deps", kill_on_drop: false }`
[INFO] started tweaking crates.io crate cstea 2.0.1
[INFO] finished tweaking crates.io crate cstea 2.0.1
[INFO] tweaked toml for crates.io crate cstea 2.0.1 written to /workspace/builds/worker-0-tc2/source/Cargo.toml
[INFO] crate crates.io crate cstea 2.0.1 already has a lockfile, it will not be regenerated
[INFO] running `Command { std: CARGO_HOME="/workspace/cargo-home" RUSTUP_HOME="/workspace/rustup-home" "/workspace/cargo-home/bin/cargo" "+beta-2024-12-08" "fetch" "--manifest-path" "Cargo.toml", kill_on_drop: false }`
[INFO] [stderr]     Blocking waiting for file lock on package cache
[INFO] running `Command { std: "docker" "create" "-v" "/var/lib/crater-agent-workspace/builds/worker-0-tc2/target:/opt/rustwide/target:rw,Z" "-v" "/var/lib/crater-agent-workspace/builds/worker-0-tc2/source:/opt/rustwide/workdir:ro,Z" "-v" "/var/lib/crater-agent-workspace/cargo-home:/opt/rustwide/cargo-home:ro,Z" "-v" "/var/lib/crater-agent-workspace/rustup-home:/opt/rustwide/rustup-home:ro,Z" "-e" "SOURCE_DIR=/opt/rustwide/workdir" "-e" "CARGO_TARGET_DIR=/opt/rustwide/target" "-e" "CARGO_HOME=/opt/rustwide/cargo-home" "-e" "RUSTUP_HOME=/opt/rustwide/rustup-home" "-w" "/opt/rustwide/workdir" "-m" "1610612736" "--user" "0:0" "--network" "none" "ghcr.io/rust-lang/crates-build-env/linux@sha256:f3a9d4ad9d972b27faf3965f35b62e55ba32bbce8f20bc8fe909558a86702fde" "/opt/rustwide/cargo-home/bin/cargo" "+beta-2024-12-08" "metadata" "--no-deps" "--format-version=1", kill_on_drop: false }`
[INFO] [stdout] e83fb85836cd66cec7b478a625955fa2a5984f79737017c77f20e30c681997bc
[INFO] running `Command { std: "docker" "start" "-a" "e83fb85836cd66cec7b478a625955fa2a5984f79737017c77f20e30c681997bc", kill_on_drop: false }`
[INFO] running `Command { std: "docker" "inspect" "e83fb85836cd66cec7b478a625955fa2a5984f79737017c77f20e30c681997bc", kill_on_drop: false }`
[INFO] running `Command { std: "docker" "rm" "-f" "e83fb85836cd66cec7b478a625955fa2a5984f79737017c77f20e30c681997bc", kill_on_drop: false }`
[INFO] [stdout] e83fb85836cd66cec7b478a625955fa2a5984f79737017c77f20e30c681997bc
[INFO] running `Command { std: "docker" "create" "-v" "/var/lib/crater-agent-workspace/builds/worker-0-tc2/target:/opt/rustwide/target:rw,Z" "-v" "/var/lib/crater-agent-workspace/builds/worker-0-tc2/source:/opt/rustwide/workdir:ro,Z" "-v" "/var/lib/crater-agent-workspace/cargo-home:/opt/rustwide/cargo-home:ro,Z" "-v" "/var/lib/crater-agent-workspace/rustup-home:/opt/rustwide/rustup-home:ro,Z" "-e" "SOURCE_DIR=/opt/rustwide/workdir" "-e" "CARGO_TARGET_DIR=/opt/rustwide/target" "-e" "CARGO_INCREMENTAL=0" "-e" "RUST_BACKTRACE=full" "-e" "RUSTFLAGS=--cap-lints=warn" "-e" "RUSTDOCFLAGS=--cap-lints=warn" "-e" "CARGO_HOME=/opt/rustwide/cargo-home" "-e" "RUSTUP_HOME=/opt/rustwide/rustup-home" "-w" "/opt/rustwide/workdir" "-m" "1610612736" "--user" "0:0" "--network" "none" "ghcr.io/rust-lang/crates-build-env/linux@sha256:f3a9d4ad9d972b27faf3965f35b62e55ba32bbce8f20bc8fe909558a86702fde" "/opt/rustwide/cargo-home/bin/cargo" "+beta-2024-12-08" "build" "--frozen" "--message-format=json", kill_on_drop: false }`
[INFO] [stdout] c5abc92e919efe3d36aecbfe00033622b251aadfde52033d698f4428126ea448
[INFO] running `Command { std: "docker" "start" "-a" "c5abc92e919efe3d36aecbfe00033622b251aadfde52033d698f4428126ea448", kill_on_drop: false }`
[INFO] [stderr]    Compiling proc-macro2 v0.4.30
[INFO] [stderr]    Compiling unicode-xid v0.1.0
[INFO] [stderr]    Compiling syn v0.15.39
[INFO] [stderr]    Compiling libc v0.2.58
[INFO] [stderr]    Compiling serde v1.0.94
[INFO] [stderr]    Compiling byteorder v1.3.2
[INFO] [stderr]    Compiling memchr v2.2.0
[INFO] [stderr]    Compiling ryu v0.2.8
[INFO] [stderr]    Compiling itoa v0.4.4
[INFO] [stderr]    Compiling ryu v1.0.0
[INFO] [stderr]    Compiling lazy_static v1.3.0
[INFO] [stderr]    Compiling regex-automata v0.1.7
[INFO] [stderr]    Compiling quote v0.6.12
[INFO] [stderr]    Compiling csv-core v0.1.6
[INFO] [stderr]    Compiling serde_derive v1.0.94
[INFO] [stderr]    Compiling bstr v0.2.1
[INFO] [stderr]    Compiling serde_json v1.0.39
[INFO] [stderr]    Compiling csv v1.1.0
[INFO] [stderr]    Compiling rettle v2.0.0
[INFO] [stderr]    Compiling cstea v2.0.1 (/opt/rustwide/workdir)
[INFO] [stderr]     Finished `dev` profile [unoptimized + debuginfo] target(s) in 13.07s
[INFO] running `Command { std: "docker" "inspect" "c5abc92e919efe3d36aecbfe00033622b251aadfde52033d698f4428126ea448", kill_on_drop: false }`
[INFO] running `Command { std: "docker" "rm" "-f" "c5abc92e919efe3d36aecbfe00033622b251aadfde52033d698f4428126ea448", kill_on_drop: false }`
[INFO] [stdout] c5abc92e919efe3d36aecbfe00033622b251aadfde52033d698f4428126ea448
[INFO] running `Command { std: "docker" "create" "-v" "/var/lib/crater-agent-workspace/builds/worker-0-tc2/target:/opt/rustwide/target:rw,Z" "-v" "/var/lib/crater-agent-workspace/builds/worker-0-tc2/source:/opt/rustwide/workdir:ro,Z" "-v" "/var/lib/crater-agent-workspace/cargo-home:/opt/rustwide/cargo-home:ro,Z" "-v" "/var/lib/crater-agent-workspace/rustup-home:/opt/rustwide/rustup-home:ro,Z" "-e" "SOURCE_DIR=/opt/rustwide/workdir" "-e" "CARGO_TARGET_DIR=/opt/rustwide/target" "-e" "CARGO_INCREMENTAL=0" "-e" "RUST_BACKTRACE=full" "-e" "RUSTFLAGS=--cap-lints=warn" "-e" "RUSTDOCFLAGS=--cap-lints=warn" "-e" "CARGO_HOME=/opt/rustwide/cargo-home" "-e" "RUSTUP_HOME=/opt/rustwide/rustup-home" "-w" "/opt/rustwide/workdir" "-m" "1610612736" "--user" "0:0" "--network" "none" "ghcr.io/rust-lang/crates-build-env/linux@sha256:f3a9d4ad9d972b27faf3965f35b62e55ba32bbce8f20bc8fe909558a86702fde" "/opt/rustwide/cargo-home/bin/cargo" "+beta-2024-12-08" "test" "--frozen" "--no-run" "--message-format=json", kill_on_drop: false }`
[INFO] [stdout] 8a090a5497a1ded0bfa60b8a5b043d6190d98c486771bacded790ed8e8ade9db
[INFO] running `Command { std: "docker" "start" "-a" "8a090a5497a1ded0bfa60b8a5b043d6190d98c486771bacded790ed8e8ade9db", kill_on_drop: false }`
[INFO] [stderr]    Compiling cstea v2.0.1 (/opt/rustwide/workdir)
[INFO] [stdout] warning: unexpected `cfg` condition value: `cargo-clippy`
[INFO] [stdout]    --> src/fill.rs:140:37
[INFO] [stdout]     |
[INFO] [stdout] 140 |     #[derive(Default, Clone, Debug, Deserialize)]
[INFO] [stdout]     |                                     ^^^^^^^^^^^
[INFO] [stdout]     |
[INFO] [stdout]     = note: no expected values for `feature`
[INFO] [stdout]     = help: consider adding `cargo-clippy` as a feature in `Cargo.toml`
[INFO] [stdout]     = note: see <https://doc.rust-lang.org/nightly/rustc/check-cfg/cargo-specifics.html> for more information about checking conditional configuration
[INFO] [stdout]     = note: `#[warn(unexpected_cfgs)]` on by default
[INFO] [stdout]     = note: this warning originates in the derive macro `Deserialize` (in Nightly builds, run with -Z macro-backtrace for more info)
[INFO] [stdout] 
[INFO] [stdout] 
[INFO] [stdout] warning: unexpected `cfg` condition value: `cargo-clippy`
[INFO] [stdout]    --> src/pour.rs:102:37
[INFO] [stdout]     |
[INFO] [stdout] 102 |     #[derive(Default, Clone, Debug, Serialize)]
[INFO] [stdout]     |                                     ^^^^^^^^^
[INFO] [stdout]     |
[INFO] [stdout]     = note: no expected values for `feature`
[INFO] [stdout]     = help: consider adding `cargo-clippy` as a feature in `Cargo.toml`
[INFO] [stdout]     = note: see <https://doc.rust-lang.org/nightly/rustc/check-cfg/cargo-specifics.html> for more information about checking conditional configuration
[INFO] [stdout]     = note: this warning originates in the derive macro `Serialize` (in Nightly builds, run with -Z macro-backtrace for more info)
[INFO] [stdout] 
[INFO] [stdout] 
[INFO] [stdout] warning: unexpected `cfg` condition value: `cargo-clippy`
[INFO] [stdout]   --> tests/fill_pour_integration.rs:17:33
[INFO] [stdout]    |
[INFO] [stdout] 17 | #[derive(Default, Clone, Debug, Deserialize, Serialize)]
[INFO] [stdout]    |                                 ^^^^^^^^^^^
[INFO] [stdout]    |
[INFO] [stdout]    = note: no expected values for `feature`
[INFO] [stdout]    = help: consider adding `cargo-clippy` as a feature in `Cargo.toml`
[INFO] [stdout]    = note: see <https://doc.rust-lang.org/nightly/rustc/check-cfg/cargo-specifics.html> for more information about checking conditional configuration
[INFO] [stdout]    = note: `#[warn(unexpected_cfgs)]` on by default
[INFO] [stdout]    = note: this warning originates in the derive macro `Deserialize` (in Nightly builds, run with -Z macro-backtrace for more info)
[INFO] [stdout] 
[INFO] [stdout] 
[INFO] [stdout] warning: unexpected `cfg` condition value: `cargo-clippy`
[INFO] [stdout]   --> tests/fill_pour_integration.rs:17:46
[INFO] [stdout]    |
[INFO] [stdout] 17 | #[derive(Default, Clone, Debug, Deserialize, Serialize)]
[INFO] [stdout]    |                                              ^^^^^^^^^
[INFO] [stdout]    |
[INFO] [stdout]    = note: no expected values for `feature`
[INFO] [stdout]    = help: consider adding `cargo-clippy` as a feature in `Cargo.toml`
[INFO] [stdout]    = note: see <https://doc.rust-lang.org/nightly/rustc/check-cfg/cargo-specifics.html> for more information about checking conditional configuration
[INFO] [stdout]    = note: this warning originates in the derive macro `Serialize` (in Nightly builds, run with -Z macro-backtrace for more info)
[INFO] [stdout] 
[INFO] [stdout] 
[INFO] [stdout] warning: non-local `impl` definition, `impl` blocks should be written at the same level as their item
[INFO] [stdout]   --> tests/fill_pour_integration.rs:17:33
[INFO] [stdout]    |
[INFO] [stdout] 17 | #[derive(Default, Clone, Debug, Deserialize, Serialize)]
[INFO] [stdout]    |                                 ^----------
[INFO] [stdout]    |                                 |
[INFO] [stdout]    |                                 `Deserialize` is not local
[INFO] [stdout]    |                                 move the `impl` block outside of this constant `_IMPL_DESERIALIZE_FOR_CsTea`
[INFO] [stdout] 18 | struct CsTea {
[INFO] [stdout]    |        ----- `CsTea` is not local
[INFO] [stdout]    |
[INFO] [stdout]    = note: the derive macro `Deserialize` defines the non-local `impl`, and may need to be changed
[INFO] [stdout]    = note: the derive macro `Deserialize` may come from an old version of the `serde_derive` crate, try updating your dependency with `cargo update -p serde_derive`
[INFO] [stdout]    = note: an `impl` is never scoped, even when it is nested inside an item, as it may impact type checking outside of that item, which can be the case if neither the trait or the self type are at the same nesting level as the `impl`
[INFO] [stdout]    = note: items in an anonymous const item (`const _: () = { ... }`) are treated as in the same scope as the anonymous const's declaration for the purpose of this lint
[INFO] [stdout]    = note: `#[warn(non_local_definitions)]` on by default
[INFO] [stdout]    = note: this warning originates in the derive macro `Deserialize` (in Nightly builds, run with -Z macro-backtrace for more info)
[INFO] [stdout] 
[INFO] [stdout] 
[INFO] [stdout] warning: non-local `impl` definition, `impl` blocks should be written at the same level as their item
[INFO] [stdout]   --> tests/fill_pour_integration.rs:17:46
[INFO] [stdout]    |
[INFO] [stdout] 17 | #[derive(Default, Clone, Debug, Deserialize, Serialize)]
[INFO] [stdout]    |                                              ^--------
[INFO] [stdout]    |                                              |
[INFO] [stdout]    |                                              `Serialize` is not local
[INFO] [stdout]    |                                              move the `impl` block outside of this constant `_IMPL_SERIALIZE_FOR_CsTea`
[INFO] [stdout] 18 | struct CsTea {
[INFO] [stdout]    |        ----- `CsTea` is not local
[INFO] [stdout]    |
[INFO] [stdout]    = note: the derive macro `Serialize` defines the non-local `impl`, and may need to be changed
[INFO] [stdout]    = note: the derive macro `Serialize` may come from an old version of the `serde_derive` crate, try updating your dependency with `cargo update -p serde_derive`
[INFO] [stdout]    = note: an `impl` is never scoped, even when it is nested inside an item, as it may impact type checking outside of that item, which can be the case if neither the trait or the self type are at the same nesting level as the `impl`
[INFO] [stdout]    = note: items in an anonymous const item (`const _: () = { ... }`) are treated as in the same scope as the anonymous const's declaration for the purpose of this lint
[INFO] [stdout]    = note: this warning originates in the derive macro `Serialize` (in Nightly builds, run with -Z macro-backtrace for more info)
[INFO] [stdout] 
[INFO] [stdout] 
[INFO] [stdout] warning: unexpected `cfg` condition value: `cargo-clippy`
[INFO] [stdout]   --> examples/main.rs:13:33
[INFO] [stdout]    |
[INFO] [stdout] 13 | #[derive(Default, Clone, Debug, Deserialize, Serialize)]
[INFO] [stdout]    |                                 ^^^^^^^^^^^
[INFO] [stdout]    |
[INFO] [stdout]    = note: no expected values for `feature`
[INFO] [stdout]    = help: consider adding `cargo-clippy` as a feature in `Cargo.toml`
[INFO] [stdout]    = note: see <https://doc.rust-lang.org/nightly/rustc/check-cfg/cargo-specifics.html> for more information about checking conditional configuration
[INFO] [stdout]    = note: `#[warn(unexpected_cfgs)]` on by default
[INFO] [stdout]    = note: this warning originates in the derive macro `Deserialize` (in Nightly builds, run with -Z macro-backtrace for more info)
[INFO] [stdout] 
[INFO] [stdout] 
[INFO] [stdout] warning: unexpected `cfg` condition value: `cargo-clippy`
[INFO] [stdout]   --> examples/main.rs:13:46
[INFO] [stdout]    |
[INFO] [stdout] 13 | #[derive(Default, Clone, Debug, Deserialize, Serialize)]
[INFO] [stdout]    |                                              ^^^^^^^^^
[INFO] [stdout]    |
[INFO] [stdout]    = note: no expected values for `feature`
[INFO] [stdout]    = help: consider adding `cargo-clippy` as a feature in `Cargo.toml`
[INFO] [stdout]    = note: see <https://doc.rust-lang.org/nightly/rustc/check-cfg/cargo-specifics.html> for more information about checking conditional configuration
[INFO] [stdout]    = note: this warning originates in the derive macro `Serialize` (in Nightly builds, run with -Z macro-backtrace for more info)
[INFO] [stdout] 
[INFO] [stdout] 
[INFO] [stdout] warning: fields `id`, `name`, and `value` are never read
[INFO] [stdout]    --> src/fill.rs:142:9
[INFO] [stdout]     |
[INFO] [stdout] 141 |     struct TestCsTea {
[INFO] [stdout]     |            --------- fields in this struct
[INFO] [stdout] 142 |         id: i32,
[INFO] [stdout]     |         ^^
[INFO] [stdout] 143 |         name: String,
[INFO] [stdout]     |         ^^^^
[INFO] [stdout] 144 |         value: i32
[INFO] [stdout]     |         ^^^^^
[INFO] [stdout]     |
[INFO] [stdout]     = note: `TestCsTea` has derived impls for the traits `Default`, `Debug`, and `Clone`, but these are intentionally ignored during dead code analysis
[INFO] [stdout]     = note: `#[warn(dead_code)]` on by default
[INFO] [stdout] 
[INFO] [stdout] 
[INFO] [stdout] warning: non-local `impl` definition, `impl` blocks should be written at the same level as their item
[INFO] [stdout]    --> src/fill.rs:140:37
[INFO] [stdout]     |
[INFO] [stdout] 140 |     #[derive(Default, Clone, Debug, Deserialize)]
[INFO] [stdout]     |                                     ^----------
[INFO] [stdout]     |                                     |
[INFO] [stdout]     |                                     `Deserialize` is not local
[INFO] [stdout]     |                                     move the `impl` block outside of this constant `_IMPL_DESERIALIZE_FOR_TestCsTea`
[INFO] [stdout] 141 |     struct TestCsTea {
[INFO] [stdout]     |            --------- `TestCsTea` is not local
[INFO] [stdout]     |
[INFO] [stdout]     = note: the derive macro `Deserialize` defines the non-local `impl`, and may need to be changed
[INFO] [stdout]     = note: the derive macro `Deserialize` may come from an old version of the `serde_derive` crate, try updating your dependency with `cargo update -p serde_derive`
[INFO] [stdout]     = note: an `impl` is never scoped, even when it is nested inside an item, as it may impact type checking outside of that item, which can be the case if neither the trait or the self type are at the same nesting level as the `impl`
[INFO] [stdout]     = note: items in an anonymous const item (`const _: () = { ... }`) are treated as in the same scope as the anonymous const's declaration for the purpose of this lint
[INFO] [stdout]     = note: `#[warn(non_local_definitions)]` on by default
[INFO] [stdout]     = note: this warning originates in the derive macro `Deserialize` (in Nightly builds, run with -Z macro-backtrace for more info)
[INFO] [stdout] 
[INFO] [stdout] 
[INFO] [stdout] warning: non-local `impl` definition, `impl` blocks should be written at the same level as their item
[INFO] [stdout]    --> src/pour.rs:102:37
[INFO] [stdout]     |
[INFO] [stdout] 102 |     #[derive(Default, Clone, Debug, Serialize)]
[INFO] [stdout]     |                                     ^--------
[INFO] [stdout]     |                                     |
[INFO] [stdout]     |                                     `Serialize` is not local
[INFO] [stdout]     |                                     move the `impl` block outside of this constant `_IMPL_SERIALIZE_FOR_TestCsTea`
[INFO] [stdout] 103 |     struct TestCsTea {
[INFO] [stdout]     |            --------- `TestCsTea` is not local
[INFO] [stdout]     |
[INFO] [stdout]     = note: the derive macro `Serialize` defines the non-local `impl`, and may need to be changed
[INFO] [stdout]     = note: the derive macro `Serialize` may come from an old version of the `serde_derive` crate, try updating your dependency with `cargo update -p serde_derive`
[INFO] [stdout]     = note: an `impl` is never scoped, even when it is nested inside an item, as it may impact type checking outside of that item, which can be the case if neither the trait or the self type are at the same nesting level as the `impl`
[INFO] [stdout]     = note: items in an anonymous const item (`const _: () = { ... }`) are treated as in the same scope as the anonymous const's declaration for the purpose of this lint
[INFO] [stdout]     = note: this warning originates in the derive macro `Serialize` (in Nightly builds, run with -Z macro-backtrace for more info)
[INFO] [stdout] 
[INFO] [stdout] 
[INFO] [stdout] warning: non-local `impl` definition, `impl` blocks should be written at the same level as their item
[INFO] [stdout]   --> examples/main.rs:13:33
[INFO] [stdout]    |
[INFO] [stdout] 13 | #[derive(Default, Clone, Debug, Deserialize, Serialize)]
[INFO] [stdout]    |                                 ^----------
[INFO] [stdout]    |                                 |
[INFO] [stdout]    |                                 `Deserialize` is not local
[INFO] [stdout]    |                                 move the `impl` block outside of this constant `_IMPL_DESERIALIZE_FOR_CsTea`
[INFO] [stdout] 14 | struct CsTea {
[INFO] [stdout]    |        ----- `CsTea` is not local
[INFO] [stdout]    |
[INFO] [stdout]    = note: the derive macro `Deserialize` defines the non-local `impl`, and may need to be changed
[INFO] [stdout]    = note: the derive macro `Deserialize` may come from an old version of the `serde_derive` crate, try updating your dependency with `cargo update -p serde_derive`
[INFO] [stdout]    = note: an `impl` is never scoped, even when it is nested inside an item, as it may impact type checking outside of that item, which can be the case if neither the trait or the self type are at the same nesting level as the `impl`
[INFO] [stdout]    = note: items in an anonymous const item (`const _: () = { ... }`) are treated as in the same scope as the anonymous const's declaration for the purpose of this lint
[INFO] [stdout]    = note: `#[warn(non_local_definitions)]` on by default
[INFO] [stdout]    = note: this warning originates in the derive macro `Deserialize` (in Nightly builds, run with -Z macro-backtrace for more info)
[INFO] [stdout] 
[INFO] [stdout] 
[INFO] [stdout] warning: non-local `impl` definition, `impl` blocks should be written at the same level as their item
[INFO] [stdout]   --> examples/main.rs:13:46
[INFO] [stdout]    |
[INFO] [stdout] 13 | #[derive(Default, Clone, Debug, Deserialize, Serialize)]
[INFO] [stdout]    |                                              ^--------
[INFO] [stdout]    |                                              |
[INFO] [stdout]    |                                              `Serialize` is not local
[INFO] [stdout]    |                                              move the `impl` block outside of this constant `_IMPL_SERIALIZE_FOR_CsTea`
[INFO] [stdout] 14 | struct CsTea {
[INFO] [stdout]    |        ----- `CsTea` is not local
[INFO] [stdout]    |
[INFO] [stdout]    = note: the derive macro `Serialize` defines the non-local `impl`, and may need to be changed
[INFO] [stdout]    = note: the derive macro `Serialize` may come from an old version of the `serde_derive` crate, try updating your dependency with `cargo update -p serde_derive`
[INFO] [stdout]    = note: an `impl` is never scoped, even when it is nested inside an item, as it may impact type checking outside of that item, which can be the case if neither the trait or the self type are at the same nesting level as the `impl`
[INFO] [stdout]    = note: items in an anonymous const item (`const _: () = { ... }`) are treated as in the same scope as the anonymous const's declaration for the purpose of this lint
[INFO] [stdout]    = note: this warning originates in the derive macro `Serialize` (in Nightly builds, run with -Z macro-backtrace for more info)
[INFO] [stdout] 
[INFO] [stdout] 
[INFO] [stderr]     Finished `test` profile [unoptimized + debuginfo] target(s) in 1.44s
[INFO] running `Command { std: "docker" "inspect" "8a090a5497a1ded0bfa60b8a5b043d6190d98c486771bacded790ed8e8ade9db", kill_on_drop: false }`
[INFO] running `Command { std: "docker" "rm" "-f" "8a090a5497a1ded0bfa60b8a5b043d6190d98c486771bacded790ed8e8ade9db", kill_on_drop: false }`
[INFO] [stdout] 8a090a5497a1ded0bfa60b8a5b043d6190d98c486771bacded790ed8e8ade9db
[INFO] running `Command { std: "docker" "create" "-v" "/var/lib/crater-agent-workspace/builds/worker-0-tc2/target:/opt/rustwide/target:rw,Z" "-v" "/var/lib/crater-agent-workspace/builds/worker-0-tc2/source:/opt/rustwide/workdir:ro,Z" "-v" "/var/lib/crater-agent-workspace/cargo-home:/opt/rustwide/cargo-home:ro,Z" "-v" "/var/lib/crater-agent-workspace/rustup-home:/opt/rustwide/rustup-home:ro,Z" "-e" "SOURCE_DIR=/opt/rustwide/workdir" "-e" "CARGO_TARGET_DIR=/opt/rustwide/target" "-e" "CARGO_INCREMENTAL=0" "-e" "RUST_BACKTRACE=full" "-e" "RUSTFLAGS=--cap-lints=warn" "-e" "RUSTDOCFLAGS=--cap-lints=warn" "-e" "CARGO_HOME=/opt/rustwide/cargo-home" "-e" "RUSTUP_HOME=/opt/rustwide/rustup-home" "-w" "/opt/rustwide/workdir" "-m" "1610612736" "--user" "0:0" "--network" "none" "ghcr.io/rust-lang/crates-build-env/linux@sha256:f3a9d4ad9d972b27faf3965f35b62e55ba32bbce8f20bc8fe909558a86702fde" "/opt/rustwide/cargo-home/bin/cargo" "+beta-2024-12-08" "test" "--frozen", kill_on_drop: false }`
[INFO] [stdout] 462a1ee1e0515af443fbe9834dcb117a0b9537096ed7103f522f3bd8e697ad1b
[INFO] running `Command { std: "docker" "start" "-a" "462a1ee1e0515af443fbe9834dcb117a0b9537096ed7103f522f3bd8e697ad1b", kill_on_drop: false }`
[INFO] [stderr] warning: unexpected `cfg` condition value: `cargo-clippy`
[INFO] [stderr]    --> src/fill.rs:140:37
[INFO] [stderr]     |
[INFO] [stderr] 140 |     #[derive(Default, Clone, Debug, Deserialize)]
[INFO] [stderr]     |                                     ^^^^^^^^^^^
[INFO] [stderr]     |
[INFO] [stderr]     = note: no expected values for `feature`
[INFO] [stderr]     = help: consider adding `cargo-clippy` as a feature in `Cargo.toml`
[INFO] [stderr]     = note: see <https://doc.rust-lang.org/nightly/rustc/check-cfg/cargo-specifics.html> for more information about checking conditional configuration
[INFO] [stderr]     = note: `#[warn(unexpected_cfgs)]` on by default
[INFO] [stderr]     = note: this warning originates in the derive macro `Deserialize` (in Nightly builds, run with -Z macro-backtrace for more info)
[INFO] [stderr] 
[INFO] [stderr] warning: unexpected `cfg` condition value: `cargo-clippy`
[INFO] [stderr]    --> src/pour.rs:102:37
[INFO] [stderr]     |
[INFO] [stderr] 102 |     #[derive(Default, Clone, Debug, Serialize)]
[INFO] [stderr]     |                                     ^^^^^^^^^
[INFO] [stderr]     |
[INFO] [stderr]     = note: no expected values for `feature`
[INFO] [stderr]     = help: consider adding `cargo-clippy` as a feature in `Cargo.toml`
[INFO] [stderr]     = note: see <https://doc.rust-lang.org/nightly/rustc/check-cfg/cargo-specifics.html> for more information about checking conditional configuration
[INFO] [stderr]     = note: this warning originates in the derive macro `Serialize` (in Nightly builds, run with -Z macro-backtrace for more info)
[INFO] [stderr] 
[INFO] [stderr] warning: fields `id`, `name`, and `value` are never read
[INFO] [stderr]    --> src/fill.rs:142:9
[INFO] [stderr]     |
[INFO] [stderr] 141 |     struct TestCsTea {
[INFO] [stderr]     |            --------- fields in this struct
[INFO] [stderr] 142 |         id: i32,
[INFO] [stderr]     |         ^^
[INFO] [stderr] 143 |         name: String,
[INFO] [stderr]     |         ^^^^
[INFO] [stderr] 144 |         value: i32
[INFO] [stderr]     |         ^^^^^
[INFO] [stderr]     |
[INFO] [stderr]     = note: `TestCsTea` has derived impls for the traits `Default`, `Debug`, and `Clone`, but these are intentionally ignored during dead code analysis
[INFO] [stderr]     = note: `#[warn(dead_code)]` on by default
[INFO] [stderr] 
[INFO] [stderr] warning: non-local `impl` definition, `impl` blocks should be written at the same level as their item
[INFO] [stderr]    --> src/fill.rs:140:37
[INFO] [stderr]     |
[INFO] [stderr] 140 |     #[derive(Default, Clone, Debug, Deserialize)]
[INFO] [stderr]     |                                     ^----------
[INFO] [stderr]     |                                     |
[INFO] [stderr]     |                                     `Deserialize` is not local
[INFO] [stderr]     |                                     move the `impl` block outside of this constant `_IMPL_DESERIALIZE_FOR_TestCsTea`
[INFO] [stderr] 141 |     struct TestCsTea {
[INFO] [stderr]     |            --------- `TestCsTea` is not local
[INFO] [stderr]     |
[INFO] [stderr]     = note: the derive macro `Deserialize` defines the non-local `impl`, and may need to be changed
[INFO] [stderr]     = note: the derive macro `Deserialize` may come from an old version of the `serde_derive` crate, try updating your dependency with `cargo update -p serde_derive`
[INFO] [stderr]     = note: an `impl` is never scoped, even when it is nested inside an item, as it may impact type checking outside of that item, which can be the case if neither the trait or the self type are at the same nesting level as the `impl`
[INFO] [stderr]     = note: items in an anonymous const item (`const _: () = { ... }`) are treated as in the same scope as the anonymous const's declaration for the purpose of this lint
[INFO] [stderr]     = note: `#[warn(non_local_definitions)]` on by default
[INFO] [stderr]     = note: this warning originates in the derive macro `Deserialize` (in Nightly builds, run with -Z macro-backtrace for more info)
[INFO] [stderr] 
[INFO] [stderr] warning: non-local `impl` definition, `impl` blocks should be written at the same level as their item
[INFO] [stderr]    --> src/pour.rs:102:37
[INFO] [stderr]     |
[INFO] [stderr] 102 |     #[derive(Default, Clone, Debug, Serialize)]
[INFO] [stderr]     |                                     ^--------
[INFO] [stderr]     |                                     |
[INFO] [stderr]     |                                     `Serialize` is not local
[INFO] [stderr]     |                                     move the `impl` block outside of this constant `_IMPL_SERIALIZE_FOR_TestCsTea`
[INFO] [stderr] 103 |     struct TestCsTea {
[INFO] [stderr]     |            --------- `TestCsTea` is not local
[INFO] [stderr]     |
[INFO] [stderr]     = note: the derive macro `Serialize` defines the non-local `impl`, and may need to be changed
[INFO] [stderr]     = note: the derive macro `Serialize` may come from an old version of the `serde_derive` crate, try updating your dependency with `cargo update -p serde_derive`
[INFO] [stderr]     = note: an `impl` is never scoped, even when it is nested inside an item, as it may impact type checking outside of that item, which can be the case if neither the trait or the self type are at the same nesting level as the `impl`
[INFO] [stderr]     = note: items in an anonymous const item (`const _: () = { ... }`) are treated as in the same scope as the anonymous const's declaration for the purpose of this lint
[INFO] [stderr]     = note: this warning originates in the derive macro `Serialize` (in Nightly builds, run with -Z macro-backtrace for more info)
[INFO] [stderr] 
[INFO] [stderr] warning: `cstea` (lib test) generated 5 warnings
[INFO] [stderr] warning: unexpected `cfg` condition value: `cargo-clippy`
[INFO] [stderr]   --> examples/main.rs:13:33
[INFO] [stderr]    |
[INFO] [stderr] 13 | #[derive(Default, Clone, Debug, Deserialize, Serialize)]
[INFO] [stderr]    |                                 ^^^^^^^^^^^
[INFO] [stderr]    |
[INFO] [stderr]    = note: no expected values for `feature`
[INFO] [stderr]    = help: consider adding `cargo-clippy` as a feature in `Cargo.toml`
[INFO] [stderr]    = note: see <https://doc.rust-lang.org/nightly/rustc/check-cfg/cargo-specifics.html> for more information about checking conditional configuration
[INFO] [stderr]    = note: `#[warn(unexpected_cfgs)]` on by default
[INFO] [stderr]    = note: this warning originates in the derive macro `Deserialize` (in Nightly builds, run with -Z macro-backtrace for more info)
[INFO] [stderr] 
[INFO] [stderr] warning: unexpected `cfg` condition value: `cargo-clippy`
[INFO] [stderr]   --> examples/main.rs:13:46
[INFO] [stderr]    |
[INFO] [stderr] 13 | #[derive(Default, Clone, Debug, Deserialize, Serialize)]
[INFO] [stderr]    |                                              ^^^^^^^^^
[INFO] [stderr]    |
[INFO] [stderr]    = note: no expected values for `feature`
[INFO] [stderr]    = help: consider adding `cargo-clippy` as a feature in `Cargo.toml`
[INFO] [stderr]    = note: see <https://doc.rust-lang.org/nightly/rustc/check-cfg/cargo-specifics.html> for more information about checking conditional configuration
[INFO] [stderr]    = note: this warning originates in the derive macro `Serialize` (in Nightly builds, run with -Z macro-backtrace for more info)
[INFO] [stderr] 
[INFO] [stderr] warning: non-local `impl` definition, `impl` blocks should be written at the same level as their item
[INFO] [stderr]   --> examples/main.rs:13:33
[INFO] [stderr]    |
[INFO] [stderr] 13 | #[derive(Default, Clone, Debug, Deserialize, Serialize)]
[INFO] [stderr]    |                                 ^----------
[INFO] [stderr]    |                                 |
[INFO] [stderr]    |                                 `Deserialize` is not local
[INFO] [stderr]    |                                 move the `impl` block outside of this constant `_IMPL_DESERIALIZE_FOR_CsTea`
[INFO] [stderr] 14 | struct CsTea {
[INFO] [stderr]    |        ----- `CsTea` is not local
[INFO] [stderr]    |
[INFO] [stderr]    = note: the derive macro `Deserialize` defines the non-local `impl`, and may need to be changed
[INFO] [stderr]    = note: the derive macro `Deserialize` may come from an old version of the `serde_derive` crate, try updating your dependency with `cargo update -p serde_derive`
[INFO] [stderr]    = note: an `impl` is never scoped, even when it is nested inside an item, as it may impact type checking outside of that item, which can be the case if neither the trait or the self type are at the same nesting level as the `impl`
[INFO] [stderr]    = note: items in an anonymous const item (`const _: () = { ... }`) are treated as in the same scope as the anonymous const's declaration for the purpose of this lint
[INFO] [stderr]    = note: `#[warn(non_local_definitions)]` on by default
[INFO] [stderr]    = note: this warning originates in the derive macro `Deserialize` (in Nightly builds, run with -Z macro-backtrace for more info)
[INFO] [stderr] 
[INFO] [stderr] warning: non-local `impl` definition, `impl` blocks should be written at the same level as their item
[INFO] [stderr]   --> examples/main.rs:13:46
[INFO] [stderr]    |
[INFO] [stderr] 13 | #[derive(Default, Clone, Debug, Deserialize, Serialize)]
[INFO] [stderr]    |                                              ^--------
[INFO] [stderr]    |                                              |
[INFO] [stderr]    |                                              `Serialize` is not local
[INFO] [stderr]    |                                              move the `impl` block outside of this constant `_IMPL_SERIALIZE_FOR_CsTea`
[INFO] [stderr] 14 | struct CsTea {
[INFO] [stderr]    |        ----- `CsTea` is not local
[INFO] [stderr]    |
[INFO] [stderr]    = note: the derive macro `Serialize` defines the non-local `impl`, and may need to be changed
[INFO] [stderr]    = note: the derive macro `Serialize` may come from an old version of the `serde_derive` crate, try updating your dependency with `cargo update -p serde_derive`
[INFO] [stderr]    = note: an `impl` is never scoped, even when it is nested inside an item, as it may impact type checking outside of that item, which can be the case if neither the trait or the self type are at the same nesting level as the `impl`
[INFO] [stderr]    = note: items in an anonymous const item (`const _: () = { ... }`) are treated as in the same scope as the anonymous const's declaration for the purpose of this lint
[INFO] [stderr]    = note: this warning originates in the derive macro `Serialize` (in Nightly builds, run with -Z macro-backtrace for more info)
[INFO] [stderr] 
[INFO] [stderr] warning: unexpected `cfg` condition value: `cargo-clippy`
[INFO] [stderr]   --> tests/fill_pour_integration.rs:17:33
[INFO] [stderr]    |
[INFO] [stderr] 17 | #[derive(Default, Clone, Debug, Deserialize, Serialize)]
[INFO] [stderr]    |                                 ^^^^^^^^^^^
[INFO] [stderr]    |
[INFO] [stderr]    = note: no expected values for `feature`
[INFO] [stderr]    = help: consider adding `cargo-clippy` as a feature in `Cargo.toml`
[INFO] [stderr]    = note: see <https://doc.rust-lang.org/nightly/rustc/check-cfg/cargo-specifics.html> for more information about checking conditional configuration
[INFO] [stderr]    = note: `#[warn(unexpected_cfgs)]` on by default
[INFO] [stderr]    = note: this warning originates in the derive macro `Deserialize` (in Nightly builds, run with -Z macro-backtrace for more info)
[INFO] [stderr] 
[INFO] [stderr] warning: unexpected `cfg` condition value: `cargo-clippy`
[INFO] [stderr]   --> tests/fill_pour_integration.rs:17:46
[INFO] [stderr]    |
[INFO] [stderr] 17 | #[derive(Default, Clone, Debug, Deserialize, Serialize)]
[INFO] [stderr]    |                                              ^^^^^^^^^
[INFO] [stderr]    |
[INFO] [stderr]    = note: no expected values for `feature`
[INFO] [stderr]    = help: consider adding `cargo-clippy` as a feature in `Cargo.toml`
[INFO] [stderr]    = note: see <https://doc.rust-lang.org/nightly/rustc/check-cfg/cargo-specifics.html> for more information about checking conditional configuration
[INFO] [stderr]    = note: this warning originates in the derive macro `Serialize` (in Nightly builds, run with -Z macro-backtrace for more info)
[INFO] [stderr] 
[INFO] [stderr] warning: non-local `impl` definition, `impl` blocks should be written at the same level as their item
[INFO] [stderr]   --> tests/fill_pour_integration.rs:17:33
[INFO] [stderr]    |
[INFO] [stderr] 17 | #[derive(Default, Clone, Debug, Deserialize, Serialize)]
[INFO] [stderr]    |                                 ^----------
[INFO] [stderr]    |                                 |
[INFO] [stderr]    |                                 `Deserialize` is not local
[INFO] [stderr]    |                                 move the `impl` block outside of this constant `_IMPL_DESERIALIZE_FOR_CsTea`
[INFO] [stderr] 18 | struct CsTea {
[INFO] [stderr]    |        ----- `CsTea` is not local
[INFO] [stderr]    |
[INFO] [stderr]    = note: the derive macro `Deserialize` defines the non-local `impl`, and may need to be changed
[INFO] [stderr]    = note: the derive macro `Deserialize` may come from an old version of the `serde_derive` crate, try updating your dependency with `cargo update -p serde_derive`
[INFO] [stderr]    = note: an `impl` is never scoped, even when it is nested inside an item, as it may impact type checking outside of that item, which can be the case if neither the trait or the self type are at the same nesting level as the `impl`
[INFO] [stderr]    = note: items in an anonymous const item (`const _: () = { ... }`) are treated as in the same scope as the anonymous const's declaration for the purpose of this lint
[INFO] [stderr]    = note: `#[warn(non_local_definitions)]` on by default
[INFO] [stderr]    = note: this warning originates in the derive macro `Deserialize` (in Nightly builds, run with -Z macro-backtrace for more info)
[INFO] [stderr] 
[INFO] [stderr] warning: non-local `impl` definition, `impl` blocks should be written at the same level as their item
[INFO] [stderr]   --> tests/fill_pour_integration.rs:17:46
[INFO] [stderr]    |
[INFO] [stderr] 17 | #[derive(Default, Clone, Debug, Deserialize, Serialize)]
[INFO] [stderr]    |                                              ^--------
[INFO] [stderr]    |                                              |
[INFO] [stderr]    |                                              `Serialize` is not local
[INFO] [stderr]    |                                              move the `impl` block outside of this constant `_IMPL_SERIALIZE_FOR_CsTea`
[INFO] [stderr] 18 | struct CsTea {
[INFO] [stderr]    |        ----- `CsTea` is not local
[INFO] [stderr]    |
[INFO] [stderr]    = note: the derive macro `Serialize` defines the non-local `impl`, and may need to be changed
[INFO] [stderr]    = note: the derive macro `Serialize` may come from an old version of the `serde_derive` crate, try updating your dependency with `cargo update -p serde_derive`
[INFO] [stderr]    = note: an `impl` is never scoped, even when it is nested inside an item, as it may impact type checking outside of that item, which can be the case if neither the trait or the self type are at the same nesting level as the `impl`
[INFO] [stderr]    = note: items in an anonymous const item (`const _: () = { ... }`) are treated as in the same scope as the anonymous const's declaration for the purpose of this lint
[INFO] [stderr]    = note: this warning originates in the derive macro `Serialize` (in Nightly builds, run with -Z macro-backtrace for more info)
[INFO] [stderr] 
[INFO] [stderr] warning: `cstea` (example "main") generated 4 warnings
[INFO] [stderr] warning: `cstea` (test "fill_pour_integration") generated 4 warnings
[INFO] [stderr]     Finished `test` profile [unoptimized + debuginfo] target(s) in 0.03s
[INFO] [stderr]      Running unittests src/lib.rs (/opt/rustwide/target/debug/deps/cstea-f21d4211baab477c)
[INFO] [stdout] 
[INFO] [stdout] running 4 tests
[INFO] [stdout] test fill::tests::create_fill_cstea ... ok
[INFO] [stdout] test pour::tests::create_pour_cstea ... ok
[INFO] [stdout] test pour::tests::create_csv_args ... ok
[INFO] [stdout] test fill::tests::create_csv_args ... ok
[INFO] [stdout] 
[INFO] [stdout] test result: ok. 4 passed; 0 failed; 0 ignored; 0 measured; 0 filtered out; finished in 0.00s
[INFO] [stdout] 
[INFO] [stderr]      Running tests/fill_pour_integration.rs (/opt/rustwide/target/debug/deps/fill_pour_integration-553756d026aaffe8)
[INFO] [stdout] 
[INFO] [stdout] running 1 test
[INFO] [stdout] Brewing Tea...
[INFO] [stderr] thread 'test_fill_pour' panicked at core/src/panicking.rs:231:5:
[INFO] [stdout] Current Source: csv_tea_source
[INFO] [stderr] panic in a destructor during cleanup
[INFO] [stdout] thread '<unnamed>' panicked at /opt/rustwide/workdir/src/pour.rs:82:18:
[INFO] [stderr] thread caused non-unwinding panic. aborting.
[INFO] [stdout] called `Result::unwrap()` on an `Err` value: Os { code: 30, kind: ReadOnlyFilesystem, message: "Read-only file system" }
[INFO] [stdout] stack backtrace:
[INFO] [stdout]    0:     0x63e351dbaeaa - std::backtrace_rs::backtrace::libunwind::trace::h8810477743020387
[INFO] [stdout]                                at /rustc/202008a1b8de96d2e5b6bc02d379db03a877d34d/library/std/src/../../backtrace/src/backtrace/libunwind.rs:116:5
[INFO] [stdout]    1:     0x63e351dbaeaa - std::backtrace_rs::backtrace::trace_unsynchronized::h3aa55355dd6c54a6
[INFO] [stdout]                                at /rustc/202008a1b8de96d2e5b6bc02d379db03a877d34d/library/std/src/../../backtrace/src/backtrace/mod.rs:66:5
[INFO] [stdout]    2:     0x63e351dbaeaa - std::sys::backtrace::_print_fmt::h8588b0f62410823f
[INFO] [stdout]                                at /rustc/202008a1b8de96d2e5b6bc02d379db03a877d34d/library/std/src/sys/backtrace.rs:66:9
[INFO] [stdout]    3:     0x63e351dbaeaa - <std::sys::backtrace::BacktraceLock::print::DisplayBacktrace as core::fmt::Display>::fmt::h98c26ac25ffe89bb
[INFO] [stdout]                                at /rustc/202008a1b8de96d2e5b6bc02d379db03a877d34d/library/std/src/sys/backtrace.rs:39:26
[INFO] [stdout]    4:     0x63e351de1f43 - core::fmt::rt::Argument::fmt::hf95377f4aebd453b
[INFO] [stdout]                                at /rustc/202008a1b8de96d2e5b6bc02d379db03a877d34d/library/core/src/fmt/rt.rs:177:76
[INFO] [stdout]    5:     0x63e351de1f43 - core::fmt::write::h0dd5f6e2238c7982
[INFO] [stdout]                                at /rustc/202008a1b8de96d2e5b6bc02d379db03a877d34d/library/core/src/fmt/mod.rs:1189:21
[INFO] [stdout]    6:     0x63e351db8043 - std::io::Write::write_fmt::h03bb0ca26e6faf8c
[INFO] [stdout]                                at /rustc/202008a1b8de96d2e5b6bc02d379db03a877d34d/library/std/src/io/mod.rs:1884:15
[INFO] [stdout]    7:     0x63e351dbacf2 - std::sys::backtrace::BacktraceLock::print::h5c19c1c038ee186d
[INFO] [stdout]                                at /rustc/202008a1b8de96d2e5b6bc02d379db03a877d34d/library/std/src/sys/backtrace.rs:42:9
[INFO] [stdout]    8:     0x63e351dbc32d - std::panicking::default_hook::{{closure}}::h77172f079a1fcb13
[INFO] [stdout]                                at /rustc/202008a1b8de96d2e5b6bc02d379db03a877d34d/library/std/src/panicking.rs:268:22
[INFO] [stdout]    9:     0x63e351dbc137 - std::panicking::default_hook::he5f8e3b203ccddba
[INFO] [stdout]                                at /rustc/202008a1b8de96d2e5b6bc02d379db03a877d34d/library/std/src/panicking.rs:292:9
[INFO] [stdout]   10:     0x63e351d517e7 - <alloc::boxed::Box<F,A> as core::ops::function::Fn<Args>>::call::h7a3c7b4a1ae77f2f
[INFO] [stdout]                                at /rustc/202008a1b8de96d2e5b6bc02d379db03a877d34d/library/alloc/src/boxed.rs:1986:9
[INFO] [stdout]   11:     0x63e351d517e7 - test::test_main::{{closure}}::hf0d3b69ae9b353d1
[INFO] [stdout]                                at /rustc/202008a1b8de96d2e5b6bc02d379db03a877d34d/library/test/src/lib.rs:134:21
[INFO] [stdout]   12:     0x63e351dbc9d8 - <alloc::boxed::Box<F,A> as core::ops::function::Fn<Args>>::call::h6332e82e7b189abd
[INFO] [stdout]                                at /rustc/202008a1b8de96d2e5b6bc02d379db03a877d34d/library/alloc/src/boxed.rs:1986:9
[INFO] [stdout]   13:     0x63e351dbc9d8 - std::panicking::rust_panic_with_hook::h53863d4e9018df39
[INFO] [stdout]                                at /rustc/202008a1b8de96d2e5b6bc02d379db03a877d34d/library/std/src/panicking.rs:809:13
[INFO] [stdout]   14:     0x63e351dbc79a - std::panicking::begin_panic_handler::{{closure}}::h67280e6fa0757873
[INFO] [stdout]                                at /rustc/202008a1b8de96d2e5b6bc02d379db03a877d34d/library/std/src/panicking.rs:674:13
[INFO] [stdout]   15:     0x63e351dbb389 - std::sys::backtrace::__rust_end_short_backtrace::h1dac3f54d6fbbeb2
[INFO] [stdout]                                at /rustc/202008a1b8de96d2e5b6bc02d379db03a877d34d/library/std/src/sys/backtrace.rs:170:18
[INFO] [stdout]   16:     0x63e351dbc42c - rust_begin_unwind
[INFO] [stdout]                                at /rustc/202008a1b8de96d2e5b6bc02d379db03a877d34d/library/std/src/panicking.rs:665:5
[INFO] [stdout]   17:     0x63e351cff0d0 - core::panicking::panic_fmt::h6792bd1b2bf01041
[INFO] [stdout]                                at /rustc/202008a1b8de96d2e5b6bc02d379db03a877d34d/library/core/src/panicking.rs:76:14
[INFO] [stdout]   18:     0x63e351cff516 - core::result::unwrap_failed::h05e0602ed34287c5
[INFO] [stdout]                                at /rustc/202008a1b8de96d2e5b6bc02d379db03a877d34d/library/core/src/result.rs:1699:5
[INFO] [stdout]   19:     0x63e351d0d87f - core::result::Result<T,E>::unwrap::h5daa14e2bb588378
[INFO] [stdout]                                at /rustc/202008a1b8de96d2e5b6bc02d379db03a877d34d/library/core/src/result.rs:1104:23
[INFO] [stdout]   20:     0x63e351d0d87f - cstea::pour::pour_to_csv::h1f5d5c4f464c7088
[INFO] [stdout]                                at /opt/rustwide/workdir/src/pour.rs:77:24
[INFO] [stdout]   21:     0x63e351d0dee3 - cstea::pour::PourCsTea::new::{{closure}}::h6ab344aee62aa80e
[INFO] [stdout]                                at /opt/rustwide/workdir/src/pour.rs:53:17
[INFO] [stdout]   22:     0x63e351d0b915 - core::ops::function::FnOnce::call_once::h036760d1901d97fc
[INFO] [stdout]                                at /rustc/202008a1b8de96d2e5b6bc02d379db03a877d34d/library/core/src/ops/function.rs:250:5
[INFO] [stdout]   23:     0x63e351d0b8af - core::ops::function::Fn::call::h4b2c2b9ae216ecdb
[INFO] [stdout]                                at /rustc/202008a1b8de96d2e5b6bc02d379db03a877d34d/library/core/src/ops/function.rs:79:5
[INFO] [stdout]   24:     0x63e351d03df2 - <alloc::boxed::Box<F,A> as core::ops::function::Fn<Args>>::call::h587aaf1a268b59de
[INFO] [stdout]                                at /rustc/202008a1b8de96d2e5b6bc02d379db03a877d34d/library/alloc/src/boxed.rs:1986:9
[INFO] [stdout]   25:     0x63e351d16ebe - <rettle::ingredient::Pour<T> as rettle::ingredient::Ingredient<T>>::exec::h21bd73249668870d
[INFO] [stdout]                                at /opt/rustwide/cargo-home/registry/src/index.crates.io-6f17d22bba15001f/rettle-2.0.0/src/ingredient.rs:138:9
[INFO] [stdout]   26:     0x63e351d0ec1e - rettle::brewery::make_tea::hc0348db9364bdeaf
[INFO] [stdout]                                at /opt/rustwide/cargo-home/registry/src/index.crates.io-6f17d22bba15001f/rettle-2.0.0/src/brewery.rs:172:25
[INFO] [stdout]   27:     0x63e351d08699 - cstea::fill::call_brewery::{{closure}}::hb87fdc5baca34c18
[INFO] [stdout]                                at /opt/rustwide/workdir/src/fill.rs:80:9
[INFO] [stdout]   28:     0x63e351d06e4b - <F as rettle::brewery::FnBox>::call_box::hb109aa2a9d418c14
[INFO] [stdout]                                at /opt/rustwide/cargo-home/registry/src/index.crates.io-6f17d22bba15001f/rettle-2.0.0/src/brewery.rs:22:9
[INFO] [stdout]   29:     0x63e351d825e5 - rettle::brewery::Brewer::new::{{closure}}::h4caca060e4dd58d9
[INFO] [stdout]                                at /opt/rustwide/cargo-home/registry/src/index.crates.io-6f17d22bba15001f/rettle-2.0.0/src/brewery.rs:136:25
[INFO] [stdout]   30:     0x63e351d7b9a3 - std::sys::backtrace::__rust_begin_short_backtrace::h8f054d22c6f07088
[INFO] [stdout]                                at /rustc/202008a1b8de96d2e5b6bc02d379db03a877d34d/library/std/src/sys/backtrace.rs:154:18
[INFO] [stdout]   31:     0x63e351d8f973 - std::thread::Builder::spawn_unchecked_::{{closure}}::{{closure}}::h1672df0a09aaae75
[INFO] [stdout]                                at /rustc/202008a1b8de96d2e5b6bc02d379db03a877d34d/library/std/src/thread/mod.rs:561:17
[INFO] [stdout]   32:     0x63e351d7b751 - <core::panic::unwind_safe::AssertUnwindSafe<F> as core::ops::function::FnOnce<()>>::call_once::h24282a2684d785bc
[INFO] [stdout]                                at /rustc/202008a1b8de96d2e5b6bc02d379db03a877d34d/library/core/src/panic/unwind_safe.rs:272:9
[INFO] [stdout]   33:     0x63e351d84ed1 - std::panicking::try::do_call::h7fec8f0410dfee44
[INFO] [stdout]                                at /rustc/202008a1b8de96d2e5b6bc02d379db03a877d34d/library/std/src/panicking.rs:557:40
[INFO] [stdout]   34:     0x63e351d8ffeb - __rust_try
[INFO] [stdout]   35:     0x63e351d8f599 - std::panicking::try::h2c729500c16c4ff9
[INFO] [stdout]                                at /rustc/202008a1b8de96d2e5b6bc02d379db03a877d34d/library/std/src/panicking.rs:520:19
[INFO] [stdout]   36:     0x63e351d8f599 - std::panic::catch_unwind::hf585f610e926a382
[INFO] [stdout]                                at /rustc/202008a1b8de96d2e5b6bc02d379db03a877d34d/library/std/src/panic.rs:358:14
[INFO] [stdout]   37:     0x63e351d8f599 - std::thread::Builder::spawn_unchecked_::{{closure}}::h36fda509afd3359a
[INFO] [stdout]                                at /rustc/202008a1b8de96d2e5b6bc02d379db03a877d34d/library/std/src/thread/mod.rs:559:30
[INFO] [stdout]   38:     0x63e351d7c1ef - core::ops::function::FnOnce::call_once{{vtable.shim}}::heb5ba9441384703b
[INFO] [stdout]                                at /rustc/202008a1b8de96d2e5b6bc02d379db03a877d34d/library/core/src/ops/function.rs:250:5
[INFO] [stdout]   39:     0x63e351dc0a0b - <alloc::boxed::Box<F,A> as core::ops::function::FnOnce<Args>>::call_once::h42f0ba71002a1b2c
[INFO] [stdout]                                at /rustc/202008a1b8de96d2e5b6bc02d379db03a877d34d/library/alloc/src/boxed.rs:1972:9
[INFO] [stdout]   40:     0x63e351dc0a0b - <alloc::boxed::Box<F,A> as core::ops::function::FnOnce<Args>>::call_once::had9e47d7a3dcecb8
[INFO] [stdout]                                at /rustc/202008a1b8de96d2e5b6bc02d379db03a877d34d/library/alloc/src/boxed.rs:1972:9
[INFO] [stdout]   41:     0x63e351dc0a0b - std::sys::pal::unix::thread::Thread::new::thread_start::h48cf765408f6f5f2
[INFO] [stdout]                                at /rustc/202008a1b8de96d2e5b6bc02d379db03a877d34d/library/std/src/sys/pal/unix/thread.rs:105:17
[INFO] [stdout]   42:     0x74c60b92fac3 - <unknown>
[INFO] [stdout]   43:     0x74c60b9c0a04 - clone
[INFO] [stdout]   44:                0x0 - <unknown>
[INFO] [stdout] thread '<unnamed>' panicked at /opt/rustwide/workdir/src/pour.rs:82:18:
[INFO] [stdout] called `Result::unwrap()` on an `Err` value: Os { code: 30, kind: ReadOnlyFilesystem, message: "Read-only file system" }
[INFO] [stdout] stack backtrace:
[INFO] [stdout]    0:     0x63e351dbaeaa - std::backtrace_rs::backtrace::libunwind::trace::h8810477743020387
[INFO] [stdout]                                at /rustc/202008a1b8de96d2e5b6bc02d379db03a877d34d/library/std/src/../../backtrace/src/backtrace/libunwind.rs:116:5
[INFO] [stdout]    1:     0x63e351dbaeaa - std::backtrace_rs::backtrace::trace_unsynchronized::h3aa55355dd6c54a6
[INFO] [stdout]                                at /rustc/202008a1b8de96d2e5b6bc02d379db03a877d34d/library/std/src/../../backtrace/src/backtrace/mod.rs:66:5
[INFO] [stdout]    2:     0x63e351dbaeaa - std::sys::backtrace::_print_fmt::h8588b0f62410823f
[INFO] [stdout]                                at /rustc/202008a1b8de96d2e5b6bc02d379db03a877d34d/library/std/src/sys/backtrace.rs:66:9
[INFO] [stdout]    3:     0x63e351dbaeaa - <std::sys::backtrace::BacktraceLock::print::DisplayBacktrace as core::fmt::Display>::fmt::h98c26ac25ffe89bb
[INFO] [stdout]                                at /rustc/202008a1b8de96d2e5b6bc02d379db03a877d34d/library/std/src/sys/backtrace.rs:39:26
[INFO] [stdout]    4:     0x63e351de1f43 - core::fmt::rt::Argument::fmt::hf95377f4aebd453b
[INFO] [stdout]                                at /rustc/202008a1b8de96d2e5b6bc02d379db03a877d34d/library/core/src/fmt/rt.rs:177:76
[INFO] [stdout]    5:     0x63e351de1f43 - core::fmt::write::h0dd5f6e2238c7982
[INFO] [stdout]                                at /rustc/202008a1b8de96d2e5b6bc02d379db03a877d34d/library/core/src/fmt/mod.rs:1189:21
[INFO] [stdout]    6:     0x63e351db8043 - std::io::Write::write_fmt::h03bb0ca26e6faf8c
[INFO] [stdout]                                at /rustc/202008a1b8de96d2e5b6bc02d379db03a877d34d/library/std/src/io/mod.rs:1884:15
[INFO] [stdout]    7:     0x63e351dbacf2 - std::sys::backtrace::BacktraceLock::print::h5c19c1c038ee186d
[INFO] [stdout]                                at /rustc/202008a1b8de96d2e5b6bc02d379db03a877d34d/library/std/src/sys/backtrace.rs:42:9
[INFO] [stdout]    8:     0x63e351dbc32d - std::panicking::default_hook::{{closure}}::h77172f079a1fcb13
[INFO] [stdout]                                at /rustc/202008a1b8de96d2e5b6bc02d379db03a877d34d/library/std/src/panicking.rs:268:22
[INFO] [stdout]    9:     0x63e351dbc137 - std::panicking::default_hook::he5f8e3b203ccddba
[INFO] [stdout]                                at /rustc/202008a1b8de96d2e5b6bc02d379db03a877d34d/library/std/src/panicking.rs:292:9
[INFO] [stdout]   10:     0x63e351d517e7 - <alloc::boxed::Box<F,A> as core::ops::function::Fn<Args>>::call::h7a3c7b4a1ae77f2f
[INFO] [stdout]                                at /rustc/202008a1b8de96d2e5b6bc02d379db03a877d34d/library/alloc/src/boxed.rs:1986:9
[INFO] [stdout]   11:     0x63e351d517e7 - test::test_main::{{closure}}::hf0d3b69ae9b353d1
[INFO] [stdout]                                at /rustc/202008a1b8de96d2e5b6bc02d379db03a877d34d/library/test/src/lib.rs:134:21
[INFO] [stdout]   12:     0x63e351dbc9d8 - <alloc::boxed::Box<F,A> as core::ops::function::Fn<Args>>::call::h6332e82e7b189abd
[INFO] [stdout]                                at /rustc/202008a1b8de96d2e5b6bc02d379db03a877d34d/library/alloc/src/boxed.rs:1986:9
[INFO] [stdout]   13:     0x63e351dbc9d8 - std::panicking::rust_panic_with_hook::h53863d4e9018df39
[INFO] [stdout]                                at /rustc/202008a1b8de96d2e5b6bc02d379db03a877d34d/library/std/src/panicking.rs:809:13
[INFO] [stdout]   14:     0x63e351dbc79a - std::panicking::begin_panic_handler::{{closure}}::h67280e6fa0757873
[INFO] [stdout]                                at /rustc/202008a1b8de96d2e5b6bc02d379db03a877d34d/library/std/src/panicking.rs:674:13
[INFO] [stdout]   15:     0x63e351dbb389 - std::sys::backtrace::__rust_end_short_backtrace::h1dac3f54d6fbbeb2
[INFO] [stdout]                                at /rustc/202008a1b8de96d2e5b6bc02d379db03a877d34d/library/std/src/sys/backtrace.rs:170:18
[INFO] [stdout]   16:     0x63e351dbc42c - rust_begin_unwind
[INFO] [stdout]                                at /rustc/202008a1b8de96d2e5b6bc02d379db03a877d34d/library/std/src/panicking.rs:665:5
[INFO] [stdout]   17:     0x63e351cff0d0 - core::panicking::panic_fmt::h6792bd1b2bf01041
[INFO] [stdout]                                at /rustc/202008a1b8de96d2e5b6bc02d379db03a877d34d/library/core/src/panicking.rs:76:14
[INFO] [stdout]   18:     0x63e351cff516 - core::result::unwrap_failed::h05e0602ed34287c5
[INFO] [stdout]                                at /rustc/202008a1b8de96d2e5b6bc02d379db03a877d34d/library/core/src/result.rs:1699:5
[INFO] [stdout]   19:     0x63e351d0d87f - core::result::Result<T,E>::unwrap::h5daa14e2bb588378
[INFO] [stdout]                                at /rustc/202008a1b8de96d2e5b6bc02d379db03a877d34d/library/core/src/result.rs:1104:23
[INFO] [stdout]   20:     0x63e351d0d87f - cstea::pour::pour_to_csv::h1f5d5c4f464c7088
[INFO] [stdout]                                at /opt/rustwide/workdir/src/pour.rs:77:24
[INFO] [stdout]   21:     0x63e351d0dee3 - cstea::pour::PourCsTea::new::{{closure}}::h6ab344aee62aa80e
[INFO] [stdout]                                at /opt/rustwide/workdir/src/pour.rs:53:17
[INFO] [stdout]   22:     0x63e351d0b915 - core::ops::function::FnOnce::call_once::h036760d1901d97fc
[INFO] [stdout]                                at /rustc/202008a1b8de96d2e5b6bc02d379db03a877d34d/library/core/src/ops/function.rs:250:5
[INFO] [stdout]   23:     0x63e351d0b8af - core::ops::function::Fn::call::h4b2c2b9ae216ecdb
[INFO] [stdout]                                at /rustc/202008a1b8de96d2e5b6bc02d379db03a877d34d/library/core/src/ops/function.rs:79:5
[INFO] [stdout]   24:     0x63e351d03df2 - <alloc::boxed::Box<F,A> as core::ops::function::Fn<Args>>::call::h587aaf1a268b59de
[INFO] [stdout]                                at /rustc/202008a1b8de96d2e5b6bc02d379db03a877d34d/library/alloc/src/boxed.rs:1986:9
[INFO] [stdout]   25:     0x63e351d16ebe - <rettle::ingredient::Pour<T> as rettle::ingredient::Ingredient<T>>::exec::h21bd73249668870d
[INFO] [stdout]                                at /opt/rustwide/cargo-home/registry/src/index.crates.io-6f17d22bba15001f/rettle-2.0.0/src/ingredient.rs:138:9
[INFO] [stdout]   26:     0x63e351d0ec1e - rettle::brewery::make_tea::hc0348db9364bdeaf
[INFO] [stdout]                                at /opt/rustwide/cargo-home/registry/src/index.crates.io-6f17d22bba15001f/rettle-2.0.0/src/brewery.rs:172:25
[INFO] [stdout]   27:     0x63e351d08699 - cstea::fill::call_brewery::{{closure}}::hb87fdc5baca34c18
[INFO] [stdout]                                at /opt/rustwide/workdir/src/fill.rs:80:9
[INFO] [stdout]   28:     0x63e351d06e4b - <F as rettle::brewery::FnBox>::call_box::hb109aa2a9d418c14
[INFO] [stdout]                                at /opt/rustwide/cargo-home/registry/src/index.crates.io-6f17d22bba15001f/rettle-2.0.0/src/brewery.rs:22:9
[INFO] [stdout]   29:     0x63e351d825e5 - rettle::brewery::Brewer::new::{{closure}}::h4caca060e4dd58d9
[INFO] [stdout]                                at /opt/rustwide/cargo-home/registry/src/index.crates.io-6f17d22bba15001f/rettle-2.0.0/src/brewery.rs:136:25
[INFO] [stdout]   30:     0x63e351d7b9a3 - std::sys::backtrace::__rust_begin_short_backtrace::h8f054d22c6f07088
[INFO] [stdout]                                at /rustc/202008a1b8de96d2e5b6bc02d379db03a877d34d/library/std/src/sys/backtrace.rs:154:18
[INFO] [stdout]   31:     0x63e351d8f973 - std::thread::Builder::spawn_unchecked_::{{closure}}::{{closure}}::h1672df0a09aaae75
[INFO] [stdout]                                at /rustc/202008a1b8de96d2e5b6bc02d379db03a877d34d/library/std/src/thread/mod.rs:561:17
[INFO] [stdout]   32:     0x63e351d7b751 - <core::panic::unwind_safe::AssertUnwindSafe<F> as core::ops::function::FnOnce<()>>::call_once::h24282a2684d785bc
[INFO] [stdout]                                at /rustc/202008a1b8de96d2e5b6bc02d379db03a877d34d/library/core/src/panic/unwind_safe.rs:272:9
[INFO] [stdout]   33:     0x63e351d84ed1 - std::panicking::try::do_call::h7fec8f0410dfee44
[INFO] [stdout]                                at /rustc/202008a1b8de96d2e5b6bc02d379db03a877d34d/library/std/src/panicking.rs:557:40
[INFO] [stdout]   34:     0x63e351d8ffeb - __rust_try
[INFO] [stdout]   35:     0x63e351d8f599 - std::panicking::try::h2c729500c16c4ff9
[INFO] [stdout]                                at /rustc/202008a1b8de96d2e5b6bc02d379db03a877d34d/library/std/src/panicking.rs:520:19
[INFO] [stdout]   36:     0x63e351d8f599 - std::panic::catch_unwind::hf585f610e926a382
[INFO] [stdout]                                at /rustc/202008a1b8de96d2e5b6bc02d379db03a877d34d/library/std/src/panic.rs:358:14
[INFO] [stdout]   37:     0x63e351d8f599 - std::thread::Builder::spawn_unchecked_::{{closure}}::h36fda509afd3359a
[INFO] [stdout]                                at /rustc/202008a1b8de96d2e5b6bc02d379db03a877d34d/library/std/src/thread/mod.rs:559:30
[INFO] [stdout]   38:     0x63e351d7c1ef - core::ops::function::FnOnce::call_once{{vtable.shim}}::heb5ba9441384703b
[INFO] [stdout]                                at /rustc/202008a1b8de96d2e5b6bc02d379db03a877d34d/library/core/src/ops/function.rs:250:5
[INFO] [stdout]   39:     0x63e351dc0a0b - <alloc::boxed::Box<F,A> as core::ops::function::FnOnce<Args>>::call_once::h42f0ba71002a1b2c
[INFO] [stdout]                                at /rustc/202008a1b8de96d2e5b6bc02d379db03a877d34d/library/alloc/src/boxed.rs:1972:9
[INFO] [stdout]   40:     0x63e351dc0a0b - <alloc::boxed::Box<F,A> as core::ops::function::FnOnce<Args>>::call_once::had9e47d7a3dcecb8
[INFO] [stdout]                                at /rustc/202008a1b8de96d2e5b6bc02d379db03a877d34d/library/alloc/src/boxed.rs:1972:9
[INFO] [stdout]   41:     0x63e351dc0a0b - std::sys::pal::unix::thread::Thread::new::thread_start::h48cf765408f6f5f2
[INFO] [stdout]                                at /rustc/202008a1b8de96d2e5b6bc02d379db03a877d34d/library/std/src/sys/pal/unix/thread.rs:105:17
[INFO] [stdout]   42:     0x74c60b92fac3 - <unknown>
[INFO] [stdout]   43:     0x74c60b9c0a04 - clone
[INFO] [stdout]   44:                0x0 - <unknown>
[INFO] [stdout] thread 'test_fill_pour' panicked at tests/fill_pour_integration.rs:46:59:
[INFO] [stdout] called `Result::unwrap()` on an `Err` value: Os { code: 2, kind: NotFound, message: "No such file or directory" }
[INFO] [stdout] stack backtrace:
[INFO] [stdout]    0:     0x63e351dbaeaa - std::backtrace_rs::backtrace::libunwind::trace::h8810477743020387
[INFO] [stdout]                                at /rustc/202008a1b8de96d2e5b6bc02d379db03a877d34d/library/std/src/../../backtrace/src/backtrace/libunwind.rs:116:5
[INFO] [stdout]    1:     0x63e351dbaeaa - std::backtrace_rs::backtrace::trace_unsynchronized::h3aa55355dd6c54a6
[INFO] [stdout]                                at /rustc/202008a1b8de96d2e5b6bc02d379db03a877d34d/library/std/src/../../backtrace/src/backtrace/mod.rs:66:5
[INFO] [stdout]    2:     0x63e351dbaeaa - std::sys::backtrace::_print_fmt::h8588b0f62410823f
[INFO] [stdout]                                at /rustc/202008a1b8de96d2e5b6bc02d379db03a877d34d/library/std/src/sys/backtrace.rs:66:9
[INFO] [stdout]    3:     0x63e351dbaeaa - <std::sys::backtrace::BacktraceLock::print::DisplayBacktrace as core::fmt::Display>::fmt::h98c26ac25ffe89bb
[INFO] [stdout]                                at /rustc/202008a1b8de96d2e5b6bc02d379db03a877d34d/library/std/src/sys/backtrace.rs:39:26
[INFO] [stdout]    4:     0x63e351de1f43 - core::fmt::rt::Argument::fmt::hf95377f4aebd453b
[INFO] [stdout]                                at /rustc/202008a1b8de96d2e5b6bc02d379db03a877d34d/library/core/src/fmt/rt.rs:177:76
[INFO] [stdout]    5:     0x63e351de1f43 - core::fmt::write::h0dd5f6e2238c7982
[INFO] [stdout]                                at /rustc/202008a1b8de96d2e5b6bc02d379db03a877d34d/library/core/src/fmt/mod.rs:1189:21
[INFO] [stdout]    6:     0x63e351db8043 - std::io::Write::write_fmt::h03bb0ca26e6faf8c
[INFO] [stdout]                                at /rustc/202008a1b8de96d2e5b6bc02d379db03a877d34d/library/std/src/io/mod.rs:1884:15
[INFO] [stdout]    7:     0x63e351dbacf2 - std::sys::backtrace::BacktraceLock::print::h5c19c1c038ee186d
[INFO] [stdout]                                at /rustc/202008a1b8de96d2e5b6bc02d379db03a877d34d/library/std/src/sys/backtrace.rs:42:9
[INFO] [stdout]    8:     0x63e351dbc32d - std::panicking::default_hook::{{closure}}::h77172f079a1fcb13
[INFO] [stdout]                                at /rustc/202008a1b8de96d2e5b6bc02d379db03a877d34d/library/std/src/panicking.rs:268:22
[INFO] [stdout]    9:     0x63e351dbc137 - std::panicking::default_hook::he5f8e3b203ccddba
[INFO] [stdout]                                at /rustc/202008a1b8de96d2e5b6bc02d379db03a877d34d/library/std/src/panicking.rs:292:9
[INFO] [stdout]   10:     0x63e351d517e7 - <alloc::boxed::Box<F,A> as core::ops::function::Fn<Args>>::call::h7a3c7b4a1ae77f2f
[INFO] [stdout]                                at /rustc/202008a1b8de96d2e5b6bc02d379db03a877d34d/library/alloc/src/boxed.rs:1986:9
[INFO] [stdout]   11:     0x63e351d517e7 - test::test_main::{{closure}}::hf0d3b69ae9b353d1
[INFO] [stdout]                                at /rustc/202008a1b8de96d2e5b6bc02d379db03a877d34d/library/test/src/lib.rs:134:21
[INFO] [stdout]   12:     0x63e351dbc9d8 - <alloc::boxed::Box<F,A> as core::ops::function::Fn<Args>>::call::h6332e82e7b189abd
[INFO] [stdout]                                at /rustc/202008a1b8de96d2e5b6bc02d379db03a877d34d/library/alloc/src/boxed.rs:1986:9
[INFO] [stdout]   13:     0x63e351dbc9d8 - std::panicking::rust_panic_with_hook::h53863d4e9018df39
[INFO] [stdout]                                at /rustc/202008a1b8de96d2e5b6bc02d379db03a877d34d/library/std/src/panicking.rs:809:13
[INFO] [stdout]   14:     0x63e351dbc79a - std::panicking::begin_panic_handler::{{closure}}::h67280e6fa0757873
[INFO] [stdout]                                at /rustc/202008a1b8de96d2e5b6bc02d379db03a877d34d/library/std/src/panicking.rs:674:13
[INFO] [stdout]   15:     0x63e351dbb389 - std::sys::backtrace::__rust_end_short_backtrace::h1dac3f54d6fbbeb2
[INFO] [stdout]                                at /rustc/202008a1b8de96d2e5b6bc02d379db03a877d34d/library/std/src/sys/backtrace.rs:170:18
[INFO] [stdout]   16:     0x63e351dbc42c - rust_begin_unwind
[INFO] [stdout]                                at /rustc/202008a1b8de96d2e5b6bc02d379db03a877d34d/library/std/src/panicking.rs:665:5
[INFO] [stdout]   17:     0x63e351cff0d0 - core::panicking::panic_fmt::h6792bd1b2bf01041
[INFO] [stdout]                                at /rustc/202008a1b8de96d2e5b6bc02d379db03a877d34d/library/core/src/panicking.rs:76:14
[INFO] [stdout]   18:     0x63e351cff516 - core::result::unwrap_failed::h05e0602ed34287c5
[INFO] [stdout]                                at /rustc/202008a1b8de96d2e5b6bc02d379db03a877d34d/library/core/src/result.rs:1699:5
[INFO] [stdout]   19:     0x63e351d11817 - core::result::Result<T,E>::unwrap::h5daa14e2bb588378
[INFO] [stdout]                                at /rustc/202008a1b8de96d2e5b6bc02d379db03a877d34d/library/core/src/result.rs:1104:23
[INFO] [stdout]   20:     0x63e351d11817 - fill_pour_integration::test_fill_pour::h7b31a64e166fd8c3
[INFO] [stdout]                                at /opt/rustwide/workdir/tests/fill_pour_integration.rs:46:23
[INFO] [stdout]   21:     0x63e351d11237 - fill_pour_integration::test_fill_pour::{{closure}}::h9b65a450387d79bd
[INFO] [stdout]                                at /opt/rustwide/workdir/tests/fill_pour_integration.rs:25:20
[INFO] [stdout]   22:     0x63e351d0bb26 - core::ops::function::FnOnce::call_once::hf2baa898b7f5ddea
[INFO] [stdout]                                at /rustc/202008a1b8de96d2e5b6bc02d379db03a877d34d/library/core/src/ops/function.rs:250:5
[INFO] [stdout]   23:     0x63e351d5630b - core::ops::function::FnOnce::call_once::h871bf86719ec9aa4
[INFO] [stdout]                                at /rustc/202008a1b8de96d2e5b6bc02d379db03a877d34d/library/core/src/ops/function.rs:250:5
[INFO] [stdout]   24:     0x63e351d5630b - test::__rust_begin_short_backtrace::h2167df1e2b7d76fd
[INFO] [stdout]                                at /rustc/202008a1b8de96d2e5b6bc02d379db03a877d34d/library/test/src/lib.rs:632:18
[INFO] [stdout]   25:     0x63e351d55cf8 - test::run_test_in_process::{{closure}}::h15d92f75a3adfb79
[INFO] [stdout]                                at /rustc/202008a1b8de96d2e5b6bc02d379db03a877d34d/library/test/src/lib.rs:655:60
[INFO] [stdout]   26:     0x63e351d55cf8 - <core::panic::unwind_safe::AssertUnwindSafe<F> as core::ops::function::FnOnce<()>>::call_once::hb6c8955835a8dbbb
[INFO] [stdout]                                at /rustc/202008a1b8de96d2e5b6bc02d379db03a877d34d/library/core/src/panic/unwind_safe.rs:272:9
[INFO] [stdout]   27:     0x63e351d55cf8 - std::panicking::try::do_call::hc79d0fc888a0bd30
[INFO] [stdout]                                at /rustc/202008a1b8de96d2e5b6bc02d379db03a877d34d/library/std/src/panicking.rs:557:40
[INFO] [stdout]   28:     0x63e351d55cf8 - std::panicking::try::hb8a7878e3a8589d6
[INFO] [stdout]                                at /rustc/202008a1b8de96d2e5b6bc02d379db03a877d34d/library/std/src/panicking.rs:520:19
[INFO] [stdout]   29:     0x63e351d55cf8 - std::panic::catch_unwind::hb8e4600ff0ff5cfa
[INFO] [stdout]                                at /rustc/202008a1b8de96d2e5b6bc02d379db03a877d34d/library/std/src/panic.rs:358:14
[INFO] [stdout]   30:     0x63e351d55cf8 - test::run_test_in_process::hc2900b0b18688dd6
[INFO] [stdout]                                at /rustc/202008a1b8de96d2e5b6bc02d379db03a877d34d/library/test/src/lib.rs:655:27
[INFO] [stdout]   31:     0x63e351d55cf8 - test::run_test::{{closure}}::hac2a9cb07be3d48d
[INFO] [stdout]                                at /rustc/202008a1b8de96d2e5b6bc02d379db03a877d34d/library/test/src/lib.rs:576:43
[INFO] [stdout]   32:     0x63e351d1979a - test::run_test::{{closure}}::h4a5b729e66a38cd8
[INFO] [stdout]                                at /rustc/202008a1b8de96d2e5b6bc02d379db03a877d34d/library/test/src/lib.rs:606:41
[INFO] [stdout]   33:     0x63e351d1979a - std::sys::backtrace::__rust_begin_short_backtrace::h0496fb742492f573
[INFO] [stdout]                                at /rustc/202008a1b8de96d2e5b6bc02d379db03a877d34d/library/std/src/sys/backtrace.rs:154:18
[INFO] [stdout]   34:     0x63e351d1d114 - std::thread::Builder::spawn_unchecked_::{{closure}}::{{closure}}::hbb6d257c550a54bd
[INFO] [stdout]                                at /rustc/202008a1b8de96d2e5b6bc02d379db03a877d34d/library/std/src/thread/mod.rs:561:17
[INFO] [stdout]   35:     0x63e351d1d114 - <core::panic::unwind_safe::AssertUnwindSafe<F> as core::ops::function::FnOnce<()>>::call_once::h46696fe4a6832328
[INFO] [stdout]                                at /rustc/202008a1b8de96d2e5b6bc02d379db03a877d34d/library/core/src/panic/unwind_safe.rs:272:9
[INFO] [stdout]   36:     0x63e351d1d114 - std::panicking::try::do_call::h2625a51b667bfb64
[INFO] [stdout]                                at /rustc/202008a1b8de96d2e5b6bc02d379db03a877d34d/library/std/src/panicking.rs:557:40
[INFO] [stdout]   37:     0x63e351d1d114 - std::panicking::try::hb956a59a1973aa4c
[INFO] [stdout]                                at /rustc/202008a1b8de96d2e5b6bc02d379db03a877d34d/library/std/src/panicking.rs:520:19
[INFO] [stdout]   38:     0x63e351d1d114 - std::panic::catch_unwind::h64f3b9d1067ef6a0
[INFO] [stdout]                                at /rustc/202008a1b8de96d2e5b6bc02d379db03a877d34d/library/std/src/panic.rs:358:14
[INFO] [stdout]   39:     0x63e351d1d114 - std::thread::Builder::spawn_unchecked_::{{closure}}::h42b2841295b6c0b2
[INFO] [stdout]                                at /rustc/202008a1b8de96d2e5b6bc02d379db03a877d34d/library/std/src/thread/mod.rs:559:30
[INFO] [stdout]   40:     0x63e351d1d114 - core::ops::function::FnOnce::call_once{{vtable.shim}}::h6127de71b8124639
[INFO] [stdout]                                at /rustc/202008a1b8de96d2e5b6bc02d379db03a877d34d/library/core/src/ops/function.rs:250:5
[INFO] [stdout]   41:     0x63e351dc0a0b - <alloc::boxed::Box<F,A> as core::ops::function::FnOnce<Args>>::call_once::h42f0ba71002a1b2c
[INFO] [stdout]                                at /rustc/202008a1b8de96d2e5b6bc02d379db03a877d34d/library/alloc/src/boxed.rs:1972:9
[INFO] [stdout]   42:     0x63e351dc0a0b - <alloc::boxed::Box<F,A> as core::ops::function::FnOnce<Args>>::call_once::had9e47d7a3dcecb8
[INFO] [stdout]                                at /rustc/202008a1b8de96d2e5b6bc02d379db03a877d34d/library/alloc/src/boxed.rs:1972:9
[INFO] [stdout]   43:     0x63e351dc0a0b - std::sys::pal::unix::thread::Thread::new::thread_start::h48cf765408f6f5f2
[INFO] [stdout]                                at /rustc/202008a1b8de96d2e5b6bc02d379db03a877d34d/library/std/src/sys/pal/unix/thread.rs:105:17
[INFO] [stdout]   44:     0x74c60b92fac3 - <unknown>
[INFO] [stdout]   45:     0x74c60b9c0a04 - clone
[INFO] [stdout]   46:                0x0 - <unknown>
[INFO] [stdout] Sending terminate message to all brewers.
[INFO] [stdout] 	Letting go brewer 0
[INFO] [stdout] thread 'test_fill_pour' panicked at /opt/rustwide/cargo-home/registry/src/index.crates.io-6f17d22bba15001f/rettle-2.0.0/src/brewery.rs:100:31:
[INFO] [stdout] called `Result::unwrap()` on an `Err` value: Any { .. }
[INFO] [stdout] stack backtrace:
[INFO] [stdout]    0:     0x63e351dbaeaa - std::backtrace_rs::backtrace::libunwind::trace::h8810477743020387
[INFO] [stdout]                                at /rustc/202008a1b8de96d2e5b6bc02d379db03a877d34d/library/std/src/../../backtrace/src/backtrace/libunwind.rs:116:5
[INFO] [stdout]    1:     0x63e351dbaeaa - std::backtrace_rs::backtrace::trace_unsynchronized::h3aa55355dd6c54a6
[INFO] [stdout]                                at /rustc/202008a1b8de96d2e5b6bc02d379db03a877d34d/library/std/src/../../backtrace/src/backtrace/mod.rs:66:5
[INFO] [stdout]    2:     0x63e351dbaeaa - std::sys::backtrace::_print_fmt::h8588b0f62410823f
[INFO] [stdout]                                at /rustc/202008a1b8de96d2e5b6bc02d379db03a877d34d/library/std/src/sys/backtrace.rs:66:9
[INFO] [stdout]    3:     0x63e351dbaeaa - <std::sys::backtrace::BacktraceLock::print::DisplayBacktrace as core::fmt::Display>::fmt::h98c26ac25ffe89bb
[INFO] [stdout]                                at /rustc/202008a1b8de96d2e5b6bc02d379db03a877d34d/library/std/src/sys/backtrace.rs:39:26
[INFO] [stdout]    4:     0x63e351de1f43 - core::fmt::rt::Argument::fmt::hf95377f4aebd453b
[INFO] [stdout]                                at /rustc/202008a1b8de96d2e5b6bc02d379db03a877d34d/library/core/src/fmt/rt.rs:177:76
[INFO] [stdout]    5:     0x63e351de1f43 - core::fmt::write::h0dd5f6e2238c7982
[INFO] [stdout]                                at /rustc/202008a1b8de96d2e5b6bc02d379db03a877d34d/library/core/src/fmt/mod.rs:1189:21
[INFO] [stdout]    6:     0x63e351db8043 - std::io::Write::write_fmt::h03bb0ca26e6faf8c
[INFO] [stdout]                                at /rustc/202008a1b8de96d2e5b6bc02d379db03a877d34d/library/std/src/io/mod.rs:1884:15
[INFO] [stdout]    7:     0x63e351dbacf2 - std::sys::backtrace::BacktraceLock::print::h5c19c1c038ee186d
[INFO] [stdout]                                at /rustc/202008a1b8de96d2e5b6bc02d379db03a877d34d/library/std/src/sys/backtrace.rs:42:9
[INFO] [stdout]    8:     0x63e351dbc32d - std::panicking::default_hook::{{closure}}::h77172f079a1fcb13
[INFO] [stdout]                                at /rustc/202008a1b8de96d2e5b6bc02d379db03a877d34d/library/std/src/panicking.rs:268:22
[INFO] [stdout]    9:     0x63e351dbc137 - std::panicking::default_hook::he5f8e3b203ccddba
[INFO] [stdout]                                at /rustc/202008a1b8de96d2e5b6bc02d379db03a877d34d/library/std/src/panicking.rs:292:9
[INFO] [stdout]   10:     0x63e351d517e7 - <alloc::boxed::Box<F,A> as core::ops::function::Fn<Args>>::call::h7a3c7b4a1ae77f2f
[INFO] [stdout]                                at /rustc/202008a1b8de96d2e5b6bc02d379db03a877d34d/library/alloc/src/boxed.rs:1986:9
[INFO] [stdout]   11:     0x63e351d517e7 - test::test_main::{{closure}}::hf0d3b69ae9b353d1
[INFO] [stdout]                                at /rustc/202008a1b8de96d2e5b6bc02d379db03a877d34d/library/test/src/lib.rs:134:21
[INFO] [stdout]   12:     0x63e351dbc9d8 - <alloc::boxed::Box<F,A> as core::ops::function::Fn<Args>>::call::h6332e82e7b189abd
[INFO] [stdout]                                at /rustc/202008a1b8de96d2e5b6bc02d379db03a877d34d/library/alloc/src/boxed.rs:1986:9
[INFO] [stdout]   13:     0x63e351dbc9d8 - std::panicking::rust_panic_with_hook::h53863d4e9018df39
[INFO] [stdout]                                at /rustc/202008a1b8de96d2e5b6bc02d379db03a877d34d/library/std/src/panicking.rs:809:13
[INFO] [stdout]   14:     0x63e351dbc79a - std::panicking::begin_panic_handler::{{closure}}::h67280e6fa0757873
[INFO] [stdout]                                at /rustc/202008a1b8de96d2e5b6bc02d379db03a877d34d/library/std/src/panicking.rs:674:13
[INFO] [stdout]   15:     0x63e351dbb389 - std::sys::backtrace::__rust_end_short_backtrace::h1dac3f54d6fbbeb2
[INFO] [stdout]                                at /rustc/202008a1b8de96d2e5b6bc02d379db03a877d34d/library/std/src/sys/backtrace.rs:170:18
[INFO] [stdout]   16:     0x63e351dbc42c - rust_begin_unwind
[INFO] [stdout]                                at /rustc/202008a1b8de96d2e5b6bc02d379db03a877d34d/library/std/src/panicking.rs:665:5
[INFO] [stdout]   17:     0x63e351cff0d0 - core::panicking::panic_fmt::h6792bd1b2bf01041
[INFO] [stdout]                                at /rustc/202008a1b8de96d2e5b6bc02d379db03a877d34d/library/core/src/panicking.rs:76:14
[INFO] [stdout]   18:     0x63e351cff516 - core::result::unwrap_failed::h05e0602ed34287c5
[INFO] [stdout]                                at /rustc/202008a1b8de96d2e5b6bc02d379db03a877d34d/library/core/src/result.rs:1699:5
[INFO] [stdout]   19:     0x63e351d82191 - core::result::Result<T,E>::unwrap::h74439c03ad14c13f
[INFO] [stdout]                                at /rustc/202008a1b8de96d2e5b6bc02d379db03a877d34d/library/core/src/result.rs:1104:23
[INFO] [stdout]   20:     0x63e351d82191 - <rettle::brewery::Brewery as core::ops::drop::Drop>::drop::hf973b50c95e3e75c
[INFO] [stdout]                                at /opt/rustwide/cargo-home/registry/src/index.crates.io-6f17d22bba15001f/rettle-2.0.0/src/brewery.rs:100:17
[INFO] [stdout]   21:     0x63e351d0c477 - core::ptr::drop_in_place<rettle::brewery::Brewery>::h6190b0b88fd7640d
[INFO] [stdout]                                at /rustc/202008a1b8de96d2e5b6bc02d379db03a877d34d/library/core/src/ptr/mod.rs:521:1
[INFO] [stdout]   22:     0x63e351d1149a - fill_pour_integration::test_fill_pour::h7b31a64e166fd8c3
[INFO] [stdout]                                at /opt/rustwide/workdir/tests/fill_pour_integration.rs:69:1
[INFO] [stdout]   23:     0x63e351d11237 - fill_pour_integration::test_fill_pour::{{closure}}::h9b65a450387d79bd
[INFO] [stdout]                                at /opt/rustwide/workdir/tests/fill_pour_integration.rs:25:20
[INFO] [stdout]   24:     0x63e351d0bb26 - core::ops::function::FnOnce::call_once::hf2baa898b7f5ddea
[INFO] [stdout]                                at /rustc/202008a1b8de96d2e5b6bc02d379db03a877d34d/library/core/src/ops/function.rs:250:5
[INFO] [stdout]   25:     0x63e351d5630b - core::ops::function::FnOnce::call_once::h871bf86719ec9aa4
[INFO] [stdout]                                at /rustc/202008a1b8de96d2e5b6bc02d379db03a877d34d/library/core/src/ops/function.rs:250:5
[INFO] [stdout]   26:     0x63e351d5630b - test::__rust_begin_short_backtrace::h2167df1e2b7d76fd
[INFO] [stdout]                                at /rustc/202008a1b8de96d2e5b6bc02d379db03a877d34d/library/test/src/lib.rs:632:18
[INFO] [stdout]   27:     0x63e351d55cf8 - test::run_test_in_process::{{closure}}::h15d92f75a3adfb79
[INFO] [stdout]                                at /rustc/202008a1b8de96d2e5b6bc02d379db03a877d34d/library/test/src/lib.rs:655:60
[INFO] [stdout]   28:     0x63e351d55cf8 - <core::panic::unwind_safe::AssertUnwindSafe<F> as core::ops::function::FnOnce<()>>::call_once::hb6c8955835a8dbbb
[INFO] [stdout]                                at /rustc/202008a1b8de96d2e5b6bc02d379db03a877d34d/library/core/src/panic/unwind_safe.rs:272:9
[INFO] [stdout]   29:     0x63e351d55cf8 - std::panicking::try::do_call::hc79d0fc888a0bd30
[INFO] [stdout]                                at /rustc/202008a1b8de96d2e5b6bc02d379db03a877d34d/library/std/src/panicking.rs:557:40
[INFO] [stdout]   30:     0x63e351d55cf8 - std::panicking::try::hb8a7878e3a8589d6
[INFO] [stdout]                                at /rustc/202008a1b8de96d2e5b6bc02d379db03a877d34d/library/std/src/panicking.rs:520:19
[INFO] [stdout]   31:     0x63e351d55cf8 - std::panic::catch_unwind::hb8e4600ff0ff5cfa
[INFO] [stdout]                                at /rustc/202008a1b8de96d2e5b6bc02d379db03a877d34d/library/std/src/panic.rs:358:14
[INFO] [stdout]   32:     0x63e351d55cf8 - test::run_test_in_process::hc2900b0b18688dd6
[INFO] [stdout]                                at /rustc/202008a1b8de96d2e5b6bc02d379db03a877d34d/library/test/src/lib.rs:655:27
[INFO] [stdout]   33:     0x63e351d55cf8 - test::run_test::{{closure}}::hac2a9cb07be3d48d
[INFO] [stdout]                                at /rustc/202008a1b8de96d2e5b6bc02d379db03a877d34d/library/test/src/lib.rs:576:43
[INFO] [stdout]   34:     0x63e351d1979a - test::run_test::{{closure}}::h4a5b729e66a38cd8
[INFO] [stdout]                                at /rustc/202008a1b8de96d2e5b6bc02d379db03a877d34d/library/test/src/lib.rs:606:41
[INFO] [stdout]   35:     0x63e351d1979a - std::sys::backtrace::__rust_begin_short_backtrace::h0496fb742492f573
[INFO] [stdout]                                at /rustc/202008a1b8de96d2e5b6bc02d379db03a877d34d/library/std/src/sys/backtrace.rs:154:18
[INFO] [stdout]   36:     0x63e351d1d114 - std::thread::Builder::spawn_unchecked_::{{closure}}::{{closure}}::hbb6d257c550a54bd
[INFO] [stdout]                                at /rustc/202008a1b8de96d2e5b6bc02d379db03a877d34d/library/std/src/thread/mod.rs:561:17
[INFO] [stdout]   37:     0x63e351d1d114 - <core::panic::unwind_safe::AssertUnwindSafe<F> as core::ops::function::FnOnce<()>>::call_once::h46696fe4a6832328
[INFO] [stdout]                                at /rustc/202008a1b8de96d2e5b6bc02d379db03a877d34d/library/core/src/panic/unwind_safe.rs:272:9
[INFO] [stdout]   38:     0x63e351d1d114 - std::panicking::try::do_call::h2625a51b667bfb64
[INFO] [stdout]                                at /rustc/202008a1b8de96d2e5b6bc02d379db03a877d34d/library/std/src/panicking.rs:557:40
[INFO] [stdout]   39:     0x63e351d1d114 - std::panicking::try::hb956a59a1973aa4c
[INFO] [stdout]                                at /rustc/202008a1b8de96d2e5b6bc02d379db03a877d34d/library/std/src/panicking.rs:520:19
[INFO] [stdout]   40:     0x63e351d1d114 - std::panic::catch_unwind::h64f3b9d1067ef6a0
[INFO] [stdout]                                at /rustc/202008a1b8de96d2e5b6bc02d379db03a877d34d/library/std/src/panic.rs:358:14
[INFO] [stdout]   41:     0x63e351d1d114 - std::thread::Builder::spawn_unchecked_::{{closure}}::h42b2841295b6c0b2
[INFO] [stdout]                                at /rustc/202008a1b8de96d2e5b6bc02d379db03a877d34d/library/std/src/thread/mod.rs:559:30
[INFO] [stdout]   42:     0x63e351d1d114 - core::ops::function::FnOnce::call_once{{vtable.shim}}::h6127de71b8124639
[INFO] [stdout]                                at /rustc/202008a1b8de96d2e5b6bc02d379db03a877d34d/library/core/src/ops/function.rs:250:5
[INFO] [stdout]   43:     0x63e351dc0a0b - <alloc::boxed::Box<F,A> as core::ops::function::FnOnce<Args>>::call_once::h42f0ba71002a1b2c
[INFO] [stdout]                                at /rustc/202008a1b8de96d2e5b6bc02d379db03a877d34d/library/alloc/src/boxed.rs:1972:9
[INFO] [stdout]   44:     0x63e351dc0a0b - <alloc::boxed::Box<F,A> as core::ops::function::FnOnce<Args>>::call_once::had9e47d7a3dcecb8
[INFO] [stdout]                                at /rustc/202008a1b8de96d2e5b6bc02d379db03a877d34d/library/alloc/src/boxed.rs:1972:9
[INFO] [stdout]   45:     0x63e351dc0a0b - std::sys::pal::unix::thread::Thread::new::thread_start::h48cf765408f6f5f2
[INFO] [stdout]                                at /rustc/202008a1b8de96d2e5b6bc02d379db03a877d34d/library/std/src/sys/pal/unix/thread.rs:105:17
[INFO] [stdout]   46:     0x74c60b92fac3 - <unknown>
[INFO] [stdout]   47:     0x74c60b9c0a04 - clone
[INFO] [stdout]   48:                0x0 - <unknown>
[INFO] [stderr] error: test failed, to rerun pass `--test fill_pour_integration`
[INFO] [stderr] 
[INFO] [stderr] Caused by:
[INFO] [stderr]   process didn't exit successfully: `/opt/rustwide/target/debug/deps/fill_pour_integration-553756d026aaffe8` (signal: 6, SIGABRT: process abort signal)
[INFO] running `Command { std: "docker" "inspect" "462a1ee1e0515af443fbe9834dcb117a0b9537096ed7103f522f3bd8e697ad1b", kill_on_drop: false }`
[INFO] running `Command { std: "docker" "rm" "-f" "462a1ee1e0515af443fbe9834dcb117a0b9537096ed7103f522f3bd8e697ad1b", kill_on_drop: false }`
[INFO] [stdout] 462a1ee1e0515af443fbe9834dcb117a0b9537096ed7103f522f3bd8e697ad1b
