[INFO] fetching crate css-in-rs-macro 0.2.0...
[INFO] testing css-in-rs-macro-0.2.0 against 1.83.0 for beta-1.84.0-4-retry
[INFO] extracting crate css-in-rs-macro 0.2.0 into /workspace/builds/worker-3-tc1/source
[INFO] validating manifest of crates.io crate css-in-rs-macro 0.2.0 on toolchain 1.83.0
[INFO] running `Command { std: CARGO_HOME="/workspace/cargo-home" RUSTUP_HOME="/workspace/rustup-home" "/workspace/cargo-home/bin/cargo" "+1.83.0" "metadata" "--manifest-path" "Cargo.toml" "--no-deps", kill_on_drop: false }`
[INFO] started tweaking crates.io crate css-in-rs-macro 0.2.0
[INFO] finished tweaking crates.io crate css-in-rs-macro 0.2.0
[INFO] tweaked toml for crates.io crate css-in-rs-macro 0.2.0 written to /workspace/builds/worker-3-tc1/source/Cargo.toml
[INFO] running `Command { std: CARGO_HOME="/workspace/cargo-home" RUSTUP_HOME="/workspace/rustup-home" "/workspace/cargo-home/bin/cargo" "+1.83.0" "generate-lockfile" "--manifest-path" "Cargo.toml", kill_on_drop: false }`
[INFO] [stderr]     Updating crates.io index
[INFO] [stderr]      Locking 8 packages to latest compatible versions
[INFO] running `Command { std: CARGO_HOME="/workspace/cargo-home" RUSTUP_HOME="/workspace/rustup-home" "/workspace/cargo-home/bin/cargo" "+1.83.0" "fetch" "--manifest-path" "Cargo.toml", kill_on_drop: false }`
[INFO] running `Command { std: "docker" "create" "-v" "/var/lib/crater-agent-workspace/builds/worker-3-tc1/target:/opt/rustwide/target:rw,Z" "-v" "/var/lib/crater-agent-workspace/builds/worker-3-tc1/source:/opt/rustwide/workdir:ro,Z" "-v" "/var/lib/crater-agent-workspace/cargo-home:/opt/rustwide/cargo-home:ro,Z" "-v" "/var/lib/crater-agent-workspace/rustup-home:/opt/rustwide/rustup-home:ro,Z" "-e" "SOURCE_DIR=/opt/rustwide/workdir" "-e" "CARGO_TARGET_DIR=/opt/rustwide/target" "-e" "CARGO_HOME=/opt/rustwide/cargo-home" "-e" "RUSTUP_HOME=/opt/rustwide/rustup-home" "-w" "/opt/rustwide/workdir" "-m" "1610612736" "--user" "0:0" "--network" "none" "ghcr.io/rust-lang/crates-build-env/linux@sha256:f3a9d4ad9d972b27faf3965f35b62e55ba32bbce8f20bc8fe909558a86702fde" "/opt/rustwide/cargo-home/bin/cargo" "+1.83.0" "metadata" "--no-deps" "--format-version=1", kill_on_drop: false }`
[INFO] [stdout] f077d80aeeab13045c5e872f872ab8053ab99e669958a5188cd0aae083a2a0ad
[INFO] running `Command { std: "docker" "start" "-a" "f077d80aeeab13045c5e872f872ab8053ab99e669958a5188cd0aae083a2a0ad", kill_on_drop: false }`
[INFO] running `Command { std: "docker" "inspect" "f077d80aeeab13045c5e872f872ab8053ab99e669958a5188cd0aae083a2a0ad", kill_on_drop: false }`
[INFO] running `Command { std: "docker" "rm" "-f" "f077d80aeeab13045c5e872f872ab8053ab99e669958a5188cd0aae083a2a0ad", kill_on_drop: false }`
[INFO] [stdout] f077d80aeeab13045c5e872f872ab8053ab99e669958a5188cd0aae083a2a0ad
[INFO] running `Command { std: "docker" "create" "-v" "/var/lib/crater-agent-workspace/builds/worker-3-tc1/target:/opt/rustwide/target:rw,Z" "-v" "/var/lib/crater-agent-workspace/builds/worker-3-tc1/source:/opt/rustwide/workdir:ro,Z" "-v" "/var/lib/crater-agent-workspace/cargo-home:/opt/rustwide/cargo-home:ro,Z" "-v" "/var/lib/crater-agent-workspace/rustup-home:/opt/rustwide/rustup-home:ro,Z" "-e" "SOURCE_DIR=/opt/rustwide/workdir" "-e" "CARGO_TARGET_DIR=/opt/rustwide/target" "-e" "CARGO_INCREMENTAL=0" "-e" "RUST_BACKTRACE=full" "-e" "RUSTFLAGS=--cap-lints=warn" "-e" "RUSTDOCFLAGS=--cap-lints=warn" "-e" "CARGO_HOME=/opt/rustwide/cargo-home" "-e" "RUSTUP_HOME=/opt/rustwide/rustup-home" "-w" "/opt/rustwide/workdir" "-m" "1610612736" "--user" "0:0" "--network" "none" "ghcr.io/rust-lang/crates-build-env/linux@sha256:f3a9d4ad9d972b27faf3965f35b62e55ba32bbce8f20bc8fe909558a86702fde" "/opt/rustwide/cargo-home/bin/cargo" "+1.83.0" "build" "--frozen" "--message-format=json", kill_on_drop: false }`
[INFO] [stdout] b354a0f74de9ff097e5badc0856332cd7f92d8a86a0a9b02c0183554fb54808c
[INFO] running `Command { std: "docker" "start" "-a" "b354a0f74de9ff097e5badc0856332cd7f92d8a86a0a9b02c0183554fb54808c", kill_on_drop: false }`
[INFO] [stderr]    Compiling proc-macro2 v1.0.92
[INFO] [stderr]    Compiling unicode-ident v1.0.14
[INFO] [stderr]    Compiling minimal-lexical v0.2.1
[INFO] [stderr]    Compiling memchr v2.7.4
[INFO] [stderr]    Compiling nom v7.1.3
[INFO] [stderr]    Compiling quote v1.0.37
[INFO] [stderr]    Compiling syn v2.0.90
[INFO] [stderr]    Compiling css-in-rs-macro v0.2.0 (/opt/rustwide/workdir)
[INFO] [stderr]     Finished `dev` profile [unoptimized + debuginfo] target(s) in 4.93s
[INFO] running `Command { std: "docker" "inspect" "b354a0f74de9ff097e5badc0856332cd7f92d8a86a0a9b02c0183554fb54808c", kill_on_drop: false }`
[INFO] running `Command { std: "docker" "rm" "-f" "b354a0f74de9ff097e5badc0856332cd7f92d8a86a0a9b02c0183554fb54808c", kill_on_drop: false }`
[INFO] [stdout] b354a0f74de9ff097e5badc0856332cd7f92d8a86a0a9b02c0183554fb54808c
[INFO] running `Command { std: "docker" "create" "-v" "/var/lib/crater-agent-workspace/builds/worker-3-tc1/target:/opt/rustwide/target:rw,Z" "-v" "/var/lib/crater-agent-workspace/builds/worker-3-tc1/source:/opt/rustwide/workdir:ro,Z" "-v" "/var/lib/crater-agent-workspace/cargo-home:/opt/rustwide/cargo-home:ro,Z" "-v" "/var/lib/crater-agent-workspace/rustup-home:/opt/rustwide/rustup-home:ro,Z" "-e" "SOURCE_DIR=/opt/rustwide/workdir" "-e" "CARGO_TARGET_DIR=/opt/rustwide/target" "-e" "CARGO_INCREMENTAL=0" "-e" "RUST_BACKTRACE=full" "-e" "RUSTFLAGS=--cap-lints=warn" "-e" "RUSTDOCFLAGS=--cap-lints=warn" "-e" "CARGO_HOME=/opt/rustwide/cargo-home" "-e" "RUSTUP_HOME=/opt/rustwide/rustup-home" "-w" "/opt/rustwide/workdir" "-m" "1610612736" "--user" "0:0" "--network" "none" "ghcr.io/rust-lang/crates-build-env/linux@sha256:f3a9d4ad9d972b27faf3965f35b62e55ba32bbce8f20bc8fe909558a86702fde" "/opt/rustwide/cargo-home/bin/cargo" "+1.83.0" "test" "--frozen" "--no-run" "--message-format=json", kill_on_drop: false }`
[INFO] [stdout] 4f27577edd5731bdd6ed408e6923dece564796cad8bff94d5e1eb5ac78a75cb1
[INFO] running `Command { std: "docker" "start" "-a" "4f27577edd5731bdd6ed408e6923dece564796cad8bff94d5e1eb5ac78a75cb1", kill_on_drop: false }`
[INFO] [stderr]    Compiling prettyplease v0.2.25
[INFO] [stderr]    Compiling syn v2.0.90
[INFO] [stderr]    Compiling css-in-rs-macro v0.2.0 (/opt/rustwide/workdir)
[INFO] [stderr]     Finished `test` profile [unoptimized + debuginfo] target(s) in 5.39s
[INFO] running `Command { std: "docker" "inspect" "4f27577edd5731bdd6ed408e6923dece564796cad8bff94d5e1eb5ac78a75cb1", kill_on_drop: false }`
[INFO] running `Command { std: "docker" "rm" "-f" "4f27577edd5731bdd6ed408e6923dece564796cad8bff94d5e1eb5ac78a75cb1", kill_on_drop: false }`
[INFO] [stdout] 4f27577edd5731bdd6ed408e6923dece564796cad8bff94d5e1eb5ac78a75cb1
[INFO] running `Command { std: "docker" "create" "-v" "/var/lib/crater-agent-workspace/builds/worker-3-tc1/target:/opt/rustwide/target:rw,Z" "-v" "/var/lib/crater-agent-workspace/builds/worker-3-tc1/source:/opt/rustwide/workdir:ro,Z" "-v" "/var/lib/crater-agent-workspace/cargo-home:/opt/rustwide/cargo-home:ro,Z" "-v" "/var/lib/crater-agent-workspace/rustup-home:/opt/rustwide/rustup-home:ro,Z" "-e" "SOURCE_DIR=/opt/rustwide/workdir" "-e" "CARGO_TARGET_DIR=/opt/rustwide/target" "-e" "CARGO_INCREMENTAL=0" "-e" "RUST_BACKTRACE=full" "-e" "RUSTFLAGS=--cap-lints=warn" "-e" "RUSTDOCFLAGS=--cap-lints=warn" "-e" "CARGO_HOME=/opt/rustwide/cargo-home" "-e" "RUSTUP_HOME=/opt/rustwide/rustup-home" "-w" "/opt/rustwide/workdir" "-m" "1610612736" "--user" "0:0" "--network" "none" "ghcr.io/rust-lang/crates-build-env/linux@sha256:f3a9d4ad9d972b27faf3965f35b62e55ba32bbce8f20bc8fe909558a86702fde" "/opt/rustwide/cargo-home/bin/cargo" "+1.83.0" "test" "--frozen", kill_on_drop: false }`
[INFO] [stdout] aff53473b316ccf8cd15f215f41e31adcfacda7f1ed3a9c5608c3e56f85108a2
[INFO] running `Command { std: "docker" "start" "-a" "aff53473b316ccf8cd15f215f41e31adcfacda7f1ed3a9c5608c3e56f85108a2", kill_on_drop: false }`
[INFO] [stderr]     Finished `test` profile [unoptimized + debuginfo] target(s) in 0.02s
[INFO] [stderr]      Running unittests src/lib.rs (/opt/rustwide/target/debug/deps/css_in_rs_macro-0974b69c811eb5ce)
[INFO] [stdout] 
[INFO] [stdout] running 2 tests
[INFO] [stdout] test tests::simple ... ok
[INFO] [stdout] test data::tests::simple ... ok
[INFO] [stdout] 
[INFO] [stdout] test result: ok. 2 passed; 0 failed; 0 ignored; 0 measured; 0 filtered out; finished in 0.00s
[INFO] [stdout] 
[INFO] [stderr]    Doc-tests css_in_rs_macro
[INFO] [stdout] 
[INFO] [stdout] running 2 tests
[INFO] [stdout] test src/lib.rs - make_styles (line 13) ... FAILED
[INFO] [stdout] test src/lib.rs - make_styles (line 42) ... FAILED
[INFO] [stdout] 
[INFO] [stdout] failures:
[INFO] [stdout] 
[INFO] [stdout] ---- src/lib.rs - make_styles (line 13) stdout ----
[INFO] [stdout] error[E0433]: failed to resolve: could not find `css_in_rs` in the list of imported crates
[INFO] [stdout]   --> src/lib.rs:26:1
[INFO] [stdout]    |
[INFO] [stdout] 16 | / make_styles! {
[INFO] [stdout] 17 | |     (theme: MyTheme) -> MyClasses {
[INFO] [stdout] 18 | |         "*" {
[INFO] [stdout] 19 | |             padding: "0px",
[INFO] [stdout] ...  |
[INFO] [stdout] 29 | |     }
[INFO] [stdout] 30 | | }
[INFO] [stdout]    | |_^ could not find `css_in_rs` in the list of imported crates
[INFO] [stdout]    |
[INFO] [stdout]    = note: this error originates in the macro `make_styles` (in Nightly builds, run with -Z macro-backtrace for more info)
[INFO] [stdout] 
[INFO] [stdout] error[E0433]: failed to resolve: use of undeclared crate or module `css_in_rs`
[INFO] [stdout]   --> src/lib.rs:21:6
[INFO] [stdout]    |
[INFO] [stdout] 11 | impl css_in_rs::Theme for MyTheme {
[INFO] [stdout]    |      ^^^^^^^^^ use of undeclared crate or module `css_in_rs`
[INFO] [stdout] 
[INFO] [stdout] error: aborting due to 2 previous errors
[INFO] [stdout] 
[INFO] [stdout] For more information about this error, try `rustc --explain E0433`.
[INFO] [stdout] Couldn't compile the test.
[INFO] [stdout] ---- src/lib.rs - make_styles (line 42) stdout ----
[INFO] [stdout] error[E0433]: failed to resolve: could not find `css_in_rs` in the list of imported crates
[INFO] [stdout]  --> src/lib.rs:49:8
[INFO] [stdout]   |
[INFO] [stdout] 9 | impl ::css_in_rs::Classes for MyClasses {
[INFO] [stdout]   |        ^^^^^^^^^ could not find `css_in_rs` in the list of imported crates
[INFO] [stdout] 
[INFO] [stdout] error[E0433]: failed to resolve: use of undeclared crate or module `css_in_rs`
[INFO] [stdout]   --> src/lib.rs:50:14
[INFO] [stdout]    |
[INFO] [stdout] 10 | type Theme = css_in_rs::EmptyTheme;
[INFO] [stdout]    |              ^^^^^^^^^ use of undeclared crate or module `css_in_rs`
[INFO] [stdout] 
[INFO] [stdout] error[E0433]: failed to resolve: use of undeclared crate or module `css_in_rs`
[INFO] [stdout]   --> src/lib.rs:51:18
[INFO] [stdout]    |
[INFO] [stdout] 11 | fn generate(_a: &css_in_rs::EmptyTheme, _b: &mut String, _c: &mut u64) {}
[INFO] [stdout]    |                  ^^^^^^^^^ use of undeclared crate or module `css_in_rs`
[INFO] [stdout] 
[INFO] [stdout] error: aborting due to 3 previous errors
[INFO] [stdout] 
[INFO] [stdout] For more information about this error, try `rustc --explain E0433`.
[INFO] [stdout] Couldn't compile the test.
[INFO] [stdout] 
[INFO] [stdout] failures:
[INFO] [stdout]     src/lib.rs - make_styles (line 13)
[INFO] [stdout]     src/lib.rs - make_styles (line 42)
[INFO] [stdout] 
[INFO] [stdout] test result: FAILED. 0 passed; 2 failed; 0 ignored; 0 measured; 0 filtered out; finished in 0.09s
[INFO] [stdout] 
[INFO] [stderr] error: doctest failed, to rerun pass `--doc`
[INFO] running `Command { std: "docker" "inspect" "aff53473b316ccf8cd15f215f41e31adcfacda7f1ed3a9c5608c3e56f85108a2", kill_on_drop: false }`
[INFO] running `Command { std: "docker" "rm" "-f" "aff53473b316ccf8cd15f215f41e31adcfacda7f1ed3a9c5608c3e56f85108a2", kill_on_drop: false }`
[INFO] [stdout] aff53473b316ccf8cd15f215f41e31adcfacda7f1ed3a9c5608c3e56f85108a2
