[INFO] fetching crate cryptonight-rs 0.2.1...
[INFO] testing cryptonight-rs-0.2.1 against beta-2024-12-08 for beta-1.84.0-4-retry
[INFO] extracting crate cryptonight-rs 0.2.1 into /workspace/builds/worker-7-tc2/source
[INFO] validating manifest of crates.io crate cryptonight-rs 0.2.1 on toolchain beta-2024-12-08
[INFO] running `Command { std: CARGO_HOME="/workspace/cargo-home" RUSTUP_HOME="/workspace/rustup-home" "/workspace/cargo-home/bin/cargo" "+beta-2024-12-08" "metadata" "--manifest-path" "Cargo.toml" "--no-deps", kill_on_drop: false }`
[INFO] started tweaking crates.io crate cryptonight-rs 0.2.1
[INFO] finished tweaking crates.io crate cryptonight-rs 0.2.1
[INFO] tweaked toml for crates.io crate cryptonight-rs 0.2.1 written to /workspace/builds/worker-7-tc2/source/Cargo.toml
[INFO] running `Command { std: CARGO_HOME="/workspace/cargo-home" RUSTUP_HOME="/workspace/rustup-home" "/workspace/cargo-home/bin/cargo" "+beta-2024-12-08" "generate-lockfile" "--manifest-path" "Cargo.toml", kill_on_drop: false }`
[INFO] [stderr]     Updating crates.io index
[INFO] [stderr]      Locking 5 packages to latest compatible versions
[INFO] running `Command { std: CARGO_HOME="/workspace/cargo-home" RUSTUP_HOME="/workspace/rustup-home" "/workspace/cargo-home/bin/cargo" "+beta-2024-12-08" "fetch" "--manifest-path" "Cargo.toml", kill_on_drop: false }`
[INFO] [stderr] warning: no edition set: defaulting to the 2015 edition while the latest is 2021
[INFO] running `Command { std: "docker" "create" "-v" "/var/lib/crater-agent-workspace/builds/worker-7-tc2/target:/opt/rustwide/target:rw,Z" "-v" "/var/lib/crater-agent-workspace/builds/worker-7-tc2/source:/opt/rustwide/workdir:ro,Z" "-v" "/var/lib/crater-agent-workspace/cargo-home:/opt/rustwide/cargo-home:ro,Z" "-v" "/var/lib/crater-agent-workspace/rustup-home:/opt/rustwide/rustup-home:ro,Z" "-e" "SOURCE_DIR=/opt/rustwide/workdir" "-e" "CARGO_TARGET_DIR=/opt/rustwide/target" "-e" "CARGO_HOME=/opt/rustwide/cargo-home" "-e" "RUSTUP_HOME=/opt/rustwide/rustup-home" "-w" "/opt/rustwide/workdir" "-m" "1610612736" "--user" "0:0" "--network" "none" "ghcr.io/rust-lang/crates-build-env/linux@sha256:f3a9d4ad9d972b27faf3965f35b62e55ba32bbce8f20bc8fe909558a86702fde" "/opt/rustwide/cargo-home/bin/cargo" "+beta-2024-12-08" "metadata" "--no-deps" "--format-version=1", kill_on_drop: false }`
[INFO] [stdout] 099ee14522293adcca619d7056fcd56ac60f02d4216b52644969759e16b28a24
[INFO] running `Command { std: "docker" "start" "-a" "099ee14522293adcca619d7056fcd56ac60f02d4216b52644969759e16b28a24", kill_on_drop: false }`
[INFO] running `Command { std: "docker" "inspect" "099ee14522293adcca619d7056fcd56ac60f02d4216b52644969759e16b28a24", kill_on_drop: false }`
[INFO] running `Command { std: "docker" "rm" "-f" "099ee14522293adcca619d7056fcd56ac60f02d4216b52644969759e16b28a24", kill_on_drop: false }`
[INFO] [stdout] 099ee14522293adcca619d7056fcd56ac60f02d4216b52644969759e16b28a24
[INFO] running `Command { std: "docker" "create" "-v" "/var/lib/crater-agent-workspace/builds/worker-7-tc2/target:/opt/rustwide/target:rw,Z" "-v" "/var/lib/crater-agent-workspace/builds/worker-7-tc2/source:/opt/rustwide/workdir:ro,Z" "-v" "/var/lib/crater-agent-workspace/cargo-home:/opt/rustwide/cargo-home:ro,Z" "-v" "/var/lib/crater-agent-workspace/rustup-home:/opt/rustwide/rustup-home:ro,Z" "-e" "SOURCE_DIR=/opt/rustwide/workdir" "-e" "CARGO_TARGET_DIR=/opt/rustwide/target" "-e" "CARGO_INCREMENTAL=0" "-e" "RUST_BACKTRACE=full" "-e" "RUSTFLAGS=--cap-lints=warn" "-e" "RUSTDOCFLAGS=--cap-lints=warn" "-e" "CARGO_HOME=/opt/rustwide/cargo-home" "-e" "RUSTUP_HOME=/opt/rustwide/rustup-home" "-w" "/opt/rustwide/workdir" "-m" "1610612736" "--user" "0:0" "--network" "none" "ghcr.io/rust-lang/crates-build-env/linux@sha256:f3a9d4ad9d972b27faf3965f35b62e55ba32bbce8f20bc8fe909558a86702fde" "/opt/rustwide/cargo-home/bin/cargo" "+beta-2024-12-08" "build" "--frozen" "--message-format=json", kill_on_drop: false }`
[INFO] [stdout] cd0e4b724f6a23671c50b46cd179b46eeb2f8371e75926f143112f0699dc17ba
[INFO] running `Command { std: "docker" "start" "-a" "cd0e4b724f6a23671c50b46cd179b46eeb2f8371e75926f143112f0699dc17ba", kill_on_drop: false }`
[INFO] [stderr] warning: no edition set: defaulting to the 2015 edition while the latest is 2021
[INFO] [stderr]    Compiling shlex v1.3.0
[INFO] [stderr]    Compiling libc v0.2.168
[INFO] [stderr]    Compiling rustc-serialize v0.3.25
[INFO] [stderr]    Compiling cc v1.2.4
[INFO] [stderr]    Compiling cryptonight-rs v0.2.1 (/opt/rustwide/workdir)
[INFO] [stderr] warning: cryptonight-rs@0.2.1: src/vendor/oaes_lib.c: In function 'oaes_get_seed':
[INFO] [stderr] warning: cryptonight-rs@0.2.1: src/vendor/oaes_lib.c:514:9: warning: 'ftime' is deprecated: Use gettimeofday or clock_gettime instead [-Wdeprecated-declarations]
[INFO] [stderr] warning: cryptonight-rs@0.2.1:   514 |         ftime (&timer);
[INFO] [stderr] warning: cryptonight-rs@0.2.1:       |         ^~~~~
[INFO] [stderr] warning: cryptonight-rs@0.2.1: In file included from src/vendor/oaes_lib.c:44:
[INFO] [stderr] warning: cryptonight-rs@0.2.1: /usr/include/x86_64-linux-gnu/sys/timeb.h:29:12: note: declared here
[INFO] [stderr] warning: cryptonight-rs@0.2.1:    29 | extern int ftime (struct timeb *__timebuf)
[INFO] [stderr] warning: cryptonight-rs@0.2.1:       |            ^~~~~
[INFO] [stderr]     Finished `dev` profile [unoptimized + debuginfo] target(s) in 9.40s
[INFO] running `Command { std: "docker" "inspect" "cd0e4b724f6a23671c50b46cd179b46eeb2f8371e75926f143112f0699dc17ba", kill_on_drop: false }`
[INFO] running `Command { std: "docker" "rm" "-f" "cd0e4b724f6a23671c50b46cd179b46eeb2f8371e75926f143112f0699dc17ba", kill_on_drop: false }`
[INFO] [stdout] cd0e4b724f6a23671c50b46cd179b46eeb2f8371e75926f143112f0699dc17ba
[INFO] running `Command { std: "docker" "create" "-v" "/var/lib/crater-agent-workspace/builds/worker-7-tc2/target:/opt/rustwide/target:rw,Z" "-v" "/var/lib/crater-agent-workspace/builds/worker-7-tc2/source:/opt/rustwide/workdir:ro,Z" "-v" "/var/lib/crater-agent-workspace/cargo-home:/opt/rustwide/cargo-home:ro,Z" "-v" "/var/lib/crater-agent-workspace/rustup-home:/opt/rustwide/rustup-home:ro,Z" "-e" "SOURCE_DIR=/opt/rustwide/workdir" "-e" "CARGO_TARGET_DIR=/opt/rustwide/target" "-e" "CARGO_INCREMENTAL=0" "-e" "RUST_BACKTRACE=full" "-e" "RUSTFLAGS=--cap-lints=warn" "-e" "RUSTDOCFLAGS=--cap-lints=warn" "-e" "CARGO_HOME=/opt/rustwide/cargo-home" "-e" "RUSTUP_HOME=/opt/rustwide/rustup-home" "-w" "/opt/rustwide/workdir" "-m" "1610612736" "--user" "0:0" "--network" "none" "ghcr.io/rust-lang/crates-build-env/linux@sha256:f3a9d4ad9d972b27faf3965f35b62e55ba32bbce8f20bc8fe909558a86702fde" "/opt/rustwide/cargo-home/bin/cargo" "+beta-2024-12-08" "test" "--frozen" "--no-run" "--message-format=json", kill_on_drop: false }`
[INFO] [stdout] 59ababc5175c0f994cf31430e0ade54576d3ce1ae86b45390e97b31f645d3e0a
[INFO] running `Command { std: "docker" "start" "-a" "59ababc5175c0f994cf31430e0ade54576d3ce1ae86b45390e97b31f645d3e0a", kill_on_drop: false }`
[INFO] [stderr] warning: no edition set: defaulting to the 2015 edition while the latest is 2021
[INFO] [stderr] warning: cryptonight-rs@0.2.1: src/vendor/oaes_lib.c: In function 'oaes_get_seed':
[INFO] [stderr] warning: cryptonight-rs@0.2.1: src/vendor/oaes_lib.c:514:9: warning: 'ftime' is deprecated: Use gettimeofday or clock_gettime instead [-Wdeprecated-declarations]
[INFO] [stderr] warning: cryptonight-rs@0.2.1:   514 |         ftime (&timer);
[INFO] [stderr] warning: cryptonight-rs@0.2.1:       |         ^~~~~
[INFO] [stderr] warning: cryptonight-rs@0.2.1: In file included from src/vendor/oaes_lib.c:44:
[INFO] [stderr] warning: cryptonight-rs@0.2.1: /usr/include/x86_64-linux-gnu/sys/timeb.h:29:12: note: declared here
[INFO] [stderr] warning: cryptonight-rs@0.2.1:    29 | extern int ftime (struct timeb *__timebuf)
[INFO] [stderr] warning: cryptonight-rs@0.2.1:       |            ^~~~~
[INFO] [stderr]    Compiling bencher v0.1.5
[INFO] [stderr]    Compiling cryptonight-rs v0.2.1 (/opt/rustwide/workdir)
[INFO] [stderr]     Finished `test` profile [unoptimized + debuginfo] target(s) in 1.09s
[INFO] running `Command { std: "docker" "inspect" "59ababc5175c0f994cf31430e0ade54576d3ce1ae86b45390e97b31f645d3e0a", kill_on_drop: false }`
[INFO] running `Command { std: "docker" "rm" "-f" "59ababc5175c0f994cf31430e0ade54576d3ce1ae86b45390e97b31f645d3e0a", kill_on_drop: false }`
[INFO] [stdout] 59ababc5175c0f994cf31430e0ade54576d3ce1ae86b45390e97b31f645d3e0a
[INFO] running `Command { std: "docker" "create" "-v" "/var/lib/crater-agent-workspace/builds/worker-7-tc2/target:/opt/rustwide/target:rw,Z" "-v" "/var/lib/crater-agent-workspace/builds/worker-7-tc2/source:/opt/rustwide/workdir:ro,Z" "-v" "/var/lib/crater-agent-workspace/cargo-home:/opt/rustwide/cargo-home:ro,Z" "-v" "/var/lib/crater-agent-workspace/rustup-home:/opt/rustwide/rustup-home:ro,Z" "-e" "SOURCE_DIR=/opt/rustwide/workdir" "-e" "CARGO_TARGET_DIR=/opt/rustwide/target" "-e" "CARGO_INCREMENTAL=0" "-e" "RUST_BACKTRACE=full" "-e" "RUSTFLAGS=--cap-lints=warn" "-e" "RUSTDOCFLAGS=--cap-lints=warn" "-e" "CARGO_HOME=/opt/rustwide/cargo-home" "-e" "RUSTUP_HOME=/opt/rustwide/rustup-home" "-w" "/opt/rustwide/workdir" "-m" "1610612736" "--user" "0:0" "--network" "none" "ghcr.io/rust-lang/crates-build-env/linux@sha256:f3a9d4ad9d972b27faf3965f35b62e55ba32bbce8f20bc8fe909558a86702fde" "/opt/rustwide/cargo-home/bin/cargo" "+beta-2024-12-08" "test" "--frozen", kill_on_drop: false }`
[INFO] [stdout] 150cadbfc6bc7349cf4f972c1be0ff699f00629331953a732282264c45729706
[INFO] running `Command { std: "docker" "start" "-a" "150cadbfc6bc7349cf4f972c1be0ff699f00629331953a732282264c45729706", kill_on_drop: false }`
[INFO] [stderr] warning: no edition set: defaulting to the 2015 edition while the latest is 2021
[INFO] [stderr] warning: cryptonight-rs@0.2.1: src/vendor/oaes_lib.c: In function 'oaes_get_seed':
[INFO] [stderr] warning: cryptonight-rs@0.2.1: src/vendor/oaes_lib.c:514:9: warning: 'ftime' is deprecated: Use gettimeofday or clock_gettime instead [-Wdeprecated-declarations]
[INFO] [stderr] warning: cryptonight-rs@0.2.1:   514 |         ftime (&timer);
[INFO] [stderr] warning: cryptonight-rs@0.2.1:       |         ^~~~~
[INFO] [stderr] warning: cryptonight-rs@0.2.1: In file included from src/vendor/oaes_lib.c:44:
[INFO] [stderr] warning: cryptonight-rs@0.2.1: /usr/include/x86_64-linux-gnu/sys/timeb.h:29:12: note: declared here
[INFO] [stderr] warning: cryptonight-rs@0.2.1:    29 | extern int ftime (struct timeb *__timebuf)
[INFO] [stderr] warning: cryptonight-rs@0.2.1:       |            ^~~~~
[INFO] [stderr]     Finished `test` profile [unoptimized + debuginfo] target(s) in 0.02s
[INFO] [stderr]      Running unittests src/lib.rs (/opt/rustwide/target/debug/deps/cryptonight-aa03ff55b8e467e7)
[INFO] [stdout] 
[INFO] [stdout] running 1 test
[INFO] [stdout] test tests::run_test ... FAILED
[INFO] [stderr] error: test failed, to rerun pass `--lib`
[INFO] [stdout] 
[INFO] [stdout] failures:
[INFO] [stdout] 
[INFO] [stdout] ---- tests::run_test stdout ----
[INFO] [stdout] thread 'tests::run_test' panicked at src/lib.rs:89:13:
[INFO] [stdout] assertion `left == right` failed
[INFO] [stdout]   left: [80, 167, 125, 84, 22, 240, 102, 199, 195, 9, 86, 66, 111, 57, 31, 222, 210, 65, 197, 96, 116, 184, 182, 89, 115, 148, 58, 225, 56, 208, 200, 254]
[INFO] [stdout]  right: [187, 236, 44, 172, 246, 152, 102, 168, 231, 64, 56, 15, 231, 184, 24, 252, 120, 248, 87, 18, 33, 116, 45, 114, 157, 157, 2, 215, 248, 152, 155, 135]
[INFO] [stdout] stack backtrace:
[INFO] [stdout]    0:     0x56aeb9572f3a - std::backtrace_rs::backtrace::libunwind::trace::h8810477743020387
[INFO] [stdout]                                at /rustc/202008a1b8de96d2e5b6bc02d379db03a877d34d/library/std/src/../../backtrace/src/backtrace/libunwind.rs:116:5
[INFO] [stdout]    1:     0x56aeb9572f3a - std::backtrace_rs::backtrace::trace_unsynchronized::h3aa55355dd6c54a6
[INFO] [stdout]                                at /rustc/202008a1b8de96d2e5b6bc02d379db03a877d34d/library/std/src/../../backtrace/src/backtrace/mod.rs:66:5
[INFO] [stdout]    2:     0x56aeb9572f3a - std::sys::backtrace::_print_fmt::h8588b0f62410823f
[INFO] [stdout]                                at /rustc/202008a1b8de96d2e5b6bc02d379db03a877d34d/library/std/src/sys/backtrace.rs:66:9
[INFO] [stdout]    3:     0x56aeb9572f3a - <std::sys::backtrace::BacktraceLock::print::DisplayBacktrace as core::fmt::Display>::fmt::h98c26ac25ffe89bb
[INFO] [stdout]                                at /rustc/202008a1b8de96d2e5b6bc02d379db03a877d34d/library/std/src/sys/backtrace.rs:39:26
[INFO] [stdout]    4:     0x56aeb95989c3 - core::fmt::rt::Argument::fmt::hf95377f4aebd453b
[INFO] [stdout]                                at /rustc/202008a1b8de96d2e5b6bc02d379db03a877d34d/library/core/src/fmt/rt.rs:177:76
[INFO] [stdout]    5:     0x56aeb95989c3 - core::fmt::write::h0dd5f6e2238c7982
[INFO] [stdout]                                at /rustc/202008a1b8de96d2e5b6bc02d379db03a877d34d/library/core/src/fmt/mod.rs:1189:21
[INFO] [stdout]    6:     0x56aeb95700d3 - std::io::Write::write_fmt::h03bb0ca26e6faf8c
[INFO] [stdout]                                at /rustc/202008a1b8de96d2e5b6bc02d379db03a877d34d/library/std/src/io/mod.rs:1884:15
[INFO] [stdout]    7:     0x56aeb9572d82 - std::sys::backtrace::BacktraceLock::print::h5c19c1c038ee186d
[INFO] [stdout]                                at /rustc/202008a1b8de96d2e5b6bc02d379db03a877d34d/library/std/src/sys/backtrace.rs:42:9
[INFO] [stdout]    8:     0x56aeb95743bd - std::panicking::default_hook::{{closure}}::h77172f079a1fcb13
[INFO] [stdout]                                at /rustc/202008a1b8de96d2e5b6bc02d379db03a877d34d/library/std/src/panicking.rs:268:22
[INFO] [stdout]    9:     0x56aeb95741c7 - std::panicking::default_hook::he5f8e3b203ccddba
[INFO] [stdout]                                at /rustc/202008a1b8de96d2e5b6bc02d379db03a877d34d/library/std/src/panicking.rs:292:9
[INFO] [stdout]   10:     0x56aeb953ab97 - <alloc::boxed::Box<F,A> as core::ops::function::Fn<Args>>::call::h7a3c7b4a1ae77f2f
[INFO] [stdout]                                at /rustc/202008a1b8de96d2e5b6bc02d379db03a877d34d/library/alloc/src/boxed.rs:1986:9
[INFO] [stdout]   11:     0x56aeb953ab97 - test::test_main::{{closure}}::hf0d3b69ae9b353d1
[INFO] [stdout]                                at /rustc/202008a1b8de96d2e5b6bc02d379db03a877d34d/library/test/src/lib.rs:134:21
[INFO] [stdout]   12:     0x56aeb9574a68 - <alloc::boxed::Box<F,A> as core::ops::function::Fn<Args>>::call::h6332e82e7b189abd
[INFO] [stdout]                                at /rustc/202008a1b8de96d2e5b6bc02d379db03a877d34d/library/alloc/src/boxed.rs:1986:9
[INFO] [stdout]   13:     0x56aeb9574a68 - std::panicking::rust_panic_with_hook::h53863d4e9018df39
[INFO] [stdout]                                at /rustc/202008a1b8de96d2e5b6bc02d379db03a877d34d/library/std/src/panicking.rs:809:13
[INFO] [stdout]   14:     0x56aeb957482a - std::panicking::begin_panic_handler::{{closure}}::h67280e6fa0757873
[INFO] [stdout]                                at /rustc/202008a1b8de96d2e5b6bc02d379db03a877d34d/library/std/src/panicking.rs:674:13
[INFO] [stdout]   15:     0x56aeb9573419 - std::sys::backtrace::__rust_end_short_backtrace::h1dac3f54d6fbbeb2
[INFO] [stdout]                                at /rustc/202008a1b8de96d2e5b6bc02d379db03a877d34d/library/std/src/sys/backtrace.rs:170:18
[INFO] [stdout]   16:     0x56aeb95744bc - rust_begin_unwind
[INFO] [stdout]                                at /rustc/202008a1b8de96d2e5b6bc02d379db03a877d34d/library/std/src/panicking.rs:665:5
[INFO] [stdout]   17:     0x56aeb94eeb70 - core::panicking::panic_fmt::h6792bd1b2bf01041
[INFO] [stdout]                                at /rustc/202008a1b8de96d2e5b6bc02d379db03a877d34d/library/core/src/panicking.rs:76:14
[INFO] [stdout]   18:     0x56aeb94eef3b - core::panicking::assert_failed_inner::hf2c17e6d30928787
[INFO] [stdout]   19:     0x56aeb94efe1c - core::panicking::assert_failed::hcbc63bc64f56a419
[INFO] [stdout]                                at /rustc/202008a1b8de96d2e5b6bc02d379db03a877d34d/library/core/src/panicking.rs:373:5
[INFO] [stdout]   20:     0x56aeb94f0e8e - cryptonight::tests::test_hash::ha763251c7d1caf2c
[INFO] [stdout]                                at /opt/rustwide/workdir/src/lib.rs:89:13
[INFO] [stdout]   21:     0x56aeb94f38f9 - cryptonight::tests::run_test::h08c389c7c15ad1e1
[INFO] [stdout]                                at /opt/rustwide/workdir/src/lib.rs:214:9
[INFO] [stdout]   22:     0x56aeb94f0ed7 - cryptonight::tests::run_test::{{closure}}::h1509266198a1e9aa
[INFO] [stdout]                                at /opt/rustwide/workdir/src/lib.rs:94:18
[INFO] [stdout]   23:     0x56aeb94ef766 - core::ops::function::FnOnce::call_once::h9aa3b0ae6d4e38d5
[INFO] [stdout]                                at /rustc/202008a1b8de96d2e5b6bc02d379db03a877d34d/library/core/src/ops/function.rs:250:5
[INFO] [stdout]   24:     0x56aeb953f6bb - core::ops::function::FnOnce::call_once::h871bf86719ec9aa4
[INFO] [stdout]                                at /rustc/202008a1b8de96d2e5b6bc02d379db03a877d34d/library/core/src/ops/function.rs:250:5
[INFO] [stdout]   25:     0x56aeb953f6bb - test::__rust_begin_short_backtrace::h2167df1e2b7d76fd
[INFO] [stdout]                                at /rustc/202008a1b8de96d2e5b6bc02d379db03a877d34d/library/test/src/lib.rs:632:18
[INFO] [stdout]   26:     0x56aeb953f0a8 - test::run_test_in_process::{{closure}}::h15d92f75a3adfb79
[INFO] [stdout]                                at /rustc/202008a1b8de96d2e5b6bc02d379db03a877d34d/library/test/src/lib.rs:655:60
[INFO] [stdout]   27:     0x56aeb953f0a8 - <core::panic::unwind_safe::AssertUnwindSafe<F> as core::ops::function::FnOnce<()>>::call_once::hb6c8955835a8dbbb
[INFO] [stdout]                                at /rustc/202008a1b8de96d2e5b6bc02d379db03a877d34d/library/core/src/panic/unwind_safe.rs:272:9
[INFO] [stdout]   28:     0x56aeb953f0a8 - std::panicking::try::do_call::hc79d0fc888a0bd30
[INFO] [stdout]                                at /rustc/202008a1b8de96d2e5b6bc02d379db03a877d34d/library/std/src/panicking.rs:557:40
[INFO] [stdout]   29:     0x56aeb953f0a8 - std::panicking::try::hb8a7878e3a8589d6
[INFO] [stdout]                                at /rustc/202008a1b8de96d2e5b6bc02d379db03a877d34d/library/std/src/panicking.rs:520:19
[INFO] [stdout]   30:     0x56aeb953f0a8 - std::panic::catch_unwind::hb8e4600ff0ff5cfa
[INFO] [stdout]                                at /rustc/202008a1b8de96d2e5b6bc02d379db03a877d34d/library/std/src/panic.rs:358:14
[INFO] [stdout]   31:     0x56aeb953f0a8 - test::run_test_in_process::hc2900b0b18688dd6
[INFO] [stdout]                                at /rustc/202008a1b8de96d2e5b6bc02d379db03a877d34d/library/test/src/lib.rs:655:27
[INFO] [stdout]   32:     0x56aeb953f0a8 - test::run_test::{{closure}}::hac2a9cb07be3d48d
[INFO] [stdout]                                at /rustc/202008a1b8de96d2e5b6bc02d379db03a877d34d/library/test/src/lib.rs:576:43
[INFO] [stdout]   33:     0x56aeb9502b4a - test::run_test::{{closure}}::h4a5b729e66a38cd8
[INFO] [stdout]                                at /rustc/202008a1b8de96d2e5b6bc02d379db03a877d34d/library/test/src/lib.rs:606:41
[INFO] [stdout]   34:     0x56aeb9502b4a - std::sys::backtrace::__rust_begin_short_backtrace::h0496fb742492f573
[INFO] [stdout]                                at /rustc/202008a1b8de96d2e5b6bc02d379db03a877d34d/library/std/src/sys/backtrace.rs:154:18
[INFO] [stdout]   35:     0x56aeb95064c4 - std::thread::Builder::spawn_unchecked_::{{closure}}::{{closure}}::hbb6d257c550a54bd
[INFO] [stdout]                                at /rustc/202008a1b8de96d2e5b6bc02d379db03a877d34d/library/std/src/thread/mod.rs:561:17
[INFO] [stdout]   36:     0x56aeb95064c4 - <core::panic::unwind_safe::AssertUnwindSafe<F> as core::ops::function::FnOnce<()>>::call_once::h46696fe4a6832328
[INFO] [stdout]                                at /rustc/202008a1b8de96d2e5b6bc02d379db03a877d34d/library/core/src/panic/unwind_safe.rs:272:9
[INFO] [stdout]   37:     0x56aeb95064c4 - std::panicking::try::do_call::h2625a51b667bfb64
[INFO] [stdout]                                at /rustc/202008a1b8de96d2e5b6bc02d379db03a877d34d/library/std/src/panicking.rs:557:40
[INFO] [stdout]   38:     0x56aeb95064c4 - std::panicking::try::hb956a59a1973aa4c
[INFO] [stdout]                                at /rustc/202008a1b8de96d2e5b6bc02d379db03a877d34d/library/std/src/panicking.rs:520:19
[INFO] [stdout]   39:     0x56aeb95064c4 - std::panic::catch_unwind::h64f3b9d1067ef6a0
[INFO] [stdout]                                at /rustc/202008a1b8de96d2e5b6bc02d379db03a877d34d/library/std/src/panic.rs:358:14
[INFO] [stdout]   40:     0x56aeb95064c4 - std::thread::Builder::spawn_unchecked_::{{closure}}::h42b2841295b6c0b2
[INFO] [stdout]                                at /rustc/202008a1b8de96d2e5b6bc02d379db03a877d34d/library/std/src/thread/mod.rs:559:30
[INFO] [stdout]   41:     0x56aeb95064c4 - core::ops::function::FnOnce::call_once{{vtable.shim}}::h6127de71b8124639
[INFO] [stdout]                                at /rustc/202008a1b8de96d2e5b6bc02d379db03a877d34d/library/core/src/ops/function.rs:250:5
[INFO] [stdout]   42:     0x56aeb95789ab - <alloc::boxed::Box<F,A> as core::ops::function::FnOnce<Args>>::call_once::h42f0ba71002a1b2c
[INFO] [stdout]                                at /rustc/202008a1b8de96d2e5b6bc02d379db03a877d34d/library/alloc/src/boxed.rs:1972:9
[INFO] [stdout]   43:     0x56aeb95789ab - <alloc::boxed::Box<F,A> as core::ops::function::FnOnce<Args>>::call_once::had9e47d7a3dcecb8
[INFO] [stdout]                                at /rustc/202008a1b8de96d2e5b6bc02d379db03a877d34d/library/alloc/src/boxed.rs:1972:9
[INFO] [stdout]   44:     0x56aeb95789ab - std::sys::pal::unix::thread::Thread::new::thread_start::h48cf765408f6f5f2
[INFO] [stdout]                                at /rustc/202008a1b8de96d2e5b6bc02d379db03a877d34d/library/std/src/sys/pal/unix/thread.rs:105:17
[INFO] [stdout]   45:     0x74a3ca980ac3 - <unknown>
[INFO] [stdout]   46:     0x74a3caa11a04 - clone
[INFO] [stdout]   47:                0x0 - <unknown>
[INFO] [stdout] 
[INFO] [stdout] 
[INFO] [stdout] failures:
[INFO] [stdout]     tests::run_test
[INFO] [stdout] 
[INFO] [stdout] test result: FAILED. 0 passed; 1 failed; 0 ignored; 0 measured; 0 filtered out; finished in 0.26s
[INFO] [stdout] 
[INFO] running `Command { std: "docker" "inspect" "150cadbfc6bc7349cf4f972c1be0ff699f00629331953a732282264c45729706", kill_on_drop: false }`
[INFO] running `Command { std: "docker" "rm" "-f" "150cadbfc6bc7349cf4f972c1be0ff699f00629331953a732282264c45729706", kill_on_drop: false }`
[INFO] [stdout] 150cadbfc6bc7349cf4f972c1be0ff699f00629331953a732282264c45729706
