[INFO] fetching crate crypto_key_master 0.1.2...
[INFO] testing crypto_key_master-0.1.2 against 1.83.0 for beta-1.84.0-4-retry
[INFO] extracting crate crypto_key_master 0.1.2 into /workspace/builds/worker-6-tc1/source
[INFO] validating manifest of crates.io crate crypto_key_master 0.1.2 on toolchain 1.83.0
[INFO] running `Command { std: CARGO_HOME="/workspace/cargo-home" RUSTUP_HOME="/workspace/rustup-home" "/workspace/cargo-home/bin/cargo" "+1.83.0" "metadata" "--manifest-path" "Cargo.toml" "--no-deps", kill_on_drop: false }`
[INFO] started tweaking crates.io crate crypto_key_master 0.1.2
[INFO] finished tweaking crates.io crate crypto_key_master 0.1.2
[INFO] tweaked toml for crates.io crate crypto_key_master 0.1.2 written to /workspace/builds/worker-6-tc1/source/Cargo.toml
[INFO] running `Command { std: CARGO_HOME="/workspace/cargo-home" RUSTUP_HOME="/workspace/rustup-home" "/workspace/cargo-home/bin/cargo" "+1.83.0" "generate-lockfile" "--manifest-path" "Cargo.toml", kill_on_drop: false }`
[INFO] [stderr]     Updating crates.io index
[INFO] [stderr]     Blocking waiting for file lock on package cache
[INFO] [stderr]      Locking 93 packages to latest compatible versions
[INFO] [stderr]       Adding aes v0.7.5 (available: v0.8.4)
[INFO] [stderr]       Adding bip32 v0.2.2 (available: v0.5.2)
[INFO] [stderr]       Adding ecdsa v0.12.4 (available: v0.16.9)
[INFO] [stderr]       Adding k256 v0.9.6 (available: v0.13.4)
[INFO] [stderr]       Adding ring v0.16.20 (available: v0.17.8)
[INFO] [stderr]       Adding scrypt v0.2.0 (available: v0.11.0)
[INFO] [stderr]       Adding sha3 v0.7.3 (available: v0.10.8)
[INFO] [stderr]       Adding signature v1.3.2 (available: v1.6.4)
[INFO] [stderr]       Adding subtle v2.4.1 (available: v2.6.1)
[INFO] [stderr]       Adding thiserror v1.0.69 (available: v2.0.7)
[INFO] [stderr]       Adding zeroize v1.4.3 (available: v1.8.1)
[INFO] running `Command { std: CARGO_HOME="/workspace/cargo-home" RUSTUP_HOME="/workspace/rustup-home" "/workspace/cargo-home/bin/cargo" "+1.83.0" "fetch" "--manifest-path" "Cargo.toml", kill_on_drop: false }`
[INFO] [stderr]  Downloading crates ...
[INFO] [stderr]   Downloaded hkd32 v0.6.0
[INFO] [stderr]   Downloaded bip32 v0.2.2
[INFO] [stderr]   Downloaded scrypt v0.2.0
[INFO] running `Command { std: "docker" "create" "-v" "/var/lib/crater-agent-workspace/builds/worker-6-tc1/target:/opt/rustwide/target:rw,Z" "-v" "/var/lib/crater-agent-workspace/builds/worker-6-tc1/source:/opt/rustwide/workdir:ro,Z" "-v" "/var/lib/crater-agent-workspace/cargo-home:/opt/rustwide/cargo-home:ro,Z" "-v" "/var/lib/crater-agent-workspace/rustup-home:/opt/rustwide/rustup-home:ro,Z" "-e" "SOURCE_DIR=/opt/rustwide/workdir" "-e" "CARGO_TARGET_DIR=/opt/rustwide/target" "-e" "CARGO_HOME=/opt/rustwide/cargo-home" "-e" "RUSTUP_HOME=/opt/rustwide/rustup-home" "-w" "/opt/rustwide/workdir" "-m" "1610612736" "--user" "0:0" "--network" "none" "ghcr.io/rust-lang/crates-build-env/linux@sha256:f3a9d4ad9d972b27faf3965f35b62e55ba32bbce8f20bc8fe909558a86702fde" "/opt/rustwide/cargo-home/bin/cargo" "+1.83.0" "metadata" "--no-deps" "--format-version=1", kill_on_drop: false }`
[INFO] [stdout] 164421f82e8b61c10b4015024ecc5190c1b06d2c23317f93beca66ba5a0ef3b8
[INFO] running `Command { std: "docker" "start" "-a" "164421f82e8b61c10b4015024ecc5190c1b06d2c23317f93beca66ba5a0ef3b8", kill_on_drop: false }`
[INFO] running `Command { std: "docker" "inspect" "164421f82e8b61c10b4015024ecc5190c1b06d2c23317f93beca66ba5a0ef3b8", kill_on_drop: false }`
[INFO] running `Command { std: "docker" "rm" "-f" "164421f82e8b61c10b4015024ecc5190c1b06d2c23317f93beca66ba5a0ef3b8", kill_on_drop: false }`
[INFO] [stdout] 164421f82e8b61c10b4015024ecc5190c1b06d2c23317f93beca66ba5a0ef3b8
[INFO] running `Command { std: "docker" "create" "-v" "/var/lib/crater-agent-workspace/builds/worker-6-tc1/target:/opt/rustwide/target:rw,Z" "-v" "/var/lib/crater-agent-workspace/builds/worker-6-tc1/source:/opt/rustwide/workdir:ro,Z" "-v" "/var/lib/crater-agent-workspace/cargo-home:/opt/rustwide/cargo-home:ro,Z" "-v" "/var/lib/crater-agent-workspace/rustup-home:/opt/rustwide/rustup-home:ro,Z" "-e" "SOURCE_DIR=/opt/rustwide/workdir" "-e" "CARGO_TARGET_DIR=/opt/rustwide/target" "-e" "CARGO_INCREMENTAL=0" "-e" "RUST_BACKTRACE=full" "-e" "RUSTFLAGS=--cap-lints=warn" "-e" "RUSTDOCFLAGS=--cap-lints=warn" "-e" "CARGO_HOME=/opt/rustwide/cargo-home" "-e" "RUSTUP_HOME=/opt/rustwide/rustup-home" "-w" "/opt/rustwide/workdir" "-m" "1610612736" "--user" "0:0" "--network" "none" "ghcr.io/rust-lang/crates-build-env/linux@sha256:f3a9d4ad9d972b27faf3965f35b62e55ba32bbce8f20bc8fe909558a86702fde" "/opt/rustwide/cargo-home/bin/cargo" "+1.83.0" "build" "--frozen" "--message-format=json", kill_on_drop: false }`
[INFO] [stdout] 081d2030a303fe88200ae066b90ef94c8c26aa57c45edc49eddf8ce7f0b40321
[INFO] running `Command { std: "docker" "start" "-a" "081d2030a303fe88200ae066b90ef94c8c26aa57c45edc49eddf8ce7f0b40321", kill_on_drop: false }`
[INFO] [stderr]    Compiling typenum v1.17.0
[INFO] [stderr]    Compiling version_check v0.9.5
[INFO] [stderr]    Compiling proc-macro2 v1.0.92
[INFO] [stderr]    Compiling unicode-ident v1.0.14
[INFO] [stderr]    Compiling cfg-if v1.0.0
[INFO] [stderr]    Compiling libc v0.2.168
[INFO] [stderr]    Compiling subtle v2.4.1
[INFO] [stderr]    Compiling block-padding v0.2.1
[INFO] [stderr]    Compiling opaque-debug v0.3.1
[INFO] [stderr]    Compiling const-oid v0.6.2
[INFO] [stderr]    Compiling cpufeatures v0.2.16
[INFO] [stderr]    Compiling shlex v1.3.0
[INFO] [stderr]    Compiling byte-tools v0.3.1
[INFO] [stderr]    Compiling subtle v1.0.0
[INFO] [stderr]    Compiling keccak v0.1.5
[INFO] [stderr]    Compiling byteorder v1.5.0
[INFO] [stderr]    Compiling serde v1.0.216
[INFO] [stderr]    Compiling once_cell v1.20.2
[INFO] [stderr]    Compiling block-padding v0.1.5
[INFO] [stderr]    Compiling fake-simd v0.1.2
[INFO] [stderr]    Compiling serde_json v1.0.133
[INFO] [stderr]    Compiling thiserror v1.0.69
[INFO] [stderr]    Compiling cc v1.2.4
[INFO] [stderr]    Compiling der v0.4.5
[INFO] [stderr]    Compiling arrayref v0.3.9
[INFO] [stderr]    Compiling byte-tools v0.2.0
[INFO] [stderr]    Compiling opaque-debug v0.2.3
[INFO] [stderr]    Compiling itoa v1.0.14
[INFO] [stderr]    Compiling ryu v1.0.18
[INFO] [stderr]    Compiling block-buffer v0.3.3
[INFO] [stderr]    Compiling memchr v2.7.4
[INFO] [stderr]    Compiling untrusted v0.7.1
[INFO] [stderr]    Compiling spin v0.5.2
[INFO] [stderr]    Compiling hex v0.4.3
[INFO] [stderr]    Compiling bytes v1.9.0
[INFO] [stderr]    Compiling generic-array v0.14.7
[INFO] [stderr]    Compiling spki v0.4.1
[INFO] [stderr]    Compiling pkcs8 v0.7.6
[INFO] [stderr]    Compiling quote v1.0.37
[INFO] [stderr]    Compiling syn v2.0.90
[INFO] [stderr]    Compiling ring v0.16.20
[INFO] [stderr]    Compiling generic-array v0.12.4
[INFO] [stderr]    Compiling generic-array v0.9.1
[INFO] [stderr]    Compiling digest v0.7.6
[INFO] [stderr]    Compiling sha3 v0.7.3
[INFO] [stderr]    Compiling digest v0.9.0
[INFO] [stderr]    Compiling block-buffer v0.9.0
[INFO] [stderr]    Compiling crypto-mac v0.11.1
[INFO] [stderr]    Compiling cipher v0.3.0
[INFO] [stderr]    Compiling pbkdf2 v0.8.0
[INFO] [stderr]    Compiling hmac v0.11.0
[INFO] [stderr]    Compiling getrandom v0.2.15
[INFO] [stderr]    Compiling crypto-mac v0.7.0
[INFO] [stderr]    Compiling digest v0.8.1
[INFO] [stderr]    Compiling block-buffer v0.7.3
[INFO] [stderr]    Compiling sha2 v0.9.9
[INFO] [stderr]    Compiling sha3 v0.9.1
[INFO] [stderr]    Compiling ripemd160 v0.9.1
[INFO] [stderr]    Compiling ctr v0.8.0
[INFO] [stderr]    Compiling pbkdf2 v0.3.0
[INFO] [stderr]    Compiling hmac v0.7.1
[INFO] [stderr]    Compiling sha2 v0.8.2
[INFO] [stderr]    Compiling rand_core v0.6.4
[INFO] [stderr]    Compiling aes v0.7.5
[INFO] [stderr]    Compiling scrypt v0.2.0
[INFO] [stderr]    Compiling ff v0.10.1
[INFO] [stderr]    Compiling signature v1.3.2
[INFO] [stderr]    Compiling group v0.10.0
[INFO] [stderr]    Compiling bs58 v0.4.0
[INFO] [stderr]    Compiling zeroize_derive v1.4.2
[INFO] [stderr]    Compiling serde_derive v1.0.216
[INFO] [stderr]    Compiling thiserror-impl v1.0.69
[INFO] [stderr]    Compiling zeroize v1.4.3
[INFO] [stderr]    Compiling crypto-bigint v0.2.11
[INFO] [stderr]    Compiling hkd32 v0.6.0
[INFO] [stderr]    Compiling elliptic-curve v0.10.6
[INFO] [stderr]    Compiling ecdsa v0.12.4
[INFO] [stderr]    Compiling k256 v0.9.6
[INFO] [stderr]    Compiling bip32 v0.2.2
[INFO] [stderr]    Compiling serde_bytes v0.11.15
[INFO] [stderr]    Compiling crypto_key_master v0.1.2 (/opt/rustwide/workdir)
[INFO] [stdout] warning: unused variable: `e`
[INFO] [stdout]   --> src/curve/k1.rs:47:52
[INFO] [stdout]    |
[INFO] [stdout] 47 |         SigningKey::from_bytes(key_bytes).map_err(|e| CKMError::SigningError)?;
[INFO] [stdout]    |                                                    ^ help: if this is intentional, prefix it with an underscore: `_e`
[INFO] [stdout]    |
[INFO] [stdout]    = note: `#[warn(unused_variables)]` on by default
[INFO] [stdout] 
[INFO] [stdout] 
[INFO] [stdout] warning: unused variable: `length`
[INFO] [stdout]  --> src/keystore/fake.rs:8:32
[INFO] [stdout]   |
[INFO] [stdout] 8 |     fn generate_entropy(&self, length: u32) -> Result<Vec<u8>, CKMError> {
[INFO] [stdout]   |                                ^^^^^^ help: if this is intentional, prefix it with an underscore: `_length`
[INFO] [stdout] 
[INFO] [stdout] 
[INFO] [stdout] warning: unused variable: `password`
[INFO] [stdout]   --> src/keystore/fake.rs:13:23
[INFO] [stdout]    |
[INFO] [stdout] 13 |     fn get_key(&self, password: &str, key_id: String) -> Result<Vec<u8>, CKMError> {
[INFO] [stdout]    |                       ^^^^^^^^ help: if this is intentional, prefix it with an underscore: `_password`
[INFO] [stdout] 
[INFO] [stdout] 
[INFO] [stdout] warning: unused variable: `key_id`
[INFO] [stdout]   --> src/keystore/fake.rs:13:39
[INFO] [stdout]    |
[INFO] [stdout] 13 |     fn get_key(&self, password: &str, key_id: String) -> Result<Vec<u8>, CKMError> {
[INFO] [stdout]    |                                       ^^^^^^ help: if this is intentional, prefix it with an underscore: `_key_id`
[INFO] [stdout] 
[INFO] [stdout] 
[INFO] [stdout] warning: unused variable: `password`
[INFO] [stdout]   --> src/keystore/fake.rs:19:29
[INFO] [stdout]    |
[INFO] [stdout] 19 |     fn write_key(&mut self, password: &str, key: String) -> Result<String, crate::CKMError> {
[INFO] [stdout]    |                             ^^^^^^^^ help: if this is intentional, prefix it with an underscore: `_password`
[INFO] [stdout] 
[INFO] [stdout] 
[INFO] [stdout] warning: unused variable: `key`
[INFO] [stdout]   --> src/keystore/fake.rs:19:45
[INFO] [stdout]    |
[INFO] [stdout] 19 |     fn write_key(&mut self, password: &str, key: String) -> Result<String, crate::CKMError> {
[INFO] [stdout]    |                                             ^^^ help: if this is intentional, prefix it with an underscore: `_key`
[INFO] [stdout] 
[INFO] [stdout] 
[INFO] [stdout] warning: variable does not need to be mutable
[INFO] [stdout]    --> src/keystore/local.rs:208:9
[INFO] [stdout]     |
[INFO] [stdout] 208 |     let mut wrap_key = GenericArray::from_slice(key);
[INFO] [stdout]     |         ----^^^^^^^^
[INFO] [stdout]     |         |
[INFO] [stdout]     |         help: remove this `mut`
[INFO] [stdout]     |
[INFO] [stdout]     = note: `#[warn(unused_mut)]` on by default
[INFO] [stdout] 
[INFO] [stdout] 
[INFO] [stdout] warning: struct `FakeKeystore` is never constructed
[INFO] [stdout]  --> src/keystore/fake.rs:5:19
[INFO] [stdout]   |
[INFO] [stdout] 5 | pub(crate) struct FakeKeystore {}
[INFO] [stdout]   |                   ^^^^^^^^^^^^
[INFO] [stdout]   |
[INFO] [stdout]   = note: `FakeKeystore` has a derived impl for the trait `Default`, but this is intentionally ignored during dead code analysis
[INFO] [stdout]   = note: `#[warn(dead_code)]` on by default
[INFO] [stdout] 
[INFO] [stdout] 
[INFO] [stdout] warning: variable `fakeBuffer` should have a snake case name
[INFO] [stdout]  --> src/keystore/fake.rs:9:13
[INFO] [stdout]   |
[INFO] [stdout] 9 |         let fakeBuffer = vec![0u8; 32];
[INFO] [stdout]   |             ^^^^^^^^^^ help: convert the identifier to snake case: `fake_buffer`
[INFO] [stdout]   |
[INFO] [stdout]   = note: `#[warn(non_snake_case)]` on by default
[INFO] [stdout] 
[INFO] [stdout] 
[INFO] [stdout] warning: variable `fakeSeed` should have a snake case name
[INFO] [stdout]   --> src/keystore/fake.rs:14:13
[INFO] [stdout]    |
[INFO] [stdout] 14 | ...   let fakeSeed = "5eb00bbddcf069084889a8ab9155568165f5c453ccb85e70811aaed6f6da5fc19a5ac40b389cd370d086206dec8aa6c43daea6690f20ad3d8d4...
[INFO] [stdout]    |           ^^^^^^^^ help: convert the identifier to snake case: `fake_seed`
[INFO] [stdout] 
[INFO] [stdout] 
[INFO] [stdout] warning: unused `Result` that must be used
[INFO] [stdout]    --> src/keystore/local.rs:137:13
[INFO] [stdout]     |
[INFO] [stdout] 137 |             _random_generator(&mut key);
[INFO] [stdout]     |             ^^^^^^^^^^^^^^^^^^^^^^^^^^^
[INFO] [stdout]     |
[INFO] [stdout]     = note: this `Result` may be an `Err` variant, which should be handled
[INFO] [stdout]     = note: `#[warn(unused_must_use)]` on by default
[INFO] [stdout] help: use `let _ = ...` to ignore the resulting value
[INFO] [stdout]     |
[INFO] [stdout] 137 |             let _ = _random_generator(&mut key);
[INFO] [stdout]     |             +++++++
[INFO] [stdout] 
[INFO] [stdout] 
[INFO] [stdout] warning: unused `Result` that must be used
[INFO] [stdout]    --> src/keystore/local.rs:162:17
[INFO] [stdout]     |
[INFO] [stdout] 162 |                 scrypt(password_bytes, salt, &params, &mut password_hash);
[INFO] [stdout]     |                 ^^^^^^^^^^^^^^^^^^^^^^^^^^^^^^^^^^^^^^^^^^^^^^^^^^^^^^^^^
[INFO] [stdout]     |
[INFO] [stdout]     = note: this `Result` may be an `Err` variant, which should be handled
[INFO] [stdout] help: use `let _ = ...` to ignore the resulting value
[INFO] [stdout]     |
[INFO] [stdout] 162 |                 let _ = scrypt(password_bytes, salt, &params, &mut password_hash);
[INFO] [stdout]     |                 +++++++
[INFO] [stdout] 
[INFO] [stdout] 
[INFO] [stdout] warning: unused `Result` that must be used
[INFO] [stdout]    --> src/keystore/local.rs:175:9
[INFO] [stdout]     |
[INFO] [stdout] 175 |         _random_generator(&mut store_id);
[INFO] [stdout]     |         ^^^^^^^^^^^^^^^^^^^^^^^^^^^^^^^^
[INFO] [stdout]     |
[INFO] [stdout]     = note: this `Result` may be an `Err` variant, which should be handled
[INFO] [stdout] help: use `let _ = ...` to ignore the resulting value
[INFO] [stdout]     |
[INFO] [stdout] 175 |         let _ = _random_generator(&mut store_id);
[INFO] [stdout]     |         +++++++
[INFO] [stdout] 
[INFO] [stdout] 
[INFO] [stdout] warning: unused `Result` that must be used
[INFO] [stdout]    --> src/keystore/local.rs:207:5
[INFO] [stdout]     |
[INFO] [stdout] 207 |     _random_generator(&mut nonce);
[INFO] [stdout]     |     ^^^^^^^^^^^^^^^^^^^^^^^^^^^^^
[INFO] [stdout]     |
[INFO] [stdout]     = note: this `Result` may be an `Err` variant, which should be handled
[INFO] [stdout] help: use `let _ = ...` to ignore the resulting value
[INFO] [stdout]     |
[INFO] [stdout] 207 |     let _ = _random_generator(&mut nonce);
[INFO] [stdout]     |     +++++++
[INFO] [stdout] 
[INFO] [stdout] 
[INFO] [stdout] warning: unused `Result` that must be used
[INFO] [stdout]    --> src/keystore/local.rs:230:5
[INFO] [stdout]     |
[INFO] [stdout] 230 |     _random_generator(&mut salt);
[INFO] [stdout]     |     ^^^^^^^^^^^^^^^^^^^^^^^^^^^^
[INFO] [stdout]     |
[INFO] [stdout]     = note: this `Result` may be an `Err` variant, which should be handled
[INFO] [stdout] help: use `let _ = ...` to ignore the resulting value
[INFO] [stdout]     |
[INFO] [stdout] 230 |     let _ = _random_generator(&mut salt);
[INFO] [stdout]     |     +++++++
[INFO] [stdout] 
[INFO] [stdout] 
[INFO] [stdout] warning: unused `Result` that must be used
[INFO] [stdout]    --> src/keystore/local.rs:232:5
[INFO] [stdout]     |
[INFO] [stdout] 232 |     scrypt(&password_bytes, &salt, &params, &mut password_hash);
[INFO] [stdout]     |     ^^^^^^^^^^^^^^^^^^^^^^^^^^^^^^^^^^^^^^^^^^^^^^^^^^^^^^^^^^^
[INFO] [stdout]     |
[INFO] [stdout]     = note: this `Result` may be an `Err` variant, which should be handled
[INFO] [stdout] help: use `let _ = ...` to ignore the resulting value
[INFO] [stdout]     |
[INFO] [stdout] 232 |     let _ = scrypt(&password_bytes, &salt, &params, &mut password_hash);
[INFO] [stdout]     |     +++++++
[INFO] [stdout] 
[INFO] [stdout] 
[INFO] [stderr]     Finished `dev` profile [unoptimized + debuginfo] target(s) in 21.59s
[INFO] running `Command { std: "docker" "inspect" "081d2030a303fe88200ae066b90ef94c8c26aa57c45edc49eddf8ce7f0b40321", kill_on_drop: false }`
[INFO] running `Command { std: "docker" "rm" "-f" "081d2030a303fe88200ae066b90ef94c8c26aa57c45edc49eddf8ce7f0b40321", kill_on_drop: false }`
[INFO] [stdout] 081d2030a303fe88200ae066b90ef94c8c26aa57c45edc49eddf8ce7f0b40321
[INFO] running `Command { std: "docker" "create" "-v" "/var/lib/crater-agent-workspace/builds/worker-6-tc1/target:/opt/rustwide/target:rw,Z" "-v" "/var/lib/crater-agent-workspace/builds/worker-6-tc1/source:/opt/rustwide/workdir:ro,Z" "-v" "/var/lib/crater-agent-workspace/cargo-home:/opt/rustwide/cargo-home:ro,Z" "-v" "/var/lib/crater-agent-workspace/rustup-home:/opt/rustwide/rustup-home:ro,Z" "-e" "SOURCE_DIR=/opt/rustwide/workdir" "-e" "CARGO_TARGET_DIR=/opt/rustwide/target" "-e" "CARGO_INCREMENTAL=0" "-e" "RUST_BACKTRACE=full" "-e" "RUSTFLAGS=--cap-lints=warn" "-e" "RUSTDOCFLAGS=--cap-lints=warn" "-e" "CARGO_HOME=/opt/rustwide/cargo-home" "-e" "RUSTUP_HOME=/opt/rustwide/rustup-home" "-w" "/opt/rustwide/workdir" "-m" "1610612736" "--user" "0:0" "--network" "none" "ghcr.io/rust-lang/crates-build-env/linux@sha256:f3a9d4ad9d972b27faf3965f35b62e55ba32bbce8f20bc8fe909558a86702fde" "/opt/rustwide/cargo-home/bin/cargo" "+1.83.0" "test" "--frozen" "--no-run" "--message-format=json", kill_on_drop: false }`
[INFO] [stdout] 051b627e666356330d0f1d3b08746232729d1a6c783cea3279d80ad4f45e58b3
[INFO] running `Command { std: "docker" "start" "-a" "051b627e666356330d0f1d3b08746232729d1a6c783cea3279d80ad4f45e58b3", kill_on_drop: false }`
[INFO] [stdout] warning: unused variable: `e`
[INFO] [stdout]   --> src/curve/k1.rs:47:52
[INFO] [stdout]    |
[INFO] [stdout] 47 |         SigningKey::from_bytes(key_bytes).map_err(|e| CKMError::SigningError)?;
[INFO] [stdout]    |                                                    ^ help: if this is intentional, prefix it with an underscore: `_e`
[INFO] [stdout]    |
[INFO] [stdout]    = note: `#[warn(unused_variables)]` on by default
[INFO] [stdout] 
[INFO] [stdout] 
[INFO] [stdout] warning: unused variable: `length`
[INFO] [stdout]  --> src/keystore/fake.rs:8:32
[INFO] [stdout]   |
[INFO] [stdout] 8 |     fn generate_entropy(&self, length: u32) -> Result<Vec<u8>, CKMError> {
[INFO] [stdout]   |                                ^^^^^^ help: if this is intentional, prefix it with an underscore: `_length`
[INFO] [stdout] 
[INFO] [stdout] 
[INFO] [stdout] warning: unused variable: `password`
[INFO] [stdout]   --> src/keystore/fake.rs:13:23
[INFO] [stdout]    |
[INFO] [stdout] 13 |     fn get_key(&self, password: &str, key_id: String) -> Result<Vec<u8>, CKMError> {
[INFO] [stdout]    |                       ^^^^^^^^ help: if this is intentional, prefix it with an underscore: `_password`
[INFO] [stdout] 
[INFO] [stdout] 
[INFO] [stdout] warning: unused variable: `key_id`
[INFO] [stdout]   --> src/keystore/fake.rs:13:39
[INFO] [stdout]    |
[INFO] [stdout] 13 |     fn get_key(&self, password: &str, key_id: String) -> Result<Vec<u8>, CKMError> {
[INFO] [stdout]    |                                       ^^^^^^ help: if this is intentional, prefix it with an underscore: `_key_id`
[INFO] [stdout] 
[INFO] [stdout] 
[INFO] [stdout] warning: unused variable: `password`
[INFO] [stdout]   --> src/keystore/fake.rs:19:29
[INFO] [stdout]    |
[INFO] [stdout] 19 |     fn write_key(&mut self, password: &str, key: String) -> Result<String, crate::CKMError> {
[INFO] [stdout]    |                             ^^^^^^^^ help: if this is intentional, prefix it with an underscore: `_password`
[INFO] [stdout] 
[INFO] [stdout] 
[INFO] [stderr]    Compiling crypto_key_master v0.1.2 (/opt/rustwide/workdir)
[INFO] [stdout] warning: unused variable: `key`
[INFO] [stdout]   --> src/keystore/fake.rs:19:45
[INFO] [stdout]    |
[INFO] [stdout] 19 |     fn write_key(&mut self, password: &str, key: String) -> Result<String, crate::CKMError> {
[INFO] [stdout]    |                                             ^^^ help: if this is intentional, prefix it with an underscore: `_key`
[INFO] [stdout] 
[INFO] [stdout] 
[INFO] [stdout] warning: variable does not need to be mutable
[INFO] [stdout]    --> src/keystore/local.rs:208:9
[INFO] [stdout]     |
[INFO] [stdout] 208 |     let mut wrap_key = GenericArray::from_slice(key);
[INFO] [stdout]     |         ----^^^^^^^^
[INFO] [stdout]     |         |
[INFO] [stdout]     |         help: remove this `mut`
[INFO] [stdout]     |
[INFO] [stdout]     = note: `#[warn(unused_mut)]` on by default
[INFO] [stdout] 
[INFO] [stdout] 
[INFO] [stdout] warning: struct `FakeKeystore` is never constructed
[INFO] [stdout]  --> src/keystore/fake.rs:5:19
[INFO] [stdout]   |
[INFO] [stdout] 5 | pub(crate) struct FakeKeystore {}
[INFO] [stdout]   |                   ^^^^^^^^^^^^
[INFO] [stdout]   |
[INFO] [stdout]   = note: `FakeKeystore` has a derived impl for the trait `Default`, but this is intentionally ignored during dead code analysis
[INFO] [stdout]   = note: `#[warn(dead_code)]` on by default
[INFO] [stdout] 
[INFO] [stdout] 
[INFO] [stdout] warning: variable `fakeBuffer` should have a snake case name
[INFO] [stdout]  --> src/keystore/fake.rs:9:13
[INFO] [stdout]   |
[INFO] [stdout] 9 |         let fakeBuffer = vec![0u8; 32];
[INFO] [stdout]   |             ^^^^^^^^^^ help: convert the identifier to snake case: `fake_buffer`
[INFO] [stdout]   |
[INFO] [stdout]   = note: `#[warn(non_snake_case)]` on by default
[INFO] [stdout] 
[INFO] [stdout] 
[INFO] [stdout] warning: variable `fakeSeed` should have a snake case name
[INFO] [stdout]   --> src/keystore/fake.rs:14:13
[INFO] [stdout]    |
[INFO] [stdout] 14 | ...   let fakeSeed = "5eb00bbddcf069084889a8ab9155568165f5c453ccb85e70811aaed6f6da5fc19a5ac40b389cd370d086206dec8aa6c43daea6690f20ad3d8d4...
[INFO] [stdout]    |           ^^^^^^^^ help: convert the identifier to snake case: `fake_seed`
[INFO] [stdout] 
[INFO] [stdout] 
[INFO] [stdout] warning: unused `Result` that must be used
[INFO] [stdout]    --> src/keystore/local.rs:137:13
[INFO] [stdout]     |
[INFO] [stdout] 137 |             _random_generator(&mut key);
[INFO] [stdout]     |             ^^^^^^^^^^^^^^^^^^^^^^^^^^^
[INFO] [stdout]     |
[INFO] [stdout]     = note: this `Result` may be an `Err` variant, which should be handled
[INFO] [stdout]     = note: `#[warn(unused_must_use)]` on by default
[INFO] [stdout] help: use `let _ = ...` to ignore the resulting value
[INFO] [stdout]     |
[INFO] [stdout] 137 |             let _ = _random_generator(&mut key);
[INFO] [stdout]     |             +++++++
[INFO] [stdout] 
[INFO] [stdout] 
[INFO] [stdout] warning: unused `Result` that must be used
[INFO] [stdout]    --> src/keystore/local.rs:162:17
[INFO] [stdout]     |
[INFO] [stdout] 162 |                 scrypt(password_bytes, salt, &params, &mut password_hash);
[INFO] [stdout]     |                 ^^^^^^^^^^^^^^^^^^^^^^^^^^^^^^^^^^^^^^^^^^^^^^^^^^^^^^^^^
[INFO] [stdout]     |
[INFO] [stdout]     = note: this `Result` may be an `Err` variant, which should be handled
[INFO] [stdout] help: use `let _ = ...` to ignore the resulting value
[INFO] [stdout]     |
[INFO] [stdout] 162 |                 let _ = scrypt(password_bytes, salt, &params, &mut password_hash);
[INFO] [stdout]     |                 +++++++
[INFO] [stdout] 
[INFO] [stdout] 
[INFO] [stdout] warning: unused `Result` that must be used
[INFO] [stdout]    --> src/keystore/local.rs:175:9
[INFO] [stdout]     |
[INFO] [stdout] 175 |         _random_generator(&mut store_id);
[INFO] [stdout]     |         ^^^^^^^^^^^^^^^^^^^^^^^^^^^^^^^^
[INFO] [stdout]     |
[INFO] [stdout]     = note: this `Result` may be an `Err` variant, which should be handled
[INFO] [stdout] help: use `let _ = ...` to ignore the resulting value
[INFO] [stdout]     |
[INFO] [stdout] 175 |         let _ = _random_generator(&mut store_id);
[INFO] [stdout]     |         +++++++
[INFO] [stdout] 
[INFO] [stdout] 
[INFO] [stdout] warning: unused `Result` that must be used
[INFO] [stdout]    --> src/keystore/local.rs:207:5
[INFO] [stdout]     |
[INFO] [stdout] 207 |     _random_generator(&mut nonce);
[INFO] [stdout]     |     ^^^^^^^^^^^^^^^^^^^^^^^^^^^^^
[INFO] [stdout]     |
[INFO] [stdout]     = note: this `Result` may be an `Err` variant, which should be handled
[INFO] [stdout] help: use `let _ = ...` to ignore the resulting value
[INFO] [stdout]     |
[INFO] [stdout] 207 |     let _ = _random_generator(&mut nonce);
[INFO] [stdout]     |     +++++++
[INFO] [stdout] 
[INFO] [stdout] 
[INFO] [stdout] warning: unused `Result` that must be used
[INFO] [stdout]    --> src/keystore/local.rs:230:5
[INFO] [stdout]     |
[INFO] [stdout] 230 |     _random_generator(&mut salt);
[INFO] [stdout]     |     ^^^^^^^^^^^^^^^^^^^^^^^^^^^^
[INFO] [stdout]     |
[INFO] [stdout]     = note: this `Result` may be an `Err` variant, which should be handled
[INFO] [stdout] help: use `let _ = ...` to ignore the resulting value
[INFO] [stdout]     |
[INFO] [stdout] 230 |     let _ = _random_generator(&mut salt);
[INFO] [stdout]     |     +++++++
[INFO] [stdout] 
[INFO] [stdout] 
[INFO] [stdout] warning: unused `Result` that must be used
[INFO] [stdout]    --> src/keystore/local.rs:232:5
[INFO] [stdout]     |
[INFO] [stdout] 232 |     scrypt(&password_bytes, &salt, &params, &mut password_hash);
[INFO] [stdout]     |     ^^^^^^^^^^^^^^^^^^^^^^^^^^^^^^^^^^^^^^^^^^^^^^^^^^^^^^^^^^^
[INFO] [stdout]     |
[INFO] [stdout]     = note: this `Result` may be an `Err` variant, which should be handled
[INFO] [stdout] help: use `let _ = ...` to ignore the resulting value
[INFO] [stdout]     |
[INFO] [stdout] 232 |     let _ = scrypt(&password_bytes, &salt, &params, &mut password_hash);
[INFO] [stdout]     |     +++++++
[INFO] [stdout] 
[INFO] [stdout] 
[INFO] [stdout] warning: unused variable: `e`
[INFO] [stdout]   --> src/curve/k1.rs:47:52
[INFO] [stdout]    |
[INFO] [stdout] 47 |         SigningKey::from_bytes(key_bytes).map_err(|e| CKMError::SigningError)?;
[INFO] [stdout]    |                                                    ^ help: if this is intentional, prefix it with an underscore: `_e`
[INFO] [stdout]    |
[INFO] [stdout]    = note: `#[warn(unused_variables)]` on by default
[INFO] [stdout] 
[INFO] [stdout] 
[INFO] [stdout] warning: unused variable: `length`
[INFO] [stdout]  --> src/keystore/fake.rs:8:32
[INFO] [stdout]   |
[INFO] [stdout] 8 |     fn generate_entropy(&self, length: u32) -> Result<Vec<u8>, CKMError> {
[INFO] [stdout]   |                                ^^^^^^ help: if this is intentional, prefix it with an underscore: `_length`
[INFO] [stdout] 
[INFO] [stdout] 
[INFO] [stdout] warning: unused variable: `password`
[INFO] [stdout]   --> src/keystore/fake.rs:13:23
[INFO] [stdout]    |
[INFO] [stdout] 13 |     fn get_key(&self, password: &str, key_id: String) -> Result<Vec<u8>, CKMError> {
[INFO] [stdout]    |                       ^^^^^^^^ help: if this is intentional, prefix it with an underscore: `_password`
[INFO] [stdout] 
[INFO] [stdout] 
[INFO] [stdout] warning: unused variable: `key_id`
[INFO] [stdout]   --> src/keystore/fake.rs:13:39
[INFO] [stdout]    |
[INFO] [stdout] 13 |     fn get_key(&self, password: &str, key_id: String) -> Result<Vec<u8>, CKMError> {
[INFO] [stdout]    |                                       ^^^^^^ help: if this is intentional, prefix it with an underscore: `_key_id`
[INFO] [stdout] 
[INFO] [stdout] 
[INFO] [stdout] warning: unused variable: `password`
[INFO] [stdout]   --> src/keystore/fake.rs:19:29
[INFO] [stdout]    |
[INFO] [stdout] 19 |     fn write_key(&mut self, password: &str, key: String) -> Result<String, crate::CKMError> {
[INFO] [stdout]    |                             ^^^^^^^^ help: if this is intentional, prefix it with an underscore: `_password`
[INFO] [stdout] 
[INFO] [stdout] 
[INFO] [stdout] warning: unused variable: `key`
[INFO] [stdout]   --> src/keystore/fake.rs:19:45
[INFO] [stdout]    |
[INFO] [stdout] 19 |     fn write_key(&mut self, password: &str, key: String) -> Result<String, crate::CKMError> {
[INFO] [stdout]    |                                             ^^^ help: if this is intentional, prefix it with an underscore: `_key`
[INFO] [stdout] 
[INFO] [stdout] 
[INFO] [stdout] warning: variable does not need to be mutable
[INFO] [stdout]    --> src/keystore/local.rs:208:9
[INFO] [stdout]     |
[INFO] [stdout] 208 |     let mut wrap_key = GenericArray::from_slice(key);
[INFO] [stdout]     |         ----^^^^^^^^
[INFO] [stdout]     |         |
[INFO] [stdout]     |         help: remove this `mut`
[INFO] [stdout]     |
[INFO] [stdout]     = note: `#[warn(unused_mut)]` on by default
[INFO] [stdout] 
[INFO] [stdout] 
[INFO] [stdout] warning: variable `fakeBuffer` should have a snake case name
[INFO] [stdout]  --> src/keystore/fake.rs:9:13
[INFO] [stdout]   |
[INFO] [stdout] 9 |         let fakeBuffer = vec![0u8; 32];
[INFO] [stdout]   |             ^^^^^^^^^^ help: convert the identifier to snake case: `fake_buffer`
[INFO] [stdout]   |
[INFO] [stdout]   = note: `#[warn(non_snake_case)]` on by default
[INFO] [stdout] 
[INFO] [stdout] 
[INFO] [stdout] warning: variable `fakeSeed` should have a snake case name
[INFO] [stdout]   --> src/keystore/fake.rs:14:13
[INFO] [stdout]    |
[INFO] [stdout] 14 | ...   let fakeSeed = "5eb00bbddcf069084889a8ab9155568165f5c453ccb85e70811aaed6f6da5fc19a5ac40b389cd370d086206dec8aa6c43daea6690f20ad3d8d4...
[INFO] [stdout]    |           ^^^^^^^^ help: convert the identifier to snake case: `fake_seed`
[INFO] [stdout] 
[INFO] [stdout] 
[INFO] [stdout] warning: unused `Result` that must be used
[INFO] [stdout]    --> src/keystore/local.rs:137:13
[INFO] [stdout]     |
[INFO] [stdout] 137 |             _random_generator(&mut key);
[INFO] [stdout]     |             ^^^^^^^^^^^^^^^^^^^^^^^^^^^
[INFO] [stdout]     |
[INFO] [stdout]     = note: this `Result` may be an `Err` variant, which should be handled
[INFO] [stdout]     = note: `#[warn(unused_must_use)]` on by default
[INFO] [stdout] help: use `let _ = ...` to ignore the resulting value
[INFO] [stdout]     |
[INFO] [stdout] 137 |             let _ = _random_generator(&mut key);
[INFO] [stdout]     |             +++++++
[INFO] [stdout] 
[INFO] [stdout] 
[INFO] [stdout] warning: unused `Result` that must be used
[INFO] [stdout]    --> src/keystore/local.rs:162:17
[INFO] [stdout]     |
[INFO] [stdout] 162 |                 scrypt(password_bytes, salt, &params, &mut password_hash);
[INFO] [stdout]     |                 ^^^^^^^^^^^^^^^^^^^^^^^^^^^^^^^^^^^^^^^^^^^^^^^^^^^^^^^^^
[INFO] [stdout]     |
[INFO] [stdout]     = note: this `Result` may be an `Err` variant, which should be handled
[INFO] [stdout] help: use `let _ = ...` to ignore the resulting value
[INFO] [stdout]     |
[INFO] [stdout] 162 |                 let _ = scrypt(password_bytes, salt, &params, &mut password_hash);
[INFO] [stdout]     |                 +++++++
[INFO] [stdout] 
[INFO] [stdout] 
[INFO] [stdout] warning: unused `Result` that must be used
[INFO] [stdout]    --> src/keystore/local.rs:175:9
[INFO] [stdout]     |
[INFO] [stdout] 175 |         _random_generator(&mut store_id);
[INFO] [stdout]     |         ^^^^^^^^^^^^^^^^^^^^^^^^^^^^^^^^
[INFO] [stdout]     |
[INFO] [stdout]     = note: this `Result` may be an `Err` variant, which should be handled
[INFO] [stdout] help: use `let _ = ...` to ignore the resulting value
[INFO] [stdout]     |
[INFO] [stdout] 175 |         let _ = _random_generator(&mut store_id);
[INFO] [stdout]     |         +++++++
[INFO] [stdout] 
[INFO] [stdout] 
[INFO] [stdout] warning: unused `Result` that must be used
[INFO] [stdout]    --> src/keystore/local.rs:207:5
[INFO] [stdout]     |
[INFO] [stdout] 207 |     _random_generator(&mut nonce);
[INFO] [stdout]     |     ^^^^^^^^^^^^^^^^^^^^^^^^^^^^^
[INFO] [stdout]     |
[INFO] [stdout]     = note: this `Result` may be an `Err` variant, which should be handled
[INFO] [stdout] help: use `let _ = ...` to ignore the resulting value
[INFO] [stdout]     |
[INFO] [stdout] 207 |     let _ = _random_generator(&mut nonce);
[INFO] [stdout]     |     +++++++
[INFO] [stdout] 
[INFO] [stdout] 
[INFO] [stdout] warning: unused `Result` that must be used
[INFO] [stdout]    --> src/keystore/local.rs:230:5
[INFO] [stdout]     |
[INFO] [stdout] 230 |     _random_generator(&mut salt);
[INFO] [stdout]     |     ^^^^^^^^^^^^^^^^^^^^^^^^^^^^
[INFO] [stdout]     |
[INFO] [stdout]     = note: this `Result` may be an `Err` variant, which should be handled
[INFO] [stdout] help: use `let _ = ...` to ignore the resulting value
[INFO] [stdout]     |
[INFO] [stdout] 230 |     let _ = _random_generator(&mut salt);
[INFO] [stdout]     |     +++++++
[INFO] [stdout] 
[INFO] [stdout] 
[INFO] [stdout] warning: unused `Result` that must be used
[INFO] [stdout]    --> src/keystore/local.rs:232:5
[INFO] [stdout]     |
[INFO] [stdout] 232 |     scrypt(&password_bytes, &salt, &params, &mut password_hash);
[INFO] [stdout]     |     ^^^^^^^^^^^^^^^^^^^^^^^^^^^^^^^^^^^^^^^^^^^^^^^^^^^^^^^^^^^
[INFO] [stdout]     |
[INFO] [stdout]     = note: this `Result` may be an `Err` variant, which should be handled
[INFO] [stdout] help: use `let _ = ...` to ignore the resulting value
[INFO] [stdout]     |
[INFO] [stdout] 232 |     let _ = scrypt(&password_bytes, &salt, &params, &mut password_hash);
[INFO] [stdout]     |     +++++++
[INFO] [stdout] 
[INFO] [stdout] 
[INFO] [stderr]     Finished `test` profile [unoptimized + debuginfo] target(s) in 1.57s
[INFO] running `Command { std: "docker" "inspect" "051b627e666356330d0f1d3b08746232729d1a6c783cea3279d80ad4f45e58b3", kill_on_drop: false }`
[INFO] running `Command { std: "docker" "rm" "-f" "051b627e666356330d0f1d3b08746232729d1a6c783cea3279d80ad4f45e58b3", kill_on_drop: false }`
[INFO] [stdout] 051b627e666356330d0f1d3b08746232729d1a6c783cea3279d80ad4f45e58b3
[INFO] running `Command { std: "docker" "create" "-v" "/var/lib/crater-agent-workspace/builds/worker-6-tc1/target:/opt/rustwide/target:rw,Z" "-v" "/var/lib/crater-agent-workspace/builds/worker-6-tc1/source:/opt/rustwide/workdir:ro,Z" "-v" "/var/lib/crater-agent-workspace/cargo-home:/opt/rustwide/cargo-home:ro,Z" "-v" "/var/lib/crater-agent-workspace/rustup-home:/opt/rustwide/rustup-home:ro,Z" "-e" "SOURCE_DIR=/opt/rustwide/workdir" "-e" "CARGO_TARGET_DIR=/opt/rustwide/target" "-e" "CARGO_INCREMENTAL=0" "-e" "RUST_BACKTRACE=full" "-e" "RUSTFLAGS=--cap-lints=warn" "-e" "RUSTDOCFLAGS=--cap-lints=warn" "-e" "CARGO_HOME=/opt/rustwide/cargo-home" "-e" "RUSTUP_HOME=/opt/rustwide/rustup-home" "-w" "/opt/rustwide/workdir" "-m" "1610612736" "--user" "0:0" "--network" "none" "ghcr.io/rust-lang/crates-build-env/linux@sha256:f3a9d4ad9d972b27faf3965f35b62e55ba32bbce8f20bc8fe909558a86702fde" "/opt/rustwide/cargo-home/bin/cargo" "+1.83.0" "test" "--frozen", kill_on_drop: false }`
[INFO] [stdout] 0a59af10839947a38fd043f8688733ab4c3cbf41fd53c413ffeb2a40e52f342d
[INFO] running `Command { std: "docker" "start" "-a" "0a59af10839947a38fd043f8688733ab4c3cbf41fd53c413ffeb2a40e52f342d", kill_on_drop: false }`
[INFO] [stderr] warning: unused variable: `e`
[INFO] [stderr]   --> src/curve/k1.rs:47:52
[INFO] [stderr]    |
[INFO] [stderr] 47 |         SigningKey::from_bytes(key_bytes).map_err(|e| CKMError::SigningError)?;
[INFO] [stderr]    |                                                    ^ help: if this is intentional, prefix it with an underscore: `_e`
[INFO] [stderr]    |
[INFO] [stderr]    = note: `#[warn(unused_variables)]` on by default
[INFO] [stderr] 
[INFO] [stderr] warning: unused variable: `length`
[INFO] [stderr]  --> src/keystore/fake.rs:8:32
[INFO] [stderr]   |
[INFO] [stderr] 8 |     fn generate_entropy(&self, length: u32) -> Result<Vec<u8>, CKMError> {
[INFO] [stderr]   |                                ^^^^^^ help: if this is intentional, prefix it with an underscore: `_length`
[INFO] [stderr] 
[INFO] [stderr] warning: unused variable: `password`
[INFO] [stderr]   --> src/keystore/fake.rs:13:23
[INFO] [stderr]    |
[INFO] [stderr] 13 |     fn get_key(&self, password: &str, key_id: String) -> Result<Vec<u8>, CKMError> {
[INFO] [stderr]    |                       ^^^^^^^^ help: if this is intentional, prefix it with an underscore: `_password`
[INFO] [stderr] 
[INFO] [stderr] warning: unused variable: `key_id`
[INFO] [stderr]   --> src/keystore/fake.rs:13:39
[INFO] [stderr]    |
[INFO] [stderr] 13 |     fn get_key(&self, password: &str, key_id: String) -> Result<Vec<u8>, CKMError> {
[INFO] [stderr]    |                                       ^^^^^^ help: if this is intentional, prefix it with an underscore: `_key_id`
[INFO] [stderr] 
[INFO] [stderr] warning: unused variable: `password`
[INFO] [stderr]   --> src/keystore/fake.rs:19:29
[INFO] [stderr]    |
[INFO] [stderr] 19 |     fn write_key(&mut self, password: &str, key: String) -> Result<String, crate::CKMError> {
[INFO] [stderr]    |                             ^^^^^^^^ help: if this is intentional, prefix it with an underscore: `_password`
[INFO] [stderr] 
[INFO] [stderr] warning: unused variable: `key`
[INFO] [stderr]   --> src/keystore/fake.rs:19:45
[INFO] [stderr]    |
[INFO] [stderr] 19 |     fn write_key(&mut self, password: &str, key: String) -> Result<String, crate::CKMError> {
[INFO] [stderr]    |                                             ^^^ help: if this is intentional, prefix it with an underscore: `_key`
[INFO] [stderr] 
[INFO] [stderr] warning: variable does not need to be mutable
[INFO] [stderr]    --> src/keystore/local.rs:208:9
[INFO] [stderr]     |
[INFO] [stderr] 208 |     let mut wrap_key = GenericArray::from_slice(key);
[INFO] [stderr]     |         ----^^^^^^^^
[INFO] [stderr]     |         |
[INFO] [stderr]     |         help: remove this `mut`
[INFO] [stderr]     |
[INFO] [stderr]     = note: `#[warn(unused_mut)]` on by default
[INFO] [stderr] 
[INFO] [stderr] warning: struct `FakeKeystore` is never constructed
[INFO] [stderr]  --> src/keystore/fake.rs:5:19
[INFO] [stderr]   |
[INFO] [stderr] 5 | pub(crate) struct FakeKeystore {}
[INFO] [stderr]   |                   ^^^^^^^^^^^^
[INFO] [stderr]   |
[INFO] [stderr]   = note: `FakeKeystore` has a derived impl for the trait `Default`, but this is intentionally ignored during dead code analysis
[INFO] [stderr]   = note: `#[warn(dead_code)]` on by default
[INFO] [stderr] 
[INFO] [stderr] warning: variable `fakeBuffer` should have a snake case name
[INFO] [stderr]  --> src/keystore/fake.rs:9:13
[INFO] [stderr]   |
[INFO] [stderr] 9 |         let fakeBuffer = vec![0u8; 32];
[INFO] [stderr]   |             ^^^^^^^^^^ help: convert the identifier to snake case: `fake_buffer`
[INFO] [stderr]   |
[INFO] [stderr]   = note: `#[warn(non_snake_case)]` on by default
[INFO] [stderr] 
[INFO] [stderr] warning: variable `fakeSeed` should have a snake case name
[INFO] [stderr]   --> src/keystore/fake.rs:14:13
[INFO] [stderr]    |
[INFO] [stderr] 14 | ...   let fakeSeed = "5eb00bbddcf069084889a8ab9155568165f5c453ccb85e70811aaed6f6da5fc19a5ac40b389cd370d086206dec8aa6c43daea6690f20ad3d8d4...
[INFO] [stderr]    |           ^^^^^^^^ help: convert the identifier to snake case: `fake_seed`
[INFO] [stderr] 
[INFO] [stderr] warning: unused `Result` that must be used
[INFO] [stderr]    --> src/keystore/local.rs:137:13
[INFO] [stderr]     |
[INFO] [stderr] 137 |             _random_generator(&mut key);
[INFO] [stderr]     |             ^^^^^^^^^^^^^^^^^^^^^^^^^^^
[INFO] [stderr]     |
[INFO] [stderr]     = note: this `Result` may be an `Err` variant, which should be handled
[INFO] [stderr]     = note: `#[warn(unused_must_use)]` on by default
[INFO] [stderr] help: use `let _ = ...` to ignore the resulting value
[INFO] [stderr]     |
[INFO] [stderr] 137 |             let _ = _random_generator(&mut key);
[INFO] [stderr]     |             +++++++
[INFO] [stderr] 
[INFO] [stderr] warning: unused `Result` that must be used
[INFO] [stderr]    --> src/keystore/local.rs:162:17
[INFO] [stderr]     |
[INFO] [stderr] 162 |                 scrypt(password_bytes, salt, &params, &mut password_hash);
[INFO] [stderr]     |                 ^^^^^^^^^^^^^^^^^^^^^^^^^^^^^^^^^^^^^^^^^^^^^^^^^^^^^^^^^
[INFO] [stderr]     |
[INFO] [stderr]     = note: this `Result` may be an `Err` variant, which should be handled
[INFO] [stderr] help: use `let _ = ...` to ignore the resulting value
[INFO] [stderr]     |
[INFO] [stderr] 162 |                 let _ = scrypt(password_bytes, salt, &params, &mut password_hash);
[INFO] [stderr]     |                 +++++++
[INFO] [stderr] 
[INFO] [stderr] warning: unused `Result` that must be used
[INFO] [stderr]    --> src/keystore/local.rs:175:9
[INFO] [stderr]     |
[INFO] [stderr] 175 |         _random_generator(&mut store_id);
[INFO] [stderr]     |         ^^^^^^^^^^^^^^^^^^^^^^^^^^^^^^^^
[INFO] [stderr]     |
[INFO] [stderr]     = note: this `Result` may be an `Err` variant, which should be handled
[INFO] [stderr] help: use `let _ = ...` to ignore the resulting value
[INFO] [stderr]     |
[INFO] [stderr] 175 |         let _ = _random_generator(&mut store_id);
[INFO] [stderr]     |         +++++++
[INFO] [stderr] 
[INFO] [stderr] warning: unused `Result` that must be used
[INFO] [stderr]    --> src/keystore/local.rs:207:5
[INFO] [stderr]     |
[INFO] [stderr] 207 |     _random_generator(&mut nonce);
[INFO] [stderr]     |     ^^^^^^^^^^^^^^^^^^^^^^^^^^^^^
[INFO] [stderr]     |
[INFO] [stderr]     = note: this `Result` may be an `Err` variant, which should be handled
[INFO] [stderr] help: use `let _ = ...` to ignore the resulting value
[INFO] [stderr]     |
[INFO] [stderr] 207 |     let _ = _random_generator(&mut nonce);
[INFO] [stderr]     |     +++++++
[INFO] [stderr] 
[INFO] [stderr] warning: unused `Result` that must be used
[INFO] [stderr]    --> src/keystore/local.rs:230:5
[INFO] [stderr]     |
[INFO] [stderr] 230 |     _random_generator(&mut salt);
[INFO] [stderr]     |     ^^^^^^^^^^^^^^^^^^^^^^^^^^^^
[INFO] [stderr]     |
[INFO] [stderr]     = note: this `Result` may be an `Err` variant, which should be handled
[INFO] [stderr] help: use `let _ = ...` to ignore the resulting value
[INFO] [stderr]     |
[INFO] [stderr] 230 |     let _ = _random_generator(&mut salt);
[INFO] [stderr]     |     +++++++
[INFO] [stderr] 
[INFO] [stderr] warning: unused `Result` that must be used
[INFO] [stderr]    --> src/keystore/local.rs:232:5
[INFO] [stderr]     |
[INFO] [stderr] 232 |     scrypt(&password_bytes, &salt, &params, &mut password_hash);
[INFO] [stderr]     |     ^^^^^^^^^^^^^^^^^^^^^^^^^^^^^^^^^^^^^^^^^^^^^^^^^^^^^^^^^^^
[INFO] [stderr]     |
[INFO] [stderr]     = note: this `Result` may be an `Err` variant, which should be handled
[INFO] [stderr] help: use `let _ = ...` to ignore the resulting value
[INFO] [stderr]     |
[INFO] [stderr] 232 |     let _ = scrypt(&password_bytes, &salt, &params, &mut password_hash);
[INFO] [stderr]     |     +++++++
[INFO] [stderr] 
[INFO] [stderr] warning: `crypto_key_master` (lib) generated 16 warnings (run `cargo fix --lib -p crypto_key_master` to apply 1 suggestion)
[INFO] [stderr] warning: `crypto_key_master` (lib test) generated 15 warnings (15 duplicates)
[INFO] [stderr]     Finished `test` profile [unoptimized + debuginfo] target(s) in 0.09s
[INFO] [stderr]      Running unittests src/lib.rs (/opt/rustwide/target/debug/deps/crypto_key_master-848732c204a42db5)
[INFO] [stdout] 
[INFO] [stdout] running 7 tests
[INFO] [stdout] test keystore::local::tests::test_decrypt ... ok
[INFO] [stdout] test keystore::local::tests::test_verify_password ... ok
[INFO] [stdout] test keystore::tests::test_generate_entropy ... ok
[INFO] [stdout] test curve::k1::tests::test_derive ... ok
[INFO] [stdout] test tests::sample_usage ... ok
[INFO] [stdout] test curve::k1::tests::test_sign ... ok
[INFO] [stdout] test keystore::tests::test_get_write ... FAILED
[INFO] [stdout] 
[INFO] [stdout] failures:
[INFO] [stdout] 
[INFO] [stdout] ---- keystore::tests::test_get_write stdout ----
[INFO] [stdout] thread 'keystore::tests::test_get_write' panicked at src/keystore/mod.rs:34:68:
[INFO] [stdout] called `Result::unwrap()` on an `Err` value: FileGenerationError
[INFO] [stdout] stack backtrace:
[INFO] [stdout]    0:     0x6055d354aafa - std::backtrace_rs::backtrace::libunwind::trace::h5a5b8284f2d0c266
[INFO] [stdout]                                at /rustc/90b35a6239c3d8bdabc530a6a0816f7ff89a0aaf/library/std/src/../../backtrace/src/backtrace/libunwind.rs:116:5
[INFO] [stdout]    1:     0x6055d354aafa - std::backtrace_rs::backtrace::trace_unsynchronized::h76d4f1c9b0b875e3
[INFO] [stdout]                                at /rustc/90b35a6239c3d8bdabc530a6a0816f7ff89a0aaf/library/std/src/../../backtrace/src/backtrace/mod.rs:66:5
[INFO] [stdout]    2:     0x6055d354aafa - std::sys::backtrace::_print_fmt::hc4546b8364a537c6
[INFO] [stdout]                                at /rustc/90b35a6239c3d8bdabc530a6a0816f7ff89a0aaf/library/std/src/sys/backtrace.rs:66:9
[INFO] [stdout]    3:     0x6055d354aafa - <std::sys::backtrace::BacktraceLock::print::DisplayBacktrace as core::fmt::Display>::fmt::h5b6bd5631a6d1f6b
[INFO] [stdout]                                at /rustc/90b35a6239c3d8bdabc530a6a0816f7ff89a0aaf/library/std/src/sys/backtrace.rs:39:26
[INFO] [stdout]    4:     0x6055d356ffb3 - core::fmt::rt::Argument::fmt::h270f6602a2b96f62
[INFO] [stdout]                                at /rustc/90b35a6239c3d8bdabc530a6a0816f7ff89a0aaf/library/core/src/fmt/rt.rs:177:76
[INFO] [stdout]    5:     0x6055d356ffb3 - core::fmt::write::h7550c97b06c86515
[INFO] [stdout]                                at /rustc/90b35a6239c3d8bdabc530a6a0816f7ff89a0aaf/library/core/src/fmt/mod.rs:1186:21
[INFO] [stdout]    6:     0x6055d3547cc3 - std::io::Write::write_fmt::h509ff860e5956e5e
[INFO] [stdout]                                at /rustc/90b35a6239c3d8bdabc530a6a0816f7ff89a0aaf/library/std/src/io/mod.rs:1839:15
[INFO] [stdout]    7:     0x6055d354a942 - std::sys::backtrace::BacktraceLock::print::h2395ccd2c84ba3aa
[INFO] [stdout]                                at /rustc/90b35a6239c3d8bdabc530a6a0816f7ff89a0aaf/library/std/src/sys/backtrace.rs:42:9
[INFO] [stdout]    8:     0x6055d354bf5a - std::panicking::default_hook::{{closure}}::he19d4c7230e07961
[INFO] [stdout]                                at /rustc/90b35a6239c3d8bdabc530a6a0816f7ff89a0aaf/library/std/src/panicking.rs:268:22
[INFO] [stdout]    9:     0x6055d354bd64 - std::panicking::default_hook::hf614597d3c67bbdb
[INFO] [stdout]                                at /rustc/90b35a6239c3d8bdabc530a6a0816f7ff89a0aaf/library/std/src/panicking.rs:292:9
[INFO] [stdout]   10:     0x6055d3468f59 - <alloc::boxed::Box<F,A> as core::ops::function::Fn<Args>>::call::h39b51ce4599c23d1
[INFO] [stdout]                                at /rustc/90b35a6239c3d8bdabc530a6a0816f7ff89a0aaf/library/alloc/src/boxed.rs:2468:9
[INFO] [stdout]   11:     0x6055d3468f59 - test::test_main::{{closure}}::he977ae839a582784
[INFO] [stdout]                                at /rustc/90b35a6239c3d8bdabc530a6a0816f7ff89a0aaf/library/test/src/lib.rs:133:21
[INFO] [stdout]   12:     0x6055d354c5f8 - <alloc::boxed::Box<F,A> as core::ops::function::Fn<Args>>::call::h9455091b6b06f9fb
[INFO] [stdout]                                at /rustc/90b35a6239c3d8bdabc530a6a0816f7ff89a0aaf/library/alloc/src/boxed.rs:2468:9
[INFO] [stdout]   13:     0x6055d354c5f8 - std::panicking::rust_panic_with_hook::h8942133a8b252070
[INFO] [stdout]                                at /rustc/90b35a6239c3d8bdabc530a6a0816f7ff89a0aaf/library/std/src/panicking.rs:809:13
[INFO] [stdout]   14:     0x6055d354c3ba - std::panicking::begin_panic_handler::{{closure}}::hb5f5963570096b29
[INFO] [stdout]                                at /rustc/90b35a6239c3d8bdabc530a6a0816f7ff89a0aaf/library/std/src/panicking.rs:674:13
[INFO] [stdout]   15:     0x6055d354afd9 - std::sys::backtrace::__rust_end_short_backtrace::h6208cedc1922feda
[INFO] [stdout]                                at /rustc/90b35a6239c3d8bdabc530a6a0816f7ff89a0aaf/library/std/src/sys/backtrace.rs:170:18
[INFO] [stdout]   16:     0x6055d354c04c - rust_begin_unwind
[INFO] [stdout]                                at /rustc/90b35a6239c3d8bdabc530a6a0816f7ff89a0aaf/library/std/src/panicking.rs:665:5
[INFO] [stdout]   17:     0x6055d340ffd0 - core::panicking::panic_fmt::h0c3082644d1bf418
[INFO] [stdout]                                at /rustc/90b35a6239c3d8bdabc530a6a0816f7ff89a0aaf/library/core/src/panicking.rs:74:14
[INFO] [stdout]   18:     0x6055d3410416 - core::result::unwrap_failed::hd20b4aa073bda1e2
[INFO] [stdout]                                at /rustc/90b35a6239c3d8bdabc530a6a0816f7ff89a0aaf/library/core/src/result.rs:1700:5
[INFO] [stdout]   19:     0x6055d343018c - core::result::Result<T,E>::unwrap::hff8aa04f7a996de8
[INFO] [stdout]                                at /rustc/90b35a6239c3d8bdabc530a6a0816f7ff89a0aaf/library/core/src/result.rs:1104:23
[INFO] [stdout]   20:     0x6055d343018c - crypto_key_master::keystore::tests::test_get_write::hf04bfca4fe9ac14e
[INFO] [stdout]                                at /opt/rustwide/workdir/src/keystore/mod.rs:34:17
[INFO] [stdout]   21:     0x6055d34300d7 - crypto_key_master::keystore::tests::test_get_write::{{closure}}::haf246402ba98b174
[INFO] [stdout]                                at /opt/rustwide/workdir/src/keystore/mod.rs:32:24
[INFO] [stdout]   22:     0x6055d342b4c6 - core::ops::function::FnOnce::call_once::hdae8d913f76ee946
[INFO] [stdout]                                at /rustc/90b35a6239c3d8bdabc530a6a0816f7ff89a0aaf/library/core/src/ops/function.rs:250:5
[INFO] [stdout]   23:     0x6055d346d91b - core::ops::function::FnOnce::call_once::h109cf8051a59b34e
[INFO] [stdout]                                at /rustc/90b35a6239c3d8bdabc530a6a0816f7ff89a0aaf/library/core/src/ops/function.rs:250:5
[INFO] [stdout]   24:     0x6055d346d91b - test::__rust_begin_short_backtrace::hf4fff89d377446ba
[INFO] [stdout]                                at /rustc/90b35a6239c3d8bdabc530a6a0816f7ff89a0aaf/library/test/src/lib.rs:621:18
[INFO] [stdout]   25:     0x6055d346d157 - test::run_test_in_process::{{closure}}::h0e39181dd7ee5a43
[INFO] [stdout]                                at /rustc/90b35a6239c3d8bdabc530a6a0816f7ff89a0aaf/library/test/src/lib.rs:644:60
[INFO] [stdout]   26:     0x6055d346d157 - <core::panic::unwind_safe::AssertUnwindSafe<F> as core::ops::function::FnOnce<()>>::call_once::hc5a66a30f0bdfd1f
[INFO] [stdout]                                at /rustc/90b35a6239c3d8bdabc530a6a0816f7ff89a0aaf/library/core/src/panic/unwind_safe.rs:272:9
[INFO] [stdout]   27:     0x6055d346d157 - std::panicking::try::do_call::h873b7cf639554a5e
[INFO] [stdout]                                at /rustc/90b35a6239c3d8bdabc530a6a0816f7ff89a0aaf/library/std/src/panicking.rs:557:40
[INFO] [stdout]   28:     0x6055d346d157 - std::panicking::try::hdb19862fad9c8bd1
[INFO] [stdout]                                at /rustc/90b35a6239c3d8bdabc530a6a0816f7ff89a0aaf/library/std/src/panicking.rs:520:19
[INFO] [stdout]   29:     0x6055d346d157 - std::panic::catch_unwind::h281fe732d236d260
[INFO] [stdout]                                at /rustc/90b35a6239c3d8bdabc530a6a0816f7ff89a0aaf/library/std/src/panic.rs:358:14
[INFO] [stdout]   30:     0x6055d346d157 - test::run_test_in_process::h949b6df8457ed338
[INFO] [stdout]                                at /rustc/90b35a6239c3d8bdabc530a6a0816f7ff89a0aaf/library/test/src/lib.rs:644:27
[INFO] [stdout]   31:     0x6055d346d157 - test::run_test::{{closure}}::h52c556a6d4740e10
[INFO] [stdout]                                at /rustc/90b35a6239c3d8bdabc530a6a0816f7ff89a0aaf/library/test/src/lib.rs:565:43
[INFO] [stdout]   32:     0x6055d3432434 - test::run_test::{{closure}}::h4237f6381c45ccb9
[INFO] [stdout]                                at /rustc/90b35a6239c3d8bdabc530a6a0816f7ff89a0aaf/library/test/src/lib.rs:595:41
[INFO] [stdout]   33:     0x6055d3432434 - std::sys::backtrace::__rust_begin_short_backtrace::h505c97a579eca628
[INFO] [stdout]                                at /rustc/90b35a6239c3d8bdabc530a6a0816f7ff89a0aaf/library/std/src/sys/backtrace.rs:154:18
[INFO] [stdout]   34:     0x6055d3435afe - std::thread::Builder::spawn_unchecked_::{{closure}}::{{closure}}::h9e86b2e2bc107ea3
[INFO] [stdout]                                at /rustc/90b35a6239c3d8bdabc530a6a0816f7ff89a0aaf/library/std/src/thread/mod.rs:538:17
[INFO] [stdout]   35:     0x6055d3435afe - <core::panic::unwind_safe::AssertUnwindSafe<F> as core::ops::function::FnOnce<()>>::call_once::h8b06ddb275ff4a25
[INFO] [stdout]                                at /rustc/90b35a6239c3d8bdabc530a6a0816f7ff89a0aaf/library/core/src/panic/unwind_safe.rs:272:9
[INFO] [stdout]   36:     0x6055d3435afe - std::panicking::try::do_call::hb26ecd7cd9a9355d
[INFO] [stdout]                                at /rustc/90b35a6239c3d8bdabc530a6a0816f7ff89a0aaf/library/std/src/panicking.rs:557:40
[INFO] [stdout]   37:     0x6055d3435afe - std::panicking::try::h8ddeca9d705f9069
[INFO] [stdout]                                at /rustc/90b35a6239c3d8bdabc530a6a0816f7ff89a0aaf/library/std/src/panicking.rs:520:19
[INFO] [stdout]   38:     0x6055d3435afe - std::panic::catch_unwind::h49e1c33078844c46
[INFO] [stdout]                                at /rustc/90b35a6239c3d8bdabc530a6a0816f7ff89a0aaf/library/std/src/panic.rs:358:14
[INFO] [stdout]   39:     0x6055d3435afe - std::thread::Builder::spawn_unchecked_::{{closure}}::h6073db6ff56ad35d
[INFO] [stdout]                                at /rustc/90b35a6239c3d8bdabc530a6a0816f7ff89a0aaf/library/std/src/thread/mod.rs:537:30
[INFO] [stdout]   40:     0x6055d3435afe - core::ops::function::FnOnce::call_once{{vtable.shim}}::h2c5a5f3779c774f1
[INFO] [stdout]                                at /rustc/90b35a6239c3d8bdabc530a6a0816f7ff89a0aaf/library/core/src/ops/function.rs:250:5
[INFO] [stdout]   41:     0x6055d35503ab - <alloc::boxed::Box<F,A> as core::ops::function::FnOnce<Args>>::call_once::hf75717d9f28faebf
[INFO] [stdout]                                at /rustc/90b35a6239c3d8bdabc530a6a0816f7ff89a0aaf/library/alloc/src/boxed.rs:2454:9
[INFO] [stdout]   42:     0x6055d35503ab - <alloc::boxed::Box<F,A> as core::ops::function::FnOnce<Args>>::call_once::h7bd883a5f3c5f3c1
[INFO] [stdout]                                at /rustc/90b35a6239c3d8bdabc530a6a0816f7ff89a0aaf/library/alloc/src/boxed.rs:2454:9
[INFO] [stdout]   43:     0x6055d35503ab - std::sys::pal::unix::thread::Thread::new::thread_start::hcc78f3943333fa94
[INFO] [stdout]                                at /rustc/90b35a6239c3d8bdabc530a6a0816f7ff89a0aaf/library/std/src/sys/pal/unix/thread.rs:105:17
[INFO] [stdout]   44:     0x78422300aac3 - <unknown>
[INFO] [stdout]   45:     0x78422309ba04 - clone
[INFO] [stdout]   46:                0x0 - <unknown>
[INFO] [stdout] 
[INFO] [stdout] 
[INFO] [stdout] failures:
[INFO] [stdout]     keystore::tests::test_get_write
[INFO] [stdout] 
[INFO] [stdout] test result: FAILED. 6 passed; 1 failed; 0 ignored; 0 measured; 0 filtered out; finished in 1.55s
[INFO] [stdout] 
[INFO] [stderr] error: test failed, to rerun pass `--lib`
[INFO] running `Command { std: "docker" "inspect" "0a59af10839947a38fd043f8688733ab4c3cbf41fd53c413ffeb2a40e52f342d", kill_on_drop: false }`
[INFO] running `Command { std: "docker" "rm" "-f" "0a59af10839947a38fd043f8688733ab4c3cbf41fd53c413ffeb2a40e52f342d", kill_on_drop: false }`
[INFO] [stdout] 0a59af10839947a38fd043f8688733ab4c3cbf41fd53c413ffeb2a40e52f342d
