[INFO] fetching crate crux_macros 0.4.1...
[INFO] testing crux_macros-0.4.1 against 1.83.0 for beta-1.84.0-4-retry
[INFO] extracting crate crux_macros 0.4.1 into /workspace/builds/worker-4-tc1/source
[INFO] validating manifest of crates.io crate crux_macros 0.4.1 on toolchain 1.83.0
[INFO] running `Command { std: CARGO_HOME="/workspace/cargo-home" RUSTUP_HOME="/workspace/rustup-home" "/workspace/cargo-home/bin/cargo" "+1.83.0" "metadata" "--manifest-path" "Cargo.toml" "--no-deps", kill_on_drop: false }`
[INFO] started tweaking crates.io crate crux_macros 0.4.1
[INFO] finished tweaking crates.io crate crux_macros 0.4.1
[INFO] tweaked toml for crates.io crate crux_macros 0.4.1 written to /workspace/builds/worker-4-tc1/source/Cargo.toml
[INFO] running `Command { std: CARGO_HOME="/workspace/cargo-home" RUSTUP_HOME="/workspace/rustup-home" "/workspace/cargo-home/bin/cargo" "+1.83.0" "generate-lockfile" "--manifest-path" "Cargo.toml", kill_on_drop: false }`
[INFO] [stderr]     Updating crates.io index
[INFO] [stderr]      Locking 34 packages to latest compatible versions
[INFO] running `Command { std: CARGO_HOME="/workspace/cargo-home" RUSTUP_HOME="/workspace/rustup-home" "/workspace/cargo-home/bin/cargo" "+1.83.0" "fetch" "--manifest-path" "Cargo.toml", kill_on_drop: false }`
[INFO] running `Command { std: "docker" "create" "-v" "/var/lib/crater-agent-workspace/builds/worker-4-tc1/target:/opt/rustwide/target:rw,Z" "-v" "/var/lib/crater-agent-workspace/builds/worker-4-tc1/source:/opt/rustwide/workdir:ro,Z" "-v" "/var/lib/crater-agent-workspace/cargo-home:/opt/rustwide/cargo-home:ro,Z" "-v" "/var/lib/crater-agent-workspace/rustup-home:/opt/rustwide/rustup-home:ro,Z" "-e" "SOURCE_DIR=/opt/rustwide/workdir" "-e" "CARGO_TARGET_DIR=/opt/rustwide/target" "-e" "CARGO_HOME=/opt/rustwide/cargo-home" "-e" "RUSTUP_HOME=/opt/rustwide/rustup-home" "-w" "/opt/rustwide/workdir" "-m" "1610612736" "--user" "0:0" "--network" "none" "ghcr.io/rust-lang/crates-build-env/linux@sha256:f3a9d4ad9d972b27faf3965f35b62e55ba32bbce8f20bc8fe909558a86702fde" "/opt/rustwide/cargo-home/bin/cargo" "+1.83.0" "metadata" "--no-deps" "--format-version=1", kill_on_drop: false }`
[INFO] [stdout] f900e673db46ef6e52bb0cdae5bcb1c14646ce20c4b1ca972f9db1a62155da16
[INFO] running `Command { std: "docker" "start" "-a" "f900e673db46ef6e52bb0cdae5bcb1c14646ce20c4b1ca972f9db1a62155da16", kill_on_drop: false }`
[INFO] running `Command { std: "docker" "inspect" "f900e673db46ef6e52bb0cdae5bcb1c14646ce20c4b1ca972f9db1a62155da16", kill_on_drop: false }`
[INFO] running `Command { std: "docker" "rm" "-f" "f900e673db46ef6e52bb0cdae5bcb1c14646ce20c4b1ca972f9db1a62155da16", kill_on_drop: false }`
[INFO] [stdout] f900e673db46ef6e52bb0cdae5bcb1c14646ce20c4b1ca972f9db1a62155da16
[INFO] running `Command { std: "docker" "create" "-v" "/var/lib/crater-agent-workspace/builds/worker-4-tc1/target:/opt/rustwide/target:rw,Z" "-v" "/var/lib/crater-agent-workspace/builds/worker-4-tc1/source:/opt/rustwide/workdir:ro,Z" "-v" "/var/lib/crater-agent-workspace/cargo-home:/opt/rustwide/cargo-home:ro,Z" "-v" "/var/lib/crater-agent-workspace/rustup-home:/opt/rustwide/rustup-home:ro,Z" "-e" "SOURCE_DIR=/opt/rustwide/workdir" "-e" "CARGO_TARGET_DIR=/opt/rustwide/target" "-e" "CARGO_INCREMENTAL=0" "-e" "RUST_BACKTRACE=full" "-e" "RUSTFLAGS=--cap-lints=warn" "-e" "RUSTDOCFLAGS=--cap-lints=warn" "-e" "CARGO_HOME=/opt/rustwide/cargo-home" "-e" "RUSTUP_HOME=/opt/rustwide/rustup-home" "-w" "/opt/rustwide/workdir" "-m" "1610612736" "--user" "0:0" "--network" "none" "ghcr.io/rust-lang/crates-build-env/linux@sha256:f3a9d4ad9d972b27faf3965f35b62e55ba32bbce8f20bc8fe909558a86702fde" "/opt/rustwide/cargo-home/bin/cargo" "+1.83.0" "build" "--frozen" "--message-format=json", kill_on_drop: false }`
[INFO] [stdout] b1360c3378530bce168f2636e8bef18aa244d8061b56a188202690eff8029cf3
[INFO] running `Command { std: "docker" "start" "-a" "b1360c3378530bce168f2636e8bef18aa244d8061b56a188202690eff8029cf3", kill_on_drop: false }`
[INFO] [stderr]    Compiling proc-macro2 v1.0.92
[INFO] [stderr]    Compiling unicode-ident v1.0.14
[INFO] [stderr]    Compiling version_check v0.9.5
[INFO] [stderr]    Compiling strsim v0.11.1
[INFO] [stderr]    Compiling syn v1.0.109
[INFO] [stderr]    Compiling ident_case v1.0.1
[INFO] [stderr]    Compiling fnv v1.0.7
[INFO] [stderr]    Compiling proc-macro-error-attr v1.0.4
[INFO] [stderr]    Compiling proc-macro-error v1.0.4
[INFO] [stderr]    Compiling quote v1.0.37
[INFO] [stderr]    Compiling syn v2.0.90
[INFO] [stderr]    Compiling darling_core v0.20.10
[INFO] [stderr]    Compiling darling_macro v0.20.10
[INFO] [stderr]    Compiling darling v0.20.10
[INFO] [stderr]    Compiling crux_macros v0.4.1 (/opt/rustwide/workdir)
[INFO] [stderr]     Finished `dev` profile [unoptimized + debuginfo] target(s) in 9.57s
[INFO] running `Command { std: "docker" "inspect" "b1360c3378530bce168f2636e8bef18aa244d8061b56a188202690eff8029cf3", kill_on_drop: false }`
[INFO] running `Command { std: "docker" "rm" "-f" "b1360c3378530bce168f2636e8bef18aa244d8061b56a188202690eff8029cf3", kill_on_drop: false }`
[INFO] [stdout] b1360c3378530bce168f2636e8bef18aa244d8061b56a188202690eff8029cf3
[INFO] running `Command { std: "docker" "create" "-v" "/var/lib/crater-agent-workspace/builds/worker-4-tc1/target:/opt/rustwide/target:rw,Z" "-v" "/var/lib/crater-agent-workspace/builds/worker-4-tc1/source:/opt/rustwide/workdir:ro,Z" "-v" "/var/lib/crater-agent-workspace/cargo-home:/opt/rustwide/cargo-home:ro,Z" "-v" "/var/lib/crater-agent-workspace/rustup-home:/opt/rustwide/rustup-home:ro,Z" "-e" "SOURCE_DIR=/opt/rustwide/workdir" "-e" "CARGO_TARGET_DIR=/opt/rustwide/target" "-e" "CARGO_INCREMENTAL=0" "-e" "RUST_BACKTRACE=full" "-e" "RUSTFLAGS=--cap-lints=warn" "-e" "RUSTDOCFLAGS=--cap-lints=warn" "-e" "CARGO_HOME=/opt/rustwide/cargo-home" "-e" "RUSTUP_HOME=/opt/rustwide/rustup-home" "-w" "/opt/rustwide/workdir" "-m" "1610612736" "--user" "0:0" "--network" "none" "ghcr.io/rust-lang/crates-build-env/linux@sha256:f3a9d4ad9d972b27faf3965f35b62e55ba32bbce8f20bc8fe909558a86702fde" "/opt/rustwide/cargo-home/bin/cargo" "+1.83.0" "test" "--frozen" "--no-run" "--message-format=json", kill_on_drop: false }`
[INFO] [stdout] 3039454d291bec5ccfcb0c47053b5672ef76d857288bb6ef411df8d08b31f3a7
[INFO] running `Command { std: "docker" "start" "-a" "3039454d291bec5ccfcb0c47053b5672ef76d857288bb6ef411df8d08b31f3a7", kill_on_drop: false }`
[INFO] [stderr]    Compiling libc v0.2.168
[INFO] [stderr]    Compiling serde v1.0.216
[INFO] [stderr]    Compiling lazy_static v1.5.0
[INFO] [stderr]    Compiling prettyplease v0.2.25
[INFO] [stderr]    Compiling linked-hash-map v0.5.6
[INFO] [stderr]    Compiling similar v2.6.0
[INFO] [stderr]    Compiling serde_derive v1.0.216
[INFO] [stderr]    Compiling crux_macros v0.4.1 (/opt/rustwide/workdir)
[INFO] [stderr]    Compiling console v0.15.8
[INFO] [stderr]    Compiling insta v1.41.1
[INFO] [stderr]     Finished `test` profile [unoptimized + debuginfo] target(s) in 11.12s
[INFO] running `Command { std: "docker" "inspect" "3039454d291bec5ccfcb0c47053b5672ef76d857288bb6ef411df8d08b31f3a7", kill_on_drop: false }`
[INFO] running `Command { std: "docker" "rm" "-f" "3039454d291bec5ccfcb0c47053b5672ef76d857288bb6ef411df8d08b31f3a7", kill_on_drop: false }`
[INFO] [stdout] 3039454d291bec5ccfcb0c47053b5672ef76d857288bb6ef411df8d08b31f3a7
[INFO] running `Command { std: "docker" "create" "-v" "/var/lib/crater-agent-workspace/builds/worker-4-tc1/target:/opt/rustwide/target:rw,Z" "-v" "/var/lib/crater-agent-workspace/builds/worker-4-tc1/source:/opt/rustwide/workdir:ro,Z" "-v" "/var/lib/crater-agent-workspace/cargo-home:/opt/rustwide/cargo-home:ro,Z" "-v" "/var/lib/crater-agent-workspace/rustup-home:/opt/rustwide/rustup-home:ro,Z" "-e" "SOURCE_DIR=/opt/rustwide/workdir" "-e" "CARGO_TARGET_DIR=/opt/rustwide/target" "-e" "CARGO_INCREMENTAL=0" "-e" "RUST_BACKTRACE=full" "-e" "RUSTFLAGS=--cap-lints=warn" "-e" "RUSTDOCFLAGS=--cap-lints=warn" "-e" "CARGO_HOME=/opt/rustwide/cargo-home" "-e" "RUSTUP_HOME=/opt/rustwide/rustup-home" "-w" "/opt/rustwide/workdir" "-m" "1610612736" "--user" "0:0" "--network" "none" "ghcr.io/rust-lang/crates-build-env/linux@sha256:f3a9d4ad9d972b27faf3965f35b62e55ba32bbce8f20bc8fe909558a86702fde" "/opt/rustwide/cargo-home/bin/cargo" "+1.83.0" "test" "--frozen", kill_on_drop: false }`
[INFO] [stdout] 9b02b914b797be0875fe1f96b06edf29e1204466aabee4f3d82f1d2d0a82b705
[INFO] running `Command { std: "docker" "start" "-a" "9b02b914b797be0875fe1f96b06edf29e1204466aabee4f3d82f1d2d0a82b705", kill_on_drop: false }`
[INFO] [stderr]     Finished `test` profile [unoptimized + debuginfo] target(s) in 0.05s
[INFO] [stderr]      Running unittests src/lib.rs (/opt/rustwide/target/debug/deps/crux_macros-b4bb237acd48526a)
[INFO] [stdout] 
[INFO] [stdout] running 12 tests
[INFO] [stdout] test capability::tests::test_first_generic_parameter ... ok
[INFO] [stdout] test effect::tests::split_event_types_preserves_path ... ok
[INFO] [stdout] test export::tests::split_event_types_preserves_path ... ok
[INFO] [stdout] test capability::tests::test_derive ... ok
[INFO] [stderr]    Doc-tests crux_macros
[INFO] [stdout] test effect::tests::should_panic_when_multiple_event_types - should panic ... ok
[INFO] [stdout] test export::tests::defaults ... ok
[INFO] [stdout] test export::tests::export_macro_respects_an_skip_attr ... ok
[INFO] [stdout] test export::tests::export_macro_respects_an_effect_name_override ... ok
[INFO] [stdout] test export::tests::full ... ok
[INFO] [stdout] test effect::tests::defaults ... ok
[INFO] [stdout] test effect::tests::full ... ok
[INFO] [stdout] test effect::tests::effect_skip ... ok
[INFO] [stdout] 
[INFO] [stdout] test result: ok. 12 passed; 0 failed; 0 ignored; 0 measured; 0 filtered out; finished in 0.07s
[INFO] [stdout] 
[INFO] [stdout] 
[INFO] [stdout] running 1 test
[INFO] [stderr] error: doctest failed, to rerun pass `--doc`
[INFO] [stdout] test src/lib.rs - effect (line 25) ... FAILED
[INFO] [stdout] 
[INFO] [stdout] failures:
[INFO] [stdout] 
[INFO] [stdout] ---- src/lib.rs - effect (line 25) stdout ----
[INFO] [stdout] error[E0433]: failed to resolve: use of undeclared crate or module `crux_core`
[INFO] [stdout]  --> src/lib.rs:26:5
[INFO] [stdout]   |
[INFO] [stdout] 3 | use crux_core::{Capability, render::Render, compose::Compose};
[INFO] [stdout]   |     ^^^^^^^^^ use of undeclared crate or module `crux_core`
[INFO] [stdout] 
[INFO] [stdout] error[E0433]: failed to resolve: use of undeclared crate or module `crux_core`
[INFO] [stdout]  --> src/lib.rs:27:5
[INFO] [stdout]   |
[INFO] [stdout] 4 | use crux_core::macros::Effect;
[INFO] [stdout]   |     ^^^^^^^^^ use of undeclared crate or module `crux_core`
[INFO] [stdout] 
[INFO] [stdout] error[E0432]: unresolved import `crux_core`
[INFO] [stdout]  --> src/lib.rs:26:5
[INFO] [stdout]   |
[INFO] [stdout] 3 | use crux_core::{Capability, render::Render, compose::Compose};
[INFO] [stdout]   |     ^^^^^^^^^ use of undeclared crate or module `crux_core`
[INFO] [stdout] 
[INFO] [stdout] error: cannot find attribute `effect` in this scope
[INFO] [stdout]   --> src/lib.rs:49:3
[INFO] [stdout]    |
[INFO] [stdout] 26 | #[effect(name = "MyEffect")]
[INFO] [stdout]    |   ^^^^^^ help: a built-in attribute with a similar name exists: `expect`
[INFO] [stdout] 
[INFO] [stdout] error: cannot find attribute `effect` in this scope
[INFO] [stdout]   --> src/lib.rs:53:7
[INFO] [stdout]    |
[INFO] [stdout] 30 |     #[effect(skip)]
[INFO] [stdout]    |       ^^^^^^ help: a built-in attribute with a similar name exists: `expect`
[INFO] [stdout] 
[INFO] [stdout] error[E0433]: failed to resolve: use of undeclared crate or module `crux_core`
[INFO] [stdout]  --> src/lib.rs:31:6
[INFO] [stdout]   |
[INFO] [stdout] 8 | impl crux_core::App for MyApp {
[INFO] [stdout]   |      ^^^^^^^^^ use of undeclared crate or module `crux_core`
[INFO] [stdout] 
[INFO] [stdout] error[E0433]: failed to resolve: use of undeclared crate or module `crux_http`
[INFO] [stdout]   --> src/lib.rs:51:15
[INFO] [stdout]    |
[INFO] [stdout] 28 |     pub http: crux_http::Http<MyEvent>,
[INFO] [stdout]    |               ^^^^^^^^^ use of undeclared crate or module `crux_http`
[INFO] [stdout] 
[INFO] [stdout] error: aborting due to 7 previous errors
[INFO] [stdout] 
[INFO] [stdout] Some errors have detailed explanations: E0432, E0433.
[INFO] [stdout] For more information about an error, try `rustc --explain E0432`.
[INFO] [stdout] Couldn't compile the test.
[INFO] [stdout] 
[INFO] [stdout] failures:
[INFO] [stdout]     src/lib.rs - effect (line 25)
[INFO] [stdout] 
[INFO] [stdout] test result: FAILED. 0 passed; 1 failed; 0 ignored; 0 measured; 0 filtered out; finished in 0.10s
[INFO] [stdout] 
[INFO] running `Command { std: "docker" "inspect" "9b02b914b797be0875fe1f96b06edf29e1204466aabee4f3d82f1d2d0a82b705", kill_on_drop: false }`
[INFO] running `Command { std: "docker" "rm" "-f" "9b02b914b797be0875fe1f96b06edf29e1204466aabee4f3d82f1d2d0a82b705", kill_on_drop: false }`
[INFO] [stdout] 9b02b914b797be0875fe1f96b06edf29e1204466aabee4f3d82f1d2d0a82b705
