[INFO] fetching crate crux_core 0.10.0...
[INFO] testing crux_core-0.10.0 against 1.83.0 for beta-1.84.0-4-retry
[INFO] extracting crate crux_core 0.10.0 into /workspace/builds/worker-6-tc1/source
[INFO] validating manifest of crates.io crate crux_core 0.10.0 on toolchain 1.83.0
[INFO] running `Command { std: CARGO_HOME="/workspace/cargo-home" RUSTUP_HOME="/workspace/rustup-home" "/workspace/cargo-home/bin/cargo" "+1.83.0" "metadata" "--manifest-path" "Cargo.toml" "--no-deps", kill_on_drop: false }`
[INFO] started tweaking crates.io crate crux_core 0.10.0
[INFO] removed 0 missing tests
[INFO] finished tweaking crates.io crate crux_core 0.10.0
[INFO] tweaked toml for crates.io crate crux_core 0.10.0 written to /workspace/builds/worker-6-tc1/source/Cargo.toml
[INFO] running `Command { std: CARGO_HOME="/workspace/cargo-home" RUSTUP_HOME="/workspace/rustup-home" "/workspace/cargo-home/bin/cargo" "+1.83.0" "generate-lockfile" "--manifest-path" "Cargo.toml", kill_on_drop: false }`
[INFO] [stderr]     Updating crates.io index
[INFO] [stderr]      Locking 146 packages to latest compatible versions
[INFO] [stderr]       Adding thiserror v1.0.69 (available: v2.0.7)
[INFO] running `Command { std: CARGO_HOME="/workspace/cargo-home" RUSTUP_HOME="/workspace/rustup-home" "/workspace/cargo-home/bin/cargo" "+1.83.0" "fetch" "--manifest-path" "Cargo.toml", kill_on_drop: false }`
[INFO] [stderr]     Blocking waiting for file lock on package cache
[INFO] [stderr]  Downloading crates ...
[INFO] [stderr]   Downloaded serde-reflection v0.4.0
[INFO] [stderr]   Downloaded crux_macros v0.4.1
[INFO] [stderr]   Downloaded serde-generate v0.26.0
[INFO] running `Command { std: "docker" "create" "-v" "/var/lib/crater-agent-workspace/builds/worker-6-tc1/target:/opt/rustwide/target:rw,Z" "-v" "/var/lib/crater-agent-workspace/builds/worker-6-tc1/source:/opt/rustwide/workdir:ro,Z" "-v" "/var/lib/crater-agent-workspace/cargo-home:/opt/rustwide/cargo-home:ro,Z" "-v" "/var/lib/crater-agent-workspace/rustup-home:/opt/rustwide/rustup-home:ro,Z" "-e" "SOURCE_DIR=/opt/rustwide/workdir" "-e" "CARGO_TARGET_DIR=/opt/rustwide/target" "-e" "CARGO_HOME=/opt/rustwide/cargo-home" "-e" "RUSTUP_HOME=/opt/rustwide/rustup-home" "-w" "/opt/rustwide/workdir" "-m" "1610612736" "--user" "0:0" "--network" "none" "ghcr.io/rust-lang/crates-build-env/linux@sha256:f3a9d4ad9d972b27faf3965f35b62e55ba32bbce8f20bc8fe909558a86702fde" "/opt/rustwide/cargo-home/bin/cargo" "+1.83.0" "metadata" "--no-deps" "--format-version=1", kill_on_drop: false }`
[INFO] [stdout] 79cadfb5dfe6f8d510a471e1c8925f93b56dd77ca8d9180573dececa9aaca177
[INFO] running `Command { std: "docker" "start" "-a" "79cadfb5dfe6f8d510a471e1c8925f93b56dd77ca8d9180573dececa9aaca177", kill_on_drop: false }`
[INFO] running `Command { std: "docker" "inspect" "79cadfb5dfe6f8d510a471e1c8925f93b56dd77ca8d9180573dececa9aaca177", kill_on_drop: false }`
[INFO] running `Command { std: "docker" "rm" "-f" "79cadfb5dfe6f8d510a471e1c8925f93b56dd77ca8d9180573dececa9aaca177", kill_on_drop: false }`
[INFO] [stdout] 79cadfb5dfe6f8d510a471e1c8925f93b56dd77ca8d9180573dececa9aaca177
[INFO] running `Command { std: "docker" "create" "-v" "/var/lib/crater-agent-workspace/builds/worker-6-tc1/target:/opt/rustwide/target:rw,Z" "-v" "/var/lib/crater-agent-workspace/builds/worker-6-tc1/source:/opt/rustwide/workdir:ro,Z" "-v" "/var/lib/crater-agent-workspace/cargo-home:/opt/rustwide/cargo-home:ro,Z" "-v" "/var/lib/crater-agent-workspace/rustup-home:/opt/rustwide/rustup-home:ro,Z" "-e" "SOURCE_DIR=/opt/rustwide/workdir" "-e" "CARGO_TARGET_DIR=/opt/rustwide/target" "-e" "CARGO_INCREMENTAL=0" "-e" "RUST_BACKTRACE=full" "-e" "RUSTFLAGS=--cap-lints=warn" "-e" "RUSTDOCFLAGS=--cap-lints=warn" "-e" "CARGO_HOME=/opt/rustwide/cargo-home" "-e" "RUSTUP_HOME=/opt/rustwide/rustup-home" "-w" "/opt/rustwide/workdir" "-m" "1610612736" "--user" "0:0" "--network" "none" "ghcr.io/rust-lang/crates-build-env/linux@sha256:f3a9d4ad9d972b27faf3965f35b62e55ba32bbce8f20bc8fe909558a86702fde" "/opt/rustwide/cargo-home/bin/cargo" "+1.83.0" "build" "--frozen" "--message-format=json", kill_on_drop: false }`
[INFO] [stdout] 9c31686b2158af9d15fbb408558c3b32506089bd7d7bf86e2e81ab2343e9e9cf
[INFO] running `Command { std: "docker" "start" "-a" "9c31686b2158af9d15fbb408558c3b32506089bd7d7bf86e2e81ab2343e9e9cf", kill_on_drop: false }`
[INFO] [stderr]    Compiling proc-macro2 v1.0.92
[INFO] [stderr]    Compiling unicode-ident v1.0.14
[INFO] [stderr]    Compiling version_check v0.9.5
[INFO] [stderr]    Compiling autocfg v1.4.0
[INFO] [stderr]    Compiling serde v1.0.216
[INFO] [stderr]    Compiling futures-sink v0.3.31
[INFO] [stderr]    Compiling syn v1.0.109
[INFO] [stderr]    Compiling futures-core v0.3.31
[INFO] [stderr]    Compiling strsim v0.11.1
[INFO] [stderr]    Compiling fnv v1.0.7
[INFO] [stderr]    Compiling ident_case v1.0.1
[INFO] [stderr]    Compiling memchr v2.7.4
[INFO] [stderr]    Compiling futures-io v0.3.31
[INFO] [stderr]    Compiling futures-task v0.3.31
[INFO] [stderr]    Compiling typeid v1.0.2
[INFO] [stderr]    Compiling crossbeam-utils v0.8.20
[INFO] [stderr]    Compiling futures-channel v0.3.31
[INFO] [stderr]    Compiling pin-utils v0.1.0
[INFO] [stderr]    Compiling pin-project-lite v0.2.15
[INFO] [stderr]    Compiling thiserror v1.0.69
[INFO] [stderr]    Compiling serde_json v1.0.133
[INFO] [stderr]    Compiling anyhow v1.0.94
[INFO] [stderr]    Compiling itoa v1.0.14
[INFO] [stderr]    Compiling ryu v1.0.18
[INFO] [stderr]    Compiling proc-macro-error-attr v1.0.4
[INFO] [stderr]    Compiling proc-macro-error v1.0.4
[INFO] [stderr]    Compiling slab v0.4.9
[INFO] [stderr]    Compiling crossbeam-channel v0.5.13
[INFO] [stderr]    Compiling quote v1.0.37
[INFO] [stderr]    Compiling syn v2.0.90
[INFO] [stderr]    Compiling darling_core v0.20.10
[INFO] [stderr]    Compiling serde_derive v1.0.216
[INFO] [stderr]    Compiling futures-macro v0.3.31
[INFO] [stderr]    Compiling thiserror-impl v1.0.69
[INFO] [stderr]    Compiling futures-util v0.3.31
[INFO] [stderr]    Compiling darling_macro v0.20.10
[INFO] [stderr]    Compiling darling v0.20.10
[INFO] [stderr]    Compiling crux_macros v0.4.1
[INFO] [stderr]    Compiling futures-executor v0.3.31
[INFO] [stderr]    Compiling futures v0.3.31
[INFO] [stderr]    Compiling erased-serde v0.4.5
[INFO] [stderr]    Compiling bincode v1.3.3
[INFO] [stderr]    Compiling crux_core v0.10.0 (/opt/rustwide/workdir)
[INFO] [stderr]     Finished `dev` profile [unoptimized + debuginfo] target(s) in 20.55s
[INFO] running `Command { std: "docker" "inspect" "9c31686b2158af9d15fbb408558c3b32506089bd7d7bf86e2e81ab2343e9e9cf", kill_on_drop: false }`
[INFO] running `Command { std: "docker" "rm" "-f" "9c31686b2158af9d15fbb408558c3b32506089bd7d7bf86e2e81ab2343e9e9cf", kill_on_drop: false }`
[INFO] [stdout] 9c31686b2158af9d15fbb408558c3b32506089bd7d7bf86e2e81ab2343e9e9cf
[INFO] running `Command { std: "docker" "create" "-v" "/var/lib/crater-agent-workspace/builds/worker-6-tc1/target:/opt/rustwide/target:rw,Z" "-v" "/var/lib/crater-agent-workspace/builds/worker-6-tc1/source:/opt/rustwide/workdir:ro,Z" "-v" "/var/lib/crater-agent-workspace/cargo-home:/opt/rustwide/cargo-home:ro,Z" "-v" "/var/lib/crater-agent-workspace/rustup-home:/opt/rustwide/rustup-home:ro,Z" "-e" "SOURCE_DIR=/opt/rustwide/workdir" "-e" "CARGO_TARGET_DIR=/opt/rustwide/target" "-e" "CARGO_INCREMENTAL=0" "-e" "RUST_BACKTRACE=full" "-e" "RUSTFLAGS=--cap-lints=warn" "-e" "RUSTDOCFLAGS=--cap-lints=warn" "-e" "CARGO_HOME=/opt/rustwide/cargo-home" "-e" "RUSTUP_HOME=/opt/rustwide/rustup-home" "-w" "/opt/rustwide/workdir" "-m" "1610612736" "--user" "0:0" "--network" "none" "ghcr.io/rust-lang/crates-build-env/linux@sha256:f3a9d4ad9d972b27faf3965f35b62e55ba32bbce8f20bc8fe909558a86702fde" "/opt/rustwide/cargo-home/bin/cargo" "+1.83.0" "test" "--frozen" "--no-run" "--message-format=json", kill_on_drop: false }`
[INFO] [stdout] 47c0359001814246bd03d7f0f11b69d4edf4a8c58639a5520c1e5c0b85b3fb5b
[INFO] running `Command { std: "docker" "start" "-a" "47c0359001814246bd03d7f0f11b69d4edf4a8c58639a5520c1e5c0b85b3fb5b", kill_on_drop: false }`
[INFO] [stderr]    Compiling stable_deref_trait v1.2.0
[INFO] [stderr]    Compiling litemap v0.7.4
[INFO] [stderr]    Compiling writeable v0.5.5
[INFO] [stderr]    Compiling libc v0.2.168
[INFO] [stderr]    Compiling cfg-if v1.0.0
[INFO] [stderr]    Compiling icu_locid_transform_data v1.5.0
[INFO] [stderr]    Compiling aho-corasick v1.1.3
[INFO] [stderr]    Compiling icu_properties_data v1.5.0
[INFO] [stderr]    Compiling regex-syntax v0.8.5
[INFO] [stderr]    Compiling crossbeam-epoch v0.9.18
[INFO] [stderr]    Compiling bstr v1.11.1
[INFO] [stderr]    Compiling byteorder v1.5.0
[INFO] [stderr]    Compiling synstructure v0.13.1
[INFO] [stderr]    Compiling zerovec-derive v0.10.3
[INFO] [stderr]    Compiling displaydoc v0.2.5
[INFO] [stderr]    Compiling icu_provider_macros v1.5.0
[INFO] [stderr]    Compiling zerocopy-derive v0.7.35
[INFO] [stderr]    Compiling smallvec v1.13.2
[INFO] [stderr]    Compiling log v0.4.22
[INFO] [stderr]    Compiling utf16_iter v1.0.5
[INFO] [stderr]    Compiling write16 v1.0.0
[INFO] [stderr]    Compiling same-file v1.0.6
[INFO] [stderr]    Compiling bitflags v2.6.0
[INFO] [stderr]    Compiling utf8_iter v1.0.4
[INFO] [stderr]    Compiling icu_normalizer_data v1.5.0
[INFO] [stderr]    Compiling rustix v0.38.42
[INFO] [stderr]    Compiling walkdir v2.5.0
[INFO] [stderr]    Compiling crossbeam-deque v0.8.5
[INFO] [stderr]    Compiling concurrent-queue v2.5.0
[INFO] [stderr]    Compiling linux-raw-sys v0.4.14
[INFO] [stderr]    Compiling parking v2.2.1
[INFO] [stderr]    Compiling predicates-core v1.0.8
[INFO] [stderr]    Compiling doc-comment v0.3.3
[INFO] [stderr]    Compiling event-listener v5.3.1
[INFO] [stderr]    Compiling anstyle v1.0.10
[INFO] [stderr]    Compiling zerofrom-derive v0.1.5
[INFO] [stderr]    Compiling yoke-derive v0.7.5
[INFO] [stderr]    Compiling once_cell v1.20.2
[INFO] [stderr]    Compiling difflib v0.4.0
[INFO] [stderr]    Compiling fastrand v2.3.0
[INFO] [stderr]    Compiling percent-encoding v2.3.1
[INFO] [stderr]    Compiling termtree v0.4.1
[INFO] [stderr]    Compiling event-listener-strategy v0.5.3
[INFO] [stderr]    Compiling predicates-tree v1.0.11
[INFO] [stderr]    Compiling form_urlencoded v1.2.1
[INFO] [stderr]    Compiling static_assertions v1.1.0
[INFO] [stderr]    Compiling async-channel v2.3.1
[INFO] [stderr]    Compiling assert_matches v1.5.0
[INFO] [stderr]    Compiling predicates v3.1.2
[INFO] [stderr]    Compiling regex-automata v0.4.9
[INFO] [stderr]    Compiling zerocopy v0.7.35
[INFO] [stderr]    Compiling getrandom v0.2.15
[INFO] [stderr]    Compiling rand_core v0.6.4
[INFO] [stderr]    Compiling uuid v1.11.0
[INFO] [stderr]    Compiling ppv-lite86 v0.2.20
[INFO] [stderr]    Compiling zerofrom v0.1.5
[INFO] [stderr]    Compiling yoke v0.7.5
[INFO] [stderr]    Compiling zerovec v0.10.4
[INFO] [stderr]    Compiling rand_chacha v0.3.1
[INFO] [stderr]    Compiling tempfile v3.14.0
[INFO] [stderr]    Compiling rand v0.8.5
[INFO] [stderr]    Compiling tinystr v0.7.6
[INFO] [stderr]    Compiling icu_collections v1.5.0
[INFO] [stderr]    Compiling icu_locid v1.5.0
[INFO] [stderr]    Compiling globset v0.4.15
[INFO] [stderr]    Compiling ignore v0.4.23
[INFO] [stderr]    Compiling icu_provider v1.5.0
[INFO] [stderr]    Compiling icu_locid_transform v1.5.0
[INFO] [stderr]    Compiling globwalk v0.9.1
[INFO] [stderr]    Compiling assert_fs v1.1.2
[INFO] [stderr]    Compiling icu_properties v1.5.1
[INFO] [stderr]    Compiling icu_normalizer v1.5.0
[INFO] [stderr]    Compiling idna_adapter v1.2.0
[INFO] [stderr]    Compiling idna v1.0.3
[INFO] [stderr]    Compiling url v2.5.4
[INFO] [stderr]    Compiling crux_core v0.10.0 (/opt/rustwide/workdir)
[INFO] [stderr]     Finished `test` profile [unoptimized + debuginfo] target(s) in 24.41s
[INFO] running `Command { std: "docker" "inspect" "47c0359001814246bd03d7f0f11b69d4edf4a8c58639a5520c1e5c0b85b3fb5b", kill_on_drop: false }`
[INFO] running `Command { std: "docker" "rm" "-f" "47c0359001814246bd03d7f0f11b69d4edf4a8c58639a5520c1e5c0b85b3fb5b", kill_on_drop: false }`
[INFO] [stdout] 47c0359001814246bd03d7f0f11b69d4edf4a8c58639a5520c1e5c0b85b3fb5b
[INFO] running `Command { std: "docker" "create" "-v" "/var/lib/crater-agent-workspace/builds/worker-6-tc1/target:/opt/rustwide/target:rw,Z" "-v" "/var/lib/crater-agent-workspace/builds/worker-6-tc1/source:/opt/rustwide/workdir:ro,Z" "-v" "/var/lib/crater-agent-workspace/cargo-home:/opt/rustwide/cargo-home:ro,Z" "-v" "/var/lib/crater-agent-workspace/rustup-home:/opt/rustwide/rustup-home:ro,Z" "-e" "SOURCE_DIR=/opt/rustwide/workdir" "-e" "CARGO_TARGET_DIR=/opt/rustwide/target" "-e" "CARGO_INCREMENTAL=0" "-e" "RUST_BACKTRACE=full" "-e" "RUSTFLAGS=--cap-lints=warn" "-e" "RUSTDOCFLAGS=--cap-lints=warn" "-e" "CARGO_HOME=/opt/rustwide/cargo-home" "-e" "RUSTUP_HOME=/opt/rustwide/rustup-home" "-w" "/opt/rustwide/workdir" "-m" "1610612736" "--user" "0:0" "--network" "none" "ghcr.io/rust-lang/crates-build-env/linux@sha256:f3a9d4ad9d972b27faf3965f35b62e55ba32bbce8f20bc8fe909558a86702fde" "/opt/rustwide/cargo-home/bin/cargo" "+1.83.0" "test" "--frozen", kill_on_drop: false }`
[INFO] [stdout] 724caf1aed50cff92095bc217fccd47aac16b7cbddb5a99a1e498fb1f4289efb
[INFO] running `Command { std: "docker" "start" "-a" "724caf1aed50cff92095bc217fccd47aac16b7cbddb5a99a1e498fb1f4289efb", kill_on_drop: false }`
[INFO] [stderr]     Finished `test` profile [unoptimized + debuginfo] target(s) in 0.15s
[INFO] [stderr]      Running unittests src/lib.rs (/opt/rustwide/target/debug/deps/crux_core-27487808e884301f)
[INFO] [stdout] 
[INFO] [stdout] running 5 tests
[INFO] [stdout] test capability::shell_stream::tests::test_shell_stream ... ok
[INFO] [stdout] test capability::channel::tests::test_channels ... ok
[INFO] [stdout] test capability::executor::tests::test_task_does_not_leak ... ok
[INFO] [stdout] test capability::shell_request::tests::test_effect_future ... ok
[INFO] [stdout] test capability::executor::tests::test_multithreaded_executor ... ok
[INFO] [stdout] 
[INFO] [stdout] test result: ok. 5 passed; 0 failed; 0 ignored; 0 measured; 0 filtered out; finished in 0.41s
[INFO] [stdout] 
[INFO] [stderr]      Running tests/capability_orchestration.rs (/opt/rustwide/target/debug/deps/capability_orchestration-f02f4d1775301569)
[INFO] [stdout] 
[INFO] [stdout] running 1 test
[INFO] [stdout] test tests::updates_state_once_both_effects_are_done ... ok
[INFO] [stdout] 
[INFO] [stdout] test result: ok. 1 passed; 0 failed; 0 ignored; 0 measured; 0 filtered out; finished in 0.00s
[INFO] [stdout] 
[INFO] [stderr]      Running tests/capability_runtime.rs (/opt/rustwide/target/debug/deps/capability_runtime-44b2111476cf4716)
[INFO] [stdout] 
[INFO] [stdout] running 2 tests
[INFO] [stdout] test tests::doesnt_crash_when_core_is_dropped ... ok
[INFO] [stdout] test tests::fetches_a_tree ... ok
[INFO] [stdout] 
[INFO] [stdout] test result: ok. 2 passed; 0 failed; 0 ignored; 0 measured; 0 filtered out; finished in 0.00s
[INFO] [stdout] 
[INFO] [stderr]      Running tests/json_bridge.rs (/opt/rustwide/target/debug/deps/json_bridge-76bf0e11b4f8257b)
[INFO] [stdout] 
[INFO] [stdout] running 1 test
[INFO] [stdout] test tests::event_effect_loop ... ok
[INFO] [stdout] 
[INFO] [stdout] test result: ok. 1 passed; 0 failed; 0 ignored; 0 measured; 0 filtered out; finished in 0.00s
[INFO] [stdout] 
[INFO] [stderr]      Running tests/testing.rs (/opt/rustwide/target/debug/deps/testing-3f821619bb1d10c0)
[INFO] [stdout] 
[INFO] [stderr]      Running tests/typegen.rs (/opt/rustwide/target/debug/deps/typegen-17cee58fb214f0e8)
[INFO] [stdout] running 1 test
[INFO] [stdout] test app_tester_new ... ok
[INFO] [stdout] 
[INFO] [stdout] test result: ok. 1 passed; 0 failed; 0 ignored; 0 measured; 0 filtered out; finished in 0.00s
[INFO] [stdout] 
[INFO] [stdout] 
[INFO] [stdout] running 0 tests
[INFO] [stdout] 
[INFO] [stdout] test result: ok. 0 passed; 0 failed; 0 ignored; 0 measured; 0 filtered out; finished in 0.00s
[INFO] [stdout] 
[INFO] [stderr]    Doc-tests crux_core
[INFO] [stdout] 
[INFO] [stdout] running 18 tests
[INFO] [stdout] test src/capability/mod.rs - capability (line 100) ... ignored
[INFO] [stdout] test src/capability/mod.rs - capability::Operation (line 211) ... ignored
[INFO] [stdout] test src/core/mod.rs - core::Core<Ef,A>::new (line 54) ... ignored
[INFO] [stdout] test src/lib.rs - (line 102) ... ignored
[INFO] [stdout] test src/lib.rs - (line 139) ... ignored
[INFO] [stdout] test src/testing.rs - testing::AppTester (line 20) ... ignored
[INFO] [stdout] test src/capability/mod.rs - capability::Never (line 227) ... ok
[INFO] [stdout] test src/lib.rs - (line 41) ... ok
[INFO] [stdout] test src/testing.rs - testing::assert_effect (line 239) ... ok
[INFO] [stdout] test src/capabilities/compose.rs - capabilities::compose::Compose (line 22) ... ok
[INFO] [stdout] test src/capability/mod.rs - capability::CapabilityContext<Op,Ev>::map_event (line 530) ... FAILED
[INFO] [stdout] test src/capabilities/compose.rs - capabilities::compose::Compose<Ev>::spawn (line 76) ... FAILED
[INFO] [stdout] test src/capability/mod.rs - capability::Capability (line 256) ... ok
[INFO] [stdout] test src/capability/mod.rs - capability (line 116) ... ok
[INFO] [stdout] test src/capability/mod.rs - capability::WithContext (line 313) ... FAILED
[INFO] [stdout] test src/capability/mod.rs - capability::CapabilityContext (line 374) ... ok
[INFO] [stdout] test src/capability/mod.rs - capability (line 11) ... FAILED
[INFO] [stdout] test src/capability/mod.rs - capability (line 55) ... ok
[INFO] [stdout] 
[INFO] [stdout] failures:
[INFO] [stdout] 
[INFO] [stdout] ---- src/capability/mod.rs - capability::CapabilityContext<Op,Ev>::map_event (line 530) stdout ----
[INFO] [stdout] error[E0433]: failed to resolve: use of undeclared crate or module `crux_time`
[INFO] [stdout]   --> src/capability/mod.rs:540:22
[INFO] [stdout]    |
[INFO] [stdout] 13 |     some_capability: crux_time::Time<Event>,
[INFO] [stdout]    |                      ^^^^^^^^^ use of undeclared crate or module `crux_time`
[INFO] [stdout]    |
[INFO] [stdout] help: there is a crate or module with a similar name
[INFO] [stdout]    |
[INFO] [stdout] 13 |     some_capability: crux_core::Time<Event>,
[INFO] [stdout]    |                      ~~~~~~~~~
[INFO] [stdout] 
[INFO] [stdout] error[E0433]: failed to resolve: use of undeclared crate or module `crux_time`
[INFO] [stdout]   --> src/capability/mod.rs:574:30
[INFO] [stdout]    |
[INFO] [stdout] 47 |         pub some_capability: crux_time::Time<Event>,
[INFO] [stdout]    |                              ^^^^^^^^^ use of undeclared crate or module `crux_time`
[INFO] [stdout]    |
[INFO] [stdout] help: there is a crate or module with a similar name
[INFO] [stdout]    |
[INFO] [stdout] 47 |         pub some_capability: crux_core::Time<Event>,
[INFO] [stdout]    |                              ~~~~~~~~~
[INFO] [stdout] 
[INFO] [stdout] error: aborting due to 2 previous errors
[INFO] [stdout] 
[INFO] [stdout] For more information about this error, try `rustc --explain E0433`.
[INFO] [stdout] Couldn't compile the test.
[INFO] [stdout] ---- src/capabilities/compose.rs - capabilities::compose::Compose<Ev>::spawn (line 76) stdout ----
[INFO] [stdout] error[E0433]: failed to resolve: use of undeclared crate or module `doctest_support`
[INFO] [stdout]   --> src/capabilities/compose.rs:93:10
[INFO] [stdout]    |
[INFO] [stdout] 20 |     one: doctest_support::compose::capabilities::capability_one::CapabilityOne<Event>,
[INFO] [stdout]    |          ^^^^^^^^^^^^^^^ use of undeclared crate or module `doctest_support`
[INFO] [stdout] 
[INFO] [stdout] error[E0433]: failed to resolve: use of undeclared crate or module `doctest_support`
[INFO] [stdout]   --> src/capabilities/compose.rs:94:10
[INFO] [stdout]    |
[INFO] [stdout] 21 |     two: doctest_support::compose::capabilities::capability_two::CapabilityTwo<Event>,
[INFO] [stdout]    |          ^^^^^^^^^^^^^^^ use of undeclared crate or module `doctest_support`
[INFO] [stdout] 
[INFO] [stdout] error: aborting due to 2 previous errors
[INFO] [stdout] 
[INFO] [stdout] For more information about this error, try `rustc --explain E0433`.
[INFO] [stdout] Couldn't compile the test.
[INFO] [stdout] ---- src/capability/mod.rs - capability::WithContext (line 313) stdout ----
[INFO] [stdout] error[E0433]: failed to resolve: use of undeclared crate or module `crux_http`
[INFO] [stdout]   --> src/capability/mod.rs:358:19
[INFO] [stdout]    |
[INFO] [stdout] 48 |             http: crux_http::Http::new(context.specialize(Effect::Http)),
[INFO] [stdout]    |                   ^^^^^^^^^ use of undeclared crate or module `crux_http`
[INFO] [stdout] 
[INFO] [stdout] error[E0433]: failed to resolve: use of undeclared crate or module `crux_http`
[INFO] [stdout]   --> src/capability/mod.rs:320:11
[INFO] [stdout]    |
[INFO] [stdout] 10 |     http: crux_http::Http<Event>,
[INFO] [stdout]    |           ^^^^^^^^^ use of undeclared crate or module `crux_http`
[INFO] [stdout] 
[INFO] [stdout] error[E0433]: failed to resolve: use of undeclared crate or module `crux_http`
[INFO] [stdout]   --> src/capability/mod.rs:324:30
[INFO] [stdout]    |
[INFO] [stdout] 14 |     Http(crux_core::Request<<crux_http::Http<Event> as crux_core::capability::Capability<Event>>::Operation>),
[INFO] [stdout]    |                              ^^^^^^^^^ use of undeclared crate or module `crux_http`
[INFO] [stdout] 
[INFO] [stdout] error[E0433]: failed to resolve: use of undeclared crate or module `crux_http`
[INFO] [stdout]   --> src/capability/mod.rs:329:11
[INFO] [stdout]    |
[INFO] [stdout] 19 |     Http(<crux_http::Http<Event> as crux_core::capability::Capability<Event>>::Operation),
[INFO] [stdout]    |           ^^^^^^^^^ use of undeclared crate or module `crux_http`
[INFO] [stdout] 
[INFO] [stdout] error: aborting due to 4 previous errors
[INFO] [stdout] 
[INFO] [stdout] For more information about this error, try `rustc --explain E0433`.
[INFO] [stdout] Couldn't compile the test.
[INFO] [stdout] ---- src/capability/mod.rs - capability (line 11) stdout ----
[INFO] [stdout] error[E0433]: failed to resolve: use of undeclared crate or module `crux_http`
[INFO] [stdout]   --> src/capability/mod.rs:19:15
[INFO] [stdout]    |
[INFO] [stdout] 11 |     pub http: crux_http::Http<Event>,
[INFO] [stdout]    |               ^^^^^^^^^ use of undeclared crate or module `crux_http`
[INFO] [stdout] 
[INFO] [stdout] error[E0433]: failed to resolve: use of undeclared crate or module `crux_http`
[INFO] [stdout]  --> src/capability/mod.rs:15:33
[INFO] [stdout]   |
[INFO] [stdout] 7 | pub enum Event { Increment, Set(crux_http::Result<crux_http::Response<usize>>) }
[INFO] [stdout]   |                                 ^^^^^^^^^ use of undeclared crate or module `crux_http`
[INFO] [stdout] 
[INFO] [stdout] error[E0433]: failed to resolve: use of undeclared crate or module `crux_http`
[INFO] [stdout]  --> src/capability/mod.rs:15:51
[INFO] [stdout]   |
[INFO] [stdout] 7 | pub enum Event { Increment, Set(crux_http::Result<crux_http::Response<usize>>) }
[INFO] [stdout]   |                                                   ^^^^^^^^^ use of undeclared crate or module `crux_http`
[INFO] [stdout] 
[INFO] [stdout] error: aborting due to 3 previous errors
[INFO] [stdout] 
[INFO] [stdout] For more information about this error, try `rustc --explain E0433`.
[INFO] [stdout] Couldn't compile the test.
[INFO] [stdout] 
[INFO] [stdout] failures:
[INFO] [stdout]     src/capabilities/compose.rs - capabilities::compose::Compose<Ev>::spawn (line 76)
[INFO] [stdout]     src/capability/mod.rs - capability (line 11)
[INFO] [stdout]     src/capability/mod.rs - capability::CapabilityContext<Op,Ev>::map_event (line 530)
[INFO] [stdout]     src/capability/mod.rs - capability::WithContext (line 313)
[INFO] [stdout] 
[INFO] [stdout] test result: FAILED. 8 passed; 4 failed; 6 ignored; 0 measured; 0 filtered out; finished in 1.52s
[INFO] [stdout] 
[INFO] [stderr] error: doctest failed, to rerun pass `--doc`
[INFO] running `Command { std: "docker" "inspect" "724caf1aed50cff92095bc217fccd47aac16b7cbddb5a99a1e498fb1f4289efb", kill_on_drop: false }`
[INFO] running `Command { std: "docker" "rm" "-f" "724caf1aed50cff92095bc217fccd47aac16b7cbddb5a99a1e498fb1f4289efb", kill_on_drop: false }`
[INFO] [stdout] 724caf1aed50cff92095bc217fccd47aac16b7cbddb5a99a1e498fb1f4289efb
