[INFO] fetching crate cruiser 0.2.0...
[INFO] testing cruiser-0.2.0 against beta-2024-12-08 for beta-1.84.0-4-retry
[INFO] extracting crate cruiser 0.2.0 into /workspace/builds/worker-6-tc2/source
[INFO] validating manifest of crates.io crate cruiser 0.2.0 on toolchain beta-2024-12-08
[INFO] running `Command { std: CARGO_HOME="/workspace/cargo-home" RUSTUP_HOME="/workspace/rustup-home" "/workspace/cargo-home/bin/cargo" "+beta-2024-12-08" "metadata" "--manifest-path" "Cargo.toml" "--no-deps", kill_on_drop: false }`
[INFO] removed /workspace/builds/worker-6-tc2/source/rust-toolchain.toml
[INFO] started tweaking crates.io crate cruiser 0.2.0
[INFO] removed 0 missing examples
[INFO] finished tweaking crates.io crate cruiser 0.2.0
[INFO] tweaked toml for crates.io crate cruiser 0.2.0 written to /workspace/builds/worker-6-tc2/source/Cargo.toml
[INFO] crate crates.io crate cruiser 0.2.0 already has a lockfile, it will not be regenerated
[INFO] running `Command { std: CARGO_HOME="/workspace/cargo-home" RUSTUP_HOME="/workspace/rustup-home" "/workspace/cargo-home/bin/cargo" "+beta-2024-12-08" "fetch" "--manifest-path" "Cargo.toml", kill_on_drop: false }`
[INFO] running `Command { std: "docker" "create" "-v" "/var/lib/crater-agent-workspace/builds/worker-6-tc2/target:/opt/rustwide/target:rw,Z" "-v" "/var/lib/crater-agent-workspace/builds/worker-6-tc2/source:/opt/rustwide/workdir:ro,Z" "-v" "/var/lib/crater-agent-workspace/cargo-home:/opt/rustwide/cargo-home:ro,Z" "-v" "/var/lib/crater-agent-workspace/rustup-home:/opt/rustwide/rustup-home:ro,Z" "-e" "SOURCE_DIR=/opt/rustwide/workdir" "-e" "CARGO_TARGET_DIR=/opt/rustwide/target" "-e" "CARGO_HOME=/opt/rustwide/cargo-home" "-e" "RUSTUP_HOME=/opt/rustwide/rustup-home" "-w" "/opt/rustwide/workdir" "-m" "1610612736" "--user" "0:0" "--network" "none" "ghcr.io/rust-lang/crates-build-env/linux@sha256:f3a9d4ad9d972b27faf3965f35b62e55ba32bbce8f20bc8fe909558a86702fde" "/opt/rustwide/cargo-home/bin/cargo" "+beta-2024-12-08" "metadata" "--no-deps" "--format-version=1", kill_on_drop: false }`
[INFO] [stdout] 935042efe9f9f3b8ff448e0a2c6766c8a9b6187ed0e3a463e6057a22dcfe95a4
[INFO] running `Command { std: "docker" "start" "-a" "935042efe9f9f3b8ff448e0a2c6766c8a9b6187ed0e3a463e6057a22dcfe95a4", kill_on_drop: false }`
[INFO] running `Command { std: "docker" "inspect" "935042efe9f9f3b8ff448e0a2c6766c8a9b6187ed0e3a463e6057a22dcfe95a4", kill_on_drop: false }`
[INFO] running `Command { std: "docker" "rm" "-f" "935042efe9f9f3b8ff448e0a2c6766c8a9b6187ed0e3a463e6057a22dcfe95a4", kill_on_drop: false }`
[INFO] [stdout] 935042efe9f9f3b8ff448e0a2c6766c8a9b6187ed0e3a463e6057a22dcfe95a4
[INFO] running `Command { std: "docker" "create" "-v" "/var/lib/crater-agent-workspace/builds/worker-6-tc2/target:/opt/rustwide/target:rw,Z" "-v" "/var/lib/crater-agent-workspace/builds/worker-6-tc2/source:/opt/rustwide/workdir:ro,Z" "-v" "/var/lib/crater-agent-workspace/cargo-home:/opt/rustwide/cargo-home:ro,Z" "-v" "/var/lib/crater-agent-workspace/rustup-home:/opt/rustwide/rustup-home:ro,Z" "-e" "SOURCE_DIR=/opt/rustwide/workdir" "-e" "CARGO_TARGET_DIR=/opt/rustwide/target" "-e" "CARGO_INCREMENTAL=0" "-e" "RUST_BACKTRACE=full" "-e" "RUSTFLAGS=--cap-lints=warn" "-e" "RUSTDOCFLAGS=--cap-lints=warn" "-e" "CARGO_HOME=/opt/rustwide/cargo-home" "-e" "RUSTUP_HOME=/opt/rustwide/rustup-home" "-w" "/opt/rustwide/workdir" "-m" "1610612736" "--user" "0:0" "--network" "none" "ghcr.io/rust-lang/crates-build-env/linux@sha256:f3a9d4ad9d972b27faf3965f35b62e55ba32bbce8f20bc8fe909558a86702fde" "/opt/rustwide/cargo-home/bin/cargo" "+beta-2024-12-08" "build" "--frozen" "--message-format=json", kill_on_drop: false }`
[INFO] [stdout] bc912dfb7e0c64c22b0047bc76e00b92fa12f84bbca66d57bfe694441129c951
[INFO] running `Command { std: "docker" "start" "-a" "bc912dfb7e0c64c22b0047bc76e00b92fa12f84bbca66d57bfe694441129c951", kill_on_drop: false }`
[INFO] [stderr]    Compiling proc-macro2 v1.0.36
[INFO] [stderr]    Compiling unicode-xid v0.2.2
[INFO] [stderr]    Compiling syn v1.0.90
[INFO] [stderr]    Compiling version_check v0.9.4
[INFO] [stderr]    Compiling typenum v1.15.0
[INFO] [stderr]    Compiling serde_derive v1.0.136
[INFO] [stderr]    Compiling serde v1.0.136
[INFO] [stderr]    Compiling libc v0.2.121
[INFO] [stderr]    Compiling subtle v2.4.1
[INFO] [stderr]    Compiling semver v1.0.7
[INFO] [stderr]    Compiling getrandom v0.1.16
[INFO] [stderr]    Compiling crossbeam-utils v0.8.8
[INFO] [stderr]    Compiling crunchy v0.2.2
[INFO] [stderr]    Compiling memoffset v0.6.5
[INFO] [stderr]    Compiling cpufeatures v0.2.2
[INFO] [stderr]    Compiling crossbeam-epoch v0.9.8
[INFO] [stderr]    Compiling log v0.4.16
[INFO] [stderr]    Compiling rayon-core v1.9.1
[INFO] [stderr]    Compiling opaque-debug v0.3.0
[INFO] [stderr]    Compiling wasm-bindgen-shared v0.2.79
[INFO] [stderr]    Compiling generic-array v0.14.5
[INFO] [stderr]    Compiling proc-macro-error-attr v1.0.4
[INFO] [stderr]    Compiling proc-macro-error v1.0.4
[INFO] [stderr]    Compiling crossbeam-channel v0.5.4
[INFO] [stderr]    Compiling ahash v0.7.6
[INFO] [stderr]    Compiling rayon v1.5.1
[INFO] [stderr]    Compiling either v1.6.1
[INFO] [stderr]    Compiling bumpalo v3.9.1
[INFO] [stderr]    Compiling feature-probe v0.1.1
[INFO] [stderr]    Compiling im v15.0.0
[INFO] [stderr]    Compiling cc v1.0.73
[INFO] [stderr]    Compiling rustc_version v0.4.0
[INFO] [stderr]    Compiling once_cell v1.10.0
[INFO] [stderr]    Compiling rustversion v1.0.6
[INFO] [stderr]    Compiling bv v0.11.1
[INFO] [stderr]    Compiling ppv-lite86 v0.2.16
[INFO] [stderr]    Compiling num-traits v0.2.14
[INFO] [stderr]    Compiling bs58 v0.4.0
[INFO] [stderr]    Compiling unicode-segmentation v1.9.0
[INFO] [stderr]    Compiling wasm-bindgen v0.2.79
[INFO] [stderr]    Compiling crossbeam-deque v0.8.1
[INFO] [stderr]    Compiling solana-frozen-abi-macro v1.10.5
[INFO] [stderr]    Compiling solana-frozen-abi v1.10.5
[INFO] [stderr]    Compiling arrayref v0.3.6
[INFO] [stderr]    Compiling quote v1.0.17
[INFO] [stderr]    Compiling heck v0.4.0
[INFO] [stderr]    Compiling solana-program v1.10.5
[INFO] [stderr]    Compiling base64 v0.12.3
[INFO] [stderr]    Compiling arrayvec v0.7.2
[INFO] [stderr]    Compiling keccak v0.1.0
[INFO] [stderr]    Compiling num_cpus v1.13.1
[INFO] [stderr]    Compiling getrandom v0.2.6
[INFO] [stderr]    Compiling memmap2 v0.5.3
[INFO] [stderr]    Compiling bitmaps v2.1.0
[INFO] [stderr]    Compiling heck v0.3.3
[INFO] [stderr]    Compiling byteorder v1.4.3
[INFO] [stderr]    Compiling zeroize v1.3.0
[INFO] [stderr]    Compiling constant_time_eq v0.1.5
[INFO] [stderr]    Compiling rand_core v0.5.1
[INFO] [stderr]    Compiling cruiser v0.2.0 (/opt/rustwide/workdir)
[INFO] [stderr]    Compiling itertools v0.10.3
[INFO] [stderr]    Compiling hashbrown v0.11.2
[INFO] [stderr]    Compiling bitflags v1.3.2
[INFO] [stderr]    Compiling base64 v0.13.0
[INFO] [stderr]    Compiling static_assertions v1.1.0
[INFO] [stderr]    Compiling rand_xoshiro v0.4.0
[INFO] [stderr]    Compiling rand_chacha v0.2.2
[INFO] [stderr]    Compiling array-init v2.0.0
[INFO] [stderr]    Compiling digest v0.9.0
[INFO] [stderr]    Compiling block-buffer v0.9.0
[INFO] [stderr]    Compiling libsecp256k1-core v0.2.2
[INFO] [stderr]    Compiling sha2 v0.9.9
[INFO] [stderr]    Compiling blake3 v1.3.1
[INFO] [stderr]    Compiling rand v0.7.3
[INFO] [stderr]    Compiling sized-chunks v0.6.5
[INFO] [stderr]    Compiling libsecp256k1-gen-ecmult v0.2.1
[INFO] [stderr]    Compiling libsecp256k1-gen-genmult v0.2.1
[INFO] [stderr]    Compiling libsecp256k1 v0.6.0
[INFO] [stderr]    Compiling toml v0.5.8
[INFO] [stderr]    Compiling proc-macro-crate v0.1.5
[INFO] [stderr]    Compiling wasm-bindgen-backend v0.2.79
[INFO] [stderr]    Compiling borsh-derive-internal v0.9.3
[INFO] [stderr]    Compiling borsh-schema-derive-internal v0.9.3
[INFO] [stderr]    Compiling easy_proc_common v0.2.0
[INFO] [stderr]    Compiling thiserror-impl v1.0.30
[INFO] [stderr]    Compiling borsh-derive v0.9.3
[INFO] [stderr]    Compiling bytemuck_derive v1.1.0
[INFO] [stderr]    Compiling solana-sdk-macro v1.10.5
[INFO] [stderr]    Compiling num-derive v0.3.3
[INFO] [stderr]    Compiling strum_macros v0.21.1
[INFO] [stderr]    Compiling wasm-bindgen-macro-support v0.2.79
[INFO] [stderr]    Compiling bytemuck v1.9.1
[INFO] [stderr]    Compiling borsh v0.9.3
[INFO] [stderr]    Compiling wasm-bindgen-macro v0.2.79
[INFO] [stderr]    Compiling strum v0.21.0
[INFO] [stderr]    Compiling thiserror v1.0.30
[INFO] [stderr]    Compiling proc-macro-crate v1.1.3
[INFO] [stderr]    Compiling easy_proc_derive v0.2.0
[INFO] [stderr]    Compiling easy_proc v0.2.0
[INFO] [stderr]    Compiling cruiser_derive v0.2.0
[INFO] [stderr]    Compiling serde_bytes v0.11.5
[INFO] [stderr]    Compiling bincode v1.3.3
[INFO] [stderr]    Compiling block-buffer v0.10.2
[INFO] [stderr]    Compiling crypto-common v0.1.3
[INFO] [stderr]    Compiling crypto-mac v0.8.0
[INFO] [stderr]    Compiling curve25519-dalek v3.2.1
[INFO] [stderr]    Compiling digest v0.10.3
[INFO] [stderr]    Compiling hmac v0.8.1
[INFO] [stderr]    Compiling hmac-drbg v0.3.0
[INFO] [stderr]    Compiling sha2 v0.10.2
[INFO] [stderr]    Compiling sha3 v0.10.1
[INFO] [stdout] warning: unexpected `cfg` condition name: `CHANNEL_NIGHTLY`
[INFO] [stdout]  --> src/lib.rs:1:22
[INFO] [stdout]   |
[INFO] [stdout] 1 | #![cfg_attr(all(doc, CHANNEL_NIGHTLY), feature(doc_auto_cfg))]
[INFO] [stdout]   |                      ^^^^^^^^^^^^^^^
[INFO] [stdout]   |
[INFO] [stdout]   = help: expected names are: `clippy`, `debug_assertions`, `doc`, `docsrs`, `doctest`, `feature`, `fmt_debug`, `miri`, `overflow_checks`, `panic`, `proc_macro`, `relocation_model`, `rustfmt`, `sanitize`, `sanitizer_cfi_generalize_pointers`, `sanitizer_cfi_normalize_integers`, `target_abi`, `target_arch`, `target_endian`, `target_env`, `target_family`, `target_feature`, `target_has_atomic`, `target_has_atomic_equal_alignment`, `target_has_atomic_load_store`, `target_os`, `target_pointer_width`, `target_thread_local`, `target_vendor`, `test`, `ub_checks`, `unix`, and `windows`
[INFO] [stdout]   = help: consider using a Cargo feature instead
[INFO] [stdout]   = help: or consider adding in `Cargo.toml` the `check-cfg` lint config for the lint:
[INFO] [stdout]            [lints.rust]
[INFO] [stdout]            unexpected_cfgs = { level = "warn", check-cfg = ['cfg(CHANNEL_NIGHTLY)'] }
[INFO] [stdout]   = help: or consider adding `println!("cargo::rustc-check-cfg=cfg(CHANNEL_NIGHTLY)");` to the top of the `build.rs`
[INFO] [stdout]   = note: see <https://doc.rust-lang.org/nightly/rustc/check-cfg/cargo-specifics.html> for more information about checking conditional configuration
[INFO] [stdout]   = note: `#[warn(unexpected_cfgs)]` on by default
[INFO] [stdout] 
[INFO] [stdout] 
[INFO] [stdout] warning: unused import: `zero_count::*`
[INFO] [stdout]   --> src/compressed_numbers/mod.rs:12:9
[INFO] [stdout]    |
[INFO] [stdout] 12 | pub use zero_count::*;
[INFO] [stdout]    |         ^^^^^^^^^^^^^
[INFO] [stdout]    |
[INFO] [stdout] note: the lint level is defined here
[INFO] [stdout]   --> src/lib.rs:4:5
[INFO] [stdout]    |
[INFO] [stdout] 4  |     unused_imports,
[INFO] [stdout]    |     ^^^^^^^^^^^^^^
[INFO] [stdout] 
[INFO] [stdout] 
[INFO] [stdout] warning: elided lifetime has a name
[INFO] [stdout]   --> src/account_info.rs:51:25
[INFO] [stdout]    |
[INFO] [stdout] 29 | pub trait AccountInfoAccess<'a>:
[INFO] [stdout]    |                             -- lifetime `'a` declared here
[INFO] [stdout] ...
[INFO] [stdout] 51 |     fn key(&'a self) -> &Pubkey;
[INFO] [stdout]    |                         ^ this elided lifetime gets resolved as `'a`
[INFO] [stdout]    |
[INFO] [stdout]    = note: `#[warn(elided_named_lifetimes)]` on by default
[INFO] [stdout] 
[INFO] [stdout] 
[INFO] [stdout] warning: elided lifetime has a name
[INFO] [stdout]    --> src/account_info.rs:319:25
[INFO] [stdout]     |
[INFO] [stdout] 311 | impl<'a> AccountInfoAccess<'a> for CruiserAccountInfo {
[INFO] [stdout]     |      -- lifetime `'a` declared here
[INFO] [stdout] ...
[INFO] [stdout] 319 |     fn key(&'a self) -> &Pubkey {
[INFO] [stdout]     |                         ^ this elided lifetime gets resolved as `'a`
[INFO] [stdout] 
[INFO] [stdout] 
[INFO] [stdout] warning: multiple methods are never used
[INFO] [stdout]   --> src/util/bytes_ext.rs:12:8
[INFO] [stdout]    |
[INFO] [stdout] 3  | pub trait ReadExt: io::Read {
[INFO] [stdout]    |           ------- methods in this trait
[INFO] [stdout] ...
[INFO] [stdout] 12 |     fn read_i8(&mut self) -> io::Result<i8> {
[INFO] [stdout]    |        ^^^^^^^
[INFO] [stdout] ...
[INFO] [stdout] 19 |     fn read_u16_le(&mut self) -> io::Result<u16> {
[INFO] [stdout]    |        ^^^^^^^^^^^
[INFO] [stdout] ...
[INFO] [stdout] 26 |     fn read_i16_le(&mut self) -> io::Result<i16> {
[INFO] [stdout]    |        ^^^^^^^^^^^
[INFO] [stdout] ...
[INFO] [stdout] 33 |     fn read_u32_le(&mut self) -> io::Result<u32> {
[INFO] [stdout]    |        ^^^^^^^^^^^
[INFO] [stdout] ...
[INFO] [stdout] 40 |     fn read_i32_le(&mut self) -> io::Result<i32> {
[INFO] [stdout]    |        ^^^^^^^^^^^
[INFO] [stdout] ...
[INFO] [stdout] 47 |     fn read_u64_le(&mut self) -> io::Result<u64> {
[INFO] [stdout]    |        ^^^^^^^^^^^
[INFO] [stdout] ...
[INFO] [stdout] 54 |     fn read_i64_le(&mut self) -> io::Result<i64> {
[INFO] [stdout]    |        ^^^^^^^^^^^
[INFO] [stdout] ...
[INFO] [stdout] 61 |     fn read_u128_le(&mut self) -> io::Result<u128> {
[INFO] [stdout]    |        ^^^^^^^^^^^^
[INFO] [stdout] ...
[INFO] [stdout] 68 |     fn read_i128_le(&mut self) -> io::Result<i128> {
[INFO] [stdout]    |        ^^^^^^^^^^^^
[INFO] [stdout] ...
[INFO] [stdout] 75 |     fn read_f32_le(&mut self) -> io::Result<f32> {
[INFO] [stdout]    |        ^^^^^^^^^^^
[INFO] [stdout] ...
[INFO] [stdout] 82 |     fn read_f64_le(&mut self) -> io::Result<f64> {
[INFO] [stdout]    |        ^^^^^^^^^^^
[INFO] [stdout]    |
[INFO] [stdout]    = note: `#[warn(dead_code)]` on by default
[INFO] [stdout] 
[INFO] [stdout] 
[INFO] [stdout] warning: multiple methods are never used
[INFO] [stdout]    --> src/util/bytes_ext.rs:97:8
[INFO] [stdout]     |
[INFO] [stdout] 90  | pub trait WriteExt: io::Write {
[INFO] [stdout]     |           -------- methods in this trait
[INFO] [stdout] ...
[INFO] [stdout] 97  |     fn write_i8(&mut self, n: i8) -> io::Result<()> {
[INFO] [stdout]     |        ^^^^^^^^
[INFO] [stdout] ...
[INFO] [stdout] 102 |     fn write_u16_le(&mut self, n: u16) -> io::Result<()> {
[INFO] [stdout]     |        ^^^^^^^^^^^^
[INFO] [stdout] ...
[INFO] [stdout] 107 |     fn write_i16_le(&mut self, n: i16) -> io::Result<()> {
[INFO] [stdout]     |        ^^^^^^^^^^^^
[INFO] [stdout] ...
[INFO] [stdout] 112 |     fn write_u32_le(&mut self, n: u32) -> io::Result<()> {
[INFO] [stdout]     |        ^^^^^^^^^^^^
[INFO] [stdout] ...
[INFO] [stdout] 117 |     fn write_i32_le(&mut self, n: i32) -> io::Result<()> {
[INFO] [stdout]     |        ^^^^^^^^^^^^
[INFO] [stdout] ...
[INFO] [stdout] 122 |     fn write_u64_le(&mut self, n: u64) -> io::Result<()> {
[INFO] [stdout]     |        ^^^^^^^^^^^^
[INFO] [stdout] ...
[INFO] [stdout] 127 |     fn write_i64_le(&mut self, n: i64) -> io::Result<()> {
[INFO] [stdout]     |        ^^^^^^^^^^^^
[INFO] [stdout] ...
[INFO] [stdout] 132 |     fn write_f32_le(&mut self, n: f32) -> io::Result<()> {
[INFO] [stdout]     |        ^^^^^^^^^^^^
[INFO] [stdout] ...
[INFO] [stdout] 137 |     fn write_f64_le(&mut self, n: f64) -> io::Result<()> {
[INFO] [stdout]     |        ^^^^^^^^^^^^
[INFO] [stdout] ...
[INFO] [stdout] 142 |     fn write_u128_le(&mut self, n: u128) -> io::Result<()> {
[INFO] [stdout]     |        ^^^^^^^^^^^^^
[INFO] [stdout] ...
[INFO] [stdout] 147 |     fn write_i128_le(&mut self, n: i128) -> io::Result<()> {
[INFO] [stdout]     |        ^^^^^^^^^^^^^
[INFO] [stdout] 
[INFO] [stdout] 
[INFO] [stdout] warning: using `.deref()` on a double reference, which returns `&[T]` instead of dereferencing the inner type
[INFO] [stdout]    --> src/util/mod.rs:218:13
[INFO] [stdout]     |
[INFO] [stdout] 218 |         self.deref().len()
[INFO] [stdout]     |             ^^^^^^^^
[INFO] [stdout]     |
[INFO] [stdout]     = note: `#[warn(suspicious_double_ref_op)]` on by default
[INFO] [stdout] 
[INFO] [stdout] 
[INFO] [stderr]     Finished `dev` profile [unoptimized + debuginfo] target(s) in 54.64s
[INFO] [stderr] warning: the following packages contain code that will be rejected by a future version of Rust: wasm-bindgen v0.2.79
[INFO] [stderr] note: to see what the problems were, use the option `--future-incompat-report`, or run `cargo report future-incompatibilities --id 1`
[INFO] running `Command { std: "docker" "inspect" "bc912dfb7e0c64c22b0047bc76e00b92fa12f84bbca66d57bfe694441129c951", kill_on_drop: false }`
[INFO] running `Command { std: "docker" "rm" "-f" "bc912dfb7e0c64c22b0047bc76e00b92fa12f84bbca66d57bfe694441129c951", kill_on_drop: false }`
[INFO] [stdout] bc912dfb7e0c64c22b0047bc76e00b92fa12f84bbca66d57bfe694441129c951
[INFO] running `Command { std: "docker" "create" "-v" "/var/lib/crater-agent-workspace/builds/worker-6-tc2/target:/opt/rustwide/target:rw,Z" "-v" "/var/lib/crater-agent-workspace/builds/worker-6-tc2/source:/opt/rustwide/workdir:ro,Z" "-v" "/var/lib/crater-agent-workspace/cargo-home:/opt/rustwide/cargo-home:ro,Z" "-v" "/var/lib/crater-agent-workspace/rustup-home:/opt/rustwide/rustup-home:ro,Z" "-e" "SOURCE_DIR=/opt/rustwide/workdir" "-e" "CARGO_TARGET_DIR=/opt/rustwide/target" "-e" "CARGO_INCREMENTAL=0" "-e" "RUST_BACKTRACE=full" "-e" "RUSTFLAGS=--cap-lints=warn" "-e" "RUSTDOCFLAGS=--cap-lints=warn" "-e" "CARGO_HOME=/opt/rustwide/cargo-home" "-e" "RUSTUP_HOME=/opt/rustwide/rustup-home" "-w" "/opt/rustwide/workdir" "-m" "1610612736" "--user" "0:0" "--network" "none" "ghcr.io/rust-lang/crates-build-env/linux@sha256:f3a9d4ad9d972b27faf3965f35b62e55ba32bbce8f20bc8fe909558a86702fde" "/opt/rustwide/cargo-home/bin/cargo" "+beta-2024-12-08" "test" "--frozen" "--no-run" "--message-format=json", kill_on_drop: false }`
[INFO] [stdout] df56f519fd7485422732b929eafc608111117fcb9b2224562888d7d9f151a2b9
[INFO] running `Command { std: "docker" "start" "-a" "df56f519fd7485422732b929eafc608111117fcb9b2224562888d7d9f151a2b9", kill_on_drop: false }`
[INFO] [stderr]    Compiling rand_chacha v0.2.2
[INFO] [stderr]    Compiling rand v0.7.3
[INFO] [stderr]    Compiling libsecp256k1 v0.6.0
[INFO] [stderr]    Compiling solana-program v1.10.5
[INFO] [stderr]    Compiling cruiser v0.2.0 (/opt/rustwide/workdir)
[INFO] [stdout] warning: unexpected `cfg` condition name: `CHANNEL_NIGHTLY`
[INFO] [stdout]  --> src/lib.rs:1:22
[INFO] [stdout]   |
[INFO] [stdout] 1 | #![cfg_attr(all(doc, CHANNEL_NIGHTLY), feature(doc_auto_cfg))]
[INFO] [stdout]   |                      ^^^^^^^^^^^^^^^
[INFO] [stdout]   |
[INFO] [stdout]   = help: expected names are: `clippy`, `debug_assertions`, `doc`, `docsrs`, `doctest`, `feature`, `fmt_debug`, `miri`, `overflow_checks`, `panic`, `proc_macro`, `relocation_model`, `rustfmt`, `sanitize`, `sanitizer_cfi_generalize_pointers`, `sanitizer_cfi_normalize_integers`, `target_abi`, `target_arch`, `target_endian`, `target_env`, `target_family`, `target_feature`, `target_has_atomic`, `target_has_atomic_equal_alignment`, `target_has_atomic_load_store`, `target_os`, `target_pointer_width`, `target_thread_local`, `target_vendor`, `test`, `ub_checks`, `unix`, and `windows`
[INFO] [stdout]   = help: consider using a Cargo feature instead
[INFO] [stdout]   = help: or consider adding in `Cargo.toml` the `check-cfg` lint config for the lint:
[INFO] [stdout]            [lints.rust]
[INFO] [stdout]            unexpected_cfgs = { level = "warn", check-cfg = ['cfg(CHANNEL_NIGHTLY)'] }
[INFO] [stdout]   = help: or consider adding `println!("cargo::rustc-check-cfg=cfg(CHANNEL_NIGHTLY)");` to the top of the `build.rs`
[INFO] [stdout]   = note: see <https://doc.rust-lang.org/nightly/rustc/check-cfg/cargo-specifics.html> for more information about checking conditional configuration
[INFO] [stdout]   = note: `#[warn(unexpected_cfgs)]` on by default
[INFO] [stdout] 
[INFO] [stdout] 
[INFO] [stdout] warning: unused import: `zero_count::*`
[INFO] [stdout]   --> src/compressed_numbers/mod.rs:12:9
[INFO] [stdout]    |
[INFO] [stdout] 12 | pub use zero_count::*;
[INFO] [stdout]    |         ^^^^^^^^^^^^^
[INFO] [stdout]    |
[INFO] [stdout] note: the lint level is defined here
[INFO] [stdout]   --> src/lib.rs:4:5
[INFO] [stdout]    |
[INFO] [stdout] 4  |     unused_imports,
[INFO] [stdout]    |     ^^^^^^^^^^^^^^
[INFO] [stdout] 
[INFO] [stdout] 
[INFO] [stdout] warning: elided lifetime has a name
[INFO] [stdout]   --> src/account_info.rs:51:25
[INFO] [stdout]    |
[INFO] [stdout] 29 | pub trait AccountInfoAccess<'a>:
[INFO] [stdout]    |                             -- lifetime `'a` declared here
[INFO] [stdout] ...
[INFO] [stdout] 51 |     fn key(&'a self) -> &Pubkey;
[INFO] [stdout]    |                         ^ this elided lifetime gets resolved as `'a`
[INFO] [stdout]    |
[INFO] [stdout]    = note: `#[warn(elided_named_lifetimes)]` on by default
[INFO] [stdout] 
[INFO] [stdout] 
[INFO] [stdout] warning: elided lifetime has a name
[INFO] [stdout]    --> src/account_info.rs:319:25
[INFO] [stdout]     |
[INFO] [stdout] 311 | impl<'a> AccountInfoAccess<'a> for CruiserAccountInfo {
[INFO] [stdout]     |      -- lifetime `'a` declared here
[INFO] [stdout] ...
[INFO] [stdout] 319 |     fn key(&'a self) -> &Pubkey {
[INFO] [stdout]     |                         ^ this elided lifetime gets resolved as `'a`
[INFO] [stdout] 
[INFO] [stdout] 
[INFO] [stdout] warning: unexpected `cfg` condition name: `CHANNEL_NIGHTLY`
[INFO] [stdout]  --> src/lib.rs:1:22
[INFO] [stdout]   |
[INFO] [stdout] 1 | #![cfg_attr(all(doc, CHANNEL_NIGHTLY), feature(doc_auto_cfg))]
[INFO] [stdout]   |                      ^^^^^^^^^^^^^^^
[INFO] [stdout]   |
[INFO] [stdout]   = help: expected names are: `clippy`, `debug_assertions`, `doc`, `docsrs`, `doctest`, `feature`, `fmt_debug`, `miri`, `overflow_checks`, `panic`, `proc_macro`, `relocation_model`, `rustfmt`, `sanitize`, `sanitizer_cfi_generalize_pointers`, `sanitizer_cfi_normalize_integers`, `target_abi`, `target_arch`, `target_endian`, `target_env`, `target_family`, `target_feature`, `target_has_atomic`, `target_has_atomic_equal_alignment`, `target_has_atomic_load_store`, `target_os`, `target_pointer_width`, `target_thread_local`, `target_vendor`, `test`, `ub_checks`, `unix`, and `windows`
[INFO] [stdout]   = help: consider using a Cargo feature instead
[INFO] [stdout]   = help: or consider adding in `Cargo.toml` the `check-cfg` lint config for the lint:
[INFO] [stdout]            [lints.rust]
[INFO] [stdout]            unexpected_cfgs = { level = "warn", check-cfg = ['cfg(CHANNEL_NIGHTLY)'] }
[INFO] [stdout]   = help: or consider adding `println!("cargo::rustc-check-cfg=cfg(CHANNEL_NIGHTLY)");` to the top of the `build.rs`
[INFO] [stdout]   = note: see <https://doc.rust-lang.org/nightly/rustc/check-cfg/cargo-specifics.html> for more information about checking conditional configuration
[INFO] [stdout]   = note: `#[warn(unexpected_cfgs)]` on by default
[INFO] [stdout] 
[INFO] [stdout] 
[INFO] [stdout] warning: unused import: `zero_count::*`
[INFO] [stdout]   --> src/compressed_numbers/mod.rs:12:9
[INFO] [stdout]    |
[INFO] [stdout] 12 | pub use zero_count::*;
[INFO] [stdout]    |         ^^^^^^^^^^^^^
[INFO] [stdout]    |
[INFO] [stdout] note: the lint level is defined here
[INFO] [stdout]   --> src/lib.rs:4:5
[INFO] [stdout]    |
[INFO] [stdout] 4  |     unused_imports,
[INFO] [stdout]    |     ^^^^^^^^^^^^^^
[INFO] [stdout] 
[INFO] [stdout] 
[INFO] [stdout] warning: elided lifetime has a name
[INFO] [stdout]   --> src/account_info.rs:51:25
[INFO] [stdout]    |
[INFO] [stdout] 29 | pub trait AccountInfoAccess<'a>:
[INFO] [stdout]    |                             -- lifetime `'a` declared here
[INFO] [stdout] ...
[INFO] [stdout] 51 |     fn key(&'a self) -> &Pubkey;
[INFO] [stdout]    |                         ^ this elided lifetime gets resolved as `'a`
[INFO] [stdout]    |
[INFO] [stdout]    = note: `#[warn(elided_named_lifetimes)]` on by default
[INFO] [stdout] 
[INFO] [stdout] 
[INFO] [stdout] warning: elided lifetime has a name
[INFO] [stdout]    --> src/account_info.rs:319:25
[INFO] [stdout]     |
[INFO] [stdout] 311 | impl<'a> AccountInfoAccess<'a> for CruiserAccountInfo {
[INFO] [stdout]     |      -- lifetime `'a` declared here
[INFO] [stdout] ...
[INFO] [stdout] 319 |     fn key(&'a self) -> &Pubkey {
[INFO] [stdout]     |                         ^ this elided lifetime gets resolved as `'a`
[INFO] [stdout] 
[INFO] [stdout] 
[INFO] [stdout] warning: multiple methods are never used
[INFO] [stdout]   --> src/util/bytes_ext.rs:12:8
[INFO] [stdout]    |
[INFO] [stdout] 3  | pub trait ReadExt: io::Read {
[INFO] [stdout]    |           ------- methods in this trait
[INFO] [stdout] ...
[INFO] [stdout] 12 |     fn read_i8(&mut self) -> io::Result<i8> {
[INFO] [stdout]    |        ^^^^^^^
[INFO] [stdout] ...
[INFO] [stdout] 19 |     fn read_u16_le(&mut self) -> io::Result<u16> {
[INFO] [stdout]    |        ^^^^^^^^^^^
[INFO] [stdout] ...
[INFO] [stdout] 26 |     fn read_i16_le(&mut self) -> io::Result<i16> {
[INFO] [stdout]    |        ^^^^^^^^^^^
[INFO] [stdout] ...
[INFO] [stdout] 33 |     fn read_u32_le(&mut self) -> io::Result<u32> {
[INFO] [stdout]    |        ^^^^^^^^^^^
[INFO] [stdout] ...
[INFO] [stdout] 40 |     fn read_i32_le(&mut self) -> io::Result<i32> {
[INFO] [stdout]    |        ^^^^^^^^^^^
[INFO] [stdout] ...
[INFO] [stdout] 47 |     fn read_u64_le(&mut self) -> io::Result<u64> {
[INFO] [stdout]    |        ^^^^^^^^^^^
[INFO] [stdout] ...
[INFO] [stdout] 54 |     fn read_i64_le(&mut self) -> io::Result<i64> {
[INFO] [stdout]    |        ^^^^^^^^^^^
[INFO] [stdout] ...
[INFO] [stdout] 61 |     fn read_u128_le(&mut self) -> io::Result<u128> {
[INFO] [stdout]    |        ^^^^^^^^^^^^
[INFO] [stdout] ...
[INFO] [stdout] 68 |     fn read_i128_le(&mut self) -> io::Result<i128> {
[INFO] [stdout]    |        ^^^^^^^^^^^^
[INFO] [stdout] ...
[INFO] [stdout] 75 |     fn read_f32_le(&mut self) -> io::Result<f32> {
[INFO] [stdout]    |        ^^^^^^^^^^^
[INFO] [stdout] ...
[INFO] [stdout] 82 |     fn read_f64_le(&mut self) -> io::Result<f64> {
[INFO] [stdout]    |        ^^^^^^^^^^^
[INFO] [stdout]    |
[INFO] [stdout]    = note: `#[warn(dead_code)]` on by default
[INFO] [stdout] 
[INFO] [stdout] 
[INFO] [stdout] warning: multiple methods are never used
[INFO] [stdout]    --> src/util/bytes_ext.rs:97:8
[INFO] [stdout]     |
[INFO] [stdout] 90  | pub trait WriteExt: io::Write {
[INFO] [stdout]     |           -------- methods in this trait
[INFO] [stdout] ...
[INFO] [stdout] 97  |     fn write_i8(&mut self, n: i8) -> io::Result<()> {
[INFO] [stdout]     |        ^^^^^^^^
[INFO] [stdout] ...
[INFO] [stdout] 102 |     fn write_u16_le(&mut self, n: u16) -> io::Result<()> {
[INFO] [stdout]     |        ^^^^^^^^^^^^
[INFO] [stdout] ...
[INFO] [stdout] 107 |     fn write_i16_le(&mut self, n: i16) -> io::Result<()> {
[INFO] [stdout]     |        ^^^^^^^^^^^^
[INFO] [stdout] ...
[INFO] [stdout] 112 |     fn write_u32_le(&mut self, n: u32) -> io::Result<()> {
[INFO] [stdout]     |        ^^^^^^^^^^^^
[INFO] [stdout] ...
[INFO] [stdout] 117 |     fn write_i32_le(&mut self, n: i32) -> io::Result<()> {
[INFO] [stdout]     |        ^^^^^^^^^^^^
[INFO] [stdout] ...
[INFO] [stdout] 122 |     fn write_u64_le(&mut self, n: u64) -> io::Result<()> {
[INFO] [stdout]     |        ^^^^^^^^^^^^
[INFO] [stdout] ...
[INFO] [stdout] 127 |     fn write_i64_le(&mut self, n: i64) -> io::Result<()> {
[INFO] [stdout]     |        ^^^^^^^^^^^^
[INFO] [stdout] ...
[INFO] [stdout] 132 |     fn write_f32_le(&mut self, n: f32) -> io::Result<()> {
[INFO] [stdout]     |        ^^^^^^^^^^^^
[INFO] [stdout] ...
[INFO] [stdout] 137 |     fn write_f64_le(&mut self, n: f64) -> io::Result<()> {
[INFO] [stdout]     |        ^^^^^^^^^^^^
[INFO] [stdout] ...
[INFO] [stdout] 142 |     fn write_u128_le(&mut self, n: u128) -> io::Result<()> {
[INFO] [stdout]     |        ^^^^^^^^^^^^^
[INFO] [stdout] ...
[INFO] [stdout] 147 |     fn write_i128_le(&mut self, n: i128) -> io::Result<()> {
[INFO] [stdout]     |        ^^^^^^^^^^^^^
[INFO] [stdout] 
[INFO] [stdout] 
[INFO] [stdout] warning: using `.deref()` on a double reference, which returns `&[T]` instead of dereferencing the inner type
[INFO] [stdout]    --> src/util/mod.rs:218:13
[INFO] [stdout]     |
[INFO] [stdout] 218 |         self.deref().len()
[INFO] [stdout]     |             ^^^^^^^^
[INFO] [stdout]     |
[INFO] [stdout]     = note: `#[warn(suspicious_double_ref_op)]` on by default
[INFO] [stdout] 
[INFO] [stdout] 
[INFO] [stdout] warning: missing documentation for a module
[INFO] [stdout]    --> src/account_info.rs:526:1
[INFO] [stdout]     |
[INFO] [stdout] 526 | pub mod account_info_test {
[INFO] [stdout]     | ^^^^^^^^^^^^^^^^^^^^^^^^^
[INFO] [stdout]     |
[INFO] [stdout] note: the lint level is defined here
[INFO] [stdout]    --> src/lib.rs:5:5
[INFO] [stdout]     |
[INFO] [stdout] 5   |     missing_docs,
[INFO] [stdout]     |     ^^^^^^^^^^^^
[INFO] [stdout] 
[INFO] [stdout] 
[INFO] [stdout] warning: missing documentation for a function
[INFO] [stdout]    --> src/account_info.rs:738:5
[INFO] [stdout]     |
[INFO] [stdout] 738 |     pub fn account_info_eq(first: &CruiserAccountInfo, second: &CruiserAccountInfo) -> bool {
[INFO] [stdout]     |     ^^^^^^^^^^^^^^^^^^^^^^^^^^^^^^^^^^^^^^^^^^^^^^^^^^^^^^^^^^^^^^^^^^^^^^^^^^^^^^^^^^^^^^^
[INFO] [stdout] 
[INFO] [stdout] 
[INFO] [stdout] warning: multiple methods are never used
[INFO] [stdout]   --> src/util/bytes_ext.rs:12:8
[INFO] [stdout]    |
[INFO] [stdout] 3  | pub trait ReadExt: io::Read {
[INFO] [stdout]    |           ------- methods in this trait
[INFO] [stdout] ...
[INFO] [stdout] 12 |     fn read_i8(&mut self) -> io::Result<i8> {
[INFO] [stdout]    |        ^^^^^^^
[INFO] [stdout] ...
[INFO] [stdout] 19 |     fn read_u16_le(&mut self) -> io::Result<u16> {
[INFO] [stdout]    |        ^^^^^^^^^^^
[INFO] [stdout] ...
[INFO] [stdout] 26 |     fn read_i16_le(&mut self) -> io::Result<i16> {
[INFO] [stdout]    |        ^^^^^^^^^^^
[INFO] [stdout] ...
[INFO] [stdout] 33 |     fn read_u32_le(&mut self) -> io::Result<u32> {
[INFO] [stdout]    |        ^^^^^^^^^^^
[INFO] [stdout] ...
[INFO] [stdout] 40 |     fn read_i32_le(&mut self) -> io::Result<i32> {
[INFO] [stdout]    |        ^^^^^^^^^^^
[INFO] [stdout] ...
[INFO] [stdout] 47 |     fn read_u64_le(&mut self) -> io::Result<u64> {
[INFO] [stdout]    |        ^^^^^^^^^^^
[INFO] [stdout] ...
[INFO] [stdout] 54 |     fn read_i64_le(&mut self) -> io::Result<i64> {
[INFO] [stdout]    |        ^^^^^^^^^^^
[INFO] [stdout] ...
[INFO] [stdout] 61 |     fn read_u128_le(&mut self) -> io::Result<u128> {
[INFO] [stdout]    |        ^^^^^^^^^^^^
[INFO] [stdout] ...
[INFO] [stdout] 68 |     fn read_i128_le(&mut self) -> io::Result<i128> {
[INFO] [stdout]    |        ^^^^^^^^^^^^
[INFO] [stdout] ...
[INFO] [stdout] 75 |     fn read_f32_le(&mut self) -> io::Result<f32> {
[INFO] [stdout]    |        ^^^^^^^^^^^
[INFO] [stdout] ...
[INFO] [stdout] 82 |     fn read_f64_le(&mut self) -> io::Result<f64> {
[INFO] [stdout]    |        ^^^^^^^^^^^
[INFO] [stdout]    |
[INFO] [stdout]    = note: `#[warn(dead_code)]` on by default
[INFO] [stdout] 
[INFO] [stdout] 
[INFO] [stdout] warning: multiple methods are never used
[INFO] [stdout]    --> src/util/bytes_ext.rs:97:8
[INFO] [stdout]     |
[INFO] [stdout] 90  | pub trait WriteExt: io::Write {
[INFO] [stdout]     |           -------- methods in this trait
[INFO] [stdout] ...
[INFO] [stdout] 97  |     fn write_i8(&mut self, n: i8) -> io::Result<()> {
[INFO] [stdout]     |        ^^^^^^^^
[INFO] [stdout] ...
[INFO] [stdout] 102 |     fn write_u16_le(&mut self, n: u16) -> io::Result<()> {
[INFO] [stdout]     |        ^^^^^^^^^^^^
[INFO] [stdout] ...
[INFO] [stdout] 107 |     fn write_i16_le(&mut self, n: i16) -> io::Result<()> {
[INFO] [stdout]     |        ^^^^^^^^^^^^
[INFO] [stdout] ...
[INFO] [stdout] 112 |     fn write_u32_le(&mut self, n: u32) -> io::Result<()> {
[INFO] [stdout]     |        ^^^^^^^^^^^^
[INFO] [stdout] ...
[INFO] [stdout] 117 |     fn write_i32_le(&mut self, n: i32) -> io::Result<()> {
[INFO] [stdout]     |        ^^^^^^^^^^^^
[INFO] [stdout] ...
[INFO] [stdout] 122 |     fn write_u64_le(&mut self, n: u64) -> io::Result<()> {
[INFO] [stdout]     |        ^^^^^^^^^^^^
[INFO] [stdout] ...
[INFO] [stdout] 127 |     fn write_i64_le(&mut self, n: i64) -> io::Result<()> {
[INFO] [stdout]     |        ^^^^^^^^^^^^
[INFO] [stdout] ...
[INFO] [stdout] 132 |     fn write_f32_le(&mut self, n: f32) -> io::Result<()> {
[INFO] [stdout]     |        ^^^^^^^^^^^^
[INFO] [stdout] ...
[INFO] [stdout] 137 |     fn write_f64_le(&mut self, n: f64) -> io::Result<()> {
[INFO] [stdout]     |        ^^^^^^^^^^^^
[INFO] [stdout] ...
[INFO] [stdout] 142 |     fn write_u128_le(&mut self, n: u128) -> io::Result<()> {
[INFO] [stdout]     |        ^^^^^^^^^^^^^
[INFO] [stdout] ...
[INFO] [stdout] 147 |     fn write_i128_le(&mut self, n: i128) -> io::Result<()> {
[INFO] [stdout]     |        ^^^^^^^^^^^^^
[INFO] [stdout] 
[INFO] [stdout] 
[INFO] [stdout] warning: using `.deref()` on a double reference, which returns `&[T]` instead of dereferencing the inner type
[INFO] [stdout]    --> src/util/mod.rs:218:13
[INFO] [stdout]     |
[INFO] [stdout] 218 |         self.deref().len()
[INFO] [stdout]     |             ^^^^^^^^
[INFO] [stdout]     |
[INFO] [stdout]     = note: `#[warn(suspicious_double_ref_op)]` on by default
[INFO] [stdout] 
[INFO] [stdout] 
[INFO] [stdout] warning: unexpected `cfg` condition value: `processor`
[INFO] [stdout]   --> examples/instruction_list.rs:11:23
[INFO] [stdout]    |
[INFO] [stdout] 11 | #[derive(Copy, Clone, InstructionList)]
[INFO] [stdout]    |                       ^^^^^^^^^^^^^^^
[INFO] [stdout]    |
[INFO] [stdout]    = note: expected values for `feature` are: `async-trait`, `client`, `default`, `experimental`, `interface`, `log`, `rand`, `rand_chacha`, `small_vec`, `solana-client`, `solana-program-test`, `solana-sdk`, `solana-transaction-status`, `spl-token`, and `testing`
[INFO] [stdout]    = help: consider adding `processor` as a feature in `Cargo.toml`
[INFO] [stdout]    = note: see <https://doc.rust-lang.org/nightly/rustc/check-cfg/cargo-specifics.html> for more information about checking conditional configuration
[INFO] [stdout]    = note: `#[warn(unexpected_cfgs)]` on by default
[INFO] [stdout]    = note: this warning originates in the derive macro `InstructionList` (in Nightly builds, run with -Z macro-backtrace for more info)
[INFO] [stdout] 
[INFO] [stdout] 
[INFO] [stderr]     Finished `test` profile [unoptimized + debuginfo] target(s) in 13.35s
[INFO] [stderr] warning: the following packages contain code that will be rejected by a future version of Rust: wasm-bindgen v0.2.79
[INFO] [stderr] note: to see what the problems were, use the option `--future-incompat-report`, or run `cargo report future-incompatibilities --id 1`
[INFO] running `Command { std: "docker" "inspect" "df56f519fd7485422732b929eafc608111117fcb9b2224562888d7d9f151a2b9", kill_on_drop: false }`
[INFO] running `Command { std: "docker" "rm" "-f" "df56f519fd7485422732b929eafc608111117fcb9b2224562888d7d9f151a2b9", kill_on_drop: false }`
[INFO] [stdout] df56f519fd7485422732b929eafc608111117fcb9b2224562888d7d9f151a2b9
[INFO] running `Command { std: "docker" "create" "-v" "/var/lib/crater-agent-workspace/builds/worker-6-tc2/target:/opt/rustwide/target:rw,Z" "-v" "/var/lib/crater-agent-workspace/builds/worker-6-tc2/source:/opt/rustwide/workdir:ro,Z" "-v" "/var/lib/crater-agent-workspace/cargo-home:/opt/rustwide/cargo-home:ro,Z" "-v" "/var/lib/crater-agent-workspace/rustup-home:/opt/rustwide/rustup-home:ro,Z" "-e" "SOURCE_DIR=/opt/rustwide/workdir" "-e" "CARGO_TARGET_DIR=/opt/rustwide/target" "-e" "CARGO_INCREMENTAL=0" "-e" "RUST_BACKTRACE=full" "-e" "RUSTFLAGS=--cap-lints=warn" "-e" "RUSTDOCFLAGS=--cap-lints=warn" "-e" "CARGO_HOME=/opt/rustwide/cargo-home" "-e" "RUSTUP_HOME=/opt/rustwide/rustup-home" "-w" "/opt/rustwide/workdir" "-m" "1610612736" "--user" "0:0" "--network" "none" "ghcr.io/rust-lang/crates-build-env/linux@sha256:f3a9d4ad9d972b27faf3965f35b62e55ba32bbce8f20bc8fe909558a86702fde" "/opt/rustwide/cargo-home/bin/cargo" "+beta-2024-12-08" "test" "--frozen", kill_on_drop: false }`
[INFO] [stdout] 672f92f045eff8bd738e8c42583f717f45611419906fd6204232563b4e40e7ed
[INFO] running `Command { std: "docker" "start" "-a" "672f92f045eff8bd738e8c42583f717f45611419906fd6204232563b4e40e7ed", kill_on_drop: false }`
[INFO] [stderr] warning: unexpected `cfg` condition name: `CHANNEL_NIGHTLY`
[INFO] [stderr]  --> src/lib.rs:1:22
[INFO] [stderr]   |
[INFO] [stderr] 1 | #![cfg_attr(all(doc, CHANNEL_NIGHTLY), feature(doc_auto_cfg))]
[INFO] [stderr]   |                      ^^^^^^^^^^^^^^^
[INFO] [stderr]   |
[INFO] [stderr]   = help: expected names are: `clippy`, `debug_assertions`, `doc`, `docsrs`, `doctest`, `feature`, `fmt_debug`, `miri`, `overflow_checks`, `panic`, `proc_macro`, `relocation_model`, `rustfmt`, `sanitize`, `sanitizer_cfi_generalize_pointers`, `sanitizer_cfi_normalize_integers`, `target_abi`, `target_arch`, `target_endian`, `target_env`, `target_family`, `target_feature`, `target_has_atomic`, `target_has_atomic_equal_alignment`, `target_has_atomic_load_store`, `target_os`, `target_pointer_width`, `target_thread_local`, `target_vendor`, `test`, `ub_checks`, `unix`, and `windows`
[INFO] [stderr]   = help: consider using a Cargo feature instead
[INFO] [stderr]   = help: or consider adding in `Cargo.toml` the `check-cfg` lint config for the lint:
[INFO] [stderr]            [lints.rust]
[INFO] [stderr]            unexpected_cfgs = { level = "warn", check-cfg = ['cfg(CHANNEL_NIGHTLY)'] }
[INFO] [stderr]   = help: or consider adding `println!("cargo::rustc-check-cfg=cfg(CHANNEL_NIGHTLY)");` to the top of the `build.rs`
[INFO] [stderr]   = note: see <https://doc.rust-lang.org/nightly/rustc/check-cfg/cargo-specifics.html> for more information about checking conditional configuration
[INFO] [stderr]   = note: `#[warn(unexpected_cfgs)]` on by default
[INFO] [stderr] 
[INFO] [stderr] warning: unused import: `zero_count::*`
[INFO] [stderr]   --> src/compressed_numbers/mod.rs:12:9
[INFO] [stderr]    |
[INFO] [stderr] 12 | pub use zero_count::*;
[INFO] [stderr]    |         ^^^^^^^^^^^^^
[INFO] [stderr]    |
[INFO] [stderr] note: the lint level is defined here
[INFO] [stderr]   --> src/lib.rs:4:5
[INFO] [stderr]    |
[INFO] [stderr] 4  |     unused_imports,
[INFO] [stderr]    |     ^^^^^^^^^^^^^^
[INFO] [stderr] 
[INFO] [stderr] warning: elided lifetime has a name
[INFO] [stderr]   --> src/account_info.rs:51:25
[INFO] [stderr]    |
[INFO] [stderr] 29 | pub trait AccountInfoAccess<'a>:
[INFO] [stderr]    |                             -- lifetime `'a` declared here
[INFO] [stderr] ...
[INFO] [stderr] 51 |     fn key(&'a self) -> &Pubkey;
[INFO] [stderr]    |                         ^ this elided lifetime gets resolved as `'a`
[INFO] [stderr]    |
[INFO] [stderr]    = note: `#[warn(elided_named_lifetimes)]` on by default
[INFO] [stderr] 
[INFO] [stderr] warning: elided lifetime has a name
[INFO] [stderr]    --> src/account_info.rs:319:25
[INFO] [stderr]     |
[INFO] [stderr] 311 | impl<'a> AccountInfoAccess<'a> for CruiserAccountInfo {
[INFO] [stderr]     |      -- lifetime `'a` declared here
[INFO] [stderr] ...
[INFO] [stderr] 319 |     fn key(&'a self) -> &Pubkey {
[INFO] [stderr]     |                         ^ this elided lifetime gets resolved as `'a`
[INFO] [stderr] 
[INFO] [stderr] warning: multiple methods are never used
[INFO] [stderr]   --> src/util/bytes_ext.rs:12:8
[INFO] [stderr]    |
[INFO] [stderr] 3  | pub trait ReadExt: io::Read {
[INFO] [stderr]    |           ------- methods in this trait
[INFO] [stderr] ...
[INFO] [stderr] 12 |     fn read_i8(&mut self) -> io::Result<i8> {
[INFO] [stderr]    |        ^^^^^^^
[INFO] [stderr] ...
[INFO] [stderr] 19 |     fn read_u16_le(&mut self) -> io::Result<u16> {
[INFO] [stderr]    |        ^^^^^^^^^^^
[INFO] [stderr] ...
[INFO] [stderr] 26 |     fn read_i16_le(&mut self) -> io::Result<i16> {
[INFO] [stderr]    |        ^^^^^^^^^^^
[INFO] [stderr] ...
[INFO] [stderr] 33 |     fn read_u32_le(&mut self) -> io::Result<u32> {
[INFO] [stderr]    |        ^^^^^^^^^^^
[INFO] [stderr] ...
[INFO] [stderr] 40 |     fn read_i32_le(&mut self) -> io::Result<i32> {
[INFO] [stderr]    |        ^^^^^^^^^^^
[INFO] [stderr] ...
[INFO] [stderr] 47 |     fn read_u64_le(&mut self) -> io::Result<u64> {
[INFO] [stderr]    |        ^^^^^^^^^^^
[INFO] [stderr] ...
[INFO] [stderr] 54 |     fn read_i64_le(&mut self) -> io::Result<i64> {
[INFO] [stderr]    |        ^^^^^^^^^^^
[INFO] [stderr] ...
[INFO] [stderr] 61 |     fn read_u128_le(&mut self) -> io::Result<u128> {
[INFO] [stderr]    |        ^^^^^^^^^^^^
[INFO] [stderr] ...
[INFO] [stderr] 68 |     fn read_i128_le(&mut self) -> io::Result<i128> {
[INFO] [stderr]    |        ^^^^^^^^^^^^
[INFO] [stderr] ...
[INFO] [stderr] 75 |     fn read_f32_le(&mut self) -> io::Result<f32> {
[INFO] [stderr]    |        ^^^^^^^^^^^
[INFO] [stderr] ...
[INFO] [stderr] 82 |     fn read_f64_le(&mut self) -> io::Result<f64> {
[INFO] [stderr]    |        ^^^^^^^^^^^
[INFO] [stderr]    |
[INFO] [stderr]    = note: `#[warn(dead_code)]` on by default
[INFO] [stderr] 
[INFO] [stderr] warning: multiple methods are never used
[INFO] [stderr]    --> src/util/bytes_ext.rs:97:8
[INFO] [stderr]     |
[INFO] [stderr] 90  | pub trait WriteExt: io::Write {
[INFO] [stderr]     |           -------- methods in this trait
[INFO] [stderr] ...
[INFO] [stderr] 97  |     fn write_i8(&mut self, n: i8) -> io::Result<()> {
[INFO] [stderr]     |        ^^^^^^^^
[INFO] [stderr] ...
[INFO] [stderr] 102 |     fn write_u16_le(&mut self, n: u16) -> io::Result<()> {
[INFO] [stderr]     |        ^^^^^^^^^^^^
[INFO] [stderr] ...
[INFO] [stderr] 107 |     fn write_i16_le(&mut self, n: i16) -> io::Result<()> {
[INFO] [stderr]     |        ^^^^^^^^^^^^
[INFO] [stderr] ...
[INFO] [stderr] 112 |     fn write_u32_le(&mut self, n: u32) -> io::Result<()> {
[INFO] [stderr]     |        ^^^^^^^^^^^^
[INFO] [stderr] ...
[INFO] [stderr] 117 |     fn write_i32_le(&mut self, n: i32) -> io::Result<()> {
[INFO] [stderr]     |        ^^^^^^^^^^^^
[INFO] [stderr] ...
[INFO] [stderr] 122 |     fn write_u64_le(&mut self, n: u64) -> io::Result<()> {
[INFO] [stderr]     |        ^^^^^^^^^^^^
[INFO] [stderr] ...
[INFO] [stderr] 127 |     fn write_i64_le(&mut self, n: i64) -> io::Result<()> {
[INFO] [stderr]     |        ^^^^^^^^^^^^
[INFO] [stderr] ...
[INFO] [stderr] 132 |     fn write_f32_le(&mut self, n: f32) -> io::Result<()> {
[INFO] [stderr]     |        ^^^^^^^^^^^^
[INFO] [stderr] ...
[INFO] [stderr] 137 |     fn write_f64_le(&mut self, n: f64) -> io::Result<()> {
[INFO] [stderr]     |        ^^^^^^^^^^^^
[INFO] [stderr] ...
[INFO] [stderr] 142 |     fn write_u128_le(&mut self, n: u128) -> io::Result<()> {
[INFO] [stderr]     |        ^^^^^^^^^^^^^
[INFO] [stderr] ...
[INFO] [stderr] 147 |     fn write_i128_le(&mut self, n: i128) -> io::Result<()> {
[INFO] [stderr]     |        ^^^^^^^^^^^^^
[INFO] [stderr] 
[INFO] [stderr] warning: using `.deref()` on a double reference, which returns `&[T]` instead of dereferencing the inner type
[INFO] [stderr]    --> src/util/mod.rs:218:13
[INFO] [stderr]     |
[INFO] [stderr] 218 |         self.deref().len()
[INFO] [stderr]     |             ^^^^^^^^
[INFO] [stderr]     |
[INFO] [stderr]     = note: `#[warn(suspicious_double_ref_op)]` on by default
[INFO] [stderr] 
[INFO] [stderr] warning: missing documentation for a module
[INFO] [stderr]    --> src/account_info.rs:526:1
[INFO] [stderr]     |
[INFO] [stderr] 526 | pub mod account_info_test {
[INFO] [stderr]     | ^^^^^^^^^^^^^^^^^^^^^^^^^
[INFO] [stderr]     |
[INFO] [stderr] note: the lint level is defined here
[INFO] [stderr]    --> src/lib.rs:5:5
[INFO] [stderr]     |
[INFO] [stderr] 5   |     missing_docs,
[INFO] [stderr]     |     ^^^^^^^^^^^^
[INFO] [stderr] 
[INFO] [stderr] warning: missing documentation for a function
[INFO] [stderr]    --> src/account_info.rs:738:5
[INFO] [stderr]     |
[INFO] [stderr] 738 |     pub fn account_info_eq(first: &CruiserAccountInfo, second: &CruiserAccountInfo) -> bool {
[INFO] [stderr]     |     ^^^^^^^^^^^^^^^^^^^^^^^^^^^^^^^^^^^^^^^^^^^^^^^^^^^^^^^^^^^^^^^^^^^^^^^^^^^^^^^^^^^^^^^
[INFO] [stderr] 
[INFO] [stderr] warning: `cruiser` (lib) generated 7 warnings (run `cargo fix --lib -p cruiser` to apply 1 suggestion)
[INFO] [stderr] warning: `cruiser` (lib test) generated 9 warnings (7 duplicates)
[INFO] [stderr] warning: unexpected `cfg` condition value: `processor`
[INFO] [stderr]   --> examples/instruction_list.rs:11:23
[INFO] [stderr]    |
[INFO] [stderr] 11 | #[derive(Copy, Clone, InstructionList)]
[INFO] [stderr]    |                       ^^^^^^^^^^^^^^^
[INFO] [stderr]    |
[INFO] [stderr]    = note: expected values for `feature` are: `async-trait`, `client`, `default`, `experimental`, `interface`, `log`, `rand`, `rand_chacha`, `small_vec`, `solana-client`, `solana-program-test`, `solana-sdk`, `solana-transaction-status`, `spl-token`, and `testing`
[INFO] [stderr]    = help: consider adding `processor` as a feature in `Cargo.toml`
[INFO] [stderr]    = note: see <https://doc.rust-lang.org/nightly/rustc/check-cfg/cargo-specifics.html> for more information about checking conditional configuration
[INFO] [stderr]    = note: `#[warn(unexpected_cfgs)]` on by default
[INFO] [stderr]    = note: this warning originates in the derive macro `InstructionList` (in Nightly builds, run with -Z macro-backtrace for more info)
[INFO] [stderr] 
[INFO] [stderr] warning: `cruiser` (example "instruction_list") generated 1 warning
[INFO] [stderr]     Finished `test` profile [unoptimized + debuginfo] target(s) in 0.40s
[INFO] [stderr] warning: the following packages contain code that will be rejected by a future version of Rust: wasm-bindgen v0.2.79
[INFO] [stderr] note: to see what the problems were, use the option `--future-incompat-report`, or run `cargo report future-incompatibilities --id 1`
[INFO] [stderr]      Running unittests src/lib.rs (/opt/rustwide/target/debug/deps/cruiser-3b4d7136df6bc639)
[INFO] [stdout] 
[INFO] [stdout] running 7 tests
[INFO] [stdout] test account_info::account_info_test::get_inf0_test ... ok
[INFO] [stdout] test account_info::account_info_test::is_writable_test ... ok
[INFO] [stdout] test account_info::account_info_test::is_owner_test ... ok
[INFO] [stdout] test account_info::account_info_test::is_signer_test ... ok
[INFO] [stdout] test util::short_iter::test::short_iter_test ... ok
[INFO] [stdout] test account_info::account_info_test::deserialization_test ... FAILED
[INFO] [stdout] test compressed_numbers::byte_count::test::random_test ... ok
[INFO] [stdout] 
[INFO] [stdout] failures:
[INFO] [stdout] 
[INFO] [stdout] ---- account_info::account_info_test::deserialization_test stdout ----
[INFO] [stdout] thread 'account_info::account_info_test::deserialization_test' panicked at /opt/rustwide/cargo-home/registry/src/index.crates.io-6f17d22bba15001f/solana-program-1.10.5/src/entrypoint.rs:336:35:
[INFO] [stdout] index out of bounds: the len is 2 but the index is 55
[INFO] [stdout] stack backtrace:
[INFO] [stdout]    0:     0x644429990bba - std::backtrace_rs::backtrace::libunwind::trace::h8810477743020387
[INFO] [stdout]                                at /rustc/202008a1b8de96d2e5b6bc02d379db03a877d34d/library/std/src/../../backtrace/src/backtrace/libunwind.rs:116:5
[INFO] [stdout]    1:     0x644429990bba - std::backtrace_rs::backtrace::trace_unsynchronized::h3aa55355dd6c54a6
[INFO] [stdout]                                at /rustc/202008a1b8de96d2e5b6bc02d379db03a877d34d/library/std/src/../../backtrace/src/backtrace/mod.rs:66:5
[INFO] [stdout]    2:     0x644429990bba - std::sys::backtrace::_print_fmt::h8588b0f62410823f
[INFO] [stdout]                                at /rustc/202008a1b8de96d2e5b6bc02d379db03a877d34d/library/std/src/sys/backtrace.rs:66:9
[INFO] [stdout]    3:     0x644429990bba - <std::sys::backtrace::BacktraceLock::print::DisplayBacktrace as core::fmt::Display>::fmt::h98c26ac25ffe89bb
[INFO] [stdout]                                at /rustc/202008a1b8de96d2e5b6bc02d379db03a877d34d/library/std/src/sys/backtrace.rs:39:26
[INFO] [stdout]    4:     0x6444299b66a3 - core::fmt::rt::Argument::fmt::hf95377f4aebd453b
[INFO] [stdout]                                at /rustc/202008a1b8de96d2e5b6bc02d379db03a877d34d/library/core/src/fmt/rt.rs:177:76
[INFO] [stdout]    5:     0x6444299b66a3 - core::fmt::write::h0dd5f6e2238c7982
[INFO] [stdout]                                at /rustc/202008a1b8de96d2e5b6bc02d379db03a877d34d/library/core/src/fmt/mod.rs:1189:21
[INFO] [stdout]    6:     0x64442998dd53 - std::io::Write::write_fmt::h03bb0ca26e6faf8c
[INFO] [stdout]                                at /rustc/202008a1b8de96d2e5b6bc02d379db03a877d34d/library/std/src/io/mod.rs:1884:15
[INFO] [stdout]    7:     0x644429990a02 - std::sys::backtrace::BacktraceLock::print::h5c19c1c038ee186d
[INFO] [stdout]                                at /rustc/202008a1b8de96d2e5b6bc02d379db03a877d34d/library/std/src/sys/backtrace.rs:42:9
[INFO] [stdout]    8:     0x64442999203d - std::panicking::default_hook::{{closure}}::h77172f079a1fcb13
[INFO] [stdout]                                at /rustc/202008a1b8de96d2e5b6bc02d379db03a877d34d/library/std/src/panicking.rs:268:22
[INFO] [stdout]    9:     0x644429991e47 - std::panicking::default_hook::he5f8e3b203ccddba
[INFO] [stdout]                                at /rustc/202008a1b8de96d2e5b6bc02d379db03a877d34d/library/std/src/panicking.rs:292:9
[INFO] [stdout]   10:     0x644429910457 - <alloc::boxed::Box<F,A> as core::ops::function::Fn<Args>>::call::h7a3c7b4a1ae77f2f
[INFO] [stdout]                                at /rustc/202008a1b8de96d2e5b6bc02d379db03a877d34d/library/alloc/src/boxed.rs:1986:9
[INFO] [stdout]   11:     0x644429910457 - test::test_main::{{closure}}::hf0d3b69ae9b353d1
[INFO] [stdout]                                at /rustc/202008a1b8de96d2e5b6bc02d379db03a877d34d/library/test/src/lib.rs:134:21
[INFO] [stdout]   12:     0x6444299926e8 - <alloc::boxed::Box<F,A> as core::ops::function::Fn<Args>>::call::h6332e82e7b189abd
[INFO] [stdout]                                at /rustc/202008a1b8de96d2e5b6bc02d379db03a877d34d/library/alloc/src/boxed.rs:1986:9
[INFO] [stdout]   13:     0x6444299926e8 - std::panicking::rust_panic_with_hook::h53863d4e9018df39
[INFO] [stdout]                                at /rustc/202008a1b8de96d2e5b6bc02d379db03a877d34d/library/std/src/panicking.rs:809:13
[INFO] [stdout]   14:     0x6444299924aa - std::panicking::begin_panic_handler::{{closure}}::h67280e6fa0757873
[INFO] [stdout]                                at /rustc/202008a1b8de96d2e5b6bc02d379db03a877d34d/library/std/src/panicking.rs:674:13
[INFO] [stdout]   15:     0x644429991099 - std::sys::backtrace::__rust_end_short_backtrace::h1dac3f54d6fbbeb2
[INFO] [stdout]                                at /rustc/202008a1b8de96d2e5b6bc02d379db03a877d34d/library/std/src/sys/backtrace.rs:170:18
[INFO] [stdout]   16:     0x64442999213c - rust_begin_unwind
[INFO] [stdout]                                at /rustc/202008a1b8de96d2e5b6bc02d379db03a877d34d/library/std/src/panicking.rs:665:5
[INFO] [stdout]   17:     0x6444298bd080 - core::panicking::panic_fmt::h6792bd1b2bf01041
[INFO] [stdout]                                at /rustc/202008a1b8de96d2e5b6bc02d379db03a877d34d/library/core/src/panicking.rs:76:14
[INFO] [stdout]   18:     0x6444298bd201 - core::panicking::panic_bounds_check::hb2257b29f1a42aba
[INFO] [stdout]                                at /rustc/202008a1b8de96d2e5b6bc02d379db03a877d34d/library/core/src/panicking.rs:281:5
[INFO] [stdout]   19:     0x644429920c37 - <usize as core::slice::index::SliceIndex<[T]>>::index::h78fc4052f5883c26
[INFO] [stdout]                                at /rustc/202008a1b8de96d2e5b6bc02d379db03a877d34d/library/core/src/slice/index.rs:274:10
[INFO] [stdout]   20:     0x64442991b435 - core::slice::index::<impl core::ops::index::Index<I> for [T]>::index::h822cfe3522e084f7
[INFO] [stdout]                                at /rustc/202008a1b8de96d2e5b6bc02d379db03a877d34d/library/core/src/slice/index.rs:16:9
[INFO] [stdout]   21:     0x64442991b435 - <alloc::vec::Vec<T,A> as core::ops::index::Index<I>>::index::hbb51743d8d120e50
[INFO] [stdout]                                at /rustc/202008a1b8de96d2e5b6bc02d379db03a877d34d/library/alloc/src/vec/mod.rs:3346:9
[INFO] [stdout]   22:     0x644429921f4d - solana_program::entrypoint::deserialize::h0f5d60945dfff90b
[INFO] [stdout]                                at /opt/rustwide/cargo-home/registry/src/index.crates.io-6f17d22bba15001f/solana-program-1.10.5/src/entrypoint.rs:336:35
[INFO] [stdout]   23:     0x6444298c7e9e - cruiser::account_info::account_info_test::deserialization_test::h2129452e58e004af
[INFO] [stdout]                                at /opt/rustwide/workdir/src/account_info.rs:600:22
[INFO] [stdout]   24:     0x6444298c7a77 - cruiser::account_info::account_info_test::deserialization_test::{{closure}}::h0125c5344894a415
[INFO] [stdout]                                at /opt/rustwide/workdir/src/account_info.rs:578:30
[INFO] [stdout]   25:     0x6444298bdae6 - core::ops::function::FnOnce::call_once::h02ad342cb586bdfd
[INFO] [stdout]                                at /rustc/202008a1b8de96d2e5b6bc02d379db03a877d34d/library/core/src/ops/function.rs:250:5
[INFO] [stdout]   26:     0x644429914f7b - core::ops::function::FnOnce::call_once::h871bf86719ec9aa4
[INFO] [stdout]                                at /rustc/202008a1b8de96d2e5b6bc02d379db03a877d34d/library/core/src/ops/function.rs:250:5
[INFO] [stdout]   27:     0x644429914f7b - test::__rust_begin_short_backtrace::h2167df1e2b7d76fd
[INFO] [stdout]                                at /rustc/202008a1b8de96d2e5b6bc02d379db03a877d34d/library/test/src/lib.rs:632:18
[INFO] [stdout]   28:     0x644429914968 - test::run_test_in_process::{{closure}}::h15d92f75a3adfb79
[INFO] [stdout]                                at /rustc/202008a1b8de96d2e5b6bc02d379db03a877d34d/library/test/src/lib.rs:655:60
[INFO] [stdout]   29:     0x644429914968 - <core::panic::unwind_safe::AssertUnwindSafe<F> as core::ops::function::FnOnce<()>>::call_once::hb6c8955835a8dbbb
[INFO] [stdout]                                at /rustc/202008a1b8de96d2e5b6bc02d379db03a877d34d/library/core/src/panic/unwind_safe.rs:272:9
[INFO] [stdout]   30:     0x644429914968 - std::panicking::try::do_call::hc79d0fc888a0bd30
[INFO] [stdout]                                at /rustc/202008a1b8de96d2e5b6bc02d379db03a877d34d/library/std/src/panicking.rs:557:40
[INFO] [stdout]   31:     0x644429914968 - std::panicking::try::hb8a7878e3a8589d6
[INFO] [stdout]                                at /rustc/202008a1b8de96d2e5b6bc02d379db03a877d34d/library/std/src/panicking.rs:520:19
[INFO] [stdout]   32:     0x644429914968 - std::panic::catch_unwind::hb8e4600ff0ff5cfa
[INFO] [stdout]                                at /rustc/202008a1b8de96d2e5b6bc02d379db03a877d34d/library/std/src/panic.rs:358:14
[INFO] [stdout]   33:     0x644429914968 - test::run_test_in_process::hc2900b0b18688dd6
[INFO] [stdout]                                at /rustc/202008a1b8de96d2e5b6bc02d379db03a877d34d/library/test/src/lib.rs:655:27
[INFO] [stdout]   34:     0x644429914968 - test::run_test::{{closure}}::hac2a9cb07be3d48d
[INFO] [stdout]                                at /rustc/202008a1b8de96d2e5b6bc02d379db03a877d34d/library/test/src/lib.rs:576:43
[INFO] [stdout]   35:     0x6444298d840a - test::run_test::{{closure}}::h4a5b729e66a38cd8
[INFO] [stdout]                                at /rustc/202008a1b8de96d2e5b6bc02d379db03a877d34d/library/test/src/lib.rs:606:41
[INFO] [stdout]   36:     0x6444298d840a - std::sys::backtrace::__rust_begin_short_backtrace::h0496fb742492f573
[INFO] [stdout]                                at /rustc/202008a1b8de96d2e5b6bc02d379db03a877d34d/library/std/src/sys/backtrace.rs:154:18
[INFO] [stdout]   37:     0x6444298dbd84 - std::thread::Builder::spawn_unchecked_::{{closure}}::{{closure}}::hbb6d257c550a54bd
[INFO] [stdout]                                at /rustc/202008a1b8de96d2e5b6bc02d379db03a877d34d/library/std/src/thread/mod.rs:561:17
[INFO] [stdout]   38:     0x6444298dbd84 - <core::panic::unwind_safe::AssertUnwindSafe<F> as core::ops::function::FnOnce<()>>::call_once::h46696fe4a6832328
[INFO] [stdout]                                at /rustc/202008a1b8de96d2e5b6bc02d379db03a877d34d/library/core/src/panic/unwind_safe.rs:272:9
[INFO] [stdout]   39:     0x6444298dbd84 - std::panicking::try::do_call::h2625a51b667bfb64
[INFO] [stdout]                                at /rustc/202008a1b8de96d2e5b6bc02d379db03a877d34d/library/std/src/panicking.rs:557:40
[INFO] [stdout]   40:     0x6444298dbd84 - std::panicking::try::hb956a59a1973aa4c
[INFO] [stdout]                                at /rustc/202008a1b8de96d2e5b6bc02d379db03a877d34d/library/std/src/panicking.rs:520:19
[INFO] [stderr] error: test failed, to rerun pass `--lib`
[INFO] [stdout]   41:     0x6444298dbd84 - std::panic::catch_unwind::h64f3b9d1067ef6a0
[INFO] [stdout]                                at /rustc/202008a1b8de96d2e5b6bc02d379db03a877d34d/library/std/src/panic.rs:358:14
[INFO] [stdout]   42:     0x6444298dbd84 - std::thread::Builder::spawn_unchecked_::{{closure}}::h42b2841295b6c0b2
[INFO] [stdout]                                at /rustc/202008a1b8de96d2e5b6bc02d379db03a877d34d/library/std/src/thread/mod.rs:559:30
[INFO] [stdout]   43:     0x6444298dbd84 - core::ops::function::FnOnce::call_once{{vtable.shim}}::h6127de71b8124639
[INFO] [stdout]                                at /rustc/202008a1b8de96d2e5b6bc02d379db03a877d34d/library/core/src/ops/function.rs:250:5
[INFO] [stdout]   44:     0x64442999662b - <alloc::boxed::Box<F,A> as core::ops::function::FnOnce<Args>>::call_once::h42f0ba71002a1b2c
[INFO] [stdout]                                at /rustc/202008a1b8de96d2e5b6bc02d379db03a877d34d/library/alloc/src/boxed.rs:1972:9
[INFO] [stdout]   45:     0x64442999662b - <alloc::boxed::Box<F,A> as core::ops::function::FnOnce<Args>>::call_once::had9e47d7a3dcecb8
[INFO] [stdout]                                at /rustc/202008a1b8de96d2e5b6bc02d379db03a877d34d/library/alloc/src/boxed.rs:1972:9
[INFO] [stdout]   46:     0x64442999662b - std::sys::pal::unix::thread::Thread::new::thread_start::h48cf765408f6f5f2
[INFO] [stdout]                                at /rustc/202008a1b8de96d2e5b6bc02d379db03a877d34d/library/std/src/sys/pal/unix/thread.rs:105:17
[INFO] [stdout]   47:     0x73a4abca2ac3 - <unknown>
[INFO] [stdout]   48:     0x73a4abd33a04 - clone
[INFO] [stdout]   49:                0x0 - <unknown>
[INFO] [stdout] 
[INFO] [stdout] 
[INFO] [stdout] failures:
[INFO] [stdout]     account_info::account_info_test::deserialization_test
[INFO] [stdout] 
[INFO] [stdout] test result: FAILED. 6 passed; 1 failed; 0 ignored; 0 measured; 0 filtered out; finished in 1.51s
[INFO] [stdout] 
[INFO] running `Command { std: "docker" "inspect" "672f92f045eff8bd738e8c42583f717f45611419906fd6204232563b4e40e7ed", kill_on_drop: false }`
[INFO] running `Command { std: "docker" "rm" "-f" "672f92f045eff8bd738e8c42583f717f45611419906fd6204232563b4e40e7ed", kill_on_drop: false }`
[INFO] [stdout] 672f92f045eff8bd738e8c42583f717f45611419906fd6204232563b4e40e7ed
