[INFO] fetching crate crt-sh 0.1.3...
[INFO] testing crt-sh-0.1.3 against 1.83.0 for beta-1.84.0-4-retry
[INFO] extracting crate crt-sh 0.1.3 into /workspace/builds/worker-1-tc1/source
[INFO] validating manifest of crates.io crate crt-sh 0.1.3 on toolchain 1.83.0
[INFO] running `Command { std: CARGO_HOME="/workspace/cargo-home" RUSTUP_HOME="/workspace/rustup-home" "/workspace/cargo-home/bin/cargo" "+1.83.0" "metadata" "--manifest-path" "Cargo.toml" "--no-deps", kill_on_drop: false }`
[INFO] started tweaking crates.io crate crt-sh 0.1.3
[INFO] finished tweaking crates.io crate crt-sh 0.1.3
[INFO] tweaked toml for crates.io crate crt-sh 0.1.3 written to /workspace/builds/worker-1-tc1/source/Cargo.toml
[INFO] running `Command { std: CARGO_HOME="/workspace/cargo-home" RUSTUP_HOME="/workspace/rustup-home" "/workspace/cargo-home/bin/cargo" "+1.83.0" "generate-lockfile" "--manifest-path" "Cargo.toml", kill_on_drop: false }`
[INFO] [stderr]     Updating crates.io index
[INFO] [stderr]     Blocking waiting for file lock on package cache
[INFO] [stderr]      Locking 210 packages to latest compatible versions
[INFO] [stderr]       Adding pem v1.1.1 (available: v3.0.4)
[INFO] [stderr]       Adding reqwest v0.11.27 (available: v0.12.9)
[INFO] [stderr]       Adding scraper v0.11.0 (available: v0.22.0)
[INFO] running `Command { std: CARGO_HOME="/workspace/cargo-home" RUSTUP_HOME="/workspace/rustup-home" "/workspace/cargo-home/bin/cargo" "+1.83.0" "fetch" "--manifest-path" "Cargo.toml", kill_on_drop: false }`
[INFO] [stderr]     Blocking waiting for file lock on package cache
[INFO] running `Command { std: "docker" "create" "-v" "/var/lib/crater-agent-workspace/builds/worker-1-tc1/target:/opt/rustwide/target:rw,Z" "-v" "/var/lib/crater-agent-workspace/builds/worker-1-tc1/source:/opt/rustwide/workdir:ro,Z" "-v" "/var/lib/crater-agent-workspace/cargo-home:/opt/rustwide/cargo-home:ro,Z" "-v" "/var/lib/crater-agent-workspace/rustup-home:/opt/rustwide/rustup-home:ro,Z" "-e" "SOURCE_DIR=/opt/rustwide/workdir" "-e" "CARGO_TARGET_DIR=/opt/rustwide/target" "-e" "CARGO_HOME=/opt/rustwide/cargo-home" "-e" "RUSTUP_HOME=/opt/rustwide/rustup-home" "-w" "/opt/rustwide/workdir" "-m" "1610612736" "--user" "0:0" "--network" "none" "ghcr.io/rust-lang/crates-build-env/linux@sha256:f3a9d4ad9d972b27faf3965f35b62e55ba32bbce8f20bc8fe909558a86702fde" "/opt/rustwide/cargo-home/bin/cargo" "+1.83.0" "metadata" "--no-deps" "--format-version=1", kill_on_drop: false }`
[INFO] [stdout] 6fa03de331c239c85242c6cbcd7617a79c5b1692f20c6f7fae1f90f599aa432e
[INFO] running `Command { std: "docker" "start" "-a" "6fa03de331c239c85242c6cbcd7617a79c5b1692f20c6f7fae1f90f599aa432e", kill_on_drop: false }`
[INFO] running `Command { std: "docker" "inspect" "6fa03de331c239c85242c6cbcd7617a79c5b1692f20c6f7fae1f90f599aa432e", kill_on_drop: false }`
[INFO] running `Command { std: "docker" "rm" "-f" "6fa03de331c239c85242c6cbcd7617a79c5b1692f20c6f7fae1f90f599aa432e", kill_on_drop: false }`
[INFO] [stdout] 6fa03de331c239c85242c6cbcd7617a79c5b1692f20c6f7fae1f90f599aa432e
[INFO] running `Command { std: "docker" "create" "-v" "/var/lib/crater-agent-workspace/builds/worker-1-tc1/target:/opt/rustwide/target:rw,Z" "-v" "/var/lib/crater-agent-workspace/builds/worker-1-tc1/source:/opt/rustwide/workdir:ro,Z" "-v" "/var/lib/crater-agent-workspace/cargo-home:/opt/rustwide/cargo-home:ro,Z" "-v" "/var/lib/crater-agent-workspace/rustup-home:/opt/rustwide/rustup-home:ro,Z" "-e" "SOURCE_DIR=/opt/rustwide/workdir" "-e" "CARGO_TARGET_DIR=/opt/rustwide/target" "-e" "CARGO_INCREMENTAL=0" "-e" "RUST_BACKTRACE=full" "-e" "RUSTFLAGS=--cap-lints=warn" "-e" "RUSTDOCFLAGS=--cap-lints=warn" "-e" "CARGO_HOME=/opt/rustwide/cargo-home" "-e" "RUSTUP_HOME=/opt/rustwide/rustup-home" "-w" "/opt/rustwide/workdir" "-m" "1610612736" "--user" "0:0" "--network" "none" "ghcr.io/rust-lang/crates-build-env/linux@sha256:f3a9d4ad9d972b27faf3965f35b62e55ba32bbce8f20bc8fe909558a86702fde" "/opt/rustwide/cargo-home/bin/cargo" "+1.83.0" "build" "--frozen" "--message-format=json", kill_on_drop: false }`
[INFO] [stdout] 4b7361e44c5b33c702eca3c22a013171a89c67ce853c8548dc70b01957945b71
[INFO] running `Command { std: "docker" "start" "-a" "4b7361e44c5b33c702eca3c22a013171a89c67ce853c8548dc70b01957945b71", kill_on_drop: false }`
[INFO] [stderr]    Compiling proc-macro2 v1.0.92
[INFO] [stderr]    Compiling unicode-ident v1.0.14
[INFO] [stderr]    Compiling autocfg v1.4.0
[INFO] [stderr]    Compiling libc v0.2.168
[INFO] [stderr]    Compiling rand_core v0.4.2
[INFO] [stderr]    Compiling siphasher v0.2.3
[INFO] [stderr]    Compiling stable_deref_trait v1.2.0
[INFO] [stderr]    Compiling itoa v1.0.14
[INFO] [stderr]    Compiling syn v1.0.109
[INFO] [stderr]    Compiling shlex v1.3.0
[INFO] [stderr]    Compiling serde v1.0.216
[INFO] [stderr]    Compiling phf_shared v0.7.24
[INFO] [stderr]    Compiling autocfg v0.1.8
[INFO] [stderr]    Compiling rand_core v0.3.1
[INFO] [stderr]    Compiling rand_jitter v0.1.4
[INFO] [stderr]    Compiling cc v1.2.4
[INFO] [stderr]    Compiling rand_hc v0.1.0
[INFO] [stderr]    Compiling rand_xorshift v0.1.1
[INFO] [stderr]    Compiling rand_isaac v0.1.1
[INFO] [stderr]    Compiling rand_pcg v0.1.2
[INFO] [stderr]    Compiling rand_chacha v0.1.1
[INFO] [stderr]    Compiling rand v0.6.5
[INFO] [stderr]    Compiling pkg-config v0.3.31
[INFO] [stderr]    Compiling vcpkg v0.2.15
[INFO] [stderr]    Compiling pin-project-lite v0.2.15
[INFO] [stderr]    Compiling string_cache_shared v0.3.0
[INFO] [stderr]    Compiling litemap v0.7.4
[INFO] [stderr]    Compiling writeable v0.5.5
[INFO] [stderr]    Compiling quote v1.0.37
[INFO] [stderr]    Compiling once_cell v1.20.2
[INFO] [stderr]    Compiling bytes v1.9.0
[INFO] [stderr]    Compiling log v0.4.22
[INFO] [stderr]    Compiling syn v2.0.90
[INFO] [stderr]    Compiling rand_os v0.1.3
[INFO] [stderr]    Compiling ryu v1.0.18
[INFO] [stderr]    Compiling mio v1.0.3
[INFO] [stderr]    Compiling socket2 v0.5.8
[INFO] [stderr]    Compiling icu_locid_transform_data v1.5.0
[INFO] [stderr]    Compiling futures-core v0.3.31
[INFO] [stderr]    Compiling openssl-sys v0.9.104
[INFO] [stderr]    Compiling serde_json v1.0.133
[INFO] [stderr]    Compiling tokio v1.42.0
[INFO] [stderr]    Compiling slab v0.4.9
[INFO] [stderr]    Compiling foreign-types-shared v0.1.1
[INFO] [stderr]    Compiling maybe-uninit v2.0.0
[INFO] [stderr]    Compiling phf_generator v0.7.24
[INFO] [stderr]    Compiling fnv v1.0.7
[INFO] [stderr]    Compiling cfg-if v1.0.0
[INFO] [stderr]    Compiling phf_codegen v0.7.24
[INFO] [stderr]    Compiling string_cache_codegen v0.4.4
[INFO] [stderr]    Compiling openssl v0.10.68
[INFO] [stderr]    Compiling new_debug_unreachable v1.0.6
[INFO] [stderr]    Compiling memchr v2.7.4
[INFO] [stderr]    Compiling icu_properties_data v1.5.0
[INFO] [stderr]    Compiling http v0.2.12
[INFO] [stderr]    Compiling string_cache v0.7.5
[INFO] [stderr]    Compiling foreign-types v0.3.2
[INFO] [stderr]    Compiling tracing-core v0.1.33
[INFO] [stderr]    Compiling phf v0.7.24
[INFO] [stderr]    Compiling hashbrown v0.15.2
[INFO] [stderr]    Compiling smallvec v1.13.2
[INFO] [stderr]    Compiling write16 v1.0.0
[INFO] [stderr]    Compiling httparse v1.9.5
[INFO] [stderr]    Compiling utf16_iter v1.0.5
[INFO] [stderr]    Compiling precomputed-hash v0.1.1
[INFO] [stderr]    Compiling icu_normalizer_data v1.5.0
[INFO] [stderr]    Compiling native-tls v0.2.12
[INFO] [stderr]    Compiling futures-sink v0.3.31
[INFO] [stderr]    Compiling pin-utils v0.1.0
[INFO] [stderr]    Compiling mac v0.1.1
[INFO] [stderr]    Compiling utf8_iter v1.0.4
[INFO] [stderr]    Compiling equivalent v1.0.1
[INFO] [stderr]    Compiling bitflags v2.6.0
[INFO] [stderr]    Compiling futures-task v0.3.31
[INFO] [stderr]    Compiling indexmap v2.7.0
[INFO] [stderr]    Compiling futf v0.1.5
[INFO] [stderr]    Compiling futures-util v0.3.31
[INFO] [stderr]    Compiling tracing v0.1.41
[INFO] [stderr]    Compiling lazy_static v1.5.0
[INFO] [stderr]    Compiling procedural-masquerade v0.1.7
[INFO] [stderr]    Compiling percent-encoding v2.3.1
[INFO] [stderr]    Compiling utf-8 v0.7.6
[INFO] [stderr]    Compiling openssl-probe v0.1.5
[INFO] [stderr]    Compiling try-lock v0.2.5
[INFO] [stderr]    Compiling dtoa v1.0.9
[INFO] [stderr]    Compiling want v0.3.1
[INFO] [stderr]    Compiling tendril v0.4.3
[INFO] [stderr]    Compiling dtoa-short v0.3.5
[INFO] [stderr]    Compiling form_urlencoded v1.2.1
[INFO] [stderr]    Compiling smallvec v0.6.14
[INFO] [stderr]    Compiling http-body v0.4.6
[INFO] [stderr]    Compiling selectors v0.21.0
[INFO] [stderr]    Compiling futures-channel v0.3.31
[INFO] [stderr]    Compiling num-traits v0.2.19
[INFO] [stderr]    Compiling synstructure v0.13.1
[INFO] [stderr]    Compiling matches v0.1.10
[INFO] [stderr]    Compiling itoa v0.4.8
[INFO] [stderr]    Compiling nodrop v0.1.14
[INFO] [stderr]    Compiling httpdate v1.0.3
[INFO] [stderr]    Compiling byteorder v1.5.0
[INFO] [stderr]    Compiling tower-service v0.3.3
[INFO] [stderr]    Compiling servo_arc v0.1.1
[INFO] [stderr]    Compiling base64 v0.21.7
[INFO] [stderr]    Compiling thin-slice v0.1.1
[INFO] [stderr]    Compiling unicode-width v0.1.14
[INFO] [stderr]    Compiling fxhash v0.2.1
[INFO] [stderr]    Compiling bitflags v1.3.2
[INFO] [stderr]    Compiling serde_urlencoded v0.7.1
[INFO] [stderr]    Compiling getopts v0.2.21
[INFO] [stderr]    Compiling encoding_rs v0.8.35
[INFO] [stderr]    Compiling rustls-pemfile v1.0.4
[INFO] [stderr]    Compiling ipnet v2.10.1
[INFO] [stderr]    Compiling iana-time-zone v0.1.61
[INFO] [stderr]    Compiling tokio-util v0.7.13
[INFO] [stderr]    Compiling ego-tree v0.6.3
[INFO] [stderr]    Compiling mime v0.3.17
[INFO] [stderr]    Compiling sync_wrapper v0.1.2
[INFO] [stderr]    Compiling base64 v0.13.1
[INFO] [stderr]    Compiling chrono v0.4.39
[INFO] [stderr]    Compiling pem v1.1.1
[INFO] [stderr]    Compiling h2 v0.3.26
[INFO] [stderr]    Compiling zerofrom-derive v0.1.5
[INFO] [stderr]    Compiling yoke-derive v0.7.5
[INFO] [stderr]    Compiling zerovec-derive v0.10.3
[INFO] [stderr]    Compiling displaydoc v0.2.5
[INFO] [stderr]    Compiling icu_provider_macros v1.5.0
[INFO] [stderr]    Compiling serde_derive v1.0.216
[INFO] [stderr]    Compiling openssl-macros v0.1.1
[INFO] [stderr]    Compiling cssparser v0.25.9
[INFO] [stderr]    Compiling cssparser-macros v0.3.6
[INFO] [stderr]    Compiling html5ever v0.24.1
[INFO] [stderr]    Compiling zerofrom v0.1.5
[INFO] [stderr]    Compiling yoke v0.7.5
[INFO] [stderr]    Compiling zerovec v0.10.4
[INFO] [stderr]    Compiling hyper v0.14.31
[INFO] [stderr]    Compiling tinystr v0.7.6
[INFO] [stderr]    Compiling icu_collections v1.5.0
[INFO] [stderr]    Compiling icu_locid v1.5.0
[INFO] [stderr]    Compiling icu_provider v1.5.0
[INFO] [stderr]    Compiling icu_locid_transform v1.5.0
[INFO] [stderr]    Compiling markup5ever v0.9.0
[INFO] [stderr]    Compiling icu_properties v1.5.1
[INFO] [stderr]    Compiling tokio-native-tls v0.3.1
[INFO] [stderr]    Compiling hyper-tls v0.5.0
[INFO] [stderr]    Compiling icu_normalizer v1.5.0
[INFO] [stderr]    Compiling idna_adapter v1.2.0
[INFO] [stderr]    Compiling idna v1.0.3
[INFO] [stderr]    Compiling scraper v0.11.0
[INFO] [stderr]    Compiling url v2.5.4
[INFO] [stderr]    Compiling reqwest v0.11.27
[INFO] [stderr]    Compiling crt-sh v0.1.3 (/opt/rustwide/workdir)
[INFO] [stderr]     Finished `dev` profile [unoptimized + debuginfo] target(s) in 1m 29s
[INFO] [stderr] warning: the following packages contain code that will be rejected by a future version of Rust: html5ever v0.24.1
[INFO] [stderr] note: to see what the problems were, use the option `--future-incompat-report`, or run `cargo report future-incompatibilities --id 1`
[INFO] running `Command { std: "docker" "inspect" "4b7361e44c5b33c702eca3c22a013171a89c67ce853c8548dc70b01957945b71", kill_on_drop: false }`
[INFO] running `Command { std: "docker" "rm" "-f" "4b7361e44c5b33c702eca3c22a013171a89c67ce853c8548dc70b01957945b71", kill_on_drop: false }`
[INFO] [stdout] 4b7361e44c5b33c702eca3c22a013171a89c67ce853c8548dc70b01957945b71
[INFO] running `Command { std: "docker" "create" "-v" "/var/lib/crater-agent-workspace/builds/worker-1-tc1/target:/opt/rustwide/target:rw,Z" "-v" "/var/lib/crater-agent-workspace/builds/worker-1-tc1/source:/opt/rustwide/workdir:ro,Z" "-v" "/var/lib/crater-agent-workspace/cargo-home:/opt/rustwide/cargo-home:ro,Z" "-v" "/var/lib/crater-agent-workspace/rustup-home:/opt/rustwide/rustup-home:ro,Z" "-e" "SOURCE_DIR=/opt/rustwide/workdir" "-e" "CARGO_TARGET_DIR=/opt/rustwide/target" "-e" "CARGO_INCREMENTAL=0" "-e" "RUST_BACKTRACE=full" "-e" "RUSTFLAGS=--cap-lints=warn" "-e" "RUSTDOCFLAGS=--cap-lints=warn" "-e" "CARGO_HOME=/opt/rustwide/cargo-home" "-e" "RUSTUP_HOME=/opt/rustwide/rustup-home" "-w" "/opt/rustwide/workdir" "-m" "1610612736" "--user" "0:0" "--network" "none" "ghcr.io/rust-lang/crates-build-env/linux@sha256:f3a9d4ad9d972b27faf3965f35b62e55ba32bbce8f20bc8fe909558a86702fde" "/opt/rustwide/cargo-home/bin/cargo" "+1.83.0" "test" "--frozen" "--no-run" "--message-format=json", kill_on_drop: false }`
[INFO] [stdout] 938ad135d27d1d2bf785b943d5895624dad75820b8611bb1da800f26c654f11b
[INFO] running `Command { std: "docker" "start" "-a" "938ad135d27d1d2bf785b943d5895624dad75820b8611bb1da800f26c654f11b", kill_on_drop: false }`
[INFO] [stderr]    Compiling tokio v1.42.0
[INFO] [stderr]    Compiling tokio-util v0.7.13
[INFO] [stderr]    Compiling tokio-native-tls v0.3.1
[INFO] [stderr]    Compiling h2 v0.3.26
[INFO] [stderr]    Compiling hyper v0.14.31
[INFO] [stderr]    Compiling hyper-tls v0.5.0
[INFO] [stderr]    Compiling reqwest v0.11.27
[INFO] [stderr]    Compiling crt-sh v0.1.3 (/opt/rustwide/workdir)
[INFO] [stdout] warning: use of deprecated associated function `chrono::NaiveDate::from_ymd`: use `from_ymd_opt()` instead
[INFO] [stdout]    --> src/lib.rs:214:39
[INFO] [stdout]     |
[INFO] [stdout] 214 |                 logged_at: NaiveDate::from_ymd(2016, 7, 14),
[INFO] [stdout]     |                                       ^^^^^^^^
[INFO] [stdout]     |
[INFO] [stdout]     = note: `#[warn(deprecated)]` on by default
[INFO] [stdout] 
[INFO] [stdout] 
[INFO] [stdout] warning: use of deprecated associated function `chrono::NaiveDate::from_ymd`: use `from_ymd_opt()` instead
[INFO] [stdout]    --> src/lib.rs:215:39
[INFO] [stdout]     |
[INFO] [stdout] 215 |                 not_after: NaiveDate::from_ymd(2017, 7, 14),
[INFO] [stdout]     |                                       ^^^^^^^^
[INFO] [stdout] 
[INFO] [stdout] 
[INFO] [stdout] warning: use of deprecated associated function `chrono::NaiveDate::from_ymd`: use `from_ymd_opt()` instead
[INFO] [stdout]    --> src/lib.rs:216:40
[INFO] [stdout]     |
[INFO] [stdout] 216 |                 not_before: NaiveDate::from_ymd(2016, 7, 14),
[INFO] [stdout]     |                                        ^^^^^^^^
[INFO] [stdout] 
[INFO] [stdout] 
[INFO] [stderr]     Finished `test` profile [unoptimized + debuginfo] target(s) in 22.51s
[INFO] [stderr] warning: the following packages contain code that will be rejected by a future version of Rust: html5ever v0.24.1
[INFO] [stderr] note: to see what the problems were, use the option `--future-incompat-report`, or run `cargo report future-incompatibilities --id 1`
[INFO] running `Command { std: "docker" "inspect" "938ad135d27d1d2bf785b943d5895624dad75820b8611bb1da800f26c654f11b", kill_on_drop: false }`
[INFO] running `Command { std: "docker" "rm" "-f" "938ad135d27d1d2bf785b943d5895624dad75820b8611bb1da800f26c654f11b", kill_on_drop: false }`
[INFO] [stdout] 938ad135d27d1d2bf785b943d5895624dad75820b8611bb1da800f26c654f11b
[INFO] running `Command { std: "docker" "create" "-v" "/var/lib/crater-agent-workspace/builds/worker-1-tc1/target:/opt/rustwide/target:rw,Z" "-v" "/var/lib/crater-agent-workspace/builds/worker-1-tc1/source:/opt/rustwide/workdir:ro,Z" "-v" "/var/lib/crater-agent-workspace/cargo-home:/opt/rustwide/cargo-home:ro,Z" "-v" "/var/lib/crater-agent-workspace/rustup-home:/opt/rustwide/rustup-home:ro,Z" "-e" "SOURCE_DIR=/opt/rustwide/workdir" "-e" "CARGO_TARGET_DIR=/opt/rustwide/target" "-e" "CARGO_INCREMENTAL=0" "-e" "RUST_BACKTRACE=full" "-e" "RUSTFLAGS=--cap-lints=warn" "-e" "RUSTDOCFLAGS=--cap-lints=warn" "-e" "CARGO_HOME=/opt/rustwide/cargo-home" "-e" "RUSTUP_HOME=/opt/rustwide/rustup-home" "-w" "/opt/rustwide/workdir" "-m" "1610612736" "--user" "0:0" "--network" "none" "ghcr.io/rust-lang/crates-build-env/linux@sha256:f3a9d4ad9d972b27faf3965f35b62e55ba32bbce8f20bc8fe909558a86702fde" "/opt/rustwide/cargo-home/bin/cargo" "+1.83.0" "test" "--frozen", kill_on_drop: false }`
[INFO] [stdout] 3096dba100451343222232918251b0e67c09158ae8c29868dafcd573769efaf5
[INFO] running `Command { std: "docker" "start" "-a" "3096dba100451343222232918251b0e67c09158ae8c29868dafcd573769efaf5", kill_on_drop: false }`
[INFO] [stderr] warning: use of deprecated associated function `chrono::NaiveDate::from_ymd`: use `from_ymd_opt()` instead
[INFO] [stderr]    --> src/lib.rs:214:39
[INFO] [stderr]     |
[INFO] [stderr] 214 |                 logged_at: NaiveDate::from_ymd(2016, 7, 14),
[INFO] [stderr]     |                                       ^^^^^^^^
[INFO] [stderr]     |
[INFO] [stderr]     = note: `#[warn(deprecated)]` on by default
[INFO] [stderr] 
[INFO] [stderr] warning: use of deprecated associated function `chrono::NaiveDate::from_ymd`: use `from_ymd_opt()` instead
[INFO] [stderr]    --> src/lib.rs:215:39
[INFO] [stderr]     |
[INFO] [stderr] 215 |                 not_after: NaiveDate::from_ymd(2017, 7, 14),
[INFO] [stderr]     |                                       ^^^^^^^^
[INFO] [stderr] 
[INFO] [stderr] warning: use of deprecated associated function `chrono::NaiveDate::from_ymd`: use `from_ymd_opt()` instead
[INFO] [stderr]    --> src/lib.rs:216:40
[INFO] [stderr]     |
[INFO] [stderr] 216 |                 not_before: NaiveDate::from_ymd(2016, 7, 14),
[INFO] [stderr]     |                                        ^^^^^^^^
[INFO] [stderr] 
[INFO] [stderr] warning: `crt-sh` (lib test) generated 3 warnings
[INFO] [stderr]     Finished `test` profile [unoptimized + debuginfo] target(s) in 0.24s
[INFO] [stderr] warning: the following packages contain code that will be rejected by a future version of Rust: html5ever v0.24.1
[INFO] [stderr] note: to see what the problems were, use the option `--future-incompat-report`, or run `cargo report future-incompatibilities --id 1`
[INFO] [stderr]      Running unittests src/lib.rs (/opt/rustwide/target/debug/deps/crt_sh-7f3fc4952f96a10e)
[INFO] [stdout] 
[INFO] [stdout] running 25 tests
[INFO] [stdout] test table_extract::tests::test_find_by_headers_none ... ok
[INFO] [stdout] test table_extract::tests::test_find_by_id_some ... ok
[INFO] [stdout] test table_extract::tests::test_find_first_incomplete_fragment ... ok
[INFO] [stdout] test table_extract::tests::test_find_by_headers_empty ... ok
[INFO] [stdout] test table_extract::tests::test_find_first_some ... ok
[INFO] [stdout] test table_extract::tests::test_headers_empty ... ok
[INFO] [stdout] test table_extract::tests::test_find_first_empty ... ok
[INFO] [stdout] test table_extract::tests::test_iter_empty ... ok
[INFO] [stdout] test table_extract::tests::test_iter_nonempty ... ok
[INFO] [stdout] test table_extract::tests::test_find_by_id_none ... ok
[INFO] [stdout] test table_extract::tests::test_find_first_none ... ok
[INFO] [stdout] test table_extract::tests::test_row_as_slice_complex ... ok
[INFO] [stdout] test table_extract::tests::test_row_get_complex ... ok
[INFO] [stdout] test table_extract::tests::test_row_get_with_headers ... ok
[INFO] [stdout] test table_extract::tests::test_row_get_without_headers ... ok
[INFO] [stdout] test table_extract::tests::test_row_is_empty ... ok
[INFO] [stdout] test table_extract::tests::test_row_as_slice_with_headers ... ok
[INFO] [stdout] test table_extract::tests::test_row_iter_simple ... ok
[INFO] [stdout] test table_extract::tests::test_row_len ... ok
[INFO] [stdout] test table_extract::tests::test_headers_nonempty ... ok
[INFO] [stdout] test table_extract::tests::test_row_as_slice_without_headers ... ok
[INFO] [stdout] test table_extract::tests::test_row_iter_complex ... ok
[INFO] [stdout] test table_extract::tests::test_find_by_headers_some ... ok
[INFO] [stdout] test tests::certificate ... FAILED
[INFO] [stdout] test tests::basic ... FAILED
[INFO] [stdout] 
[INFO] [stdout] failures:
[INFO] [stdout] 
[INFO] [stdout] ---- tests::certificate stdout ----
[INFO] [stdout] thread 'tests::certificate' panicked at src/lib.rs:242:13:
[INFO] [stdout] assertion failed: remote_cert.is_ok()
[INFO] [stdout] stack backtrace:
[INFO] [stdout]    0:     0x60fd0c1e5dfa - std::backtrace_rs::backtrace::libunwind::trace::h5a5b8284f2d0c266
[INFO] [stdout]                                at /rustc/90b35a6239c3d8bdabc530a6a0816f7ff89a0aaf/library/std/src/../../backtrace/src/backtrace/libunwind.rs:116:5
[INFO] [stdout]    1:     0x60fd0c1e5dfa - std::backtrace_rs::backtrace::trace_unsynchronized::h76d4f1c9b0b875e3
[INFO] [stdout]                                at /rustc/90b35a6239c3d8bdabc530a6a0816f7ff89a0aaf/library/std/src/../../backtrace/src/backtrace/mod.rs:66:5
[INFO] [stdout]    2:     0x60fd0c1e5dfa - std::sys::backtrace::_print_fmt::hc4546b8364a537c6
[INFO] [stdout]                                at /rustc/90b35a6239c3d8bdabc530a6a0816f7ff89a0aaf/library/std/src/sys/backtrace.rs:66:9
[INFO] [stdout]    3:     0x60fd0c1e5dfa - <std::sys::backtrace::BacktraceLock::print::DisplayBacktrace as core::fmt::Display>::fmt::h5b6bd5631a6d1f6b
[INFO] [stdout]                                at /rustc/90b35a6239c3d8bdabc530a6a0816f7ff89a0aaf/library/std/src/sys/backtrace.rs:39:26
[INFO] [stdout]    4:     0x60fd0c20ef83 - core::fmt::rt::Argument::fmt::h270f6602a2b96f62
[INFO] [stdout]                                at /rustc/90b35a6239c3d8bdabc530a6a0816f7ff89a0aaf/library/core/src/fmt/rt.rs:177:76
[INFO] [stdout]    5:     0x60fd0c20ef83 - core::fmt::write::h7550c97b06c86515
[INFO] [stdout]                                at /rustc/90b35a6239c3d8bdabc530a6a0816f7ff89a0aaf/library/core/src/fmt/mod.rs:1186:21
[INFO] [stdout]    6:     0x60fd0c1e24e3 - std::io::Write::write_fmt::h509ff860e5956e5e
[INFO] [stdout]                                at /rustc/90b35a6239c3d8bdabc530a6a0816f7ff89a0aaf/library/std/src/io/mod.rs:1839:15
[INFO] [stdout]    7:     0x60fd0c1e5c42 - std::sys::backtrace::BacktraceLock::print::h2395ccd2c84ba3aa
[INFO] [stdout]                                at /rustc/90b35a6239c3d8bdabc530a6a0816f7ff89a0aaf/library/std/src/sys/backtrace.rs:42:9
[INFO] [stdout]    8:     0x60fd0c1e725a - std::panicking::default_hook::{{closure}}::he19d4c7230e07961
[INFO] [stdout]                                at /rustc/90b35a6239c3d8bdabc530a6a0816f7ff89a0aaf/library/std/src/panicking.rs:268:22
[INFO] [stdout]    9:     0x60fd0c1e7064 - std::panicking::default_hook::hf614597d3c67bbdb
[INFO] [stdout]                                at /rustc/90b35a6239c3d8bdabc530a6a0816f7ff89a0aaf/library/std/src/panicking.rs:292:9
[INFO] [stdout]   10:     0x60fd0c0442c9 - <alloc::boxed::Box<F,A> as core::ops::function::Fn<Args>>::call::h39b51ce4599c23d1
[INFO] [stdout]                                at /rustc/90b35a6239c3d8bdabc530a6a0816f7ff89a0aaf/library/alloc/src/boxed.rs:2468:9
[INFO] [stdout]   11:     0x60fd0c0442c9 - test::test_main::{{closure}}::he977ae839a582784
[INFO] [stdout]                                at /rustc/90b35a6239c3d8bdabc530a6a0816f7ff89a0aaf/library/test/src/lib.rs:133:21
[INFO] [stdout]   12:     0x60fd0c1e78f8 - <alloc::boxed::Box<F,A> as core::ops::function::Fn<Args>>::call::h9455091b6b06f9fb
[INFO] [stdout]                                at /rustc/90b35a6239c3d8bdabc530a6a0816f7ff89a0aaf/library/alloc/src/boxed.rs:2468:9
[INFO] [stdout]   13:     0x60fd0c1e78f8 - std::panicking::rust_panic_with_hook::h8942133a8b252070
[INFO] [stdout]                                at /rustc/90b35a6239c3d8bdabc530a6a0816f7ff89a0aaf/library/std/src/panicking.rs:809:13
[INFO] [stdout]   14:     0x60fd0c1e7686 - std::panicking::begin_panic_handler::{{closure}}::hb5f5963570096b29
[INFO] [stdout]                                at /rustc/90b35a6239c3d8bdabc530a6a0816f7ff89a0aaf/library/std/src/panicking.rs:667:13
[INFO] [stdout]   15:     0x60fd0c1e62d9 - std::sys::backtrace::__rust_end_short_backtrace::h6208cedc1922feda
[INFO] [stdout]                                at /rustc/90b35a6239c3d8bdabc530a6a0816f7ff89a0aaf/library/std/src/sys/backtrace.rs:170:18
[INFO] [stdout]   16:     0x60fd0c1e734c - rust_begin_unwind
[INFO] [stdout]                                at /rustc/90b35a6239c3d8bdabc530a6a0816f7ff89a0aaf/library/std/src/panicking.rs:665:5
[INFO] [stdout]   17:     0x60fd0bc4d300 - core::panicking::panic_fmt::h0c3082644d1bf418
[INFO] [stdout]                                at /rustc/90b35a6239c3d8bdabc530a6a0816f7ff89a0aaf/library/core/src/panicking.rs:74:14
[INFO] [stdout]   18:     0x60fd0bc4d38c - core::panicking::panic::h957f98c65a3b3074
[INFO] [stdout]                                at /rustc/90b35a6239c3d8bdabc530a6a0816f7ff89a0aaf/library/core/src/panicking.rs:148:5
[INFO] [stdout]   19:     0x60fd0bc5a24c - crt_sh::tests::certificate::{{closure}}::h210bb4c549b9c33b
[INFO] [stdout]                                at /opt/rustwide/workdir/src/lib.rs:242:13
[INFO] [stdout]   20:     0x60fd0bc7841f - tokio::runtime::park::CachedParkThread::block_on::{{closure}}::he4be80dbcdce2fc8
[INFO] [stdout]                                at /opt/rustwide/cargo-home/registry/src/index.crates.io-6f17d22bba15001f/tokio-1.42.0/src/runtime/park.rs:281:63
[INFO] [stdout]   21:     0x60fd0bc7816c - tokio::runtime::coop::with_budget::hfe9be28e7611d1bc
[INFO] [stdout]                                at /opt/rustwide/cargo-home/registry/src/index.crates.io-6f17d22bba15001f/tokio-1.42.0/src/runtime/coop.rs:107:5
[INFO] [stdout]   22:     0x60fd0bc7816c - tokio::runtime::coop::budget::h611c944802b9ef02
[INFO] [stdout]                                at /opt/rustwide/cargo-home/registry/src/index.crates.io-6f17d22bba15001f/tokio-1.42.0/src/runtime/coop.rs:73:5
[INFO] [stdout]   23:     0x60fd0bc7816c - tokio::runtime::park::CachedParkThread::block_on::hbf8f07645e6dd4c5
[INFO] [stdout]                                at /opt/rustwide/cargo-home/registry/src/index.crates.io-6f17d22bba15001f/tokio-1.42.0/src/runtime/park.rs:281:31
[INFO] [stdout]   24:     0x60fd0bc70bc5 - tokio::runtime::context::blocking::BlockingRegionGuard::block_on::h6da3afb67cf59af9
[INFO] [stdout]                                at /opt/rustwide/cargo-home/registry/src/index.crates.io-6f17d22bba15001f/tokio-1.42.0/src/runtime/context/blocking.rs:66:9
[INFO] [stdout]   25:     0x60fd0bc61306 - tokio::runtime::scheduler::multi_thread::MultiThread::block_on::{{closure}}::h7b5e977a88e7ac3c
[INFO] [stdout]                                at /opt/rustwide/cargo-home/registry/src/index.crates.io-6f17d22bba15001f/tokio-1.42.0/src/runtime/scheduler/multi_thread/mod.rs:87:13
[INFO] [stdout]   26:     0x60fd0bc7ea3b - tokio::runtime::context::runtime::enter_runtime::h8bd592f9daf81688
[INFO] [stdout]                                at /opt/rustwide/cargo-home/registry/src/index.crates.io-6f17d22bba15001f/tokio-1.42.0/src/runtime/context/runtime.rs:65:16
[INFO] [stdout]   27:     0x60fd0bc61191 - tokio::runtime::scheduler::multi_thread::MultiThread::block_on::h285c80b96bc4c02d
[INFO] [stdout]                                at /opt/rustwide/cargo-home/registry/src/index.crates.io-6f17d22bba15001f/tokio-1.42.0/src/runtime/scheduler/multi_thread/mod.rs:86:9
[INFO] [stdout]   28:     0x60fd0bc71129 - tokio::runtime::runtime::Runtime::block_on_inner::h42f18fbca70abde9
[INFO] [stdout]                                at /opt/rustwide/cargo-home/registry/src/index.crates.io-6f17d22bba15001f/tokio-1.42.0/src/runtime/runtime.rs:370:45
[INFO] [stdout]   29:     0x60fd0bc717ef - tokio::runtime::runtime::Runtime::block_on::hcdd525ed40ddf7e7
[INFO] [stdout]                                at /opt/rustwide/cargo-home/registry/src/index.crates.io-6f17d22bba15001f/tokio-1.42.0/src/runtime/runtime.rs:342:13
[INFO] [stdout]   30:     0x60fd0bc59e03 - crt_sh::tests::certificate::h40331f73dc0c1892
[INFO] [stdout]                                at /opt/rustwide/workdir/src/lib.rs:238:9
[INFO] [stdout]   31:     0x60fd0bc59ce7 - crt_sh::tests::certificate::{{closure}}::h4d2585e2c4f9e5fb
[INFO] [stdout]                                at /opt/rustwide/workdir/src/lib.rs:236:21
[INFO] [stdout]   32:     0x60fd0bc738b6 - core::ops::function::FnOnce::call_once::h6379f3b2cb75fcb5
[INFO] [stdout]                                at /rustc/90b35a6239c3d8bdabc530a6a0816f7ff89a0aaf/library/core/src/ops/function.rs:250:5
[INFO] [stdout]   33:     0x60fd0c048c8b - core::ops::function::FnOnce::call_once::h109cf8051a59b34e
[INFO] [stdout]                                at /rustc/90b35a6239c3d8bdabc530a6a0816f7ff89a0aaf/library/core/src/ops/function.rs:250:5
[INFO] [stdout]   34:     0x60fd0c048c8b - test::__rust_begin_short_backtrace::hf4fff89d377446ba
[INFO] [stdout]                                at /rustc/90b35a6239c3d8bdabc530a6a0816f7ff89a0aaf/library/test/src/lib.rs:621:18
[INFO] [stdout]   35:     0x60fd0c0484c7 - test::run_test_in_process::{{closure}}::h0e39181dd7ee5a43
[INFO] [stdout]                                at /rustc/90b35a6239c3d8bdabc530a6a0816f7ff89a0aaf/library/test/src/lib.rs:644:60
[INFO] [stdout]   36:     0x60fd0c0484c7 - <core::panic::unwind_safe::AssertUnwindSafe<F> as core::ops::function::FnOnce<()>>::call_once::hc5a66a30f0bdfd1f
[INFO] [stdout]                                at /rustc/90b35a6239c3d8bdabc530a6a0816f7ff89a0aaf/library/core/src/panic/unwind_safe.rs:272:9
[INFO] [stdout]   37:     0x60fd0c0484c7 - std::panicking::try::do_call::h873b7cf639554a5e
[INFO] [stdout]                                at /rustc/90b35a6239c3d8bdabc530a6a0816f7ff89a0aaf/library/std/src/panicking.rs:557:40
[INFO] [stdout]   38:     0x60fd0c0484c7 - std::panicking::try::hdb19862fad9c8bd1
[INFO] [stdout]                                at /rustc/90b35a6239c3d8bdabc530a6a0816f7ff89a0aaf/library/std/src/panicking.rs:520:19
[INFO] [stdout]   39:     0x60fd0c0484c7 - std::panic::catch_unwind::h281fe732d236d260
[INFO] [stdout]                                at /rustc/90b35a6239c3d8bdabc530a6a0816f7ff89a0aaf/library/std/src/panic.rs:358:14
[INFO] [stdout]   40:     0x60fd0c0484c7 - test::run_test_in_process::h949b6df8457ed338
[INFO] [stdout]                                at /rustc/90b35a6239c3d8bdabc530a6a0816f7ff89a0aaf/library/test/src/lib.rs:644:27
[INFO] [stdout]   41:     0x60fd0c0484c7 - test::run_test::{{closure}}::h52c556a6d4740e10
[INFO] [stdout]                                at /rustc/90b35a6239c3d8bdabc530a6a0816f7ff89a0aaf/library/test/src/lib.rs:565:43
[INFO] [stdout]   42:     0x60fd0c00d7a4 - test::run_test::{{closure}}::h4237f6381c45ccb9
[INFO] [stdout]                                at /rustc/90b35a6239c3d8bdabc530a6a0816f7ff89a0aaf/library/test/src/lib.rs:595:41
[INFO] [stdout]   43:     0x60fd0c00d7a4 - std::sys::backtrace::__rust_begin_short_backtrace::h505c97a579eca628
[INFO] [stdout]                                at /rustc/90b35a6239c3d8bdabc530a6a0816f7ff89a0aaf/library/std/src/sys/backtrace.rs:154:18
[INFO] [stdout]   44:     0x60fd0c010e6e - std::thread::Builder::spawn_unchecked_::{{closure}}::{{closure}}::h9e86b2e2bc107ea3
[INFO] [stdout]                                at /rustc/90b35a6239c3d8bdabc530a6a0816f7ff89a0aaf/library/std/src/thread/mod.rs:538:17
[INFO] [stdout]   45:     0x60fd0c010e6e - <core::panic::unwind_safe::AssertUnwindSafe<F> as core::ops::function::FnOnce<()>>::call_once::h8b06ddb275ff4a25
[INFO] [stdout]                                at /rustc/90b35a6239c3d8bdabc530a6a0816f7ff89a0aaf/library/core/src/panic/unwind_safe.rs:272:9
[INFO] [stdout]   46:     0x60fd0c010e6e - std::panicking::try::do_call::hb26ecd7cd9a9355d
[INFO] [stdout]                                at /rustc/90b35a6239c3d8bdabc530a6a0816f7ff89a0aaf/library/std/src/panicking.rs:557:40
[INFO] [stdout]   47:     0x60fd0c010e6e - std::panicking::try::h8ddeca9d705f9069
[INFO] [stdout]                                at /rustc/90b35a6239c3d8bdabc530a6a0816f7ff89a0aaf/library/std/src/panicking.rs:520:19
[INFO] [stdout]   48:     0x60fd0c010e6e - std::panic::catch_unwind::h49e1c33078844c46
[INFO] [stdout]                                at /rustc/90b35a6239c3d8bdabc530a6a0816f7ff89a0aaf/library/std/src/panic.rs:358:14
[INFO] [stdout]   49:     0x60fd0c010e6e - std::thread::Builder::spawn_unchecked_::{{closure}}::h6073db6ff56ad35d
[INFO] [stdout]                                at /rustc/90b35a6239c3d8bdabc530a6a0816f7ff89a0aaf/library/std/src/thread/mod.rs:537:30
[INFO] [stdout]   50:     0x60fd0c010e6e - core::ops::function::FnOnce::call_once{{vtable.shim}}::h2c5a5f3779c774f1
[INFO] [stdout]                                at /rustc/90b35a6239c3d8bdabc530a6a0816f7ff89a0aaf/library/core/src/ops/function.rs:250:5
[INFO] [stdout]   51:     0x60fd0c1eba8b - <alloc::boxed::Box<F,A> as core::ops::function::FnOnce<Args>>::call_once::hf75717d9f28faebf
[INFO] [stdout]                                at /rustc/90b35a6239c3d8bdabc530a6a0816f7ff89a0aaf/library/alloc/src/boxed.rs:2454:9
[INFO] [stdout]   52:     0x60fd0c1eba8b - <alloc::boxed::Box<F,A> as core::ops::function::FnOnce<Args>>::call_once::h7bd883a5f3c5f3c1
[INFO] [stdout]                                at /rustc/90b35a6239c3d8bdabc530a6a0816f7ff89a0aaf/library/alloc/src/boxed.rs:2454:9
[INFO] [stdout]   53:     0x60fd0c1eba8b - std::sys::pal::unix::thread::Thread::new::thread_start::hcc78f3943333fa94
[INFO] [stdout]                                at /rustc/90b35a6239c3d8bdabc530a6a0816f7ff89a0aaf/library/std/src/sys/pal/unix/thread.rs:105:17
[INFO] [stdout]   54:     0x76379cad6ac3 - <unknown>
[INFO] [stdout]   55:     0x76379cb67a04 - clone
[INFO] [stdout]   56:                0x0 - <unknown>
[INFO] [stdout] 
[INFO] [stdout] ---- tests::basic stdout ----
[INFO] [stdout] thread 'tests::basic' panicked at src/lib.rs:227:13:
[INFO] [stdout] assertion failed: certs.is_ok()
[INFO] [stdout] stack backtrace:
[INFO] [stdout]    0:     0x60fd0c1e5dfa - std::backtrace_rs::backtrace::libunwind::trace::h5a5b8284f2d0c266
[INFO] [stdout]                                at /rustc/90b35a6239c3d8bdabc530a6a0816f7ff89a0aaf/library/std/src/../../backtrace/src/backtrace/libunwind.rs:116:5
[INFO] [stdout]    1:     0x60fd0c1e5dfa - std::backtrace_rs::backtrace::trace_unsynchronized::h76d4f1c9b0b875e3
[INFO] [stdout]                                at /rustc/90b35a6239c3d8bdabc530a6a0816f7ff89a0aaf/library/std/src/../../backtrace/src/backtrace/mod.rs:66:5
[INFO] [stdout]    2:     0x60fd0c1e5dfa - std::sys::backtrace::_print_fmt::hc4546b8364a537c6
[INFO] [stdout]                                at /rustc/90b35a6239c3d8bdabc530a6a0816f7ff89a0aaf/library/std/src/sys/backtrace.rs:66:9
[INFO] [stdout]    3:     0x60fd0c1e5dfa - <std::sys::backtrace::BacktraceLock::print::DisplayBacktrace as core::fmt::Display>::fmt::h5b6bd5631a6d1f6b
[INFO] [stdout]                                at /rustc/90b35a6239c3d8bdabc530a6a0816f7ff89a0aaf/library/std/src/sys/backtrace.rs:39:26
[INFO] [stdout]    4:     0x60fd0c20ef83 - core::fmt::rt::Argument::fmt::h270f6602a2b96f62
[INFO] [stdout]                                at /rustc/90b35a6239c3d8bdabc530a6a0816f7ff89a0aaf/library/core/src/fmt/rt.rs:177:76
[INFO] [stdout]    5:     0x60fd0c20ef83 - core::fmt::write::h7550c97b06c86515
[INFO] [stdout]                                at /rustc/90b35a6239c3d8bdabc530a6a0816f7ff89a0aaf/library/core/src/fmt/mod.rs:1186:21
[INFO] [stdout]    6:     0x60fd0c1e24e3 - std::io::Write::write_fmt::h509ff860e5956e5e
[INFO] [stdout]                                at /rustc/90b35a6239c3d8bdabc530a6a0816f7ff89a0aaf/library/std/src/io/mod.rs:1839:15
[INFO] [stdout]    7:     0x60fd0c1e5c42 - std::sys::backtrace::BacktraceLock::print::h2395ccd2c84ba3aa
[INFO] [stdout]                                at /rustc/90b35a6239c3d8bdabc530a6a0816f7ff89a0aaf/library/std/src/sys/backtrace.rs:42:9
[INFO] [stdout]    8:     0x60fd0c1e725a - std::panicking::default_hook::{{closure}}::he19d4c7230e07961
[INFO] [stdout]                                at /rustc/90b35a6239c3d8bdabc530a6a0816f7ff89a0aaf/library/std/src/panicking.rs:268:22
[INFO] [stdout]    9:     0x60fd0c1e7064 - std::panicking::default_hook::hf614597d3c67bbdb
[INFO] [stdout]                                at /rustc/90b35a6239c3d8bdabc530a6a0816f7ff89a0aaf/library/std/src/panicking.rs:292:9
[INFO] [stdout]   10:     0x60fd0c0442c9 - <alloc::boxed::Box<F,A> as core::ops::function::Fn<Args>>::call::h39b51ce4599c23d1
[INFO] [stdout]                                at /rustc/90b35a6239c3d8bdabc530a6a0816f7ff89a0aaf/library/alloc/src/boxed.rs:2468:9
[INFO] [stdout]   11:     0x60fd0c0442c9 - test::test_main::{{closure}}::he977ae839a582784
[INFO] [stdout]                                at /rustc/90b35a6239c3d8bdabc530a6a0816f7ff89a0aaf/library/test/src/lib.rs:133:21
[INFO] [stdout]   12:     0x60fd0c1e78f8 - <alloc::boxed::Box<F,A> as core::ops::function::Fn<Args>>::call::h9455091b6b06f9fb
[INFO] [stdout]                                at /rustc/90b35a6239c3d8bdabc530a6a0816f7ff89a0aaf/library/alloc/src/boxed.rs:2468:9
[INFO] [stdout]   13:     0x60fd0c1e78f8 - std::panicking::rust_panic_with_hook::h8942133a8b252070
[INFO] [stdout]                                at /rustc/90b35a6239c3d8bdabc530a6a0816f7ff89a0aaf/library/std/src/panicking.rs:809:13
[INFO] [stdout]   14:     0x60fd0c1e7686 - std::panicking::begin_panic_handler::{{closure}}::hb5f5963570096b29
[INFO] [stdout]                                at /rustc/90b35a6239c3d8bdabc530a6a0816f7ff89a0aaf/library/std/src/panicking.rs:667:13
[INFO] [stdout]   15:     0x60fd0c1e62d9 - std::sys::backtrace::__rust_end_short_backtrace::h6208cedc1922feda
[INFO] [stdout]                                at /rustc/90b35a6239c3d8bdabc530a6a0816f7ff89a0aaf/library/std/src/sys/backtrace.rs:170:18
[INFO] [stdout]   16:     0x60fd0c1e734c - rust_begin_unwind
[INFO] [stdout]                                at /rustc/90b35a6239c3d8bdabc530a6a0816f7ff89a0aaf/library/std/src/panicking.rs:665:5
[INFO] [stdout]   17:     0x60fd0bc4d300 - core::panicking::panic_fmt::h0c3082644d1bf418
[INFO] [stdout]                                at /rustc/90b35a6239c3d8bdabc530a6a0816f7ff89a0aaf/library/core/src/panicking.rs:74:14
[INFO] [stdout]   18:     0x60fd0bc4d38c - core::panicking::panic::h957f98c65a3b3074
[INFO] [stdout]                                at /rustc/90b35a6239c3d8bdabc530a6a0816f7ff89a0aaf/library/core/src/panicking.rs:148:5
[INFO] [stdout]   19:     0x60fd0bc59ad4 - crt_sh::tests::basic::{{closure}}::h8e4b01cfc1782dce
[INFO] [stdout]                                at /opt/rustwide/workdir/src/lib.rs:227:13
[INFO] [stdout]   20:     0x60fd0bc782df - tokio::runtime::park::CachedParkThread::block_on::{{closure}}::h1358f5b88248a7b8
[INFO] [stdout]                                at /opt/rustwide/cargo-home/registry/src/index.crates.io-6f17d22bba15001f/tokio-1.42.0/src/runtime/park.rs:281:63
[INFO] [stdout]   21:     0x60fd0bc77d3c - tokio::runtime::coop::with_budget::hc0ea00fbe3f55b74
[INFO] [stdout]                                at /opt/rustwide/cargo-home/registry/src/index.crates.io-6f17d22bba15001f/tokio-1.42.0/src/runtime/coop.rs:107:5
[INFO] [stdout]   22:     0x60fd0bc77d3c - tokio::runtime::coop::budget::he5a2bc5f39b5eede
[INFO] [stdout]                                at /opt/rustwide/cargo-home/registry/src/index.crates.io-6f17d22bba15001f/tokio-1.42.0/src/runtime/coop.rs:73:5
[INFO] [stdout]   23:     0x60fd0bc77d3c - tokio::runtime::park::CachedParkThread::block_on::h9c6a21e17e8e7179
[INFO] [stdout]                                at /opt/rustwide/cargo-home/registry/src/index.crates.io-6f17d22bba15001f/tokio-1.42.0/src/runtime/park.rs:281:31
[INFO] [stdout]   24:     0x60fd0bc70d85 - tokio::runtime::context::blocking::BlockingRegionGuard::block_on::he7fa78bc9ce04d49
[INFO] [stdout]                                at /opt/rustwide/cargo-home/registry/src/index.crates.io-6f17d22bba15001f/tokio-1.42.0/src/runtime/context/blocking.rs:66:9
[INFO] [stdout]   25:     0x60fd0bc61366 - tokio::runtime::scheduler::multi_thread::MultiThread::block_on::{{closure}}::hd57d94213748ad70
[INFO] [stdout]                                at /opt/rustwide/cargo-home/registry/src/index.crates.io-6f17d22bba15001f/tokio-1.42.0/src/runtime/scheduler/multi_thread/mod.rs:87:13
[INFO] [stdout]   26:     0x60fd0bc7edeb - tokio::runtime::context::runtime::enter_runtime::hc227cfcab2ba7488
[INFO] [stdout]                                at /opt/rustwide/cargo-home/registry/src/index.crates.io-6f17d22bba15001f/tokio-1.42.0/src/runtime/context/runtime.rs:65:16
[INFO] [stdout]   27:     0x60fd0bc611f1 - tokio::runtime::scheduler::multi_thread::MultiThread::block_on::h29ac947c4067a109
[INFO] [stdout]                                at /opt/rustwide/cargo-home/registry/src/index.crates.io-6f17d22bba15001f/tokio-1.42.0/src/runtime/scheduler/multi_thread/mod.rs:86:9
[INFO] [stdout]   28:     0x60fd0bc70f79 - tokio::runtime::runtime::Runtime::block_on_inner::h17d1c0bd9cfc9699
[INFO] [stdout]                                at /opt/rustwide/cargo-home/registry/src/index.crates.io-6f17d22bba15001f/tokio-1.42.0/src/runtime/runtime.rs:370:45
[INFO] [stdout]   29:     0x60fd0bc7156f - tokio::runtime::runtime::Runtime::block_on::h76232fb23efe22ef
[INFO] [stdout]                                at /opt/rustwide/cargo-home/registry/src/index.crates.io-6f17d22bba15001f/tokio-1.42.0/src/runtime/runtime.rs:342:13
[INFO] [stdout]   30:     0x60fd0bc59303 - crt_sh::tests::basic::hee71f5de06d02004
[INFO] [stdout]                                at /opt/rustwide/workdir/src/lib.rs:210:9
[INFO] [stdout]   31:     0x60fd0bc591e7 - crt_sh::tests::basic::{{closure}}::h0dbd386936fef4bb
[INFO] [stdout]                                at /opt/rustwide/workdir/src/lib.rs:208:15
[INFO] [stdout]   32:     0x60fd0bc73dd6 - core::ops::function::FnOnce::call_once::hf008c9b6d250befe
[INFO] [stdout]                                at /rustc/90b35a6239c3d8bdabc530a6a0816f7ff89a0aaf/library/core/src/ops/function.rs:250:5
[INFO] [stdout]   33:     0x60fd0c048c8b - core::ops::function::FnOnce::call_once::h109cf8051a59b34e
[INFO] [stdout]                                at /rustc/90b35a6239c3d8bdabc530a6a0816f7ff89a0aaf/library/core/src/ops/function.rs:250:5
[INFO] [stdout]   34:     0x60fd0c048c8b - test::__rust_begin_short_backtrace::hf4fff89d377446ba
[INFO] [stdout]                                at /rustc/90b35a6239c3d8bdabc530a6a0816f7ff89a0aaf/library/test/src/lib.rs:621:18
[INFO] [stdout]   35:     0x60fd0c0484c7 - test::run_test_in_process::{{closure}}::h0e39181dd7ee5a43
[INFO] [stdout]                                at /rustc/90b35a6239c3d8bdabc530a6a0816f7ff89a0aaf/library/test/src/lib.rs:644:60
[INFO] [stdout]   36:     0x60fd0c0484c7 - <core::panic::unwind_safe::AssertUnwindSafe<F> as core::ops::function::FnOnce<()>>::call_once::hc5a66a30f0bdfd1f
[INFO] [stdout]                                at /rustc/90b35a6239c3d8bdabc530a6a0816f7ff89a0aaf/library/core/src/panic/unwind_safe.rs:272:9
[INFO] [stdout]   37:     0x60fd0c0484c7 - std::panicking::try::do_call::h873b7cf639554a5e
[INFO] [stdout]                                at /rustc/90b35a6239c3d8bdabc530a6a0816f7ff89a0aaf/library/std/src/panicking.rs:557:40
[INFO] [stdout]   38:     0x60fd0c0484c7 - std::panicking::try::hdb19862fad9c8bd1
[INFO] [stdout]                                at /rustc/90b35a6239c3d8bdabc530a6a0816f7ff89a0aaf/library/std/src/panicking.rs:520:19
[INFO] [stdout]   39:     0x60fd0c0484c7 - std::panic::catch_unwind::h281fe732d236d260
[INFO] [stdout]                                at /rustc/90b35a6239c3d8bdabc530a6a0816f7ff89a0aaf/library/std/src/panic.rs:358:14
[INFO] [stdout]   40:     0x60fd0c0484c7 - test::run_test_in_process::h949b6df8457ed338
[INFO] [stdout]                                at /rustc/90b35a6239c3d8bdabc530a6a0816f7ff89a0aaf/library/test/src/lib.rs:644:27
[INFO] [stdout]   41:     0x60fd0c0484c7 - test::run_test::{{closure}}::h52c556a6d4740e10
[INFO] [stdout]                                at /rustc/90b35a6239c3d8bdabc530a6a0816f7ff89a0aaf/library/test/src/lib.rs:565:43
[INFO] [stdout]   42:     0x60fd0c00d7a4 - test::run_test::{{closure}}::h4237f6381c45ccb9
[INFO] [stdout]                                at /rustc/90b35a6239c3d8bdabc530a6a0816f7ff89a0aaf/library/test/src/lib.rs:595:41
[INFO] [stdout]   43:     0x60fd0c00d7a4 - std::sys::backtrace::__rust_begin_short_backtrace::h505c97a579eca628
[INFO] [stdout]                                at /rustc/90b35a6239c3d8bdabc530a6a0816f7ff89a0aaf/library/std/src/sys/backtrace.rs:154:18
[INFO] [stdout]   44:     0x60fd0c010e6e - std::thread::Builder::spawn_unchecked_::{{closure}}::{{closure}}::h9e86b2e2bc107ea3
[INFO] [stdout]                                at /rustc/90b35a6239c3d8bdabc530a6a0816f7ff89a0aaf/library/std/src/thread/mod.rs:538:17
[INFO] [stdout]   45:     0x60fd0c010e6e - <core::panic::unwind_safe::AssertUnwindSafe<F> as core::ops::function::FnOnce<()>>::call_once::h8b06ddb275ff4a25
[INFO] [stdout]                                at /rustc/90b35a6239c3d8bdabc530a6a0816f7ff89a0aaf/library/core/src/panic/unwind_safe.rs:272:9
[INFO] [stdout]   46:     0x60fd0c010e6e - std::panicking::try::do_call::hb26ecd7cd9a9355d
[INFO] [stdout]                                at /rustc/90b35a6239c3d8bdabc530a6a0816f7ff89a0aaf/library/std/src/panicking.rs:557:40
[INFO] [stdout]   47:     0x60fd0c010e6e - std::panicking::try::h8ddeca9d705f9069
[INFO] [stdout]                                at /rustc/90b35a6239c3d8bdabc530a6a0816f7ff89a0aaf/library/std/src/panicking.rs:520:19
[INFO] [stdout]   48:     0x60fd0c010e6e - std::panic::catch_unwind::h49e1c33078844c46
[INFO] [stdout]                                at /rustc/90b35a6239c3d8bdabc530a6a0816f7ff89a0aaf/library/std/src/panic.rs:358:14
[INFO] [stdout]   49:     0x60fd0c010e6e - std::thread::Builder::spawn_unchecked_::{{closure}}::h6073db6ff56ad35d
[INFO] [stdout]                                at /rustc/90b35a6239c3d8bdabc530a6a0816f7ff89a0aaf/library/std/src/thread/mod.rs:537:30
[INFO] [stdout]   50:     0x60fd0c010e6e - core::ops::function::FnOnce::call_once{{vtable.shim}}::h2c5a5f3779c774f1
[INFO] [stdout]                                at /rustc/90b35a6239c3d8bdabc530a6a0816f7ff89a0aaf/library/core/src/ops/function.rs:250:5
[INFO] [stdout]   51:     0x60fd0c1eba8b - <alloc::boxed::Box<F,A> as core::ops::function::FnOnce<Args>>::call_once::hf75717d9f28faebf
[INFO] [stdout]                                at /rustc/90b35a6239c3d8bdabc530a6a0816f7ff89a0aaf/library/alloc/src/boxed.rs:2454:9
[INFO] [stdout]   52:     0x60fd0c1eba8b - <alloc::boxed::Box<F,A> as core::ops::function::FnOnce<Args>>::call_once::h7bd883a5f3c5f3c1
[INFO] [stdout]                                at /rustc/90b35a6239c3d8bdabc530a6a0816f7ff89a0aaf/library/alloc/src/boxed.rs:2454:9
[INFO] [stdout]   53:     0x60fd0c1eba8b - std::sys::pal::unix::thread::Thread::new::thread_start::hcc78f3943333fa94
[INFO] [stdout]                                at /rustc/90b35a6239c3d8bdabc530a6a0816f7ff89a0aaf/library/std/src/sys/pal/unix/thread.rs:105:17
[INFO] [stdout]   54:     0x76379cad6ac3 - <unknown>
[INFO] [stdout]   55:     0x76379cb67a04 - clone
[INFO] [stdout]   56:                0x0 - <unknown>
[INFO] [stdout] 
[INFO] [stdout] 
[INFO] [stdout] failures:
[INFO] [stdout]     tests::basic
[INFO] [stdout]     tests::certificate
[INFO] [stdout] 
[INFO] [stdout] test result: FAILED. 23 passed; 2 failed; 0 ignored; 0 measured; 0 filtered out; finished in 0.22s
[INFO] [stdout] 
[INFO] [stderr] error: test failed, to rerun pass `--lib`
[INFO] running `Command { std: "docker" "inspect" "3096dba100451343222232918251b0e67c09158ae8c29868dafcd573769efaf5", kill_on_drop: false }`
[INFO] running `Command { std: "docker" "rm" "-f" "3096dba100451343222232918251b0e67c09158ae8c29868dafcd573769efaf5", kill_on_drop: false }`
[INFO] [stdout] 3096dba100451343222232918251b0e67c09158ae8c29868dafcd573769efaf5
