[INFO] fetching crate crows-utils 0.3.0...
[INFO] testing crows-utils-0.3.0 against beta-2024-12-08 for beta-1.84.0-4-retry
[INFO] extracting crate crows-utils 0.3.0 into /workspace/builds/worker-1-tc2/source
[INFO] validating manifest of crates.io crate crows-utils 0.3.0 on toolchain beta-2024-12-08
[INFO] running `Command { std: CARGO_HOME="/workspace/cargo-home" RUSTUP_HOME="/workspace/rustup-home" "/workspace/cargo-home/bin/cargo" "+beta-2024-12-08" "metadata" "--manifest-path" "Cargo.toml" "--no-deps", kill_on_drop: false }`
[INFO] started tweaking crates.io crate crows-utils 0.3.0
[INFO] finished tweaking crates.io crate crows-utils 0.3.0
[INFO] tweaked toml for crates.io crate crows-utils 0.3.0 written to /workspace/builds/worker-1-tc2/source/Cargo.toml
[INFO] running `Command { std: CARGO_HOME="/workspace/cargo-home" RUSTUP_HOME="/workspace/rustup-home" "/workspace/cargo-home/bin/cargo" "+beta-2024-12-08" "generate-lockfile" "--manifest-path" "Cargo.toml", kill_on_drop: false }`
[INFO] [stderr]     Updating crates.io index
[INFO] [stderr]      Locking 90 packages to latest compatible versions
[INFO] [stderr]       Adding thiserror v1.0.69 (available: v2.0.7)
[INFO] running `Command { std: CARGO_HOME="/workspace/cargo-home" RUSTUP_HOME="/workspace/rustup-home" "/workspace/cargo-home/bin/cargo" "+beta-2024-12-08" "fetch" "--manifest-path" "Cargo.toml", kill_on_drop: false }`
[INFO] running `Command { std: "docker" "create" "-v" "/var/lib/crater-agent-workspace/builds/worker-1-tc2/target:/opt/rustwide/target:rw,Z" "-v" "/var/lib/crater-agent-workspace/builds/worker-1-tc2/source:/opt/rustwide/workdir:ro,Z" "-v" "/var/lib/crater-agent-workspace/cargo-home:/opt/rustwide/cargo-home:ro,Z" "-v" "/var/lib/crater-agent-workspace/rustup-home:/opt/rustwide/rustup-home:ro,Z" "-e" "SOURCE_DIR=/opt/rustwide/workdir" "-e" "CARGO_TARGET_DIR=/opt/rustwide/target" "-e" "CARGO_HOME=/opt/rustwide/cargo-home" "-e" "RUSTUP_HOME=/opt/rustwide/rustup-home" "-w" "/opt/rustwide/workdir" "-m" "1610612736" "--user" "0:0" "--network" "none" "ghcr.io/rust-lang/crates-build-env/linux@sha256:f3a9d4ad9d972b27faf3965f35b62e55ba32bbce8f20bc8fe909558a86702fde" "/opt/rustwide/cargo-home/bin/cargo" "+beta-2024-12-08" "metadata" "--no-deps" "--format-version=1", kill_on_drop: false }`
[INFO] [stdout] 4740c95e96a5b20527912d1c5068e5897f42a6fa67c2f2ad0d7ec50ee1d0b139
[INFO] running `Command { std: "docker" "start" "-a" "4740c95e96a5b20527912d1c5068e5897f42a6fa67c2f2ad0d7ec50ee1d0b139", kill_on_drop: false }`
[INFO] running `Command { std: "docker" "inspect" "4740c95e96a5b20527912d1c5068e5897f42a6fa67c2f2ad0d7ec50ee1d0b139", kill_on_drop: false }`
[INFO] running `Command { std: "docker" "rm" "-f" "4740c95e96a5b20527912d1c5068e5897f42a6fa67c2f2ad0d7ec50ee1d0b139", kill_on_drop: false }`
[INFO] [stdout] 4740c95e96a5b20527912d1c5068e5897f42a6fa67c2f2ad0d7ec50ee1d0b139
[INFO] running `Command { std: "docker" "create" "-v" "/var/lib/crater-agent-workspace/builds/worker-1-tc2/target:/opt/rustwide/target:rw,Z" "-v" "/var/lib/crater-agent-workspace/builds/worker-1-tc2/source:/opt/rustwide/workdir:ro,Z" "-v" "/var/lib/crater-agent-workspace/cargo-home:/opt/rustwide/cargo-home:ro,Z" "-v" "/var/lib/crater-agent-workspace/rustup-home:/opt/rustwide/rustup-home:ro,Z" "-e" "SOURCE_DIR=/opt/rustwide/workdir" "-e" "CARGO_TARGET_DIR=/opt/rustwide/target" "-e" "CARGO_INCREMENTAL=0" "-e" "RUST_BACKTRACE=full" "-e" "RUSTFLAGS=--cap-lints=warn" "-e" "RUSTDOCFLAGS=--cap-lints=warn" "-e" "CARGO_HOME=/opt/rustwide/cargo-home" "-e" "RUSTUP_HOME=/opt/rustwide/rustup-home" "-w" "/opt/rustwide/workdir" "-m" "1610612736" "--user" "0:0" "--network" "none" "ghcr.io/rust-lang/crates-build-env/linux@sha256:f3a9d4ad9d972b27faf3965f35b62e55ba32bbce8f20bc8fe909558a86702fde" "/opt/rustwide/cargo-home/bin/cargo" "+beta-2024-12-08" "build" "--frozen" "--message-format=json", kill_on_drop: false }`
[INFO] [stdout] 45961a657ace416a48d45c01b82f4e24c661c169c84dfc9c0def5843163c4eeb
[INFO] running `Command { std: "docker" "start" "-a" "45961a657ace416a48d45c01b82f4e24c661c169c84dfc9c0def5843163c4eeb", kill_on_drop: false }`
[INFO] [stderr]    Compiling unicode-ident v1.0.14
[INFO] [stderr]    Compiling proc-macro2 v1.0.92
[INFO] [stderr]    Compiling autocfg v1.4.0
[INFO] [stderr]    Compiling libc v0.2.168
[INFO] [stderr]    Compiling cfg-if v1.0.0
[INFO] [stderr]    Compiling memchr v2.7.4
[INFO] [stderr]    Compiling typenum v1.17.0
[INFO] [stderr]    Compiling version_check v0.9.5
[INFO] [stderr]    Compiling serde v1.0.216
[INFO] [stderr]    Compiling futures-core v0.3.31
[INFO] [stderr]    Compiling pin-project-lite v0.2.15
[INFO] [stderr]    Compiling parking_lot_core v0.9.10
[INFO] [stderr]    Compiling generic-array v0.14.7
[INFO] [stderr]    Compiling futures-sink v0.3.31
[INFO] [stderr]    Compiling smallvec v1.13.2
[INFO] [stderr]    Compiling lock_api v0.4.12
[INFO] [stderr]    Compiling slab v0.4.9
[INFO] [stderr]    Compiling num-traits v0.2.19
[INFO] [stderr]    Compiling scopeguard v1.2.0
[INFO] [stderr]    Compiling futures-channel v0.3.31
[INFO] [stderr]    Compiling pin-utils v0.1.0
[INFO] [stderr]    Compiling serde_json v1.0.133
[INFO] [stderr]    Compiling bytes v1.9.0
[INFO] [stderr]    Compiling futures-io v0.3.31
[INFO] [stderr]    Compiling futures-task v0.3.31
[INFO] [stderr]    Compiling quote v1.0.37
[INFO] [stderr]    Compiling adler2 v2.0.0
[INFO] [stderr]    Compiling socket2 v0.5.8
[INFO] [stderr]    Compiling syn v2.0.90
[INFO] [stderr]    Compiling mio v1.0.3
[INFO] [stderr]    Compiling parking_lot v0.12.3
[INFO] [stderr]    Compiling signal-hook-registry v1.4.2
[INFO] [stderr]    Compiling itoa v1.0.14
[INFO] [stderr]    Compiling ryu v1.0.18
[INFO] [stderr]    Compiling gimli v0.31.1
[INFO] [stderr]    Compiling syn v1.0.109
[INFO] [stderr]    Compiling num-integer v0.1.46
[INFO] [stderr]    Compiling miniz_oxide v0.8.0
[INFO] [stderr]    Compiling object v0.36.5
[INFO] [stderr]    Compiling block-buffer v0.10.4
[INFO] [stderr]    Compiling crypto-common v0.1.6
[INFO] [stderr]    Compiling digest v0.10.7
[INFO] [stderr]    Compiling anyhow v1.0.94
[INFO] [stderr]    Compiling cpufeatures v0.2.16
[INFO] [stderr]    Compiling unicode-segmentation v1.12.0
[INFO] [stderr]    Compiling rustc-demangle v0.1.24
[INFO] [stderr]    Compiling thiserror v1.0.69
[INFO] [stderr]    Compiling convert_case v0.6.0
[INFO] [stderr]    Compiling sha2 v0.10.8
[INFO] [stderr]    Compiling num-bigint v0.4.6
[INFO] [stderr]    Compiling getrandom v0.2.15
[INFO] [stderr]    Compiling hex v0.4.3
[INFO] [stderr]    Compiling byteorder v1.5.0
[INFO] [stderr]    Compiling addr2line v0.24.2
[INFO] [stderr]    Compiling serde_derive v1.0.216
[INFO] [stderr]    Compiling futures-macro v0.3.31
[INFO] [stderr]    Compiling tokio-macros v2.4.0
[INFO] [stderr]    Compiling enum-ordinalize-derive v4.3.1
[INFO] [stderr]    Compiling pin-project-internal v1.1.7
[INFO] [stderr]    Compiling enum-ordinalize v4.3.0
[INFO] [stderr]    Compiling educe v0.5.11
[INFO] [stderr]    Compiling tokio v1.42.0
[INFO] [stderr]    Compiling backtrace v0.3.74
[INFO] [stderr]    Compiling futures-util v0.3.31
[INFO] [stderr]    Compiling pin-project v1.1.7
[INFO] [stderr]    Compiling thiserror-impl v1.0.69
[INFO] [stderr]    Compiling async-trait v0.1.83
[INFO] [stderr]    Compiling crows-service v0.3.0
[INFO] [stderr]    Compiling futures-executor v0.3.31
[INFO] [stderr]    Compiling futures v0.3.31
[INFO] [stderr]    Compiling tokio-util v0.7.13
[INFO] [stderr]    Compiling sha256 v1.5.0
[INFO] [stderr]    Compiling uuid v1.11.0
[INFO] [stderr]    Compiling num-rational v0.4.2
[INFO] [stderr]    Compiling crows-shared v0.3.0
[INFO] [stderr]    Compiling tokio-serde v0.9.0
[INFO] [stderr]    Compiling crows-utils v0.3.0 (/opt/rustwide/workdir)
[INFO] [stdout] warning: variable does not need to be mutable
[INFO] [stdout]    --> src/lib.rs:214:9
[INFO] [stdout]     |
[INFO] [stdout] 214 |         mut service: T,
[INFO] [stdout]     |         ----^^^^^^^
[INFO] [stdout]     |         |
[INFO] [stdout]     |         help: remove this `mut`
[INFO] [stdout]     |
[INFO] [stdout]     = note: `#[warn(unused_mut)]` on by default
[INFO] [stdout] 
[INFO] [stdout] 
[INFO] [stderr]     Finished `dev` profile [unoptimized + debuginfo] target(s) in 1m 27s
[INFO] running `Command { std: "docker" "inspect" "45961a657ace416a48d45c01b82f4e24c661c169c84dfc9c0def5843163c4eeb", kill_on_drop: false }`
[INFO] running `Command { std: "docker" "rm" "-f" "45961a657ace416a48d45c01b82f4e24c661c169c84dfc9c0def5843163c4eeb", kill_on_drop: false }`
[INFO] [stdout] 45961a657ace416a48d45c01b82f4e24c661c169c84dfc9c0def5843163c4eeb
[INFO] running `Command { std: "docker" "create" "-v" "/var/lib/crater-agent-workspace/builds/worker-1-tc2/target:/opt/rustwide/target:rw,Z" "-v" "/var/lib/crater-agent-workspace/builds/worker-1-tc2/source:/opt/rustwide/workdir:ro,Z" "-v" "/var/lib/crater-agent-workspace/cargo-home:/opt/rustwide/cargo-home:ro,Z" "-v" "/var/lib/crater-agent-workspace/rustup-home:/opt/rustwide/rustup-home:ro,Z" "-e" "SOURCE_DIR=/opt/rustwide/workdir" "-e" "CARGO_TARGET_DIR=/opt/rustwide/target" "-e" "CARGO_INCREMENTAL=0" "-e" "RUST_BACKTRACE=full" "-e" "RUSTFLAGS=--cap-lints=warn" "-e" "RUSTDOCFLAGS=--cap-lints=warn" "-e" "CARGO_HOME=/opt/rustwide/cargo-home" "-e" "RUSTUP_HOME=/opt/rustwide/rustup-home" "-w" "/opt/rustwide/workdir" "-m" "1610612736" "--user" "0:0" "--network" "none" "ghcr.io/rust-lang/crates-build-env/linux@sha256:f3a9d4ad9d972b27faf3965f35b62e55ba32bbce8f20bc8fe909558a86702fde" "/opt/rustwide/cargo-home/bin/cargo" "+beta-2024-12-08" "test" "--frozen" "--no-run" "--message-format=json", kill_on_drop: false }`
[INFO] [stdout] 02ef6021bcc1824f27b51c183c3b9c2e3857c42c41a4b4a8302427629ca28bda
[INFO] running `Command { std: "docker" "start" "-a" "02ef6021bcc1824f27b51c183c3b9c2e3857c42c41a4b4a8302427629ca28bda", kill_on_drop: false }`
[INFO] [stdout] warning: variable does not need to be mutable
[INFO] [stdout]    --> src/lib.rs:214:9
[INFO] [stdout]     |
[INFO] [stdout] 214 |         mut service: T,
[INFO] [stdout]     |         ----^^^^^^^
[INFO] [stdout]     |         |
[INFO] [stdout]     |         help: remove this `mut`
[INFO] [stdout]     |
[INFO] [stdout]     = note: `#[warn(unused_mut)]` on by default
[INFO] [stdout] 
[INFO] [stdout] 
[INFO] [stderr]    Compiling crows-utils v0.3.0 (/opt/rustwide/workdir)
[INFO] [stdout] warning: variable does not need to be mutable
[INFO] [stdout]    --> src/lib.rs:214:9
[INFO] [stdout]     |
[INFO] [stdout] 214 |         mut service: T,
[INFO] [stdout]     |         ----^^^^^^^
[INFO] [stdout]     |         |
[INFO] [stdout]     |         help: remove this `mut`
[INFO] [stdout]     |
[INFO] [stdout]     = note: `#[warn(unused_mut)]` on by default
[INFO] [stdout] 
[INFO] [stdout] 
[INFO] [stderr]     Finished `test` profile [unoptimized + debuginfo] target(s) in 1.32s
[INFO] running `Command { std: "docker" "inspect" "02ef6021bcc1824f27b51c183c3b9c2e3857c42c41a4b4a8302427629ca28bda", kill_on_drop: false }`
[INFO] running `Command { std: "docker" "rm" "-f" "02ef6021bcc1824f27b51c183c3b9c2e3857c42c41a4b4a8302427629ca28bda", kill_on_drop: false }`
[INFO] [stdout] 02ef6021bcc1824f27b51c183c3b9c2e3857c42c41a4b4a8302427629ca28bda
[INFO] running `Command { std: "docker" "create" "-v" "/var/lib/crater-agent-workspace/builds/worker-1-tc2/target:/opt/rustwide/target:rw,Z" "-v" "/var/lib/crater-agent-workspace/builds/worker-1-tc2/source:/opt/rustwide/workdir:ro,Z" "-v" "/var/lib/crater-agent-workspace/cargo-home:/opt/rustwide/cargo-home:ro,Z" "-v" "/var/lib/crater-agent-workspace/rustup-home:/opt/rustwide/rustup-home:ro,Z" "-e" "SOURCE_DIR=/opt/rustwide/workdir" "-e" "CARGO_TARGET_DIR=/opt/rustwide/target" "-e" "CARGO_INCREMENTAL=0" "-e" "RUST_BACKTRACE=full" "-e" "RUSTFLAGS=--cap-lints=warn" "-e" "RUSTDOCFLAGS=--cap-lints=warn" "-e" "CARGO_HOME=/opt/rustwide/cargo-home" "-e" "RUSTUP_HOME=/opt/rustwide/rustup-home" "-w" "/opt/rustwide/workdir" "-m" "1610612736" "--user" "0:0" "--network" "none" "ghcr.io/rust-lang/crates-build-env/linux@sha256:f3a9d4ad9d972b27faf3965f35b62e55ba32bbce8f20bc8fe909558a86702fde" "/opt/rustwide/cargo-home/bin/cargo" "+beta-2024-12-08" "test" "--frozen", kill_on_drop: false }`
[INFO] [stdout] d3a407b5390de92a49f41710dbb044a30d9772e068935499376039ac1635cbe5
[INFO] running `Command { std: "docker" "start" "-a" "d3a407b5390de92a49f41710dbb044a30d9772e068935499376039ac1635cbe5", kill_on_drop: false }`
[INFO] [stderr] warning: variable does not need to be mutable
[INFO] [stderr]    --> src/lib.rs:214:9
[INFO] [stderr]     |
[INFO] [stderr] 214 |         mut service: T,
[INFO] [stderr]     |         ----^^^^^^^
[INFO] [stderr]     |         |
[INFO] [stderr]     |         help: remove this `mut`
[INFO] [stderr]     |
[INFO] [stderr]     = note: `#[warn(unused_mut)]` on by default
[INFO] [stderr] 
[INFO] [stderr] warning: `crows-utils` (lib) generated 1 warning (run `cargo fix --lib -p crows-utils` to apply 1 suggestion)
[INFO] [stderr] warning: `crows-utils` (lib test) generated 1 warning (1 duplicate)
[INFO] [stderr]     Finished `test` profile [unoptimized + debuginfo] target(s) in 0.13s
[INFO] [stderr]      Running unittests src/lib.rs (/opt/rustwide/target/debug/deps/crows_utils-db36e8f421349352)
[INFO] [stdout] 
[INFO] [stdout] running 0 tests
[INFO] [stdout] 
[INFO] [stdout] test result: ok. 0 passed; 0 failed; 0 ignored; 0 measured; 0 filtered out; finished in 0.00s
[INFO] [stdout] 
[INFO] [stderr]    Doc-tests crows_utils
[INFO] [stdout] 
[INFO] [stdout] running 5 tests
[INFO] [stdout] test src/lib.rs - Service (line 343) ... FAILED
[INFO] [stdout] test src/lib.rs - Service (line 321) ... FAILED
[INFO] [stdout] test src/lib.rs - Service (line 350) ... FAILED
[INFO] [stdout] test src/lib.rs - Service (line 368) ... FAILED
[INFO] [stdout] test src/lib.rs - Service (line 358) ... FAILED
[INFO] [stdout] 
[INFO] [stdout] failures:
[INFO] [stdout] 
[INFO] [stdout] ---- src/lib.rs - Service (line 343) stdout ----
[INFO] [stdout] error[E0405]: cannot find trait `Service` in this scope
[INFO] [stdout]  --> src/lib.rs:344:9
[INFO] [stdout]   |
[INFO] [stdout] 3 | impl<T> Service for T
[INFO] [stdout]   |         ^^^^^^^ not found in this scope
[INFO] [stdout]   |
[INFO] [stdout] help: consider importing this trait
[INFO] [stdout]   |
[INFO] [stdout] 2 + use crows_utils::Service;
[INFO] [stdout]   |
[INFO] [stdout] 
[INFO] [stdout] error[E0405]: cannot find trait `Worker` in this scope
[INFO] [stdout]  --> src/lib.rs:345:10
[INFO] [stdout]   |
[INFO] [stdout] 4 | where T: Worker + Send + Sync { }
[INFO] [stdout]   |          ^^^^^^ not found in this scope
[INFO] [stdout]   |
[INFO] [stdout] help: consider importing this trait
[INFO] [stdout]   |
[INFO] [stdout] 2 + use crows_utils::services::Worker;
[INFO] [stdout]   |
[INFO] [stdout] 
[INFO] [stdout] error: aborting due to 2 previous errors
[INFO] [stdout] 
[INFO] [stdout] For more information about this error, try `rustc --explain E0405`.
[INFO] [stdout] Couldn't compile the test.
[INFO] [stdout] ---- src/lib.rs - Service (line 321) stdout ----
[INFO] [stdout] error: unexpected token: `...`
[INFO] [stdout]   --> src/lib.rs:336:30
[INFO] [stdout]    |
[INFO] [stdout] 17 |     fn handle_request(...) { .... }
[INFO] [stdout]    |                              ^^^
[INFO] [stdout]    |
[INFO] [stdout] help: use `..` for an exclusive range
[INFO] [stdout]    |
[INFO] [stdout] 17 |     fn handle_request(...) { ... }
[INFO] [stdout]    |                              ~~
[INFO] [stdout] help: or `..=` for an inclusive range
[INFO] [stdout]    |
[INFO] [stdout] 17 |     fn handle_request(...) { ..=. }
[INFO] [stdout]    |                              ~~~
[INFO] [stdout] 
[INFO] [stdout] error[E0586]: inclusive range with no end
[INFO] [stdout]   --> src/lib.rs:336:30
[INFO] [stdout]    |
[INFO] [stdout] 17 |     fn handle_request(...) { .... }
[INFO] [stdout]    |                              ^^^
[INFO] [stdout]    |
[INFO] [stdout]    = note: inclusive ranges must be bounded at the end (`..=b` or `a..=b`)
[INFO] [stdout] help: use `..` instead
[INFO] [stdout]    |
[INFO] [stdout] 17 -     fn handle_request(...) { .... }
[INFO] [stdout] 17 +     fn handle_request(...) { ... }
[INFO] [stdout]    |
[INFO] [stdout] 
[INFO] [stdout] error: expected one of `;` or `}`, found `.`
[INFO] [stdout]   --> src/lib.rs:336:33
[INFO] [stdout]    |
[INFO] [stdout] 17 |     fn handle_request(...) { .... }
[INFO] [stdout]    |                                 ^ expected one of `;` or `}`
[INFO] [stdout] 
[INFO] [stdout] error: only foreign, `unsafe extern "C"`, or `unsafe extern "C-unwind"` functions may have a C-variadic arg
[INFO] [stdout]   --> src/lib.rs:336:23
[INFO] [stdout]    |
[INFO] [stdout] 17 |     fn handle_request(...) { .... }
[INFO] [stdout]    |                       ^^^
[INFO] [stdout] 
[INFO] [stdout] error[E0405]: cannot find trait `Service` in this scope
[INFO] [stdout]   --> src/lib.rs:332:6
[INFO] [stdout]    |
[INFO] [stdout] 13 | impl Service for WorkrService {
[INFO] [stdout]    |      ^^^^^^^ not found in this scope
[INFO] [stdout]    |
[INFO] [stdout] help: consider importing this trait
[INFO] [stdout]    |
[INFO] [stdout] 2  + use crows_utils::Service;
[INFO] [stdout]    |
[INFO] [stdout] 
[INFO] [stdout] error[E0412]: cannot find type `WorkrService` in this scope
[INFO] [stdout]   --> src/lib.rs:332:18
[INFO] [stdout]    |
[INFO] [stdout] 7  | struct WorkerService {}
[INFO] [stdout]    | -------------------- similarly named struct `WorkerService` defined here
[INFO] [stdout] ...
[INFO] [stdout] 13 | impl Service for WorkrService {
[INFO] [stdout]    |                  ^^^^^^^^^^^^ help: a struct with a similar name exists: `WorkerService`
[INFO] [stdout] 
[INFO] [stdout] error[E0412]: cannot find type `WorkerRequest` in this scope
[INFO] [stdout]   --> src/lib.rs:333:20
[INFO] [stdout]    |
[INFO] [stdout] 14 |     type Request = WorkerRequest;
[INFO] [stdout]    |                    ^^^^^^^^^^^^^ not found in this scope
[INFO] [stdout]    |
[INFO] [stdout] help: consider importing this enum
[INFO] [stdout]    |
[INFO] [stdout] 2  + use crows_utils::services::WorkerRequest;
[INFO] [stdout]    |
[INFO] [stdout] 
[INFO] [stdout] error[E0412]: cannot find type `WorkerResponse` in this scope
[INFO] [stdout]   --> src/lib.rs:334:21
[INFO] [stdout]    |
[INFO] [stdout] 15 |     type Response = WorkerResponse;
[INFO] [stdout]    |                     ^^^^^^^^^^^^^^ not found in this scope
[INFO] [stdout]    |
[INFO] [stdout] help: consider importing this enum
[INFO] [stdout]    |
[INFO] [stdout] 2  + use crows_utils::services::WorkerResponse;
[INFO] [stdout]    |
[INFO] [stdout] 
[INFO] [stdout] error[E0658]: C-variadic functions are unstable
[INFO] [stdout]   --> src/lib.rs:336:5
[INFO] [stdout]    |
[INFO] [stdout] 17 |     fn handle_request(...) { .... }
[INFO] [stdout]    |     ^^^^^^^^^^^^^^^^^^^^^^^^^^^^^^^
[INFO] [stdout]    |
[INFO] [stdout]    = note: see issue #44930 <https://github.com/rust-lang/rust/issues/44930> for more information
[INFO] [stdout] 
[INFO] [stdout] error: aborting due to 9 previous errors
[INFO] [stdout] 
[INFO] [stdout] Some errors have detailed explanations: E0405, E0412, E0586, E0658.
[INFO] [stdout] For more information about an error, try `rustc --explain E0405`.
[INFO] [stdout] Couldn't compile the test.
[INFO] [stdout] ---- src/lib.rs - Service (line 350) stdout ----
[INFO] [stdout] error[E0405]: cannot find trait `Service` in this scope
[INFO] [stdout]  --> src/lib.rs:351:9
[INFO] [stdout]   |
[INFO] [stdout] 3 | impl<T> Service for T
[INFO] [stdout]   |         ^^^^^^^ not found in this scope
[INFO] [stdout]   |
[INFO] [stdout] help: consider importing this trait
[INFO] [stdout]   |
[INFO] [stdout] 2 + use crows_utils::Service;
[INFO] [stdout]   |
[INFO] [stdout] 
[INFO] [stdout] error[E0405]: cannot find trait `Coordinator` in this scope
[INFO] [stdout]  --> src/lib.rs:352:10
[INFO] [stdout]   |
[INFO] [stdout] 4 | where T: Coordinator + Send + Sync { }
[INFO] [stdout]   |          ^^^^^^^^^^^ not found in this scope
[INFO] [stdout]   |
[INFO] [stdout] help: consider importing this trait
[INFO] [stdout]   |
[INFO] [stdout] 2 + use crows_utils::services::Coordinator;
[INFO] [stdout]   |
[INFO] [stdout] 
[INFO] [stdout] error: aborting due to 2 previous errors
[INFO] [stdout] 
[INFO] [stdout] For more information about this error, try `rustc --explain E0405`.
[INFO] [stdout] Couldn't compile the test.
[INFO] [stdout] ---- src/lib.rs - Service (line 368) stdout ----
[INFO] [stdout] error[E0405]: cannot find trait `Service` in this scope
[INFO] [stdout]  --> src/lib.rs:370:14
[INFO] [stdout]   |
[INFO] [stdout] 4 |     where T: Service<DummyWorkerService> { }
[INFO] [stdout]   |              ^^^^^^^ not found in this scope
[INFO] [stdout]   |
[INFO] [stdout] help: consider importing this trait
[INFO] [stdout]   |
[INFO] [stdout] 2 + use crows_utils::Service;
[INFO] [stdout]   |
[INFO] [stdout] 
[INFO] [stdout] error[E0412]: cannot find type `DummyWorkerService` in this scope
[INFO] [stdout]  --> src/lib.rs:370:22
[INFO] [stdout]   |
[INFO] [stdout] 4 |     where T: Service<DummyWorkerService> { }
[INFO] [stdout]   |                      ^^^^^^^^^^^^^^^^^^ not found in this scope
[INFO] [stdout]   |
[INFO] [stdout] help: consider importing this struct
[INFO] [stdout]   |
[INFO] [stdout] 2 + use crows_utils::services::DummyWorkerService;
[INFO] [stdout]   |
[INFO] [stdout] 
[INFO] [stdout] error: aborting due to 2 previous errors
[INFO] [stdout] 
[INFO] [stdout] Some errors have detailed explanations: E0405, E0412.
[INFO] [stdout] For more information about an error, try `rustc --explain E0405`.
[INFO] [stdout] Couldn't compile the test.
[INFO] [stdout] ---- src/lib.rs - Service (line 358) stdout ----
[INFO] [stdout] error[E0405]: cannot find trait `Service` in this scope
[INFO] [stdout]  --> src/lib.rs:361:9
[INFO] [stdout]   |
[INFO] [stdout] 5 | impl<T> Service<DummyWorkerService> for T
[INFO] [stdout]   |         ^^^^^^^ not found in this scope
[INFO] [stdout]   |
[INFO] [stdout] help: consider importing this trait
[INFO] [stdout]   |
[INFO] [stdout] 2 + use crows_utils::Service;
[INFO] [stdout]   |
[INFO] [stdout] 
[INFO] [stdout] error[E0405]: cannot find trait `Worker` in this scope
[INFO] [stdout]  --> src/lib.rs:362:10
[INFO] [stdout]   |
[INFO] [stdout] 6 | where T: Worker + Send + Sync { }
[INFO] [stdout]   |          ^^^^^^ not found in this scope
[INFO] [stdout]   |
[INFO] [stdout] help: consider importing this trait
[INFO] [stdout]   |
[INFO] [stdout] 2 + use crows_utils::services::Worker;
[INFO] [stdout]   |
[INFO] [stdout] 
[INFO] [stdout] error: aborting due to 2 previous errors
[INFO] [stdout] 
[INFO] [stdout] For more information about this error, try `rustc --explain E0405`.
[INFO] [stdout] Couldn't compile the test.
[INFO] [stdout] 
[INFO] [stdout] failures:
[INFO] [stdout]     src/lib.rs - Service (line 321)
[INFO] [stdout]     src/lib.rs - Service (line 343)
[INFO] [stdout]     src/lib.rs - Service (line 350)
[INFO] [stdout]     src/lib.rs - Service (line 358)
[INFO] [stdout]     src/lib.rs - Service (line 368)
[INFO] [stdout] 
[INFO] [stdout] test result: FAILED. 0 passed; 5 failed; 0 ignored; 0 measured; 0 filtered out; finished in 0.37s
[INFO] [stdout] 
[INFO] [stderr] error: doctest failed, to rerun pass `--doc`
[INFO] running `Command { std: "docker" "inspect" "d3a407b5390de92a49f41710dbb044a30d9772e068935499376039ac1635cbe5", kill_on_drop: false }`
[INFO] running `Command { std: "docker" "rm" "-f" "d3a407b5390de92a49f41710dbb044a30d9772e068935499376039ac1635cbe5", kill_on_drop: false }`
[INFO] [stdout] d3a407b5390de92a49f41710dbb044a30d9772e068935499376039ac1635cbe5
