[INFO] fetching crate crossterm-display 0.1.2...
[INFO] testing crossterm-display-0.1.2 against 1.83.0 for beta-1.84.0-4-retry
[INFO] extracting crate crossterm-display 0.1.2 into /workspace/builds/worker-6-tc1/source
[INFO] validating manifest of crates.io crate crossterm-display 0.1.2 on toolchain 1.83.0
[INFO] running `Command { std: CARGO_HOME="/workspace/cargo-home" RUSTUP_HOME="/workspace/rustup-home" "/workspace/cargo-home/bin/cargo" "+1.83.0" "metadata" "--manifest-path" "Cargo.toml" "--no-deps", kill_on_drop: false }`
[INFO] started tweaking crates.io crate crossterm-display 0.1.2
[INFO] finished tweaking crates.io crate crossterm-display 0.1.2
[INFO] tweaked toml for crates.io crate crossterm-display 0.1.2 written to /workspace/builds/worker-6-tc1/source/Cargo.toml
[INFO] crate crates.io crate crossterm-display 0.1.2 already has a lockfile, it will not be regenerated
[INFO] running `Command { std: CARGO_HOME="/workspace/cargo-home" RUSTUP_HOME="/workspace/rustup-home" "/workspace/cargo-home/bin/cargo" "+1.83.0" "fetch" "--manifest-path" "Cargo.toml", kill_on_drop: false }`
[INFO] running `Command { std: "docker" "create" "-v" "/var/lib/crater-agent-workspace/builds/worker-6-tc1/target:/opt/rustwide/target:rw,Z" "-v" "/var/lib/crater-agent-workspace/builds/worker-6-tc1/source:/opt/rustwide/workdir:ro,Z" "-v" "/var/lib/crater-agent-workspace/cargo-home:/opt/rustwide/cargo-home:ro,Z" "-v" "/var/lib/crater-agent-workspace/rustup-home:/opt/rustwide/rustup-home:ro,Z" "-e" "SOURCE_DIR=/opt/rustwide/workdir" "-e" "CARGO_TARGET_DIR=/opt/rustwide/target" "-e" "CARGO_HOME=/opt/rustwide/cargo-home" "-e" "RUSTUP_HOME=/opt/rustwide/rustup-home" "-w" "/opt/rustwide/workdir" "-m" "1610612736" "--user" "0:0" "--network" "none" "ghcr.io/rust-lang/crates-build-env/linux@sha256:f3a9d4ad9d972b27faf3965f35b62e55ba32bbce8f20bc8fe909558a86702fde" "/opt/rustwide/cargo-home/bin/cargo" "+1.83.0" "metadata" "--no-deps" "--format-version=1", kill_on_drop: false }`
[INFO] [stdout] 5526a2a8356943d7213ffbbfa748199793812eca49ef6677a9b90e31227c5125
[INFO] running `Command { std: "docker" "start" "-a" "5526a2a8356943d7213ffbbfa748199793812eca49ef6677a9b90e31227c5125", kill_on_drop: false }`
[INFO] running `Command { std: "docker" "inspect" "5526a2a8356943d7213ffbbfa748199793812eca49ef6677a9b90e31227c5125", kill_on_drop: false }`
[INFO] running `Command { std: "docker" "rm" "-f" "5526a2a8356943d7213ffbbfa748199793812eca49ef6677a9b90e31227c5125", kill_on_drop: false }`
[INFO] [stdout] 5526a2a8356943d7213ffbbfa748199793812eca49ef6677a9b90e31227c5125
[INFO] running `Command { std: "docker" "create" "-v" "/var/lib/crater-agent-workspace/builds/worker-6-tc1/target:/opt/rustwide/target:rw,Z" "-v" "/var/lib/crater-agent-workspace/builds/worker-6-tc1/source:/opt/rustwide/workdir:ro,Z" "-v" "/var/lib/crater-agent-workspace/cargo-home:/opt/rustwide/cargo-home:ro,Z" "-v" "/var/lib/crater-agent-workspace/rustup-home:/opt/rustwide/rustup-home:ro,Z" "-e" "SOURCE_DIR=/opt/rustwide/workdir" "-e" "CARGO_TARGET_DIR=/opt/rustwide/target" "-e" "CARGO_INCREMENTAL=0" "-e" "RUST_BACKTRACE=full" "-e" "RUSTFLAGS=--cap-lints=warn" "-e" "RUSTDOCFLAGS=--cap-lints=warn" "-e" "CARGO_HOME=/opt/rustwide/cargo-home" "-e" "RUSTUP_HOME=/opt/rustwide/rustup-home" "-w" "/opt/rustwide/workdir" "-m" "1610612736" "--user" "0:0" "--network" "none" "ghcr.io/rust-lang/crates-build-env/linux@sha256:f3a9d4ad9d972b27faf3965f35b62e55ba32bbce8f20bc8fe909558a86702fde" "/opt/rustwide/cargo-home/bin/cargo" "+1.83.0" "build" "--frozen" "--message-format=json", kill_on_drop: false }`
[INFO] [stdout] c0a8e16cab4daa314ce1bc18692c71b384eb7d2d1f0e50deea35b108c6fcaaa1
[INFO] running `Command { std: "docker" "start" "-a" "c0a8e16cab4daa314ce1bc18692c71b384eb7d2d1f0e50deea35b108c6fcaaa1", kill_on_drop: false }`
[INFO] [stderr]    Compiling libc v0.2.153
[INFO] [stderr]    Compiling autocfg v1.1.0
[INFO] [stderr]    Compiling signal-hook v0.3.17
[INFO] [stderr]    Compiling parking_lot_core v0.9.9
[INFO] [stderr]    Compiling cfg-if v1.0.0
[INFO] [stderr]    Compiling log v0.4.21
[INFO] [stderr]    Compiling scopeguard v1.2.0
[INFO] [stderr]    Compiling smallvec v1.13.2
[INFO] [stderr]    Compiling bitflags v2.5.0
[INFO] [stderr]    Compiling lock_api v0.4.11
[INFO] [stderr]    Compiling signal-hook-registry v1.4.1
[INFO] [stderr]    Compiling mio v0.8.11
[INFO] [stderr]    Compiling parking_lot v0.12.1
[INFO] [stderr]    Compiling signal-hook-mio v0.2.3
[INFO] [stderr]    Compiling crossterm v0.27.0
[INFO] [stderr]    Compiling crossterm-display v0.1.2 (/opt/rustwide/workdir)
[INFO] [stdout] warning: method `queue_clear` is never used
[INFO] [stdout]    --> src/lib.rs:159:8
[INFO] [stdout]     |
[INFO] [stdout] 79  | impl TerminalDisplay {
[INFO] [stdout]     | -------------------- method in this implementation
[INFO] [stdout] ...
[INFO] [stdout] 159 |     fn queue_clear(&mut self) -> Result<(), std::io::Error> {
[INFO] [stdout]     |        ^^^^^^^^^^^
[INFO] [stdout]     |
[INFO] [stdout]     = note: `#[warn(dead_code)]` on by default
[INFO] [stdout] 
[INFO] [stdout] 
[INFO] [stderr]     Finished `dev` profile [unoptimized + debuginfo] target(s) in 4.13s
[INFO] running `Command { std: "docker" "inspect" "c0a8e16cab4daa314ce1bc18692c71b384eb7d2d1f0e50deea35b108c6fcaaa1", kill_on_drop: false }`
[INFO] running `Command { std: "docker" "rm" "-f" "c0a8e16cab4daa314ce1bc18692c71b384eb7d2d1f0e50deea35b108c6fcaaa1", kill_on_drop: false }`
[INFO] [stdout] c0a8e16cab4daa314ce1bc18692c71b384eb7d2d1f0e50deea35b108c6fcaaa1
[INFO] running `Command { std: "docker" "create" "-v" "/var/lib/crater-agent-workspace/builds/worker-6-tc1/target:/opt/rustwide/target:rw,Z" "-v" "/var/lib/crater-agent-workspace/builds/worker-6-tc1/source:/opt/rustwide/workdir:ro,Z" "-v" "/var/lib/crater-agent-workspace/cargo-home:/opt/rustwide/cargo-home:ro,Z" "-v" "/var/lib/crater-agent-workspace/rustup-home:/opt/rustwide/rustup-home:ro,Z" "-e" "SOURCE_DIR=/opt/rustwide/workdir" "-e" "CARGO_TARGET_DIR=/opt/rustwide/target" "-e" "CARGO_INCREMENTAL=0" "-e" "RUST_BACKTRACE=full" "-e" "RUSTFLAGS=--cap-lints=warn" "-e" "RUSTDOCFLAGS=--cap-lints=warn" "-e" "CARGO_HOME=/opt/rustwide/cargo-home" "-e" "RUSTUP_HOME=/opt/rustwide/rustup-home" "-w" "/opt/rustwide/workdir" "-m" "1610612736" "--user" "0:0" "--network" "none" "ghcr.io/rust-lang/crates-build-env/linux@sha256:f3a9d4ad9d972b27faf3965f35b62e55ba32bbce8f20bc8fe909558a86702fde" "/opt/rustwide/cargo-home/bin/cargo" "+1.83.0" "test" "--frozen" "--no-run" "--message-format=json", kill_on_drop: false }`
[INFO] [stdout] d320ef2b3d1f5d6e0f7f324614124d456e4947de430b21bb439e5b05f18a8df4
[INFO] running `Command { std: "docker" "start" "-a" "d320ef2b3d1f5d6e0f7f324614124d456e4947de430b21bb439e5b05f18a8df4", kill_on_drop: false }`
[INFO] [stderr]    Compiling crossterm-display v0.1.2 (/opt/rustwide/workdir)
[INFO] [stdout] warning: method `queue_clear` is never used
[INFO] [stdout]    --> src/lib.rs:159:8
[INFO] [stdout]     |
[INFO] [stdout] 79  | impl TerminalDisplay {
[INFO] [stdout]     | -------------------- method in this implementation
[INFO] [stdout] ...
[INFO] [stdout] 159 |     fn queue_clear(&mut self) -> Result<(), std::io::Error> {
[INFO] [stdout]     |        ^^^^^^^^^^^
[INFO] [stdout]     |
[INFO] [stdout]     = note: `#[warn(dead_code)]` on by default
[INFO] [stdout] 
[INFO] [stdout] 
[INFO] [stdout] warning: unused variable: `cell`
[INFO] [stdout]   --> examples/gol.rs:50:13
[INFO] [stdout]    |
[INFO] [stdout] 50 |         let cell = self[y][x];
[INFO] [stdout]    |             ^^^^ help: if this is intentional, prefix it with an underscore: `_cell`
[INFO] [stdout]    |
[INFO] [stdout]    = note: `#[warn(unused_variables)]` on by default
[INFO] [stdout] 
[INFO] [stdout] 
[INFO] [stdout] warning: method `queue_clear` is never used
[INFO] [stdout]    --> src/lib.rs:159:8
[INFO] [stdout]     |
[INFO] [stdout] 79  | impl TerminalDisplay {
[INFO] [stdout]     | -------------------- method in this implementation
[INFO] [stdout] ...
[INFO] [stdout] 159 |     fn queue_clear(&mut self) -> Result<(), std::io::Error> {
[INFO] [stdout]     |        ^^^^^^^^^^^
[INFO] [stdout]     |
[INFO] [stdout]     = note: `#[warn(dead_code)]` on by default
[INFO] [stdout] 
[INFO] [stdout] 
[INFO] [stderr]     Finished `test` profile [unoptimized + debuginfo] target(s) in 0.84s
[INFO] running `Command { std: "docker" "inspect" "d320ef2b3d1f5d6e0f7f324614124d456e4947de430b21bb439e5b05f18a8df4", kill_on_drop: false }`
[INFO] running `Command { std: "docker" "rm" "-f" "d320ef2b3d1f5d6e0f7f324614124d456e4947de430b21bb439e5b05f18a8df4", kill_on_drop: false }`
[INFO] [stdout] d320ef2b3d1f5d6e0f7f324614124d456e4947de430b21bb439e5b05f18a8df4
[INFO] running `Command { std: "docker" "create" "-v" "/var/lib/crater-agent-workspace/builds/worker-6-tc1/target:/opt/rustwide/target:rw,Z" "-v" "/var/lib/crater-agent-workspace/builds/worker-6-tc1/source:/opt/rustwide/workdir:ro,Z" "-v" "/var/lib/crater-agent-workspace/cargo-home:/opt/rustwide/cargo-home:ro,Z" "-v" "/var/lib/crater-agent-workspace/rustup-home:/opt/rustwide/rustup-home:ro,Z" "-e" "SOURCE_DIR=/opt/rustwide/workdir" "-e" "CARGO_TARGET_DIR=/opt/rustwide/target" "-e" "CARGO_INCREMENTAL=0" "-e" "RUST_BACKTRACE=full" "-e" "RUSTFLAGS=--cap-lints=warn" "-e" "RUSTDOCFLAGS=--cap-lints=warn" "-e" "CARGO_HOME=/opt/rustwide/cargo-home" "-e" "RUSTUP_HOME=/opt/rustwide/rustup-home" "-w" "/opt/rustwide/workdir" "-m" "1610612736" "--user" "0:0" "--network" "none" "ghcr.io/rust-lang/crates-build-env/linux@sha256:f3a9d4ad9d972b27faf3965f35b62e55ba32bbce8f20bc8fe909558a86702fde" "/opt/rustwide/cargo-home/bin/cargo" "+1.83.0" "test" "--frozen", kill_on_drop: false }`
[INFO] [stdout] 19505f25a9e103e8a03d0aa5dd520f7e4294f863eeeab446d61277c51a941719
[INFO] running `Command { std: "docker" "start" "-a" "19505f25a9e103e8a03d0aa5dd520f7e4294f863eeeab446d61277c51a941719", kill_on_drop: false }`
[INFO] [stderr] warning: method `queue_clear` is never used
[INFO] [stderr]    --> src/lib.rs:159:8
[INFO] [stderr]     |
[INFO] [stderr] 79  | impl TerminalDisplay {
[INFO] [stderr]     | -------------------- method in this implementation
[INFO] [stderr] ...
[INFO] [stderr] 159 |     fn queue_clear(&mut self) -> Result<(), std::io::Error> {
[INFO] [stderr]     |        ^^^^^^^^^^^
[INFO] [stderr]     |
[INFO] [stderr]     = note: `#[warn(dead_code)]` on by default
[INFO] [stderr] 
[INFO] [stderr] warning: `crossterm-display` (lib) generated 1 warning
[INFO] [stderr] warning: `crossterm-display` (lib test) generated 1 warning (1 duplicate)
[INFO] [stderr] warning: unused variable: `cell`
[INFO] [stderr]   --> examples/gol.rs:50:13
[INFO] [stderr]    |
[INFO] [stderr] 50 |         let cell = self[y][x];
[INFO] [stderr]    |             ^^^^ help: if this is intentional, prefix it with an underscore: `_cell`
[INFO] [stderr]    |
[INFO] [stderr]    = note: `#[warn(unused_variables)]` on by default
[INFO] [stderr] 
[INFO] [stderr] warning: `crossterm-display` (example "gol") generated 1 warning
[INFO] [stderr]     Finished `test` profile [unoptimized + debuginfo] target(s) in 0.03s
[INFO] [stderr]      Running unittests src/lib.rs (/opt/rustwide/target/debug/deps/crossterm_display-646f2d2683ac7dfb)
[INFO] [stdout] 
[INFO] [stdout] running 0 tests
[INFO] [stdout] 
[INFO] [stdout] test result: ok. 0 passed; 0 failed; 0 ignored; 0 measured; 0 filtered out; finished in 0.00s
[INFO] [stdout] 
[INFO] [stderr]    Doc-tests crossterm_display
[INFO] [stdout] 
[INFO] [stdout] running 1 test
[INFO] [stdout] test src/lib.rs - TerminalDisplay::stdout (line 64) ... FAILED
[INFO] [stderr] error: doctest failed, to rerun pass `--doc`
[INFO] [stdout] 
[INFO] [stdout] failures:
[INFO] [stdout] 
[INFO] [stdout] ---- src/lib.rs - TerminalDisplay::stdout (line 64) stdout ----
[INFO] [stdout] error[E0596]: cannot borrow `td.stdout` as mutable, as `td` is not declared as mutable
[INFO] [stdout]  --> src/lib.rs:69:1
[INFO] [stdout]   |
[INFO] [stdout] 8 | td.stdout.queue(crossterm::cursor::Hide).unwrap();
[INFO] [stdout]   | ^^^^^^^^^ cannot borrow as mutable
[INFO] [stdout]   |
[INFO] [stdout] help: consider changing this to be mutable
[INFO] [stdout]   |
[INFO] [stdout] 7 | let mut td = TerminalDisplay::new().unwrap();
[INFO] [stdout]   |     +++
[INFO] [stdout] 
[INFO] [stdout] error: aborting due to 1 previous error
[INFO] [stdout] 
[INFO] [stdout] For more information about this error, try `rustc --explain E0596`.
[INFO] [stdout] Couldn't compile the test.
[INFO] [stdout] 
[INFO] [stdout] failures:
[INFO] [stdout]     src/lib.rs - TerminalDisplay::stdout (line 64)
[INFO] [stdout] 
[INFO] [stdout] test result: FAILED. 0 passed; 1 failed; 0 ignored; 0 measured; 0 filtered out; finished in 0.06s
[INFO] [stdout] 
[INFO] running `Command { std: "docker" "inspect" "19505f25a9e103e8a03d0aa5dd520f7e4294f863eeeab446d61277c51a941719", kill_on_drop: false }`
[INFO] running `Command { std: "docker" "rm" "-f" "19505f25a9e103e8a03d0aa5dd520f7e4294f863eeeab446d61277c51a941719", kill_on_drop: false }`
[INFO] [stdout] 19505f25a9e103e8a03d0aa5dd520f7e4294f863eeeab446d61277c51a941719
