[INFO] fetching crate crossbeam-skiplist-pr1132 0.1.9...
[INFO] testing crossbeam-skiplist-pr1132-0.1.9 against beta-2024-12-08 for beta-1.84.0-4-retry
[INFO] extracting crate crossbeam-skiplist-pr1132 0.1.9 into /workspace/builds/worker-7-tc2/source
[INFO] validating manifest of crates.io crate crossbeam-skiplist-pr1132 0.1.9 on toolchain beta-2024-12-08
[INFO] running `Command { std: CARGO_HOME="/workspace/cargo-home" RUSTUP_HOME="/workspace/rustup-home" "/workspace/cargo-home/bin/cargo" "+beta-2024-12-08" "metadata" "--manifest-path" "Cargo.toml" "--no-deps", kill_on_drop: false }`
[INFO] started tweaking crates.io crate crossbeam-skiplist-pr1132 0.1.9
[INFO] removed 0 missing examples
[INFO] removed 0 missing tests
[INFO] finished tweaking crates.io crate crossbeam-skiplist-pr1132 0.1.9
[INFO] tweaked toml for crates.io crate crossbeam-skiplist-pr1132 0.1.9 written to /workspace/builds/worker-7-tc2/source/Cargo.toml
[INFO] crate crates.io crate crossbeam-skiplist-pr1132 0.1.9 already has a lockfile, it will not be regenerated
[INFO] running `Command { std: CARGO_HOME="/workspace/cargo-home" RUSTUP_HOME="/workspace/rustup-home" "/workspace/cargo-home/bin/cargo" "+beta-2024-12-08" "fetch" "--manifest-path" "Cargo.toml", kill_on_drop: false }`
[INFO] running `Command { std: "docker" "create" "-v" "/var/lib/crater-agent-workspace/builds/worker-7-tc2/target:/opt/rustwide/target:rw,Z" "-v" "/var/lib/crater-agent-workspace/builds/worker-7-tc2/source:/opt/rustwide/workdir:ro,Z" "-v" "/var/lib/crater-agent-workspace/cargo-home:/opt/rustwide/cargo-home:ro,Z" "-v" "/var/lib/crater-agent-workspace/rustup-home:/opt/rustwide/rustup-home:ro,Z" "-e" "SOURCE_DIR=/opt/rustwide/workdir" "-e" "CARGO_TARGET_DIR=/opt/rustwide/target" "-e" "CARGO_HOME=/opt/rustwide/cargo-home" "-e" "RUSTUP_HOME=/opt/rustwide/rustup-home" "-w" "/opt/rustwide/workdir" "-m" "1610612736" "--user" "0:0" "--network" "none" "ghcr.io/rust-lang/crates-build-env/linux@sha256:f3a9d4ad9d972b27faf3965f35b62e55ba32bbce8f20bc8fe909558a86702fde" "/opt/rustwide/cargo-home/bin/cargo" "+beta-2024-12-08" "metadata" "--no-deps" "--format-version=1", kill_on_drop: false }`
[INFO] [stdout] 8b4288f0f31477db365fa2e42ce84f40fc6264d52702d46fa44a3d45540dfbdd
[INFO] running `Command { std: "docker" "start" "-a" "8b4288f0f31477db365fa2e42ce84f40fc6264d52702d46fa44a3d45540dfbdd", kill_on_drop: false }`
[INFO] running `Command { std: "docker" "inspect" "8b4288f0f31477db365fa2e42ce84f40fc6264d52702d46fa44a3d45540dfbdd", kill_on_drop: false }`
[INFO] running `Command { std: "docker" "rm" "-f" "8b4288f0f31477db365fa2e42ce84f40fc6264d52702d46fa44a3d45540dfbdd", kill_on_drop: false }`
[INFO] [stdout] 8b4288f0f31477db365fa2e42ce84f40fc6264d52702d46fa44a3d45540dfbdd
[INFO] running `Command { std: "docker" "create" "-v" "/var/lib/crater-agent-workspace/builds/worker-7-tc2/target:/opt/rustwide/target:rw,Z" "-v" "/var/lib/crater-agent-workspace/builds/worker-7-tc2/source:/opt/rustwide/workdir:ro,Z" "-v" "/var/lib/crater-agent-workspace/cargo-home:/opt/rustwide/cargo-home:ro,Z" "-v" "/var/lib/crater-agent-workspace/rustup-home:/opt/rustwide/rustup-home:ro,Z" "-e" "SOURCE_DIR=/opt/rustwide/workdir" "-e" "CARGO_TARGET_DIR=/opt/rustwide/target" "-e" "CARGO_INCREMENTAL=0" "-e" "RUST_BACKTRACE=full" "-e" "RUSTFLAGS=--cap-lints=warn" "-e" "RUSTDOCFLAGS=--cap-lints=warn" "-e" "CARGO_HOME=/opt/rustwide/cargo-home" "-e" "RUSTUP_HOME=/opt/rustwide/rustup-home" "-w" "/opt/rustwide/workdir" "-m" "1610612736" "--user" "0:0" "--network" "none" "ghcr.io/rust-lang/crates-build-env/linux@sha256:f3a9d4ad9d972b27faf3965f35b62e55ba32bbce8f20bc8fe909558a86702fde" "/opt/rustwide/cargo-home/bin/cargo" "+beta-2024-12-08" "build" "--frozen" "--message-format=json", kill_on_drop: false }`
[INFO] [stdout] 2c1ada5927af382c9c97dc40c5c700fd52fe60d3ae9b6dfebd2b5ea7b062f4f8
[INFO] running `Command { std: "docker" "start" "-a" "2c1ada5927af382c9c97dc40c5c700fd52fe60d3ae9b6dfebd2b5ea7b062f4f8", kill_on_drop: false }`
[INFO] [stderr]    Compiling crossbeam-utils v0.8.20
[INFO] [stderr]    Compiling equivalent v1.0.1
[INFO] [stderr]    Compiling crossbeam-epoch v0.9.18
[INFO] [stderr]    Compiling crossbeam-skiplist-pr1132 v0.1.9 (/opt/rustwide/workdir)
[INFO] [stderr]     Finished `dev` profile [unoptimized + debuginfo] target(s) in 1.80s
[INFO] running `Command { std: "docker" "inspect" "2c1ada5927af382c9c97dc40c5c700fd52fe60d3ae9b6dfebd2b5ea7b062f4f8", kill_on_drop: false }`
[INFO] running `Command { std: "docker" "rm" "-f" "2c1ada5927af382c9c97dc40c5c700fd52fe60d3ae9b6dfebd2b5ea7b062f4f8", kill_on_drop: false }`
[INFO] [stdout] 2c1ada5927af382c9c97dc40c5c700fd52fe60d3ae9b6dfebd2b5ea7b062f4f8
[INFO] running `Command { std: "docker" "create" "-v" "/var/lib/crater-agent-workspace/builds/worker-7-tc2/target:/opt/rustwide/target:rw,Z" "-v" "/var/lib/crater-agent-workspace/builds/worker-7-tc2/source:/opt/rustwide/workdir:ro,Z" "-v" "/var/lib/crater-agent-workspace/cargo-home:/opt/rustwide/cargo-home:ro,Z" "-v" "/var/lib/crater-agent-workspace/rustup-home:/opt/rustwide/rustup-home:ro,Z" "-e" "SOURCE_DIR=/opt/rustwide/workdir" "-e" "CARGO_TARGET_DIR=/opt/rustwide/target" "-e" "CARGO_INCREMENTAL=0" "-e" "RUST_BACKTRACE=full" "-e" "RUSTFLAGS=--cap-lints=warn" "-e" "RUSTDOCFLAGS=--cap-lints=warn" "-e" "CARGO_HOME=/opt/rustwide/cargo-home" "-e" "RUSTUP_HOME=/opt/rustwide/rustup-home" "-w" "/opt/rustwide/workdir" "-m" "1610612736" "--user" "0:0" "--network" "none" "ghcr.io/rust-lang/crates-build-env/linux@sha256:f3a9d4ad9d972b27faf3965f35b62e55ba32bbce8f20bc8fe909558a86702fde" "/opt/rustwide/cargo-home/bin/cargo" "+beta-2024-12-08" "test" "--frozen" "--no-run" "--message-format=json", kill_on_drop: false }`
[INFO] [stdout] 8f99accbe667470580b6d431ff9eadc87e6d230f854610d37394cc294701c874
[INFO] running `Command { std: "docker" "start" "-a" "8f99accbe667470580b6d431ff9eadc87e6d230f854610d37394cc294701c874", kill_on_drop: false }`
[INFO] [stderr]    Compiling proc-macro2 v1.0.87
[INFO] [stderr]    Compiling unicode-ident v1.0.13
[INFO] [stderr]    Compiling libc v0.2.159
[INFO] [stderr]    Compiling byteorder v1.5.0
[INFO] [stderr]    Compiling quote v1.0.37
[INFO] [stderr]    Compiling syn v2.0.79
[INFO] [stderr]    Compiling getrandom v0.2.15
[INFO] [stderr]    Compiling rand_core v0.6.4
[INFO] [stderr]    Compiling zerocopy-derive v0.7.35
[INFO] [stderr]    Compiling zerocopy v0.7.35
[INFO] [stderr]    Compiling ppv-lite86 v0.2.20
[INFO] [stderr]    Compiling rand_chacha v0.3.1
[INFO] [stderr]    Compiling rand v0.8.5
[INFO] [stderr]    Compiling crossbeam-skiplist-pr1132 v0.1.9 (/opt/rustwide/workdir)
[INFO] [stderr]     Finished `test` profile [unoptimized + debuginfo] target(s) in 12.70s
[INFO] running `Command { std: "docker" "inspect" "8f99accbe667470580b6d431ff9eadc87e6d230f854610d37394cc294701c874", kill_on_drop: false }`
[INFO] running `Command { std: "docker" "rm" "-f" "8f99accbe667470580b6d431ff9eadc87e6d230f854610d37394cc294701c874", kill_on_drop: false }`
[INFO] [stdout] 8f99accbe667470580b6d431ff9eadc87e6d230f854610d37394cc294701c874
[INFO] running `Command { std: "docker" "create" "-v" "/var/lib/crater-agent-workspace/builds/worker-7-tc2/target:/opt/rustwide/target:rw,Z" "-v" "/var/lib/crater-agent-workspace/builds/worker-7-tc2/source:/opt/rustwide/workdir:ro,Z" "-v" "/var/lib/crater-agent-workspace/cargo-home:/opt/rustwide/cargo-home:ro,Z" "-v" "/var/lib/crater-agent-workspace/rustup-home:/opt/rustwide/rustup-home:ro,Z" "-e" "SOURCE_DIR=/opt/rustwide/workdir" "-e" "CARGO_TARGET_DIR=/opt/rustwide/target" "-e" "CARGO_INCREMENTAL=0" "-e" "RUST_BACKTRACE=full" "-e" "RUSTFLAGS=--cap-lints=warn" "-e" "RUSTDOCFLAGS=--cap-lints=warn" "-e" "CARGO_HOME=/opt/rustwide/cargo-home" "-e" "RUSTUP_HOME=/opt/rustwide/rustup-home" "-w" "/opt/rustwide/workdir" "-m" "1610612736" "--user" "0:0" "--network" "none" "ghcr.io/rust-lang/crates-build-env/linux@sha256:f3a9d4ad9d972b27faf3965f35b62e55ba32bbce8f20bc8fe909558a86702fde" "/opt/rustwide/cargo-home/bin/cargo" "+beta-2024-12-08" "test" "--frozen", kill_on_drop: false }`
[INFO] [stdout] 682540e7e7a302212a296fbbcd25fe24d0e3d8008ed34a0e8cf7e32bd73e6b86
[INFO] running `Command { std: "docker" "start" "-a" "682540e7e7a302212a296fbbcd25fe24d0e3d8008ed34a0e8cf7e32bd73e6b86", kill_on_drop: false }`
[INFO] [stderr]     Finished `test` profile [unoptimized + debuginfo] target(s) in 0.04s
[INFO] [stderr]      Running unittests src/lib.rs (/opt/rustwide/target/debug/deps/crossbeam_skiplist_pr1132-8d04e1bb208b9c15)
[INFO] [stderr]      Running tests/base.rs (/opt/rustwide/target/debug/deps/base-0eab80f9b6daabb2)
[INFO] [stdout] 
[INFO] [stdout] running 0 tests
[INFO] [stdout] 
[INFO] [stdout] test result: ok. 0 passed; 0 failed; 0 ignored; 0 measured; 0 filtered out; finished in 0.00s
[INFO] [stdout] 
[INFO] [stdout] 
[INFO] [stdout] running 24 tests
[INFO] [stdout] test clear ... ok
[INFO] [stdout] test comparable_get ... ok
[INFO] [stdout] test entry ... ok
[INFO] [stdout] test entry_remove ... ok
[INFO] [stdout] test front_and_back ... ok
[INFO] [stdout] test get ... ok
[INFO] [stdout] test get_or_insert_with ... ok
[INFO] [stdout] test drops ... ok
[INFO] [stdout] test get_or_insert ... ok
[INFO] [stdout] test iter_range ... ok
[INFO] [stdout] test len ... ok
[INFO] [stdout] test lower_bound ... ok
[INFO] [stdout] test into_iter ... ok
[INFO] [stdout] test entry_reposition ... ok
[INFO] [stdout] test new ... ok
[INFO] [stdout] test remove ... ok
[INFO] [stdout] test insert ... ok
[INFO] [stdout] test iter ... ok
[INFO] [stdout] test get_next_prev ... ok
[INFO] [stdout] test insert_and_remove ... ok
[INFO] [stdout] test is_empty ... ok
[INFO] [stdout] test upper_bound ... ok
[INFO] [stdout] test get_or_insert_with_panic ... ok
[INFO] [stdout] test get_or_insert_with_parallel_run ... ok
[INFO] [stderr]      Running tests/map.rs (/opt/rustwide/target/debug/deps/map-023c2f46e372e9f2)
[INFO] [stdout] 
[INFO] [stdout] test result: ok. 24 passed; 0 failed; 0 ignored; 0 measured; 0 filtered out; finished in 4.01s
[INFO] [stdout] 
[INFO] [stdout] 
[INFO] [stdout] running 34 tests
[INFO] [stdout] test compare_and_insert ... ok
[INFO] [stdout] test compare_insert_with_absent_key ... ok
[INFO] [stdout] test clear ... ok
[INFO] [stdout] test entry ... ok
[INFO] [stdout] test entry_reposition ... ok
[INFO] [stdout] test entry_remove ... ok
[INFO] [stdout] test get ... ok
[INFO] [stdout] test get_next_prev ... ok
[INFO] [stdout] test get_or_insert_with ... ok
[INFO] [stdout] test iter_range ... ok
[INFO] [stdout] test len ... ok
[INFO] [stdout] test get_or_insert ... ok
[INFO] [stdout] test front_and_back ... ok
[INFO] [stdout] test insert ... ok
[INFO] [stdout] test insert_and_remove ... ok
[INFO] [stdout] test into_iter ... ok
[INFO] [stdout] test is_empty ... ok
[INFO] [stdout] test iter ... ok
[INFO] [stdout] test iter_range2 ... ok
[INFO] [stdout] test lower_bound ... ok
[INFO] [stdout] test next_back_memory_leak ... ok
[INFO] [stdout] test next_memory_leak ... ok
[INFO] [stdout] test ordered_range ... ok
[INFO] [stdout] test remove ... ok
[INFO] [stdout] test upper_bound ... ok
[INFO] [stdout] test smoke ... ok
[INFO] [stdout] test range_next_memory_leak ... ok
[INFO] [stdout] test ordered_iter ... ok
[INFO] [stdout] test get_or_insert_with_panic ... ok
[INFO] [stdout] test concurrent_insert_get_same_key ... ok
[INFO] [stdout] test concurrent_compare_and_insert ... ok
[INFO] [stdout] test concurrent_insert ... ok
[INFO] [stdout] test concurrent_remove ... ok
[INFO] [stdout] test get_or_insert_with_parallel_run ... ok
[INFO] [stdout] 
[INFO] [stdout] test result: ok. 34 passed; 0 failed; 0 ignored; 0 measured; 0 filtered out; finished in 4.05s
[INFO] [stdout] 
[INFO] [stderr]      Running tests/set.rs (/opt/rustwide/target/debug/deps/set-18418b19068226a4)
[INFO] [stdout] 
[INFO] [stdout] running 23 tests
[INFO] [stdout] test entry_remove ... ok
[INFO] [stdout] test get ... ok
[INFO] [stdout] test get_next_prev ... ok
[INFO] [stdout] test insert ... ok
[INFO] [stdout] test into_iter ... ok
[INFO] [stdout] test is_empty ... ok
[INFO] [stdout] test iter ... ok
[INFO] [stdout] test insert_and_remove ... ok
[INFO] [stdout] test len ... ok
[INFO] [stdout] test iter_range2 ... ok
[INFO] [stdout] test iter_range ... ok
[INFO] [stdout] test smoke ... ok
[INFO] [stdout] test upper_bound ... ok
[INFO] [stdout] test get_or_insert ... ok
[INFO] [stdout] test remove ... ok
[INFO] [stdout] test entry ... ok
[INFO] [stdout] test entry_reposition ... ok
[INFO] [stdout] test lower_bound ... ok
[INFO] [stdout] test front_and_back ... ok
[INFO] [stdout] test clear ... ok
[INFO] [stdout] test concurrent_remove ... ok
[INFO] [stdout] test concurrent_insert ... ok
[INFO] [stdout] test concurrent_insert_get_same_key ... ok
[INFO] [stderr]    Doc-tests crossbeam_skiplist_pr1132
[INFO] [stdout] 
[INFO] [stdout] test result: ok. 23 passed; 0 failed; 0 ignored; 0 measured; 0 filtered out; finished in 0.44s
[INFO] [stdout] 
[INFO] [stdout] 
[INFO] [stdout] running 40 tests
[INFO] [stdout] test src/map.rs - map::SkipMap<K,V>::iter (line 292) ... FAILED
[INFO] [stdout] test src/lib.rs - (line 53) - compile ... FAILED
[INFO] [stdout] test src/lib.rs - (line 206) ... FAILED
[INFO] [stdout] test src/map.rs - map::SkipMap<K,V>::is_empty (line 41) ... FAILED
[INFO] [stdout] test src/map.rs - map::SkipMap<K,V>::get (line 148) ... FAILED
[INFO] [stdout] test src/map.rs - map::SkipMap<K,V>::contains_key (line 125) ... FAILED
[INFO] [stdout] test src/map.rs - map::SkipMap<K,V>::get_or_insert (line 235) ... FAILED
[INFO] [stdout] test src/map.rs - map::SkipMap<K,V>::front (line 88) ... FAILED
[INFO] [stdout] test src/lib.rs - (line 171) ... FAILED
[INFO] [stdout] test src/map.rs - map::SkipMap<K,V>::compare_insert (line 382) ... FAILED
[INFO] [stdout] test src/map.rs - map::SkipMap<K,V>::clear (line 485) ... FAILED
[INFO] [stdout] test src/map.rs - map::SkipMap<K,V>::len (line 60) ... FAILED
[INFO] [stdout] test src/map.rs - map::SkipMap<K,V>::back (line 108) ... FAILED
[INFO] [stdout] test src/lib.rs - (line 20) ... FAILED
[INFO] [stdout] test src/map.rs - map::SkipMap<K,V>::get_or_insert_with (line 265) ... FAILED
[INFO] [stdout] test src/map.rs - map::SkipMap<K,V>::insert (line 359) ... FAILED
[INFO] [stdout] test src/map.rs - map::SkipMap<K,V>::lower_bound (line 173) ... FAILED
[INFO] [stdout] test src/map.rs - map::SkipMap<K,V>::new (line 27) ... FAILED
[INFO] [stdout] test src/set.rs - set::SkipSet<T>::clear (line 373) ... FAILED
[INFO] [stdout] test src/set.rs - set::SkipSet<T>::contains (line 117) ... FAILED
[INFO] [stdout] test src/map.rs - map::SkipMap<K,V>::pop_back (line 462) ... FAILED
[INFO] [stdout] test src/set.rs - set::SkipSet<T>::back (line 100) ... FAILED
[INFO] [stdout] test src/map.rs - map::SkipMap<K,V>::remove (line 411) ... FAILED
[INFO] [stdout] test src/map.rs - map::SkipMap<K,V>::range (line 319) ... FAILED
[INFO] [stdout] test src/set.rs - set::SkipSet<T>::get (line 135) ... FAILED
[INFO] [stdout] test src/set.rs - set::SkipSet<T>::front (line 83) ... FAILED
[INFO] [stdout] test src/set.rs - set::SkipSet<T>::range (line 251) ... FAILED
[INFO] [stdout] test src/set.rs - set::SkipSet<T>::get_or_insert (line 212) ... FAILED
[INFO] [stdout] test src/set.rs - set::SkipSet<T>::insert (line 286) ... FAILED
[INFO] [stdout] test src/set.rs - set::SkipSet<T>::lower_bound (line 155) ... FAILED
[INFO] [stdout] test src/map.rs - map::SkipMap<K,V>::upper_bound (line 207) ... FAILED
[INFO] [stdout] test src/set.rs - set::SkipSet<T>::remove (line 304) ... FAILED
[INFO] [stdout] test src/set.rs - set::SkipSet<T>::iter (line 227) ... FAILED
[INFO] [stdout] test src/map.rs - map::SkipMap<K,V>::pop_front (line 435) ... FAILED
[INFO] [stdout] test src/set.rs - set::SkipSet<T>::len (line 61) ... FAILED
[INFO] [stdout] test src/set.rs - set::SkipSet<T>::is_empty (line 41) ... FAILED
[INFO] [stdout] test src/set.rs - set::SkipSet<T>::new (line 26) ... FAILED
[INFO] [stdout] test src/set.rs - set::SkipSet<T>::pop_back (line 352) ... FAILED
[INFO] [stdout] test src/set.rs - set::SkipSet<T>::pop_front (line 327) ... FAILED
[INFO] [stdout] test src/set.rs - set::SkipSet<T>::upper_bound (line 186) ... FAILED
[INFO] [stdout] 
[INFO] [stdout] failures:
[INFO] [stdout] 
[INFO] [stdout] ---- src/map.rs - map::SkipMap<K,V>::iter (line 292) stdout ----
[INFO] [stdout] error[E0432]: unresolved import `crossbeam_skiplist`
[INFO] [stdout]  --> src/map.rs:293:5
[INFO] [stdout]   |
[INFO] [stdout] 4 | use crossbeam_skiplist::SkipMap;
[INFO] [stdout]   |     ^^^^^^^^^^^^^^^^^^ use of undeclared crate or module `crossbeam_skiplist`
[INFO] [stdout]   |
[INFO] [stdout] help: there is a crate or module with a similar name
[INFO] [stdout]   |
[INFO] [stdout] 4 | use crossbeam_utils::SkipMap;
[INFO] [stdout]   |     ~~~~~~~~~~~~~~~
[INFO] [stdout] 
[INFO] [stdout] error: aborting due to 1 previous error
[INFO] [stdout] 
[INFO] [stdout] For more information about this error, try `rustc --explain E0432`.
[INFO] [stdout] Couldn't compile the test.
[INFO] [stdout] ---- src/lib.rs - (line 53) stdout ----
[INFO] [stdout] error[E0432]: unresolved import `crossbeam_skiplist`
[INFO] [stdout]  --> src/lib.rs:54:5
[INFO] [stdout]   |
[INFO] [stdout] 4 | use crossbeam_skiplist::SkipSet;
[INFO] [stdout]   |     ^^^^^^^^^^^^^^^^^^ use of undeclared crate or module `crossbeam_skiplist`
[INFO] [stdout]   |
[INFO] [stdout] help: there is a crate or module with a similar name
[INFO] [stdout]   |
[INFO] [stdout] 4 | use crossbeam_utils::SkipSet;
[INFO] [stdout]   |     ~~~~~~~~~~~~~~~
[INFO] [stdout] 
[INFO] [stdout] error: aborting due to 1 previous error
[INFO] [stdout] 
[INFO] [stdout] For more information about this error, try `rustc --explain E0432`.
[INFO] [stdout] Couldn't compile the test.
[INFO] [stdout] ---- src/lib.rs - (line 206) stdout ----
[INFO] [stdout] error[E0432]: unresolved import `crossbeam_skiplist`
[INFO] [stdout]  --> src/lib.rs:207:5
[INFO] [stdout]   |
[INFO] [stdout] 4 | use crossbeam_skiplist::SkipSet;
[INFO] [stdout]   |     ^^^^^^^^^^^^^^^^^^ use of undeclared crate or module `crossbeam_skiplist`
[INFO] [stdout]   |
[INFO] [stdout] help: there is a crate or module with a similar name
[INFO] [stdout]   |
[INFO] [stdout] 4 | use crossbeam_utils::SkipSet;
[INFO] [stdout]   |     ~~~~~~~~~~~~~~~
[INFO] [stdout] 
[INFO] [stdout] error: aborting due to 1 previous error
[INFO] [stdout] 
[INFO] [stdout] For more information about this error, try `rustc --explain E0432`.
[INFO] [stdout] Couldn't compile the test.
[INFO] [stdout] ---- src/map.rs - map::SkipMap<K,V>::is_empty (line 41) stdout ----
[INFO] [stdout] error[E0432]: unresolved import `crossbeam_skiplist`
[INFO] [stdout]  --> src/map.rs:42:5
[INFO] [stdout]   |
[INFO] [stdout] 4 | use crossbeam_skiplist::SkipMap;
[INFO] [stdout]   |     ^^^^^^^^^^^^^^^^^^ use of undeclared crate or module `crossbeam_skiplist`
[INFO] [stdout]   |
[INFO] [stdout] help: there is a crate or module with a similar name
[INFO] [stdout]   |
[INFO] [stdout] 4 | use crossbeam_utils::SkipMap;
[INFO] [stdout]   |     ~~~~~~~~~~~~~~~
[INFO] [stdout] 
[INFO] [stdout] error: aborting due to 1 previous error
[INFO] [stdout] 
[INFO] [stdout] For more information about this error, try `rustc --explain E0432`.
[INFO] [stdout] Couldn't compile the test.
[INFO] [stdout] ---- src/map.rs - map::SkipMap<K,V>::get (line 148) stdout ----
[INFO] [stdout] error[E0432]: unresolved import `crossbeam_skiplist`
[INFO] [stdout]  --> src/map.rs:149:5
[INFO] [stdout]   |
[INFO] [stdout] 4 | use crossbeam_skiplist::SkipMap;
[INFO] [stdout]   |     ^^^^^^^^^^^^^^^^^^ use of undeclared crate or module `crossbeam_skiplist`
[INFO] [stdout]   |
[INFO] [stdout] help: there is a crate or module with a similar name
[INFO] [stdout]   |
[INFO] [stdout] 4 | use crossbeam_utils::SkipMap;
[INFO] [stdout]   |     ~~~~~~~~~~~~~~~
[INFO] [stdout] 
[INFO] [stdout] error: aborting due to 1 previous error
[INFO] [stdout] 
[INFO] [stdout] For more information about this error, try `rustc --explain E0432`.
[INFO] [stdout] Couldn't compile the test.
[INFO] [stdout] ---- src/map.rs - map::SkipMap<K,V>::contains_key (line 125) stdout ----
[INFO] [stdout] error[E0432]: unresolved import `crossbeam_skiplist`
[INFO] [stdout]  --> src/map.rs:126:5
[INFO] [stdout]   |
[INFO] [stdout] 4 | use crossbeam_skiplist::SkipMap;
[INFO] [stdout]   |     ^^^^^^^^^^^^^^^^^^ use of undeclared crate or module `crossbeam_skiplist`
[INFO] [stdout]   |
[INFO] [stdout] help: there is a crate or module with a similar name
[INFO] [stdout]   |
[INFO] [stdout] 4 | use crossbeam_utils::SkipMap;
[INFO] [stdout]   |     ~~~~~~~~~~~~~~~
[INFO] [stdout] 
[INFO] [stdout] error: aborting due to 1 previous error
[INFO] [stdout] 
[INFO] [stdout] For more information about this error, try `rustc --explain E0432`.
[INFO] [stdout] Couldn't compile the test.
[INFO] [stdout] ---- src/map.rs - map::SkipMap<K,V>::get_or_insert (line 235) stdout ----
[INFO] [stdout] error[E0432]: unresolved import `crossbeam_skiplist`
[INFO] [stdout]  --> src/map.rs:236:5
[INFO] [stdout]   |
[INFO] [stdout] 4 | use crossbeam_skiplist::SkipMap;
[INFO] [stdout]   |     ^^^^^^^^^^^^^^^^^^ use of undeclared crate or module `crossbeam_skiplist`
[INFO] [stdout]   |
[INFO] [stdout] help: there is a crate or module with a similar name
[INFO] [stdout]   |
[INFO] [stdout] 4 | use crossbeam_utils::SkipMap;
[INFO] [stdout]   |     ~~~~~~~~~~~~~~~
[INFO] [stdout] 
[INFO] [stdout] error: aborting due to 1 previous error
[INFO] [stdout] 
[INFO] [stdout] For more information about this error, try `rustc --explain E0432`.
[INFO] [stdout] Couldn't compile the test.
[INFO] [stdout] ---- src/map.rs - map::SkipMap<K,V>::front (line 88) stdout ----
[INFO] [stdout] error[E0432]: unresolved import `crossbeam_skiplist`
[INFO] [stdout]  --> src/map.rs:89:5
[INFO] [stdout]   |
[INFO] [stdout] 4 | use crossbeam_skiplist::SkipMap;
[INFO] [stdout]   |     ^^^^^^^^^^^^^^^^^^ use of undeclared crate or module `crossbeam_skiplist`
[INFO] [stdout]   |
[INFO] [stdout] help: there is a crate or module with a similar name
[INFO] [stdout]   |
[INFO] [stdout] 4 | use crossbeam_utils::SkipMap;
[INFO] [stdout]   |     ~~~~~~~~~~~~~~~
[INFO] [stdout] 
[INFO] [stdout] error: aborting due to 1 previous error
[INFO] [stdout] 
[INFO] [stdout] For more information about this error, try `rustc --explain E0432`.
[INFO] [stdout] Couldn't compile the test.
[INFO] [stdout] ---- src/lib.rs - (line 171) stdout ----
[INFO] [stdout] error[E0432]: unresolved import `crossbeam_skiplist`
[INFO] [stdout]  --> src/lib.rs:172:5
[INFO] [stdout]   |
[INFO] [stdout] 4 | use crossbeam_skiplist::SkipMap;
[INFO] [stdout]   |     ^^^^^^^^^^^^^^^^^^ use of undeclared crate or module `crossbeam_skiplist`
[INFO] [stdout]   |
[INFO] [stdout] help: there is a crate or module with a similar name
[INFO] [stdout]   |
[INFO] [stdout] 4 | use crossbeam_utils::SkipMap;
[INFO] [stdout]   |     ~~~~~~~~~~~~~~~
[INFO] [stdout] 
[INFO] [stdout] error: aborting due to 1 previous error
[INFO] [stdout] 
[INFO] [stdout] For more information about this error, try `rustc --explain E0432`.
[INFO] [stdout] Couldn't compile the test.
[INFO] [stdout] ---- src/map.rs - map::SkipMap<K,V>::compare_insert (line 382) stdout ----
[INFO] [stdout] error[E0432]: unresolved import `crossbeam_skiplist`
[INFO] [stdout]  --> src/map.rs:383:5
[INFO] [stdout]   |
[INFO] [stdout] 4 | use crossbeam_skiplist::SkipMap;
[INFO] [stdout]   |     ^^^^^^^^^^^^^^^^^^ use of undeclared crate or module `crossbeam_skiplist`
[INFO] [stdout]   |
[INFO] [stdout] help: there is a crate or module with a similar name
[INFO] [stdout]   |
[INFO] [stdout] 4 | use crossbeam_utils::SkipMap;
[INFO] [stdout]   |     ~~~~~~~~~~~~~~~
[INFO] [stdout] 
[INFO] [stdout] error: aborting due to 1 previous error
[INFO] [stdout] 
[INFO] [stdout] For more information about this error, try `rustc --explain E0432`.
[INFO] [stdout] Couldn't compile the test.
[INFO] [stdout] ---- src/map.rs - map::SkipMap<K,V>::clear (line 485) stdout ----
[INFO] [stdout] error[E0432]: unresolved import `crossbeam_skiplist`
[INFO] [stdout]  --> src/map.rs:486:5
[INFO] [stdout]   |
[INFO] [stdout] 4 | use crossbeam_skiplist::SkipMap;
[INFO] [stdout]   |     ^^^^^^^^^^^^^^^^^^ use of undeclared crate or module `crossbeam_skiplist`
[INFO] [stdout]   |
[INFO] [stdout] help: there is a crate or module with a similar name
[INFO] [stdout]   |
[INFO] [stdout] 4 | use crossbeam_utils::SkipMap;
[INFO] [stdout]   |     ~~~~~~~~~~~~~~~
[INFO] [stdout] 
[INFO] [stdout] error: aborting due to 1 previous error
[INFO] [stdout] 
[INFO] [stdout] For more information about this error, try `rustc --explain E0432`.
[INFO] [stdout] Couldn't compile the test.
[INFO] [stdout] ---- src/map.rs - map::SkipMap<K,V>::len (line 60) stdout ----
[INFO] [stdout] error[E0432]: unresolved import `crossbeam_skiplist`
[INFO] [stdout]  --> src/map.rs:61:5
[INFO] [stdout]   |
[INFO] [stdout] 4 | use crossbeam_skiplist::SkipMap;
[INFO] [stdout]   |     ^^^^^^^^^^^^^^^^^^ use of undeclared crate or module `crossbeam_skiplist`
[INFO] [stdout]   |
[INFO] [stdout] help: there is a crate or module with a similar name
[INFO] [stdout]   |
[INFO] [stdout] 4 | use crossbeam_utils::SkipMap;
[INFO] [stdout]   |     ~~~~~~~~~~~~~~~
[INFO] [stdout] 
[INFO] [stdout] error: aborting due to 1 previous error
[INFO] [stdout] 
[INFO] [stdout] For more information about this error, try `rustc --explain E0432`.
[INFO] [stdout] Couldn't compile the test.
[INFO] [stdout] ---- src/map.rs - map::SkipMap<K,V>::back (line 108) stdout ----
[INFO] [stdout] error[E0432]: unresolved import `crossbeam_skiplist`
[INFO] [stdout]  --> src/map.rs:109:5
[INFO] [stdout]   |
[INFO] [stdout] 4 | use crossbeam_skiplist::SkipMap;
[INFO] [stdout]   |     ^^^^^^^^^^^^^^^^^^ use of undeclared crate or module `crossbeam_skiplist`
[INFO] [stdout]   |
[INFO] [stdout] help: there is a crate or module with a similar name
[INFO] [stdout]   |
[INFO] [stdout] 4 | use crossbeam_utils::SkipMap;
[INFO] [stdout]   |     ~~~~~~~~~~~~~~~
[INFO] [stdout] 
[INFO] [stdout] error: aborting due to 1 previous error
[INFO] [stdout] 
[INFO] [stdout] For more information about this error, try `rustc --explain E0432`.
[INFO] [stdout] Couldn't compile the test.
[INFO] [stdout] ---- src/lib.rs - (line 20) stdout ----
[INFO] [stdout] error[E0432]: unresolved import `crossbeam_skiplist`
[INFO] [stdout]  --> src/lib.rs:21:5
[INFO] [stdout]   |
[INFO] [stdout] 4 | use crossbeam_skiplist::SkipMap;
[INFO] [stdout]   |     ^^^^^^^^^^^^^^^^^^ use of undeclared crate or module `crossbeam_skiplist`
[INFO] [stdout]   |
[INFO] [stdout] help: there is a crate or module with a similar name
[INFO] [stdout]   |
[INFO] [stdout] 4 | use crossbeam_utils::SkipMap;
[INFO] [stdout]   |     ~~~~~~~~~~~~~~~
[INFO] [stdout] 
[INFO] [stdout] error: aborting due to 1 previous error
[INFO] [stdout] 
[INFO] [stdout] For more information about this error, try `rustc --explain E0432`.
[INFO] [stdout] Couldn't compile the test.
[INFO] [stdout] ---- src/map.rs - map::SkipMap<K,V>::get_or_insert_with (line 265) stdout ----
[INFO] [stdout] error[E0432]: unresolved import `crossbeam_skiplist`
[INFO] [stdout]  --> src/map.rs:266:5
[INFO] [stdout]   |
[INFO] [stdout] 4 | use crossbeam_skiplist::SkipMap;
[INFO] [stdout]   |     ^^^^^^^^^^^^^^^^^^ use of undeclared crate or module `crossbeam_skiplist`
[INFO] [stdout]   |
[INFO] [stdout] help: there is a crate or module with a similar name
[INFO] [stdout]   |
[INFO] [stdout] 4 | use crossbeam_utils::SkipMap;
[INFO] [stdout]   |     ~~~~~~~~~~~~~~~
[INFO] [stdout] 
[INFO] [stdout] error: aborting due to 1 previous error
[INFO] [stdout] 
[INFO] [stdout] For more information about this error, try `rustc --explain E0432`.
[INFO] [stdout] Couldn't compile the test.
[INFO] [stdout] ---- src/map.rs - map::SkipMap<K,V>::insert (line 359) stdout ----
[INFO] [stdout] error[E0432]: unresolved import `crossbeam_skiplist`
[INFO] [stdout]  --> src/map.rs:360:5
[INFO] [stdout]   |
[INFO] [stdout] 4 | use crossbeam_skiplist::SkipMap;
[INFO] [stdout]   |     ^^^^^^^^^^^^^^^^^^ use of undeclared crate or module `crossbeam_skiplist`
[INFO] [stdout]   |
[INFO] [stdout] help: there is a crate or module with a similar name
[INFO] [stdout]   |
[INFO] [stdout] 4 | use crossbeam_utils::SkipMap;
[INFO] [stdout]   |     ~~~~~~~~~~~~~~~
[INFO] [stdout] 
[INFO] [stdout] error: aborting due to 1 previous error
[INFO] [stdout] 
[INFO] [stdout] For more information about this error, try `rustc --explain E0432`.
[INFO] [stdout] Couldn't compile the test.
[INFO] [stdout] ---- src/map.rs - map::SkipMap<K,V>::lower_bound (line 173) stdout ----
[INFO] [stdout] error[E0432]: unresolved import `crossbeam_skiplist`
[INFO] [stdout]  --> src/map.rs:174:5
[INFO] [stdout]   |
[INFO] [stdout] 4 | use crossbeam_skiplist::SkipMap;
[INFO] [stdout]   |     ^^^^^^^^^^^^^^^^^^ use of undeclared crate or module `crossbeam_skiplist`
[INFO] [stdout]   |
[INFO] [stdout] help: there is a crate or module with a similar name
[INFO] [stdout]   |
[INFO] [stdout] 4 | use crossbeam_utils::SkipMap;
[INFO] [stdout]   |     ~~~~~~~~~~~~~~~
[INFO] [stdout] 
[INFO] [stdout] error: aborting due to 1 previous error
[INFO] [stdout] 
[INFO] [stdout] For more information about this error, try `rustc --explain E0432`.
[INFO] [stdout] Couldn't compile the test.
[INFO] [stdout] ---- src/map.rs - map::SkipMap<K,V>::new (line 27) stdout ----
[INFO] [stdout] error[E0432]: unresolved import `crossbeam_skiplist`
[INFO] [stdout]  --> src/map.rs:28:5
[INFO] [stdout]   |
[INFO] [stdout] 4 | use crossbeam_skiplist::SkipMap;
[INFO] [stdout]   |     ^^^^^^^^^^^^^^^^^^ use of undeclared crate or module `crossbeam_skiplist`
[INFO] [stdout]   |
[INFO] [stdout] help: there is a crate or module with a similar name
[INFO] [stdout]   |
[INFO] [stdout] 4 | use crossbeam_utils::SkipMap;
[INFO] [stdout]   |     ~~~~~~~~~~~~~~~
[INFO] [stdout] 
[INFO] [stdout] error: aborting due to 1 previous error
[INFO] [stdout] 
[INFO] [stdout] For more information about this error, try `rustc --explain E0432`.
[INFO] [stdout] Couldn't compile the test.
[INFO] [stdout] ---- src/set.rs - set::SkipSet<T>::clear (line 373) stdout ----
[INFO] [stdout] error[E0432]: unresolved import `crossbeam_skiplist`
[INFO] [stdout]  --> src/set.rs:374:5
[INFO] [stdout]   |
[INFO] [stdout] 4 | use crossbeam_skiplist::SkipSet;
[INFO] [stdout]   |     ^^^^^^^^^^^^^^^^^^ use of undeclared crate or module `crossbeam_skiplist`
[INFO] [stdout]   |
[INFO] [stdout] help: there is a crate or module with a similar name
[INFO] [stdout]   |
[INFO] [stdout] 4 | use crossbeam_utils::SkipSet;
[INFO] [stdout]   |     ~~~~~~~~~~~~~~~
[INFO] [stdout] 
[INFO] [stdout] error: aborting due to 1 previous error
[INFO] [stdout] 
[INFO] [stdout] For more information about this error, try `rustc --explain E0432`.
[INFO] [stdout] Couldn't compile the test.
[INFO] [stdout] ---- src/set.rs - set::SkipSet<T>::contains (line 117) stdout ----
[INFO] [stdout] error[E0432]: unresolved import `crossbeam_skiplist`
[INFO] [stdout]  --> src/set.rs:118:5
[INFO] [stdout]   |
[INFO] [stdout] 4 | use crossbeam_skiplist::SkipSet;
[INFO] [stdout]   |     ^^^^^^^^^^^^^^^^^^ use of undeclared crate or module `crossbeam_skiplist`
[INFO] [stdout]   |
[INFO] [stdout] help: there is a crate or module with a similar name
[INFO] [stdout]   |
[INFO] [stdout] 4 | use crossbeam_utils::SkipSet;
[INFO] [stdout]   |     ~~~~~~~~~~~~~~~
[INFO] [stdout] 
[INFO] [stdout] error: aborting due to 1 previous error
[INFO] [stdout] 
[INFO] [stdout] For more information about this error, try `rustc --explain E0432`.
[INFO] [stdout] Couldn't compile the test.
[INFO] [stdout] ---- src/map.rs - map::SkipMap<K,V>::pop_back (line 462) stdout ----
[INFO] [stdout] error[E0432]: unresolved import `crossbeam_skiplist`
[INFO] [stdout]  --> src/map.rs:463:5
[INFO] [stdout]   |
[INFO] [stdout] 4 | use crossbeam_skiplist::SkipMap;
[INFO] [stdout]   |     ^^^^^^^^^^^^^^^^^^ use of undeclared crate or module `crossbeam_skiplist`
[INFO] [stdout]   |
[INFO] [stdout] help: there is a crate or module with a similar name
[INFO] [stdout]   |
[INFO] [stdout] 4 | use crossbeam_utils::SkipMap;
[INFO] [stdout]   |     ~~~~~~~~~~~~~~~
[INFO] [stdout] 
[INFO] [stdout] error: aborting due to 1 previous error
[INFO] [stdout] 
[INFO] [stdout] For more information about this error, try `rustc --explain E0432`.
[INFO] [stdout] Couldn't compile the test.
[INFO] [stdout] ---- src/set.rs - set::SkipSet<T>::back (line 100) stdout ----
[INFO] [stdout] error[E0432]: unresolved import `crossbeam_skiplist`
[INFO] [stdout]  --> src/set.rs:101:5
[INFO] [stdout]   |
[INFO] [stdout] 4 | use crossbeam_skiplist::SkipSet;
[INFO] [stdout]   |     ^^^^^^^^^^^^^^^^^^ use of undeclared crate or module `crossbeam_skiplist`
[INFO] [stdout]   |
[INFO] [stdout] help: there is a crate or module with a similar name
[INFO] [stdout]   |
[INFO] [stdout] 4 | use crossbeam_utils::SkipSet;
[INFO] [stdout]   |     ~~~~~~~~~~~~~~~
[INFO] [stdout] 
[INFO] [stdout] error: aborting due to 1 previous error
[INFO] [stdout] 
[INFO] [stdout] For more information about this error, try `rustc --explain E0432`.
[INFO] [stdout] Couldn't compile the test.
[INFO] [stdout] ---- src/map.rs - map::SkipMap<K,V>::remove (line 411) stdout ----
[INFO] [stdout] error[E0432]: unresolved import `crossbeam_skiplist`
[INFO] [stdout]  --> src/map.rs:412:5
[INFO] [stdout]   |
[INFO] [stdout] 4 | use crossbeam_skiplist::SkipMap;
[INFO] [stdout]   |     ^^^^^^^^^^^^^^^^^^ use of undeclared crate or module `crossbeam_skiplist`
[INFO] [stdout]   |
[INFO] [stdout] help: there is a crate or module with a similar name
[INFO] [stdout]   |
[INFO] [stdout] 4 | use crossbeam_utils::SkipMap;
[INFO] [stdout]   |     ~~~~~~~~~~~~~~~
[INFO] [stdout] 
[INFO] [stdout] error: aborting due to 1 previous error
[INFO] [stdout] 
[INFO] [stdout] For more information about this error, try `rustc --explain E0432`.
[INFO] [stdout] Couldn't compile the test.
[INFO] [stdout] ---- src/map.rs - map::SkipMap<K,V>::range (line 319) stdout ----
[INFO] [stdout] error[E0432]: unresolved import `crossbeam_skiplist`
[INFO] [stdout]  --> src/map.rs:320:5
[INFO] [stdout]   |
[INFO] [stdout] 4 | use crossbeam_skiplist::SkipMap;
[INFO] [stdout]   |     ^^^^^^^^^^^^^^^^^^ use of undeclared crate or module `crossbeam_skiplist`
[INFO] [stdout]   |
[INFO] [stdout] help: there is a crate or module with a similar name
[INFO] [stdout]   |
[INFO] [stdout] 4 | use crossbeam_utils::SkipMap;
[INFO] [stdout]   |     ~~~~~~~~~~~~~~~
[INFO] [stdout] 
[INFO] [stdout] error: aborting due to 1 previous error
[INFO] [stdout] 
[INFO] [stdout] For more information about this error, try `rustc --explain E0432`.
[INFO] [stdout] Couldn't compile the test.
[INFO] [stdout] ---- src/set.rs - set::SkipSet<T>::get (line 135) stdout ----
[INFO] [stdout] error[E0432]: unresolved import `crossbeam_skiplist`
[INFO] [stdout]  --> src/set.rs:136:5
[INFO] [stdout]   |
[INFO] [stdout] 4 | use crossbeam_skiplist::SkipSet;
[INFO] [stdout]   |     ^^^^^^^^^^^^^^^^^^ use of undeclared crate or module `crossbeam_skiplist`
[INFO] [stdout]   |
[INFO] [stdout] help: there is a crate or module with a similar name
[INFO] [stdout]   |
[INFO] [stdout] 4 | use crossbeam_utils::SkipSet;
[INFO] [stdout]   |     ~~~~~~~~~~~~~~~
[INFO] [stdout] 
[INFO] [stdout] error: aborting due to 1 previous error
[INFO] [stdout] 
[INFO] [stdout] For more information about this error, try `rustc --explain E0432`.
[INFO] [stdout] Couldn't compile the test.
[INFO] [stdout] ---- src/set.rs - set::SkipSet<T>::front (line 83) stdout ----
[INFO] [stdout] error[E0432]: unresolved import `crossbeam_skiplist`
[INFO] [stdout]  --> src/set.rs:84:5
[INFO] [stdout]   |
[INFO] [stdout] 4 | use crossbeam_skiplist::SkipSet;
[INFO] [stdout]   |     ^^^^^^^^^^^^^^^^^^ use of undeclared crate or module `crossbeam_skiplist`
[INFO] [stdout]   |
[INFO] [stdout] help: there is a crate or module with a similar name
[INFO] [stdout]   |
[INFO] [stdout] 4 | use crossbeam_utils::SkipSet;
[INFO] [stdout]   |     ~~~~~~~~~~~~~~~
[INFO] [stdout] 
[INFO] [stdout] error: aborting due to 1 previous error
[INFO] [stdout] 
[INFO] [stdout] For more information about this error, try `rustc --explain E0432`.
[INFO] [stdout] Couldn't compile the test.
[INFO] [stdout] ---- src/set.rs - set::SkipSet<T>::range (line 251) stdout ----
[INFO] [stdout] error[E0432]: unresolved import `crossbeam_skiplist`
[INFO] [stdout]  --> src/set.rs:252:5
[INFO] [stdout]   |
[INFO] [stdout] 4 | use crossbeam_skiplist::SkipSet;
[INFO] [stdout]   |     ^^^^^^^^^^^^^^^^^^ use of undeclared crate or module `crossbeam_skiplist`
[INFO] [stdout]   |
[INFO] [stdout] help: there is a crate or module with a similar name
[INFO] [stdout]   |
[INFO] [stdout] 4 | use crossbeam_utils::SkipSet;
[INFO] [stdout]   |     ~~~~~~~~~~~~~~~
[INFO] [stdout] 
[INFO] [stdout] error: aborting due to 1 previous error
[INFO] [stdout] 
[INFO] [stdout] For more information about this error, try `rustc --explain E0432`.
[INFO] [stdout] Couldn't compile the test.
[INFO] [stdout] ---- src/set.rs - set::SkipSet<T>::get_or_insert (line 212) stdout ----
[INFO] [stdout] error[E0432]: unresolved import `crossbeam_skiplist`
[INFO] [stdout]  --> src/set.rs:213:5
[INFO] [stdout]   |
[INFO] [stdout] 4 | use crossbeam_skiplist::SkipSet;
[INFO] [stdout]   |     ^^^^^^^^^^^^^^^^^^ use of undeclared crate or module `crossbeam_skiplist`
[INFO] [stdout]   |
[INFO] [stdout] help: there is a crate or module with a similar name
[INFO] [stdout]   |
[INFO] [stdout] 4 | use crossbeam_utils::SkipSet;
[INFO] [stdout]   |     ~~~~~~~~~~~~~~~
[INFO] [stdout] 
[INFO] [stdout] error: aborting due to 1 previous error
[INFO] [stdout] 
[INFO] [stdout] For more information about this error, try `rustc --explain E0432`.
[INFO] [stdout] Couldn't compile the test.
[INFO] [stdout] ---- src/set.rs - set::SkipSet<T>::insert (line 286) stdout ----
[INFO] [stdout] error[E0432]: unresolved import `crossbeam_skiplist`
[INFO] [stdout]  --> src/set.rs:287:5
[INFO] [stdout]   |
[INFO] [stdout] 4 | use crossbeam_skiplist::SkipSet;
[INFO] [stdout]   |     ^^^^^^^^^^^^^^^^^^ use of undeclared crate or module `crossbeam_skiplist`
[INFO] [stdout]   |
[INFO] [stdout] help: there is a crate or module with a similar name
[INFO] [stdout]   |
[INFO] [stdout] 4 | use crossbeam_utils::SkipSet;
[INFO] [stdout]   |     ~~~~~~~~~~~~~~~
[INFO] [stdout] 
[INFO] [stdout] error: aborting due to 1 previous error
[INFO] [stdout] 
[INFO] [stdout] For more information about this error, try `rustc --explain E0432`.
[INFO] [stdout] Couldn't compile the test.
[INFO] [stdout] ---- src/set.rs - set::SkipSet<T>::lower_bound (line 155) stdout ----
[INFO] [stdout] error[E0432]: unresolved import `crossbeam_skiplist`
[INFO] [stdout]  --> src/set.rs:156:5
[INFO] [stdout]   |
[INFO] [stdout] 4 | use crossbeam_skiplist::SkipSet;
[INFO] [stdout]   |     ^^^^^^^^^^^^^^^^^^ use of undeclared crate or module `crossbeam_skiplist`
[INFO] [stdout]   |
[INFO] [stdout] help: there is a crate or module with a similar name
[INFO] [stdout]   |
[INFO] [stdout] 4 | use crossbeam_utils::SkipSet;
[INFO] [stdout]   |     ~~~~~~~~~~~~~~~
[INFO] [stdout] 
[INFO] [stdout] error: aborting due to 1 previous error
[INFO] [stdout] 
[INFO] [stdout] For more information about this error, try `rustc --explain E0432`.
[INFO] [stdout] Couldn't compile the test.
[INFO] [stdout] ---- src/map.rs - map::SkipMap<K,V>::upper_bound (line 207) stdout ----
[INFO] [stdout] error[E0432]: unresolved import `crossbeam_skiplist`
[INFO] [stdout]  --> src/map.rs:208:5
[INFO] [stdout]   |
[INFO] [stdout] 4 | use crossbeam_skiplist::SkipMap;
[INFO] [stdout]   |     ^^^^^^^^^^^^^^^^^^ use of undeclared crate or module `crossbeam_skiplist`
[INFO] [stdout]   |
[INFO] [stdout] help: there is a crate or module with a similar name
[INFO] [stdout]   |
[INFO] [stdout] 4 | use crossbeam_utils::SkipMap;
[INFO] [stdout]   |     ~~~~~~~~~~~~~~~
[INFO] [stdout] 
[INFO] [stdout] error: aborting due to 1 previous error
[INFO] [stdout] 
[INFO] [stdout] For more information about this error, try `rustc --explain E0432`.
[INFO] [stdout] Couldn't compile the test.
[INFO] [stdout] ---- src/set.rs - set::SkipSet<T>::remove (line 304) stdout ----
[INFO] [stdout] error[E0432]: unresolved import `crossbeam_skiplist`
[INFO] [stdout]  --> src/set.rs:305:5
[INFO] [stdout]   |
[INFO] [stdout] 4 | use crossbeam_skiplist::SkipSet;
[INFO] [stdout]   |     ^^^^^^^^^^^^^^^^^^ use of undeclared crate or module `crossbeam_skiplist`
[INFO] [stdout]   |
[INFO] [stdout] help: there is a crate or module with a similar name
[INFO] [stdout]   |
[INFO] [stdout] 4 | use crossbeam_utils::SkipSet;
[INFO] [stdout]   |     ~~~~~~~~~~~~~~~
[INFO] [stdout] 
[INFO] [stdout] error: aborting due to 1 previous error
[INFO] [stdout] 
[INFO] [stdout] For more information about this error, try `rustc --explain E0432`.
[INFO] [stdout] Couldn't compile the test.
[INFO] [stdout] ---- src/set.rs - set::SkipSet<T>::iter (line 227) stdout ----
[INFO] [stdout] error[E0432]: unresolved import `crossbeam_skiplist`
[INFO] [stdout]  --> src/set.rs:228:5
[INFO] [stdout]   |
[INFO] [stdout] 4 | use crossbeam_skiplist::SkipSet;
[INFO] [stdout]   |     ^^^^^^^^^^^^^^^^^^ use of undeclared crate or module `crossbeam_skiplist`
[INFO] [stdout]   |
[INFO] [stdout] help: there is a crate or module with a similar name
[INFO] [stdout]   |
[INFO] [stdout] 4 | use crossbeam_utils::SkipSet;
[INFO] [stdout]   |     ~~~~~~~~~~~~~~~
[INFO] [stdout] 
[INFO] [stdout] error: aborting due to 1 previous error
[INFO] [stdout] 
[INFO] [stdout] For more information about this error, try `rustc --explain E0432`.
[INFO] [stdout] Couldn't compile the test.
[INFO] [stdout] ---- src/map.rs - map::SkipMap<K,V>::pop_front (line 435) stdout ----
[INFO] [stdout] error[E0432]: unresolved import `crossbeam_skiplist`
[INFO] [stdout]  --> src/map.rs:436:5
[INFO] [stdout]   |
[INFO] [stdout] 4 | use crossbeam_skiplist::SkipMap;
[INFO] [stdout]   |     ^^^^^^^^^^^^^^^^^^ use of undeclared crate or module `crossbeam_skiplist`
[INFO] [stdout]   |
[INFO] [stdout] help: there is a crate or module with a similar name
[INFO] [stdout]   |
[INFO] [stdout] 4 | use crossbeam_utils::SkipMap;
[INFO] [stdout]   |     ~~~~~~~~~~~~~~~
[INFO] [stdout] 
[INFO] [stdout] error: aborting due to 1 previous error
[INFO] [stdout] 
[INFO] [stdout] For more information about this error, try `rustc --explain E0432`.
[INFO] [stdout] Couldn't compile the test.
[INFO] [stdout] ---- src/set.rs - set::SkipSet<T>::len (line 61) stdout ----
[INFO] [stdout] error[E0432]: unresolved import `crossbeam_skiplist`
[INFO] [stdout]  --> src/set.rs:62:5
[INFO] [stdout]   |
[INFO] [stdout] 4 | use crossbeam_skiplist::SkipSet;
[INFO] [stdout]   |     ^^^^^^^^^^^^^^^^^^ use of undeclared crate or module `crossbeam_skiplist`
[INFO] [stdout]   |
[INFO] [stdout] help: there is a crate or module with a similar name
[INFO] [stdout]   |
[INFO] [stdout] 4 | use crossbeam_utils::SkipSet;
[INFO] [stdout]   |     ~~~~~~~~~~~~~~~
[INFO] [stdout] 
[INFO] [stdout] error: aborting due to 1 previous error
[INFO] [stdout] 
[INFO] [stdout] For more information about this error, try `rustc --explain E0432`.
[INFO] [stdout] Couldn't compile the test.
[INFO] [stdout] ---- src/set.rs - set::SkipSet<T>::is_empty (line 41) stdout ----
[INFO] [stdout] error[E0432]: unresolved import `crossbeam_skiplist`
[INFO] [stdout]  --> src/set.rs:42:5
[INFO] [stdout]   |
[INFO] [stdout] 4 | use crossbeam_skiplist::SkipSet;
[INFO] [stdout]   |     ^^^^^^^^^^^^^^^^^^ use of undeclared crate or module `crossbeam_skiplist`
[INFO] [stdout]   |
[INFO] [stdout] help: there is a crate or module with a similar name
[INFO] [stdout]   |
[INFO] [stdout] 4 | use crossbeam_utils::SkipSet;
[INFO] [stdout]   |     ~~~~~~~~~~~~~~~
[INFO] [stdout] 
[INFO] [stdout] error: aborting due to 1 previous error
[INFO] [stdout] 
[INFO] [stdout] For more information about this error, try `rustc --explain E0432`.
[INFO] [stdout] Couldn't compile the test.
[INFO] [stdout] ---- src/set.rs - set::SkipSet<T>::new (line 26) stdout ----
[INFO] [stdout] error[E0432]: unresolved import `crossbeam_skiplist`
[INFO] [stdout]  --> src/set.rs:27:5
[INFO] [stdout]   |
[INFO] [stdout] 4 | use crossbeam_skiplist::SkipSet;
[INFO] [stdout]   |     ^^^^^^^^^^^^^^^^^^ use of undeclared crate or module `crossbeam_skiplist`
[INFO] [stdout]   |
[INFO] [stdout] help: there is a crate or module with a similar name
[INFO] [stdout]   |
[INFO] [stdout] 4 | use crossbeam_utils::SkipSet;
[INFO] [stdout]   |     ~~~~~~~~~~~~~~~
[INFO] [stdout] 
[INFO] [stdout] error: aborting due to 1 previous error
[INFO] [stdout] 
[INFO] [stdout] For more information about this error, try `rustc --explain E0432`.
[INFO] [stdout] Couldn't compile the test.
[INFO] [stdout] ---- src/set.rs - set::SkipSet<T>::pop_back (line 352) stdout ----
[INFO] [stdout] error[E0432]: unresolved import `crossbeam_skiplist`
[INFO] [stdout]  --> src/set.rs:353:5
[INFO] [stdout]   |
[INFO] [stdout] 4 | use crossbeam_skiplist::SkipSet;
[INFO] [stdout]   |     ^^^^^^^^^^^^^^^^^^ use of undeclared crate or module `crossbeam_skiplist`
[INFO] [stdout]   |
[INFO] [stdout] help: there is a crate or module with a similar name
[INFO] [stdout]   |
[INFO] [stdout] 4 | use crossbeam_utils::SkipSet;
[INFO] [stdout]   |     ~~~~~~~~~~~~~~~
[INFO] [stdout] 
[INFO] [stdout] error: aborting due to 1 previous error
[INFO] [stdout] 
[INFO] [stdout] For more information about this error, try `rustc --explain E0432`.
[INFO] [stdout] Couldn't compile the test.
[INFO] [stdout] ---- src/set.rs - set::SkipSet<T>::pop_front (line 327) stdout ----
[INFO] [stdout] error[E0432]: unresolved import `crossbeam_skiplist`
[INFO] [stdout]  --> src/set.rs:328:5
[INFO] [stdout]   |
[INFO] [stdout] 4 | use crossbeam_skiplist::SkipSet;
[INFO] [stdout]   |     ^^^^^^^^^^^^^^^^^^ use of undeclared crate or module `crossbeam_skiplist`
[INFO] [stdout]   |
[INFO] [stdout] help: there is a crate or module with a similar name
[INFO] [stdout]   |
[INFO] [stdout] 4 | use crossbeam_utils::SkipSet;
[INFO] [stdout]   |     ~~~~~~~~~~~~~~~
[INFO] [stdout] 
[INFO] [stdout] error: aborting due to 1 previous error
[INFO] [stdout] 
[INFO] [stdout] For more information about this error, try `rustc --explain E0432`.
[INFO] [stdout] Couldn't compile the test.
[INFO] [stdout] ---- src/set.rs - set::SkipSet<T>::upper_bound (line 186) stdout ----
[INFO] [stdout] error[E0432]: unresolved import `crossbeam_skiplist`
[INFO] [stdout]  --> src/set.rs:187:5
[INFO] [stdout]   |
[INFO] [stdout] 4 | use crossbeam_skiplist::SkipSet;
[INFO] [stdout]   |     ^^^^^^^^^^^^^^^^^^ use of undeclared crate or module `crossbeam_skiplist`
[INFO] [stdout]   |
[INFO] [stdout] help: there is a crate or module with a similar name
[INFO] [stdout]   |
[INFO] [stdout] 4 | use crossbeam_utils::SkipSet;
[INFO] [stdout]   |     ~~~~~~~~~~~~~~~
[INFO] [stdout] 
[INFO] [stdout] error: aborting due to 1 previous error
[INFO] [stdout] 
[INFO] [stdout] For more information about this error, try `rustc --explain E0432`.
[INFO] [stdout] Couldn't compile the test.
[INFO] [stdout] 
[INFO] [stdout] failures:
[INFO] [stdout]     src/lib.rs - (line 171)
[INFO] [stdout]     src/lib.rs - (line 20)
[INFO] [stdout]     src/lib.rs - (line 206)
[INFO] [stdout]     src/lib.rs - (line 53)
[INFO] [stdout]     src/map.rs - map::SkipMap<K,V>::back (line 108)
[INFO] [stdout]     src/map.rs - map::SkipMap<K,V>::clear (line 485)
[INFO] [stdout]     src/map.rs - map::SkipMap<K,V>::compare_insert (line 382)
[INFO] [stdout]     src/map.rs - map::SkipMap<K,V>::contains_key (line 125)
[INFO] [stdout]     src/map.rs - map::SkipMap<K,V>::front (line 88)
[INFO] [stdout]     src/map.rs - map::SkipMap<K,V>::get (line 148)
[INFO] [stdout]     src/map.rs - map::SkipMap<K,V>::get_or_insert (line 235)
[INFO] [stdout]     src/map.rs - map::SkipMap<K,V>::get_or_insert_with (line 265)
[INFO] [stdout]     src/map.rs - map::SkipMap<K,V>::insert (line 359)
[INFO] [stdout]     src/map.rs - map::SkipMap<K,V>::is_empty (line 41)
[INFO] [stdout]     src/map.rs - map::SkipMap<K,V>::iter (line 292)
[INFO] [stdout]     src/map.rs - map::SkipMap<K,V>::len (line 60)
[INFO] [stdout]     src/map.rs - map::SkipMap<K,V>::lower_bound (line 173)
[INFO] [stdout]     src/map.rs - map::SkipMap<K,V>::new (line 27)
[INFO] [stdout]     src/map.rs - map::SkipMap<K,V>::pop_back (line 462)
[INFO] [stdout]     src/map.rs - map::SkipMap<K,V>::pop_front (line 435)
[INFO] [stdout]     src/map.rs - map::SkipMap<K,V>::range (line 319)
[INFO] [stdout]     src/map.rs - map::SkipMap<K,V>::remove (line 411)
[INFO] [stdout]     src/map.rs - map::SkipMap<K,V>::upper_bound (line 207)
[INFO] [stdout]     src/set.rs - set::SkipSet<T>::back (line 100)
[INFO] [stdout]     src/set.rs - set::SkipSet<T>::clear (line 373)
[INFO] [stdout]     src/set.rs - set::SkipSet<T>::contains (line 117)
[INFO] [stdout]     src/set.rs - set::SkipSet<T>::front (line 83)
[INFO] [stdout]     src/set.rs - set::SkipSet<T>::get (line 135)
[INFO] [stdout]     src/set.rs - set::SkipSet<T>::get_or_insert (line 212)
[INFO] [stdout]     src/set.rs - set::SkipSet<T>::insert (line 286)
[INFO] [stdout]     src/set.rs - set::SkipSet<T>::is_empty (line 41)
[INFO] [stdout]     src/set.rs - set::SkipSet<T>::iter (line 227)
[INFO] [stdout]     src/set.rs - set::SkipSet<T>::len (line 61)
[INFO] [stdout]     src/set.rs - set::SkipSet<T>::lower_bound (line 155)
[INFO] [stdout]     src/set.rs - set::SkipSet<T>::new (line 26)
[INFO] [stdout]     src/set.rs - set::SkipSet<T>::pop_back (line 352)
[INFO] [stdout]     src/set.rs - set::SkipSet<T>::pop_front (line 327)
[INFO] [stdout]     src/set.rs - set::SkipSet<T>::range (line 251)
[INFO] [stdout]     src/set.rs - set::SkipSet<T>::remove (line 304)
[INFO] [stdout]     src/set.rs - set::SkipSet<T>::upper_bound (line 186)
[INFO] [stdout] 
[INFO] [stdout] test result: FAILED. 0 passed; 40 failed; 0 ignored; 0 measured; 0 filtered out; finished in 0.84s
[INFO] [stdout] 
[INFO] [stderr] error: doctest failed, to rerun pass `--doc`
[INFO] running `Command { std: "docker" "inspect" "682540e7e7a302212a296fbbcd25fe24d0e3d8008ed34a0e8cf7e32bd73e6b86", kill_on_drop: false }`
[INFO] running `Command { std: "docker" "rm" "-f" "682540e7e7a302212a296fbbcd25fe24d0e3d8008ed34a0e8cf7e32bd73e6b86", kill_on_drop: false }`
[INFO] [stdout] 682540e7e7a302212a296fbbcd25fe24d0e3d8008ed34a0e8cf7e32bd73e6b86
