[INFO] fetching crate cronus_generator 0.2.8...
[INFO] testing cronus_generator-0.2.8 against 1.83.0 for beta-1.84.0-4-retry
[INFO] extracting crate cronus_generator 0.2.8 into /workspace/builds/worker-0-tc1/source
[INFO] validating manifest of crates.io crate cronus_generator 0.2.8 on toolchain 1.83.0
[INFO] running `Command { std: CARGO_HOME="/workspace/cargo-home" RUSTUP_HOME="/workspace/rustup-home" "/workspace/cargo-home/bin/cargo" "+1.83.0" "metadata" "--manifest-path" "Cargo.toml" "--no-deps", kill_on_drop: false }`
[INFO] started tweaking crates.io crate cronus_generator 0.2.8
[INFO] finished tweaking crates.io crate cronus_generator 0.2.8
[INFO] tweaked toml for crates.io crate cronus_generator 0.2.8 written to /workspace/builds/worker-0-tc1/source/Cargo.toml
[INFO] running `Command { std: CARGO_HOME="/workspace/cargo-home" RUSTUP_HOME="/workspace/rustup-home" "/workspace/cargo-home/bin/cargo" "+1.83.0" "generate-lockfile" "--manifest-path" "Cargo.toml", kill_on_drop: false }`
[INFO] [stderr]     Updating crates.io index
[INFO] [stderr]      Locking 43 packages to latest compatible versions
[INFO] [stderr]       Adding serde_yaml v0.8.26 (available: v0.9.34+deprecated)
[INFO] running `Command { std: CARGO_HOME="/workspace/cargo-home" RUSTUP_HOME="/workspace/rustup-home" "/workspace/cargo-home/bin/cargo" "+1.83.0" "fetch" "--manifest-path" "Cargo.toml", kill_on_drop: false }`
[INFO] [stderr]  Downloading crates ...
[INFO] [stderr]   Downloaded cronus_spec v0.2.8
[INFO] [stderr]   Downloaded cronus_parser v0.2.8
[INFO] running `Command { std: "docker" "create" "-v" "/var/lib/crater-agent-workspace/builds/worker-0-tc1/target:/opt/rustwide/target:rw,Z" "-v" "/var/lib/crater-agent-workspace/builds/worker-0-tc1/source:/opt/rustwide/workdir:ro,Z" "-v" "/var/lib/crater-agent-workspace/cargo-home:/opt/rustwide/cargo-home:ro,Z" "-v" "/var/lib/crater-agent-workspace/rustup-home:/opt/rustwide/rustup-home:ro,Z" "-e" "SOURCE_DIR=/opt/rustwide/workdir" "-e" "CARGO_TARGET_DIR=/opt/rustwide/target" "-e" "CARGO_HOME=/opt/rustwide/cargo-home" "-e" "RUSTUP_HOME=/opt/rustwide/rustup-home" "-w" "/opt/rustwide/workdir" "-m" "1610612736" "--user" "0:0" "--network" "none" "ghcr.io/rust-lang/crates-build-env/linux@sha256:f3a9d4ad9d972b27faf3965f35b62e55ba32bbce8f20bc8fe909558a86702fde" "/opt/rustwide/cargo-home/bin/cargo" "+1.83.0" "metadata" "--no-deps" "--format-version=1", kill_on_drop: false }`
[INFO] [stdout] 3c863f6a7528c06053c1eb83b6bc8f30cdbbace4faa9014caeaea01b9e9a108f
[INFO] running `Command { std: "docker" "start" "-a" "3c863f6a7528c06053c1eb83b6bc8f30cdbbace4faa9014caeaea01b9e9a108f", kill_on_drop: false }`
[INFO] running `Command { std: "docker" "inspect" "3c863f6a7528c06053c1eb83b6bc8f30cdbbace4faa9014caeaea01b9e9a108f", kill_on_drop: false }`
[INFO] running `Command { std: "docker" "rm" "-f" "3c863f6a7528c06053c1eb83b6bc8f30cdbbace4faa9014caeaea01b9e9a108f", kill_on_drop: false }`
[INFO] [stdout] 3c863f6a7528c06053c1eb83b6bc8f30cdbbace4faa9014caeaea01b9e9a108f
[INFO] running `Command { std: "docker" "create" "-v" "/var/lib/crater-agent-workspace/builds/worker-0-tc1/target:/opt/rustwide/target:rw,Z" "-v" "/var/lib/crater-agent-workspace/builds/worker-0-tc1/source:/opt/rustwide/workdir:ro,Z" "-v" "/var/lib/crater-agent-workspace/cargo-home:/opt/rustwide/cargo-home:ro,Z" "-v" "/var/lib/crater-agent-workspace/rustup-home:/opt/rustwide/rustup-home:ro,Z" "-e" "SOURCE_DIR=/opt/rustwide/workdir" "-e" "CARGO_TARGET_DIR=/opt/rustwide/target" "-e" "CARGO_INCREMENTAL=0" "-e" "RUST_BACKTRACE=full" "-e" "RUSTFLAGS=--cap-lints=warn" "-e" "RUSTDOCFLAGS=--cap-lints=warn" "-e" "CARGO_HOME=/opt/rustwide/cargo-home" "-e" "RUSTUP_HOME=/opt/rustwide/rustup-home" "-w" "/opt/rustwide/workdir" "-m" "1610612736" "--user" "0:0" "--network" "none" "ghcr.io/rust-lang/crates-build-env/linux@sha256:f3a9d4ad9d972b27faf3965f35b62e55ba32bbce8f20bc8fe909558a86702fde" "/opt/rustwide/cargo-home/bin/cargo" "+1.83.0" "build" "--frozen" "--message-format=json", kill_on_drop: false }`
[INFO] [stdout] 502a8e327921f02602bb6593215cdeb793695c95811bed85990f6c5cac2bdb10
[INFO] running `Command { std: "docker" "start" "-a" "502a8e327921f02602bb6593215cdeb793695c95811bed85990f6c5cac2bdb10", kill_on_drop: false }`
[INFO] [stderr]    Compiling proc-macro2 v1.0.92
[INFO] [stderr]    Compiling unicode-ident v1.0.14
[INFO] [stderr]    Compiling thiserror v2.0.7
[INFO] [stderr]    Compiling serde v1.0.216
[INFO] [stderr]    Compiling autocfg v1.4.0
[INFO] [stderr]    Compiling once_cell v1.20.2
[INFO] [stderr]    Compiling memchr v2.7.4
[INFO] [stderr]    Compiling ucd-trie v0.1.7
[INFO] [stderr]    Compiling ryu v1.0.18
[INFO] [stderr]    Compiling linked-hash-map v0.5.6
[INFO] [stderr]    Compiling anyhow v1.0.94
[INFO] [stderr]    Compiling hashbrown v0.12.3
[INFO] [stderr]    Compiling pin-project-lite v0.2.15
[INFO] [stderr]    Compiling serde_json v1.0.133
[INFO] [stderr]    Compiling itoa v1.0.14
[INFO] [stderr]    Compiling unicode-segmentation v1.12.0
[INFO] [stderr]    Compiling tracing-core v0.1.33
[INFO] [stderr]    Compiling yaml-rust v0.4.5
[INFO] [stderr]    Compiling indexmap v1.9.3
[INFO] [stderr]    Compiling convert_case v0.6.0
[INFO] [stderr]    Compiling quote v1.0.37
[INFO] [stderr]    Compiling syn v2.0.90
[INFO] [stderr]    Compiling thiserror-impl v2.0.7
[INFO] [stderr]    Compiling serde_derive v1.0.216
[INFO] [stderr]    Compiling tracing-attributes v0.1.28
[INFO] [stderr]    Compiling pest v2.7.15
[INFO] [stderr]    Compiling tracing v0.1.41
[INFO] [stderr]    Compiling pest_meta v2.7.15
[INFO] [stderr]    Compiling pest_generator v2.7.15
[INFO] [stderr]    Compiling pest_derive v2.7.15
[INFO] [stderr]    Compiling serde_yaml v0.8.26
[INFO] [stderr]    Compiling cronus_spec v0.2.8
[INFO] [stderr]    Compiling cronus_parser v0.2.8
[INFO] [stderr]    Compiling cronus_generator v0.2.8 (/opt/rustwide/workdir)
[INFO] [stdout] warning: unused imports: `any::type_name`, `fmt::format`, and `path::PathBuf`
[INFO] [stdout]  --> src/rust.rs:1:11
[INFO] [stdout]   |
[INFO] [stdout] 1 | use std::{any::type_name, cell::RefCell, collections::HashSet, fmt::format, path::PathBuf};
[INFO] [stdout]   |           ^^^^^^^^^^^^^^                                       ^^^^^^^^^^^  ^^^^^^^^^^^^^
[INFO] [stdout]   |
[INFO] [stdout]   = note: `#[warn(unused_imports)]` on by default
[INFO] [stdout] 
[INFO] [stdout] 
[INFO] [stdout] warning: unused import: `self`
[INFO] [stdout]  --> src/rust.rs:7:13
[INFO] [stdout]   |
[INFO] [stdout] 7 |     utils::{self, get_path_from_optional_parent, get_request_name, get_response_name, get_schema_by_name, get_usecase_name, spec_ty_to_ru...
[INFO] [stdout]   |             ^^^^
[INFO] [stdout] 
[INFO] [stdout] 
[INFO] [stdout] warning: unused import: `debug`
[INFO] [stdout]  --> src/rust.rs:9:21
[INFO] [stdout]   |
[INFO] [stdout] 9 | use tracing::{self, debug, span, Level};
[INFO] [stdout]   |                     ^^^^^
[INFO] [stdout] 
[INFO] [stdout] 
[INFO] [stdout] warning: unused imports: `hash::Hash` and `path::PathBuf`
[INFO] [stdout]  --> src/rust_axum.rs:1:48
[INFO] [stdout]   |
[INFO] [stdout] 1 | use std::{cell::RefCell, collections::HashMap, hash::Hash, path::PathBuf};
[INFO] [stdout]   |                                                ^^^^^^^^^^  ^^^^^^^^^^^^^
[INFO] [stdout] 
[INFO] [stdout] 
[INFO] [stdout] warning: unused import: `RawUsecaseMethodRestOption`
[INFO] [stdout]  --> src/rust_axum.rs:5:49
[INFO] [stdout]   |
[INFO] [stdout] 5 | use cronus_spec::{RawUsecase, RawUsecaseMethod, RawUsecaseMethodRestOption, RustAxumGeneratorOption};
[INFO] [stdout]   |                                                 ^^^^^^^^^^^^^^^^^^^^^^^^^^
[INFO] [stdout] 
[INFO] [stdout] 
[INFO] [stdout] warning: unused imports: `Level` and `span`
[INFO] [stdout]  --> src/rust_axum.rs:6:15
[INFO] [stdout]   |
[INFO] [stdout] 6 | use tracing::{span, Level};
[INFO] [stdout]   |               ^^^^  ^^^^^
[INFO] [stdout] 
[INFO] [stdout] 
[INFO] [stdout] warning: unused import: `fmt::format`
[INFO] [stdout]  --> src/openapi.rs:1:59
[INFO] [stdout]   |
[INFO] [stdout] 1 | use std::{cell::RefCell, collections::{HashMap, HashSet}, fmt::format};
[INFO] [stdout]   |                                                           ^^^^^^^^^^^
[INFO] [stdout] 
[INFO] [stdout] 
[INFO] [stdout] warning: unused imports: `extract_url_variables` and `spec_ty_to_rust_builtin_ty`
[INFO] [stdout]  --> src/openapi.rs:8:231
[INFO] [stdout]   |
[INFO] [stdout] 8 | ...f, extract_url_variables, get_path_from_optional_parent, get_request_name, get_response_name, get_schema_by_name, parse_map_type, spec_ty_to_openapi_builtin_ty, spec_ty_to_rust_builtin_ty}, ...
[INFO] [stdout]   |       ^^^^^^^^^^^^^^^^^^^^^                                                                                                                                         ^^^^^^^^^^^^^^^^^^^^^^^^^^
[INFO] [stdout] 
[INFO] [stdout] 
[INFO] [stdout] warning: unused imports: `Path`, `error::Error`, and `self`
[INFO] [stdout]   --> src/lib.rs:12:76
[INFO] [stdout]    |
[INFO] [stdout] 12 | use std::{rc::Rc, cell::{RefCell}, collections::{HashMap, HashSet}, path::{Path, PathBuf}, error::Error, fs::{self, OpenOptions, File}, i...
[INFO] [stdout]    |                                                                            ^^^^            ^^^^^^^^^^^^       ^^^^
[INFO] [stdout] 
[INFO] [stdout] 
[INFO] [stdout] warning: unused import: `RawUsecaseMethod`
[INFO] [stdout]   --> src/lib.rs:17:51
[INFO] [stdout]    |
[INFO] [stdout] 17 | use cronus_spec::{RawSchema, RawSpec, RawUsecase, RawUsecaseMethod};
[INFO] [stdout]    |                                                   ^^^^^^^^^^^^^^^^
[INFO] [stdout] 
[INFO] [stdout] 
[INFO] [stdout] warning: unused variable: `tys`
[INFO] [stdout]    --> src/rust_axum.rs:212:26
[INFO] [stdout]     |
[INFO] [stdout] 212 |             Some((props, tys)) => {
[INFO] [stdout]     |                          ^^^ help: if this is intentional, prefix it with an underscore: `_tys`
[INFO] [stdout]     |
[INFO] [stdout]     = note: `#[warn(unused_variables)]` on by default
[INFO] [stdout] 
[INFO] [stdout] 
[INFO] [stdout] warning: unused variable: `method_name`
[INFO] [stdout]    --> src/rust_axum.rs:350:18
[INFO] [stdout]     |
[INFO] [stdout] 350 |             for (method_name, method) in &usecase.methods {
[INFO] [stdout]     |                  ^^^^^^^^^^^ help: if this is intentional, prefix it with an underscore: `_method_name`
[INFO] [stdout] 
[INFO] [stdout] 
[INFO] [stdout] warning: unused variable: `rest`
[INFO] [stdout]    --> src/rust_axum.rs:353:37
[INFO] [stdout]     |
[INFO] [stdout] 353 |                         if let Some(rest) = &option.rest {
[INFO] [stdout]     |                                     ^^^^ help: if this is intentional, prefix it with an underscore: `_rest`
[INFO] [stdout] 
[INFO] [stdout] 
[INFO] [stdout] warning: unused variable: `name`
[INFO] [stdout]    --> src/rust_axum.rs:349:19
[INFO] [stdout]     |
[INFO] [stdout] 349 |         .filter(|(name, usecase)| {
[INFO] [stdout]     |                   ^^^^ help: if this is intentional, prefix it with an underscore: `_name`
[INFO] [stdout] 
[INFO] [stdout] 
[INFO] [stdout] warning: unused variable: `usecase`
[INFO] [stdout]    --> src/rust_axum.rs:362:27
[INFO] [stdout]     |
[INFO] [stdout] 362 |         .for_each(|(name, usecase)|{
[INFO] [stdout]     |                           ^^^^^^^ help: if this is intentional, prefix it with an underscore: `_usecase`
[INFO] [stdout] 
[INFO] [stdout] 
[INFO] [stdout] warning: unused variable: `query`
[INFO] [stdout]    --> src/utils.rs:173:26
[INFO] [stdout]     |
[INFO] [stdout] 173 |                     Some(query) => Some(name.clone()),
[INFO] [stdout]     |                          ^^^^^ help: if this is intentional, prefix it with an underscore: `_query`
[INFO] [stdout] 
[INFO] [stdout] 
[INFO] [stdout] warning: unused variable: `method`
[INFO] [stdout]   --> src/ts_nestjs.rs:57:51
[INFO] [stdout]    |
[INFO] [stdout] 57 |     fn generate_method(&self, usecase_name: &str, method: &RawUsecaseMethod, rest_option: &RawUsecaseMethodRestOption) -> String {
[INFO] [stdout]    |                                                   ^^^^^^ help: if this is intentional, prefix it with an underscore: `_method`
[INFO] [stdout] 
[INFO] [stdout] 
[INFO] [stdout] warning: unused variable: `ty`
[INFO] [stdout]   --> src/ts_nestjs.rs:85:21
[INFO] [stdout]    |
[INFO] [stdout] 85 |         if let Some(ty) = &schema.ty {
[INFO] [stdout]    |                     ^^ help: if this is intentional, prefix it with an underscore: `_ty`
[INFO] [stdout] 
[INFO] [stdout] 
[INFO] [stdout] warning: unused variable: `enum_items`
[INFO] [stdout]    --> src/ts_nestjs.rs:102:21
[INFO] [stdout]     |
[INFO] [stdout] 102 |         if let Some(enum_items) = &schema.enum_items {
[INFO] [stdout]     |                     ^^^^^^^^^^ help: if this is intentional, prefix it with an underscore: `_enum_items`
[INFO] [stdout] 
[INFO] [stdout] 
[INFO] [stdout] warning: unused variable: `g`
[INFO] [stdout]   --> src/lib.rs:76:14
[INFO] [stdout]    |
[INFO] [stdout] 76 |         for (g, fs) in self.generator_fs.borrow().iter() {
[INFO] [stdout]    |              ^ help: if this is intentional, prefix it with an underscore: `_g`
[INFO] [stdout] 
[INFO] [stdout] 
[INFO] [stdout] warning: method `generate_dto` is never used
[INFO] [stdout]   --> src/ts_nestjs.rs:82:12
[INFO] [stdout]    |
[INFO] [stdout] 53 | impl TypescriptNestjsGenerator {
[INFO] [stdout]    | ------------------------------ method in this implementation
[INFO] [stdout] ...
[INFO] [stdout] 82 |     pub fn generate_dto(&self, schema: &RawSchema, dto_name: &str) -> String {
[INFO] [stdout]    |            ^^^^^^^^^^^^
[INFO] [stdout]    |
[INFO] [stdout]    = note: `#[warn(dead_code)]` on by default
[INFO] [stdout] 
[INFO] [stdout] 
[INFO] [stdout] warning: function `map_field` is never used
[INFO] [stdout]    --> src/ts_nestjs.rs:116:4
[INFO] [stdout]     |
[INFO] [stdout] 116 | fn map_field(field_name: &str, schema: &RawSchema, is_optional: bool) -> String {
[INFO] [stdout]     |    ^^^^^^^^^
[INFO] [stdout] 
[INFO] [stdout] 
[INFO] [stdout] warning: struct `RustFile` is never constructed
[INFO] [stdout]  --> src/rust_utils.rs:1:12
[INFO] [stdout]   |
[INFO] [stdout] 1 | pub struct RustFile {
[INFO] [stdout]   |            ^^^^^^^^
[INFO] [stdout] 
[INFO] [stdout] 
[INFO] [stdout] warning: struct `RustTrait` is never constructed
[INFO] [stdout]  --> src/rust_utils.rs:6:12
[INFO] [stdout]   |
[INFO] [stdout] 6 | pub struct RustTrait {
[INFO] [stdout]   |            ^^^^^^^^^
[INFO] [stdout] 
[INFO] [stdout] 
[INFO] [stdout] warning: struct `RustStruct` is never constructed
[INFO] [stdout]   --> src/rust_utils.rs:11:12
[INFO] [stdout]    |
[INFO] [stdout] 11 | pub struct RustStruct {
[INFO] [stdout]    |            ^^^^^^^^^^
[INFO] [stdout] 
[INFO] [stdout] 
[INFO] [stdout] warning: struct `RustAttribute` is never constructed
[INFO] [stdout]   --> src/rust_utils.rs:16:12
[INFO] [stdout]    |
[INFO] [stdout] 16 | pub struct RustAttribute {
[INFO] [stdout]    |            ^^^^^^^^^^^^^
[INFO] [stdout] 
[INFO] [stdout] 
[INFO] [stdout] warning: struct `RustFileUsesNode` is never constructed
[INFO] [stdout]   --> src/rust_utils.rs:20:12
[INFO] [stdout]    |
[INFO] [stdout] 20 | pub struct RustFileUsesNode {
[INFO] [stdout]    |            ^^^^^^^^^^^^^^^^
[INFO] [stdout] 
[INFO] [stdout] 
[INFO] [stdout] warning: methods `add` and `to_rust_uses` are never used
[INFO] [stdout]   --> src/rust_utils.rs:26:12
[INFO] [stdout]    |
[INFO] [stdout] 25 | impl RustFileUsesNode {
[INFO] [stdout]    | --------------------- methods in this implementation
[INFO] [stdout] 26 |     pub fn add(&mut self, use_path: &str) {
[INFO] [stdout]    |            ^^^
[INFO] [stdout] ...
[INFO] [stdout] 45 |     pub fn to_rust_uses(&self) -> String {
[INFO] [stdout]    |            ^^^^^^^^^^^^
[INFO] [stdout] 
[INFO] [stdout] 
[INFO] [stdout] warning: unused `Result` that must be used
[INFO] [stdout]   --> src/openapi.rs:57:9
[INFO] [stdout]    |
[INFO] [stdout] 57 |         self.generate_schema_with_ignore(ctx, Some(schema_name.to_string()), schema,  None);
[INFO] [stdout]    |         ^^^^^^^^^^^^^^^^^^^^^^^^^^^^^^^^^^^^^^^^^^^^^^^^^^^^^^^^^^^^^^^^^^^^^^^^^^^^^^^^^^^
[INFO] [stdout]    |
[INFO] [stdout]    = note: this `Result` may be an `Err` variant, which should be handled
[INFO] [stdout]    = note: `#[warn(unused_must_use)]` on by default
[INFO] [stdout] help: use `let _ = ...` to ignore the resulting value
[INFO] [stdout]    |
[INFO] [stdout] 57 |         let _ = self.generate_schema_with_ignore(ctx, Some(schema_name.to_string()), schema,  None);
[INFO] [stdout]    |         +++++++
[INFO] [stdout] 
[INFO] [stdout] 
[INFO] [stderr]     Finished `dev` profile [unoptimized + debuginfo] target(s) in 23.34s
[INFO] running `Command { std: "docker" "inspect" "502a8e327921f02602bb6593215cdeb793695c95811bed85990f6c5cac2bdb10", kill_on_drop: false }`
[INFO] running `Command { std: "docker" "rm" "-f" "502a8e327921f02602bb6593215cdeb793695c95811bed85990f6c5cac2bdb10", kill_on_drop: false }`
[INFO] [stdout] 502a8e327921f02602bb6593215cdeb793695c95811bed85990f6c5cac2bdb10
[INFO] running `Command { std: "docker" "create" "-v" "/var/lib/crater-agent-workspace/builds/worker-0-tc1/target:/opt/rustwide/target:rw,Z" "-v" "/var/lib/crater-agent-workspace/builds/worker-0-tc1/source:/opt/rustwide/workdir:ro,Z" "-v" "/var/lib/crater-agent-workspace/cargo-home:/opt/rustwide/cargo-home:ro,Z" "-v" "/var/lib/crater-agent-workspace/rustup-home:/opt/rustwide/rustup-home:ro,Z" "-e" "SOURCE_DIR=/opt/rustwide/workdir" "-e" "CARGO_TARGET_DIR=/opt/rustwide/target" "-e" "CARGO_INCREMENTAL=0" "-e" "RUST_BACKTRACE=full" "-e" "RUSTFLAGS=--cap-lints=warn" "-e" "RUSTDOCFLAGS=--cap-lints=warn" "-e" "CARGO_HOME=/opt/rustwide/cargo-home" "-e" "RUSTUP_HOME=/opt/rustwide/rustup-home" "-w" "/opt/rustwide/workdir" "-m" "1610612736" "--user" "0:0" "--network" "none" "ghcr.io/rust-lang/crates-build-env/linux@sha256:f3a9d4ad9d972b27faf3965f35b62e55ba32bbce8f20bc8fe909558a86702fde" "/opt/rustwide/cargo-home/bin/cargo" "+1.83.0" "test" "--frozen" "--no-run" "--message-format=json", kill_on_drop: false }`
[INFO] [stdout] 9e1d4aac33660854f7244975b054e75c492adc049a1139a6aae403b36e0b5494
[INFO] running `Command { std: "docker" "start" "-a" "9e1d4aac33660854f7244975b054e75c492adc049a1139a6aae403b36e0b5494", kill_on_drop: false }`
[INFO] [stdout] warning: unused imports: `any::type_name`, `fmt::format`, and `path::PathBuf`
[INFO] [stdout]  --> src/rust.rs:1:11
[INFO] [stdout]   |
[INFO] [stdout] 1 | use std::{any::type_name, cell::RefCell, collections::HashSet, fmt::format, path::PathBuf};
[INFO] [stdout]   |           ^^^^^^^^^^^^^^                                       ^^^^^^^^^^^  ^^^^^^^^^^^^^
[INFO] [stdout]   |
[INFO] [stdout]   = note: `#[warn(unused_imports)]` on by default
[INFO] [stdout] 
[INFO] [stdout] 
[INFO] [stdout] warning: unused import: `self`
[INFO] [stdout]  --> src/rust.rs:7:13
[INFO] [stdout]   |
[INFO] [stdout] 7 |     utils::{self, get_path_from_optional_parent, get_request_name, get_response_name, get_schema_by_name, get_usecase_name, spec_ty_to_ru...
[INFO] [stdout]   |             ^^^^
[INFO] [stdout] 
[INFO] [stdout] 
[INFO] [stdout] warning: unused import: `debug`
[INFO] [stdout]  --> src/rust.rs:9:21
[INFO] [stdout]   |
[INFO] [stdout] 9 | use tracing::{self, debug, span, Level};
[INFO] [stdout]   |                     ^^^^^
[INFO] [stdout] 
[INFO] [stdout] 
[INFO] [stdout] warning: unused imports: `hash::Hash` and `path::PathBuf`
[INFO] [stdout]  --> src/rust_axum.rs:1:48
[INFO] [stdout]   |
[INFO] [stdout] 1 | use std::{cell::RefCell, collections::HashMap, hash::Hash, path::PathBuf};
[INFO] [stdout]   |                                                ^^^^^^^^^^  ^^^^^^^^^^^^^
[INFO] [stdout] 
[INFO] [stdout] 
[INFO] [stdout] warning: unused import: `RawUsecaseMethodRestOption`
[INFO] [stdout]  --> src/rust_axum.rs:5:49
[INFO] [stdout]   |
[INFO] [stdout] 5 | use cronus_spec::{RawUsecase, RawUsecaseMethod, RawUsecaseMethodRestOption, RustAxumGeneratorOption};
[INFO] [stdout]   |                                                 ^^^^^^^^^^^^^^^^^^^^^^^^^^
[INFO] [stdout] 
[INFO] [stdout] 
[INFO] [stdout] warning: unused imports: `Level` and `span`
[INFO] [stdout]  --> src/rust_axum.rs:6:15
[INFO] [stdout]   |
[INFO] [stdout] 6 | use tracing::{span, Level};
[INFO] [stdout]   |               ^^^^  ^^^^^
[INFO] [stdout] 
[INFO] [stdout] 
[INFO] [stdout] warning: unused import: `fmt::format`
[INFO] [stdout]  --> src/openapi.rs:1:59
[INFO] [stdout]   |
[INFO] [stdout] 1 | use std::{cell::RefCell, collections::{HashMap, HashSet}, fmt::format};
[INFO] [stdout]   |                                                           ^^^^^^^^^^^
[INFO] [stdout] 
[INFO] [stdout] 
[INFO] [stdout] warning: unused imports: `extract_url_variables` and `spec_ty_to_rust_builtin_ty`
[INFO] [stdout]  --> src/openapi.rs:8:231
[INFO] [stdout]   |
[INFO] [stdout] 8 | ...f, extract_url_variables, get_path_from_optional_parent, get_request_name, get_response_name, get_schema_by_name, parse_map_type, spec_ty_to_openapi_builtin_ty, spec_ty_to_rust_builtin_ty}, ...
[INFO] [stdout]   |       ^^^^^^^^^^^^^^^^^^^^^                                                                                                                                         ^^^^^^^^^^^^^^^^^^^^^^^^^^
[INFO] [stdout] 
[INFO] [stdout] 
[INFO] [stdout] warning: unused imports: `Path`, `error::Error`, and `self`
[INFO] [stdout]   --> src/lib.rs:12:76
[INFO] [stdout]    |
[INFO] [stdout] 12 | use std::{rc::Rc, cell::{RefCell}, collections::{HashMap, HashSet}, path::{Path, PathBuf}, error::Error, fs::{self, OpenOptions, File}, i...
[INFO] [stdout]    |                                                                            ^^^^            ^^^^^^^^^^^^       ^^^^
[INFO] [stdout] 
[INFO] [stdout] 
[INFO] [stdout] warning: unused import: `RawUsecaseMethod`
[INFO] [stdout]   --> src/lib.rs:17:51
[INFO] [stdout]    |
[INFO] [stdout] 17 | use cronus_spec::{RawSchema, RawSpec, RawUsecase, RawUsecaseMethod};
[INFO] [stdout]    |                                                   ^^^^^^^^^^^^^^^^
[INFO] [stdout] 
[INFO] [stdout] 
[INFO] [stdout] warning: unused variable: `tys`
[INFO] [stdout]    --> src/rust_axum.rs:212:26
[INFO] [stdout]     |
[INFO] [stdout] 212 |             Some((props, tys)) => {
[INFO] [stdout]     |                          ^^^ help: if this is intentional, prefix it with an underscore: `_tys`
[INFO] [stdout]     |
[INFO] [stdout]     = note: `#[warn(unused_variables)]` on by default
[INFO] [stdout] 
[INFO] [stdout] 
[INFO] [stdout] warning: unused variable: `method_name`
[INFO] [stdout]    --> src/rust_axum.rs:350:18
[INFO] [stdout]     |
[INFO] [stdout] 350 |             for (method_name, method) in &usecase.methods {
[INFO] [stdout]     |                  ^^^^^^^^^^^ help: if this is intentional, prefix it with an underscore: `_method_name`
[INFO] [stdout] 
[INFO] [stdout] 
[INFO] [stdout] warning: unused variable: `rest`
[INFO] [stdout]    --> src/rust_axum.rs:353:37
[INFO] [stdout]     |
[INFO] [stdout] 353 |                         if let Some(rest) = &option.rest {
[INFO] [stdout]     |                                     ^^^^ help: if this is intentional, prefix it with an underscore: `_rest`
[INFO] [stdout] 
[INFO] [stdout] 
[INFO] [stdout] warning: unused variable: `name`
[INFO] [stdout]    --> src/rust_axum.rs:349:19
[INFO] [stdout]     |
[INFO] [stdout] 349 |         .filter(|(name, usecase)| {
[INFO] [stdout]     |                   ^^^^ help: if this is intentional, prefix it with an underscore: `_name`
[INFO] [stdout] 
[INFO] [stdout] 
[INFO] [stdout] warning: unused variable: `usecase`
[INFO] [stdout]    --> src/rust_axum.rs:362:27
[INFO] [stdout]     |
[INFO] [stdout] 362 |         .for_each(|(name, usecase)|{
[INFO] [stdout]     |                           ^^^^^^^ help: if this is intentional, prefix it with an underscore: `_usecase`
[INFO] [stdout] 
[INFO] [stdout] 
[INFO] [stdout] warning: unused variable: `query`
[INFO] [stdout]    --> src/utils.rs:173:26
[INFO] [stdout]     |
[INFO] [stdout] 173 |                     Some(query) => Some(name.clone()),
[INFO] [stdout]     |                          ^^^^^ help: if this is intentional, prefix it with an underscore: `_query`
[INFO] [stdout] 
[INFO] [stdout] 
[INFO] [stdout] warning: unused variable: `method`
[INFO] [stdout]   --> src/ts_nestjs.rs:57:51
[INFO] [stdout]    |
[INFO] [stdout] 57 |     fn generate_method(&self, usecase_name: &str, method: &RawUsecaseMethod, rest_option: &RawUsecaseMethodRestOption) -> String {
[INFO] [stdout]    |                                                   ^^^^^^ help: if this is intentional, prefix it with an underscore: `_method`
[INFO] [stdout] 
[INFO] [stdout] 
[INFO] [stdout] warning: unused variable: `ty`
[INFO] [stdout]   --> src/ts_nestjs.rs:85:21
[INFO] [stdout]    |
[INFO] [stdout] 85 |         if let Some(ty) = &schema.ty {
[INFO] [stdout]    |                     ^^ help: if this is intentional, prefix it with an underscore: `_ty`
[INFO] [stdout] 
[INFO] [stdout] 
[INFO] [stdout] warning: unused variable: `enum_items`
[INFO] [stdout]    --> src/ts_nestjs.rs:102:21
[INFO] [stdout]     |
[INFO] [stdout] 102 |         if let Some(enum_items) = &schema.enum_items {
[INFO] [stdout]     |                     ^^^^^^^^^^ help: if this is intentional, prefix it with an underscore: `_enum_items`
[INFO] [stdout] 
[INFO] [stdout] 
[INFO] [stdout] warning: unused variable: `g`
[INFO] [stdout]   --> src/lib.rs:76:14
[INFO] [stdout]    |
[INFO] [stdout] 76 |         for (g, fs) in self.generator_fs.borrow().iter() {
[INFO] [stdout]    |              ^ help: if this is intentional, prefix it with an underscore: `_g`
[INFO] [stdout] 
[INFO] [stdout] 
[INFO] [stdout] warning: method `generate_dto` is never used
[INFO] [stdout]   --> src/ts_nestjs.rs:82:12
[INFO] [stdout]    |
[INFO] [stdout] 53 | impl TypescriptNestjsGenerator {
[INFO] [stdout]    | ------------------------------ method in this implementation
[INFO] [stdout] ...
[INFO] [stdout] 82 |     pub fn generate_dto(&self, schema: &RawSchema, dto_name: &str) -> String {
[INFO] [stdout]    |            ^^^^^^^^^^^^
[INFO] [stdout]    |
[INFO] [stdout]    = note: `#[warn(dead_code)]` on by default
[INFO] [stdout] 
[INFO] [stdout] 
[INFO] [stdout] warning: function `map_field` is never used
[INFO] [stdout]    --> src/ts_nestjs.rs:116:4
[INFO] [stdout]     |
[INFO] [stdout] 116 | fn map_field(field_name: &str, schema: &RawSchema, is_optional: bool) -> String {
[INFO] [stdout]     |    ^^^^^^^^^
[INFO] [stdout] 
[INFO] [stdout] 
[INFO] [stdout] warning: struct `RustFile` is never constructed
[INFO] [stdout]  --> src/rust_utils.rs:1:12
[INFO] [stdout]   |
[INFO] [stdout] 1 | pub struct RustFile {
[INFO] [stdout]   |            ^^^^^^^^
[INFO] [stdout] 
[INFO] [stdout] 
[INFO] [stdout] warning: struct `RustTrait` is never constructed
[INFO] [stdout]  --> src/rust_utils.rs:6:12
[INFO] [stdout]   |
[INFO] [stdout] 6 | pub struct RustTrait {
[INFO] [stdout]   |            ^^^^^^^^^
[INFO] [stdout] 
[INFO] [stdout] 
[INFO] [stdout] warning: struct `RustStruct` is never constructed
[INFO] [stdout]   --> src/rust_utils.rs:11:12
[INFO] [stdout]    |
[INFO] [stdout] 11 | pub struct RustStruct {
[INFO] [stdout]    |            ^^^^^^^^^^
[INFO] [stdout] 
[INFO] [stdout] 
[INFO] [stderr]    Compiling cronus_generator v0.2.8 (/opt/rustwide/workdir)
[INFO] [stdout] warning: struct `RustAttribute` is never constructed
[INFO] [stdout]   --> src/rust_utils.rs:16:12
[INFO] [stdout]    |
[INFO] [stdout] 16 | pub struct RustAttribute {
[INFO] [stdout]    |            ^^^^^^^^^^^^^
[INFO] [stdout] 
[INFO] [stdout] 
[INFO] [stdout] warning: struct `RustFileUsesNode` is never constructed
[INFO] [stdout]   --> src/rust_utils.rs:20:12
[INFO] [stdout]    |
[INFO] [stdout] 20 | pub struct RustFileUsesNode {
[INFO] [stdout]    |            ^^^^^^^^^^^^^^^^
[INFO] [stdout] 
[INFO] [stdout] 
[INFO] [stdout] warning: methods `add` and `to_rust_uses` are never used
[INFO] [stdout]   --> src/rust_utils.rs:26:12
[INFO] [stdout]    |
[INFO] [stdout] 25 | impl RustFileUsesNode {
[INFO] [stdout]    | --------------------- methods in this implementation
[INFO] [stdout] 26 |     pub fn add(&mut self, use_path: &str) {
[INFO] [stdout]    |            ^^^
[INFO] [stdout] ...
[INFO] [stdout] 45 |     pub fn to_rust_uses(&self) -> String {
[INFO] [stdout]    |            ^^^^^^^^^^^^
[INFO] [stdout] 
[INFO] [stdout] 
[INFO] [stdout] warning: unused `Result` that must be used
[INFO] [stdout]   --> src/openapi.rs:57:9
[INFO] [stdout]    |
[INFO] [stdout] 57 |         self.generate_schema_with_ignore(ctx, Some(schema_name.to_string()), schema,  None);
[INFO] [stdout]    |         ^^^^^^^^^^^^^^^^^^^^^^^^^^^^^^^^^^^^^^^^^^^^^^^^^^^^^^^^^^^^^^^^^^^^^^^^^^^^^^^^^^^
[INFO] [stdout]    |
[INFO] [stdout]    = note: this `Result` may be an `Err` variant, which should be handled
[INFO] [stdout]    = note: `#[warn(unused_must_use)]` on by default
[INFO] [stdout] help: use `let _ = ...` to ignore the resulting value
[INFO] [stdout]    |
[INFO] [stdout] 57 |         let _ = self.generate_schema_with_ignore(ctx, Some(schema_name.to_string()), schema,  None);
[INFO] [stdout]    |         +++++++
[INFO] [stdout] 
[INFO] [stdout] 
[INFO] [stdout] warning: unused imports: `any::type_name`, `fmt::format`, and `path::PathBuf`
[INFO] [stdout]  --> src/rust.rs:1:11
[INFO] [stdout]   |
[INFO] [stdout] 1 | use std::{any::type_name, cell::RefCell, collections::HashSet, fmt::format, path::PathBuf};
[INFO] [stdout]   |           ^^^^^^^^^^^^^^                                       ^^^^^^^^^^^  ^^^^^^^^^^^^^
[INFO] [stdout]   |
[INFO] [stdout]   = note: `#[warn(unused_imports)]` on by default
[INFO] [stdout] 
[INFO] [stdout] 
[INFO] [stdout] warning: unused import: `self`
[INFO] [stdout]  --> src/rust.rs:7:13
[INFO] [stdout]   |
[INFO] [stdout] 7 |     utils::{self, get_path_from_optional_parent, get_request_name, get_response_name, get_schema_by_name, get_usecase_name, spec_ty_to_ru...
[INFO] [stdout]   |             ^^^^
[INFO] [stdout] 
[INFO] [stdout] 
[INFO] [stdout] warning: unused import: `debug`
[INFO] [stdout]  --> src/rust.rs:9:21
[INFO] [stdout]   |
[INFO] [stdout] 9 | use tracing::{self, debug, span, Level};
[INFO] [stdout]   |                     ^^^^^
[INFO] [stdout] 
[INFO] [stdout] 
[INFO] [stdout] warning: unused import: `Generator`
[INFO] [stdout]    --> src/rust.rs:349:38
[INFO] [stdout]     |
[INFO] [stdout] 349 |     use crate::{run_generator, Ctxt, Generator};
[INFO] [stdout]     |                                      ^^^^^^^^^
[INFO] [stdout] 
[INFO] [stdout] 
[INFO] [stdout] warning: unused imports: `hash::Hash` and `path::PathBuf`
[INFO] [stdout]  --> src/rust_axum.rs:1:48
[INFO] [stdout]   |
[INFO] [stdout] 1 | use std::{cell::RefCell, collections::HashMap, hash::Hash, path::PathBuf};
[INFO] [stdout]   |                                                ^^^^^^^^^^  ^^^^^^^^^^^^^
[INFO] [stdout] 
[INFO] [stdout] 
[INFO] [stdout] warning: unused import: `RawUsecaseMethodRestOption`
[INFO] [stdout]  --> src/rust_axum.rs:5:49
[INFO] [stdout]   |
[INFO] [stdout] 5 | use cronus_spec::{RawUsecase, RawUsecaseMethod, RawUsecaseMethodRestOption, RustAxumGeneratorOption};
[INFO] [stdout]   |                                                 ^^^^^^^^^^^^^^^^^^^^^^^^^^
[INFO] [stdout] 
[INFO] [stdout] 
[INFO] [stdout] warning: unused imports: `Level` and `span`
[INFO] [stdout]  --> src/rust_axum.rs:6:15
[INFO] [stdout]   |
[INFO] [stdout] 6 | use tracing::{span, Level};
[INFO] [stdout]   |               ^^^^  ^^^^^
[INFO] [stdout] 
[INFO] [stdout] 
[INFO] [stdout] warning: unused import: `collections::HashMap`
[INFO] [stdout]    --> src/rust_axum.rs:403:15
[INFO] [stdout]     |
[INFO] [stdout] 403 |     use std::{collections::HashMap, path::PathBuf};
[INFO] [stdout]     |               ^^^^^^^^^^^^^^^^^^^^
[INFO] [stdout] 
[INFO] [stdout] 
[INFO] [stdout] warning: unused import: `fmt::format`
[INFO] [stdout]  --> src/openapi.rs:1:59
[INFO] [stdout]   |
[INFO] [stdout] 1 | use std::{cell::RefCell, collections::{HashMap, HashSet}, fmt::format};
[INFO] [stdout]   |                                                           ^^^^^^^^^^^
[INFO] [stdout] 
[INFO] [stdout] 
[INFO] [stdout] warning: unused imports: `extract_url_variables` and `spec_ty_to_rust_builtin_ty`
[INFO] [stdout]  --> src/openapi.rs:8:231
[INFO] [stdout]   |
[INFO] [stdout] 8 | ...f, extract_url_variables, get_path_from_optional_parent, get_request_name, get_response_name, get_schema_by_name, parse_map_type, spec_ty_to_openapi_builtin_ty, spec_ty_to_rust_builtin_ty}, ...
[INFO] [stdout]   |       ^^^^^^^^^^^^^^^^^^^^^                                                                                                                                         ^^^^^^^^^^^^^^^^^^^^^^^^^^
[INFO] [stdout] 
[INFO] [stdout] 
[INFO] [stdout] warning: unused import: `collections::HashMap`
[INFO] [stdout]    --> src/openapi.rs:424:15
[INFO] [stdout]     |
[INFO] [stdout] 424 |     use std::{collections::HashMap, path::PathBuf};
[INFO] [stdout]     |               ^^^^^^^^^^^^^^^^^^^^
[INFO] [stdout] 
[INFO] [stdout] 
[INFO] [stdout] warning: unused imports: `Path`, `error::Error`, and `self`
[INFO] [stdout]   --> src/lib.rs:12:76
[INFO] [stdout]    |
[INFO] [stdout] 12 | use std::{rc::Rc, cell::{RefCell}, collections::{HashMap, HashSet}, path::{Path, PathBuf}, error::Error, fs::{self, OpenOptions, File}, i...
[INFO] [stdout]    |                                                                            ^^^^            ^^^^^^^^^^^^       ^^^^
[INFO] [stdout] 
[INFO] [stdout] 
[INFO] [stdout] warning: unused import: `RawUsecaseMethod`
[INFO] [stdout]   --> src/lib.rs:17:51
[INFO] [stdout]    |
[INFO] [stdout] 17 | use cronus_spec::{RawSchema, RawSpec, RawUsecase, RawUsecaseMethod};
[INFO] [stdout]    |                                                   ^^^^^^^^^^^^^^^^
[INFO] [stdout] 
[INFO] [stdout] 
[INFO] [stdout] warning: unused variable: `tys`
[INFO] [stdout]    --> src/rust_axum.rs:212:26
[INFO] [stdout]     |
[INFO] [stdout] 212 |             Some((props, tys)) => {
[INFO] [stdout]     |                          ^^^ help: if this is intentional, prefix it with an underscore: `_tys`
[INFO] [stdout]     |
[INFO] [stdout]     = note: `#[warn(unused_variables)]` on by default
[INFO] [stdout] 
[INFO] [stdout] 
[INFO] [stdout] warning: unused variable: `method_name`
[INFO] [stdout]    --> src/rust_axum.rs:350:18
[INFO] [stdout]     |
[INFO] [stdout] 350 |             for (method_name, method) in &usecase.methods {
[INFO] [stdout]     |                  ^^^^^^^^^^^ help: if this is intentional, prefix it with an underscore: `_method_name`
[INFO] [stdout] 
[INFO] [stdout] 
[INFO] [stdout] warning: unused variable: `rest`
[INFO] [stdout]    --> src/rust_axum.rs:353:37
[INFO] [stdout]     |
[INFO] [stdout] 353 |                         if let Some(rest) = &option.rest {
[INFO] [stdout]     |                                     ^^^^ help: if this is intentional, prefix it with an underscore: `_rest`
[INFO] [stdout] 
[INFO] [stdout] 
[INFO] [stdout] warning: unused variable: `name`
[INFO] [stdout]    --> src/rust_axum.rs:349:19
[INFO] [stdout]     |
[INFO] [stdout] 349 |         .filter(|(name, usecase)| {
[INFO] [stdout]     |                   ^^^^ help: if this is intentional, prefix it with an underscore: `_name`
[INFO] [stdout] 
[INFO] [stdout] 
[INFO] [stdout] warning: unused variable: `usecase`
[INFO] [stdout]    --> src/rust_axum.rs:362:27
[INFO] [stdout]     |
[INFO] [stdout] 362 |         .for_each(|(name, usecase)|{
[INFO] [stdout]     |                           ^^^^^^^ help: if this is intentional, prefix it with an underscore: `_usecase`
[INFO] [stdout] 
[INFO] [stdout] 
[INFO] [stdout] warning: unused variable: `query`
[INFO] [stdout]    --> src/utils.rs:173:26
[INFO] [stdout]     |
[INFO] [stdout] 173 |                     Some(query) => Some(name.clone()),
[INFO] [stdout]     |                          ^^^^^ help: if this is intentional, prefix it with an underscore: `_query`
[INFO] [stdout] 
[INFO] [stdout] 
[INFO] [stdout] warning: unused variable: `method`
[INFO] [stdout]   --> src/ts_nestjs.rs:57:51
[INFO] [stdout]    |
[INFO] [stdout] 57 |     fn generate_method(&self, usecase_name: &str, method: &RawUsecaseMethod, rest_option: &RawUsecaseMethodRestOption) -> String {
[INFO] [stdout]    |                                                   ^^^^^^ help: if this is intentional, prefix it with an underscore: `_method`
[INFO] [stdout] 
[INFO] [stdout] 
[INFO] [stdout] warning: unused variable: `ty`
[INFO] [stdout]   --> src/ts_nestjs.rs:85:21
[INFO] [stdout]    |
[INFO] [stdout] 85 |         if let Some(ty) = &schema.ty {
[INFO] [stdout]    |                     ^^ help: if this is intentional, prefix it with an underscore: `_ty`
[INFO] [stdout] 
[INFO] [stdout] 
[INFO] [stdout] warning: unused variable: `enum_items`
[INFO] [stdout]    --> src/ts_nestjs.rs:102:21
[INFO] [stdout]     |
[INFO] [stdout] 102 |         if let Some(enum_items) = &schema.enum_items {
[INFO] [stdout]     |                     ^^^^^^^^^^ help: if this is intentional, prefix it with an underscore: `_enum_items`
[INFO] [stdout] 
[INFO] [stdout] 
[INFO] [stdout] warning: unused variable: `g`
[INFO] [stdout]   --> src/lib.rs:76:14
[INFO] [stdout]    |
[INFO] [stdout] 76 |         for (g, fs) in self.generator_fs.borrow().iter() {
[INFO] [stdout]    |              ^ help: if this is intentional, prefix it with an underscore: `_g`
[INFO] [stdout] 
[INFO] [stdout] 
[INFO] [stdout] warning: method `generate_dto` is never used
[INFO] [stdout]   --> src/ts_nestjs.rs:82:12
[INFO] [stdout]    |
[INFO] [stdout] 53 | impl TypescriptNestjsGenerator {
[INFO] [stdout]    | ------------------------------ method in this implementation
[INFO] [stdout] ...
[INFO] [stdout] 82 |     pub fn generate_dto(&self, schema: &RawSchema, dto_name: &str) -> String {
[INFO] [stdout]    |            ^^^^^^^^^^^^
[INFO] [stdout]    |
[INFO] [stdout]    = note: `#[warn(dead_code)]` on by default
[INFO] [stdout] 
[INFO] [stdout] 
[INFO] [stdout] warning: function `map_field` is never used
[INFO] [stdout]    --> src/ts_nestjs.rs:116:4
[INFO] [stdout]     |
[INFO] [stdout] 116 | fn map_field(field_name: &str, schema: &RawSchema, is_optional: bool) -> String {
[INFO] [stdout]     |    ^^^^^^^^^
[INFO] [stdout] 
[INFO] [stdout] 
[INFO] [stdout] warning: struct `RustFile` is never constructed
[INFO] [stdout]  --> src/rust_utils.rs:1:12
[INFO] [stdout]   |
[INFO] [stdout] 1 | pub struct RustFile {
[INFO] [stdout]   |            ^^^^^^^^
[INFO] [stdout] 
[INFO] [stdout] 
[INFO] [stdout] warning: struct `RustTrait` is never constructed
[INFO] [stdout]  --> src/rust_utils.rs:6:12
[INFO] [stdout]   |
[INFO] [stdout] 6 | pub struct RustTrait {
[INFO] [stdout]   |            ^^^^^^^^^
[INFO] [stdout] 
[INFO] [stdout] 
[INFO] [stdout] warning: struct `RustStruct` is never constructed
[INFO] [stdout]   --> src/rust_utils.rs:11:12
[INFO] [stdout]    |
[INFO] [stdout] 11 | pub struct RustStruct {
[INFO] [stdout]    |            ^^^^^^^^^^
[INFO] [stdout] 
[INFO] [stdout] 
[INFO] [stdout] warning: struct `RustAttribute` is never constructed
[INFO] [stdout]   --> src/rust_utils.rs:16:12
[INFO] [stdout]    |
[INFO] [stdout] 16 | pub struct RustAttribute {
[INFO] [stdout]    |            ^^^^^^^^^^^^^
[INFO] [stdout] 
[INFO] [stdout] 
[INFO] [stdout] warning: unused `Result` that must be used
[INFO] [stdout]   --> src/openapi.rs:57:9
[INFO] [stdout]    |
[INFO] [stdout] 57 |         self.generate_schema_with_ignore(ctx, Some(schema_name.to_string()), schema,  None);
[INFO] [stdout]    |         ^^^^^^^^^^^^^^^^^^^^^^^^^^^^^^^^^^^^^^^^^^^^^^^^^^^^^^^^^^^^^^^^^^^^^^^^^^^^^^^^^^^
[INFO] [stdout]    |
[INFO] [stdout]    = note: this `Result` may be an `Err` variant, which should be handled
[INFO] [stdout]    = note: `#[warn(unused_must_use)]` on by default
[INFO] [stdout] help: use `let _ = ...` to ignore the resulting value
[INFO] [stdout]    |
[INFO] [stdout] 57 |         let _ = self.generate_schema_with_ignore(ctx, Some(schema_name.to_string()), schema,  None);
[INFO] [stdout]    |         +++++++
[INFO] [stdout] 
[INFO] [stdout] 
[INFO] [stderr]     Finished `test` profile [unoptimized + debuginfo] target(s) in 3.44s
[INFO] running `Command { std: "docker" "inspect" "9e1d4aac33660854f7244975b054e75c492adc049a1139a6aae403b36e0b5494", kill_on_drop: false }`
[INFO] running `Command { std: "docker" "rm" "-f" "9e1d4aac33660854f7244975b054e75c492adc049a1139a6aae403b36e0b5494", kill_on_drop: false }`
[INFO] [stdout] 9e1d4aac33660854f7244975b054e75c492adc049a1139a6aae403b36e0b5494
[INFO] running `Command { std: "docker" "create" "-v" "/var/lib/crater-agent-workspace/builds/worker-0-tc1/target:/opt/rustwide/target:rw,Z" "-v" "/var/lib/crater-agent-workspace/builds/worker-0-tc1/source:/opt/rustwide/workdir:ro,Z" "-v" "/var/lib/crater-agent-workspace/cargo-home:/opt/rustwide/cargo-home:ro,Z" "-v" "/var/lib/crater-agent-workspace/rustup-home:/opt/rustwide/rustup-home:ro,Z" "-e" "SOURCE_DIR=/opt/rustwide/workdir" "-e" "CARGO_TARGET_DIR=/opt/rustwide/target" "-e" "CARGO_INCREMENTAL=0" "-e" "RUST_BACKTRACE=full" "-e" "RUSTFLAGS=--cap-lints=warn" "-e" "RUSTDOCFLAGS=--cap-lints=warn" "-e" "CARGO_HOME=/opt/rustwide/cargo-home" "-e" "RUSTUP_HOME=/opt/rustwide/rustup-home" "-w" "/opt/rustwide/workdir" "-m" "1610612736" "--user" "0:0" "--network" "none" "ghcr.io/rust-lang/crates-build-env/linux@sha256:f3a9d4ad9d972b27faf3965f35b62e55ba32bbce8f20bc8fe909558a86702fde" "/opt/rustwide/cargo-home/bin/cargo" "+1.83.0" "test" "--frozen", kill_on_drop: false }`
[INFO] [stdout] 79c26331cd243f8bd45bf8d7ac56be13d91aafb52a60213d13e7a365450db3f5
[INFO] running `Command { std: "docker" "start" "-a" "79c26331cd243f8bd45bf8d7ac56be13d91aafb52a60213d13e7a365450db3f5", kill_on_drop: false }`
[INFO] [stderr] warning: unused imports: `any::type_name`, `fmt::format`, and `path::PathBuf`
[INFO] [stderr]  --> src/rust.rs:1:11
[INFO] [stderr]   |
[INFO] [stderr] 1 | use std::{any::type_name, cell::RefCell, collections::HashSet, fmt::format, path::PathBuf};
[INFO] [stderr]   |           ^^^^^^^^^^^^^^                                       ^^^^^^^^^^^  ^^^^^^^^^^^^^
[INFO] [stderr]   |
[INFO] [stderr]   = note: `#[warn(unused_imports)]` on by default
[INFO] [stderr] 
[INFO] [stderr] warning: unused import: `self`
[INFO] [stderr]  --> src/rust.rs:7:13
[INFO] [stderr]   |
[INFO] [stderr] 7 |     utils::{self, get_path_from_optional_parent, get_request_name, get_response_name, get_schema_by_name, get_usecase_name, spec_ty_to_ru...
[INFO] [stderr]   |             ^^^^
[INFO] [stderr] 
[INFO] [stderr] warning: unused import: `debug`
[INFO] [stderr]  --> src/rust.rs:9:21
[INFO] [stderr]   |
[INFO] [stderr] 9 | use tracing::{self, debug, span, Level};
[INFO] [stderr]   |                     ^^^^^
[INFO] [stderr] 
[INFO] [stderr] warning: unused imports: `hash::Hash` and `path::PathBuf`
[INFO] [stderr]  --> src/rust_axum.rs:1:48
[INFO] [stderr]   |
[INFO] [stderr] 1 | use std::{cell::RefCell, collections::HashMap, hash::Hash, path::PathBuf};
[INFO] [stderr]   |                                                ^^^^^^^^^^  ^^^^^^^^^^^^^
[INFO] [stderr] 
[INFO] [stderr] warning: unused import: `RawUsecaseMethodRestOption`
[INFO] [stderr]  --> src/rust_axum.rs:5:49
[INFO] [stderr]   |
[INFO] [stderr] 5 | use cronus_spec::{RawUsecase, RawUsecaseMethod, RawUsecaseMethodRestOption, RustAxumGeneratorOption};
[INFO] [stderr]   |                                                 ^^^^^^^^^^^^^^^^^^^^^^^^^^
[INFO] [stderr] 
[INFO] [stderr] warning: unused imports: `Level` and `span`
[INFO] [stderr]  --> src/rust_axum.rs:6:15
[INFO] [stderr]   |
[INFO] [stderr] 6 | use tracing::{span, Level};
[INFO] [stderr]   |               ^^^^  ^^^^^
[INFO] [stderr] 
[INFO] [stderr] warning: unused import: `fmt::format`
[INFO] [stderr]  --> src/openapi.rs:1:59
[INFO] [stderr]   |
[INFO] [stderr] 1 | use std::{cell::RefCell, collections::{HashMap, HashSet}, fmt::format};
[INFO] [stderr]   |                                                           ^^^^^^^^^^^
[INFO] [stderr] 
[INFO] [stderr] warning: unused imports: `extract_url_variables` and `spec_ty_to_rust_builtin_ty`
[INFO] [stderr]  --> src/openapi.rs:8:231
[INFO] [stderr]   |
[INFO] [stderr] 8 | ...f, extract_url_variables, get_path_from_optional_parent, get_request_name, get_response_name, get_schema_by_name, parse_map_type, spec_ty_to_openapi_builtin_ty, spec_ty_to_rust_builtin_ty}, ...
[INFO] [stderr]   |       ^^^^^^^^^^^^^^^^^^^^^                                                                                                                                         ^^^^^^^^^^^^^^^^^^^^^^^^^^
[INFO] [stderr] 
[INFO] [stderr] warning: unused imports: `Path`, `error::Error`, and `self`
[INFO] [stderr]   --> src/lib.rs:12:76
[INFO] [stderr]    |
[INFO] [stderr] 12 | use std::{rc::Rc, cell::{RefCell}, collections::{HashMap, HashSet}, path::{Path, PathBuf}, error::Error, fs::{self, OpenOptions, File}, i...
[INFO] [stderr]    |                                                                            ^^^^            ^^^^^^^^^^^^       ^^^^
[INFO] [stderr] 
[INFO] [stderr] warning: unused import: `RawUsecaseMethod`
[INFO] [stderr]   --> src/lib.rs:17:51
[INFO] [stderr]    |
[INFO] [stderr] 17 | use cronus_spec::{RawSchema, RawSpec, RawUsecase, RawUsecaseMethod};
[INFO] [stderr]    |                                                   ^^^^^^^^^^^^^^^^
[INFO] [stderr] 
[INFO] [stderr] warning: unused variable: `tys`
[INFO] [stderr]    --> src/rust_axum.rs:212:26
[INFO] [stderr]     |
[INFO] [stderr] 212 |             Some((props, tys)) => {
[INFO] [stderr]     |                          ^^^ help: if this is intentional, prefix it with an underscore: `_tys`
[INFO] [stderr]     |
[INFO] [stderr]     = note: `#[warn(unused_variables)]` on by default
[INFO] [stderr] 
[INFO] [stderr] warning: unused variable: `method_name`
[INFO] [stderr]    --> src/rust_axum.rs:350:18
[INFO] [stderr]     |
[INFO] [stderr] 350 |             for (method_name, method) in &usecase.methods {
[INFO] [stderr]     |                  ^^^^^^^^^^^ help: if this is intentional, prefix it with an underscore: `_method_name`
[INFO] [stderr] 
[INFO] [stderr] warning: unused variable: `rest`
[INFO] [stderr]    --> src/rust_axum.rs:353:37
[INFO] [stderr]     |
[INFO] [stderr] 353 |                         if let Some(rest) = &option.rest {
[INFO] [stderr]     |                                     ^^^^ help: if this is intentional, prefix it with an underscore: `_rest`
[INFO] [stderr] 
[INFO] [stderr] warning: unused variable: `name`
[INFO] [stderr]    --> src/rust_axum.rs:349:19
[INFO] [stderr]     |
[INFO] [stderr] 349 |         .filter(|(name, usecase)| {
[INFO] [stderr]     |                   ^^^^ help: if this is intentional, prefix it with an underscore: `_name`
[INFO] [stderr] 
[INFO] [stderr] warning: unused variable: `usecase`
[INFO] [stderr]    --> src/rust_axum.rs:362:27
[INFO] [stderr]     |
[INFO] [stderr] 362 |         .for_each(|(name, usecase)|{
[INFO] [stderr]     |                           ^^^^^^^ help: if this is intentional, prefix it with an underscore: `_usecase`
[INFO] [stderr] 
[INFO] [stderr] warning: unused variable: `query`
[INFO] [stderr]    --> src/utils.rs:173:26
[INFO] [stderr]     |
[INFO] [stderr] 173 |                     Some(query) => Some(name.clone()),
[INFO] [stderr]     |                          ^^^^^ help: if this is intentional, prefix it with an underscore: `_query`
[INFO] [stderr] 
[INFO] [stderr] warning: unused variable: `method`
[INFO] [stderr]   --> src/ts_nestjs.rs:57:51
[INFO] [stderr]    |
[INFO] [stderr] 57 |     fn generate_method(&self, usecase_name: &str, method: &RawUsecaseMethod, rest_option: &RawUsecaseMethodRestOption) -> String {
[INFO] [stderr]    |                                                   ^^^^^^ help: if this is intentional, prefix it with an underscore: `_method`
[INFO] [stderr] 
[INFO] [stderr] warning: unused variable: `ty`
[INFO] [stderr]   --> src/ts_nestjs.rs:85:21
[INFO] [stderr]    |
[INFO] [stderr] 85 |         if let Some(ty) = &schema.ty {
[INFO] [stderr]    |                     ^^ help: if this is intentional, prefix it with an underscore: `_ty`
[INFO] [stderr] 
[INFO] [stderr] warning: unused variable: `enum_items`
[INFO] [stderr]    --> src/ts_nestjs.rs:102:21
[INFO] [stderr]     |
[INFO] [stderr] 102 |         if let Some(enum_items) = &schema.enum_items {
[INFO] [stderr]     |                     ^^^^^^^^^^ help: if this is intentional, prefix it with an underscore: `_enum_items`
[INFO] [stderr] 
[INFO] [stderr] warning: unused variable: `g`
[INFO] [stderr]   --> src/lib.rs:76:14
[INFO] [stderr]    |
[INFO] [stderr] 76 |         for (g, fs) in self.generator_fs.borrow().iter() {
[INFO] [stderr]    |              ^ help: if this is intentional, prefix it with an underscore: `_g`
[INFO] [stderr] 
[INFO] [stderr] warning: method `generate_dto` is never used
[INFO] [stderr]   --> src/ts_nestjs.rs:82:12
[INFO] [stderr]    |
[INFO] [stderr] 53 | impl TypescriptNestjsGenerator {
[INFO] [stderr]    | ------------------------------ method in this implementation
[INFO] [stderr] ...
[INFO] [stderr] 82 |     pub fn generate_dto(&self, schema: &RawSchema, dto_name: &str) -> String {
[INFO] [stderr]    |            ^^^^^^^^^^^^
[INFO] [stderr]    |
[INFO] [stderr]    = note: `#[warn(dead_code)]` on by default
[INFO] [stderr] 
[INFO] [stderr] warning: function `map_field` is never used
[INFO] [stderr]    --> src/ts_nestjs.rs:116:4
[INFO] [stderr]     |
[INFO] [stderr] 116 | fn map_field(field_name: &str, schema: &RawSchema, is_optional: bool) -> String {
[INFO] [stderr]     |    ^^^^^^^^^
[INFO] [stderr] 
[INFO] [stderr] warning: struct `RustFile` is never constructed
[INFO] [stderr]  --> src/rust_utils.rs:1:12
[INFO] [stderr]   |
[INFO] [stderr] 1 | pub struct RustFile {
[INFO] [stderr]   |            ^^^^^^^^
[INFO] [stderr] 
[INFO] [stderr] warning: struct `RustTrait` is never constructed
[INFO] [stderr]  --> src/rust_utils.rs:6:12
[INFO] [stderr]   |
[INFO] [stderr] 6 | pub struct RustTrait {
[INFO] [stderr]   |            ^^^^^^^^^
[INFO] [stderr] 
[INFO] [stderr] warning: struct `RustStruct` is never constructed
[INFO] [stderr]   --> src/rust_utils.rs:11:12
[INFO] [stderr]    |
[INFO] [stderr] 11 | pub struct RustStruct {
[INFO] [stderr]    |            ^^^^^^^^^^
[INFO] [stderr] 
[INFO] [stderr] warning: struct `RustAttribute` is never constructed
[INFO] [stderr]   --> src/rust_utils.rs:16:12
[INFO] [stderr]    |
[INFO] [stderr] 16 | pub struct RustAttribute {
[INFO] [stderr]    |            ^^^^^^^^^^^^^
[INFO] [stderr] 
[INFO] [stderr] warning: struct `RustFileUsesNode` is never constructed
[INFO] [stderr]   --> src/rust_utils.rs:20:12
[INFO] [stderr]    |
[INFO] [stderr] 20 | pub struct RustFileUsesNode {
[INFO] [stderr]    |            ^^^^^^^^^^^^^^^^
[INFO] [stderr] 
[INFO] [stderr] warning: methods `add` and `to_rust_uses` are never used
[INFO] [stderr]   --> src/rust_utils.rs:26:12
[INFO] [stderr]    |
[INFO] [stderr] 25 | impl RustFileUsesNode {
[INFO] [stderr]    | --------------------- methods in this implementation
[INFO] [stderr] 26 |     pub fn add(&mut self, use_path: &str) {
[INFO] [stderr]    |            ^^^
[INFO] [stderr] ...
[INFO] [stderr] 45 |     pub fn to_rust_uses(&self) -> String {
[INFO] [stderr]    |            ^^^^^^^^^^^^
[INFO] [stderr] 
[INFO] [stderr] warning: unused `Result` that must be used
[INFO] [stderr]   --> src/openapi.rs:57:9
[INFO] [stderr]    |
[INFO] [stderr] 57 |         self.generate_schema_with_ignore(ctx, Some(schema_name.to_string()), schema,  None);
[INFO] [stderr]    |         ^^^^^^^^^^^^^^^^^^^^^^^^^^^^^^^^^^^^^^^^^^^^^^^^^^^^^^^^^^^^^^^^^^^^^^^^^^^^^^^^^^^
[INFO] [stderr]    |
[INFO] [stderr]    = note: this `Result` may be an `Err` variant, which should be handled
[INFO] [stderr]    = note: `#[warn(unused_must_use)]` on by default
[INFO] [stderr] help: use `let _ = ...` to ignore the resulting value
[INFO] [stderr]    |
[INFO] [stderr] 57 |         let _ = self.generate_schema_with_ignore(ctx, Some(schema_name.to_string()), schema,  None);
[INFO] [stderr]    |         +++++++
[INFO] [stderr] 
[INFO] [stderr] warning: unused import: `Generator`
[INFO] [stderr]    --> src/rust.rs:349:38
[INFO] [stderr]     |
[INFO] [stderr] 349 |     use crate::{run_generator, Ctxt, Generator};
[INFO] [stderr]     |                                      ^^^^^^^^^
[INFO] [stderr] 
[INFO] [stderr] warning: unused import: `collections::HashMap`
[INFO] [stderr]    --> src/rust_axum.rs:403:15
[INFO] [stderr]     |
[INFO] [stderr] 403 |     use std::{collections::HashMap, path::PathBuf};
[INFO] [stderr]     |               ^^^^^^^^^^^^^^^^^^^^
[INFO] [stderr] 
[INFO] [stderr] warning: unused import: `collections::HashMap`
[INFO] [stderr]    --> src/openapi.rs:424:15
[INFO] [stderr]     |
[INFO] [stderr] 424 |     use std::{collections::HashMap, path::PathBuf};
[INFO] [stderr]     |               ^^^^^^^^^^^^^^^^^^^^
[INFO] [stderr] 
[INFO] [stderr] warning: `cronus_generator` (lib) generated 29 warnings (run `cargo fix --lib -p cronus_generator` to apply 10 suggestions)
[INFO] [stderr] warning: `cronus_generator` (lib test) generated 30 warnings (27 duplicates) (run `cargo fix --lib -p cronus_generator --tests` to apply 3 suggestions)
[INFO] [stderr]     Finished `test` profile [unoptimized + debuginfo] target(s) in 0.07s
[INFO] [stderr]      Running unittests src/lib.rs (/opt/rustwide/target/debug/deps/cronus_generator-7237e55cc7580aae)
[INFO] [stdout] 
[INFO] [stdout] running 24 tests
[INFO] [stdout] test rust::test::array_ty ... ok
[INFO] [stdout] test openapi::tests::test_openapi_get ... ok
[INFO] [stdout] test openapi::tests::test_openapi_path_var ... ok
[INFO] [stdout] test rust::test::custom_struct ... ok
[INFO] [stdout] test rust::test::ref_custom_struct ... ok
[INFO] [stdout] test rust::test::map_ty ... ok
[INFO] [stdout] test rust::test::custom_uses ... ok
[INFO] [stdout] test rust_axum::tests::test_axum_query_var ... ok
[INFO] [stdout] test rust_utils::test::test_add_single_path ... ok
[INFO] [stdout] test rust_utils::test::test_add_two_paths ... ok
[INFO] [stdout] test rust_axum::tests::test_axum_path_var ... ok
[INFO] [stdout] test rust_utils::test::test_to_rust_uses_combined ... ok
[INFO] [stdout] test rust_utils::test::test_to_rust_uses_single ... ok
[INFO] [stdout] test test::context_append_file ... ok
[INFO] [stdout] test utils::tests::test_empty_path ... ok
[INFO] [stdout] test utils::tests::test_multiple_variables ... ok
[INFO] [stdout] test utils::tests::test_single_variable ... ok
[INFO] [stdout] test rust::test::map_custom_ty ... ok
[INFO] [stdout] test utils::tests::test_no_variables ... ok
[INFO] [stdout] test rust_axum::tests::test_axum_no_path_var ... ok
[INFO] [stdout] test test::context_get_files_by_generator ... ok
[INFO] [stdout] test utils::tests::test_extract_variables ... ok
[INFO] [stdout] test test::e2e_hello_rust_axum ... FAILED
[INFO] [stdout] test test::e2e_hello_rust ... FAILED
[INFO] [stdout] 
[INFO] [stdout] failures:
[INFO] [stdout] 
[INFO] [stdout] ---- test::e2e_hello_rust_axum stdout ----
[INFO] [stdout] Error: No such file or directory (os error 2)
[INFO] [stdout] 
[INFO] [stdout] Stack backtrace:
[INFO] [stdout]    0: anyhow::error::<impl core::convert::From<E> for anyhow::Error>::from
[INFO] [stdout]              at /opt/rustwide/cargo-home/registry/src/index.crates.io-6f17d22bba15001f/anyhow-1.0.94/src/backtrace.rs:27:14
[INFO] [stdout]    1: <core::result::Result<T,F> as core::ops::try_trait::FromResidual<core::result::Result<core::convert::Infallible,E>>>::from_residual
[INFO] [stdout]              at /rustc/90b35a6239c3d8bdabc530a6a0816f7ff89a0aaf/library/core/src/result.rs:2010:27
[INFO] [stdout]    2: cronus_parser::from_api
[INFO] [stdout]              at /opt/rustwide/cargo-home/registry/src/index.crates.io-6f17d22bba15001f/cronus_parser-0.2.8/src/lib.rs:15:20
[INFO] [stdout]    3: cronus_parser::from_file
[INFO] [stdout]              at /opt/rustwide/cargo-home/registry/src/index.crates.io-6f17d22bba15001f/cronus_parser-0.2.8/src/lib.rs:30:32
[INFO] [stdout]    4: cronus_generator::test::e2e_hello_rust_axum
[INFO] [stdout]              at ./src/lib.rs:261:20
[INFO] [stdout]    5: cronus_generator::test::e2e_hello_rust_axum::{{closure}}
[INFO] [stdout]              at ./src/lib.rs:258:33
[INFO] [stdout]    6: core::ops::function::FnOnce::call_once
[INFO] [stdout]              at /rustc/90b35a6239c3d8bdabc530a6a0816f7ff89a0aaf/library/core/src/ops/function.rs:250:5
[INFO] [stdout]    7: core::ops::function::FnOnce::call_once
[INFO] [stdout]              at /rustc/90b35a6239c3d8bdabc530a6a0816f7ff89a0aaf/library/core/src/ops/function.rs:250:5
[INFO] [stdout]    8: test::__rust_begin_short_backtrace
[INFO] [stdout]              at /rustc/90b35a6239c3d8bdabc530a6a0816f7ff89a0aaf/library/test/src/lib.rs:621:18
[INFO] [stdout]    9: test::run_test_in_process::{{closure}}
[INFO] [stdout]              at /rustc/90b35a6239c3d8bdabc530a6a0816f7ff89a0aaf/library/test/src/lib.rs:644:60
[INFO] [stdout]   10: <core::panic::unwind_safe::AssertUnwindSafe<F> as core::ops::function::FnOnce<()>>::call_once
[INFO] [stdout]              at /rustc/90b35a6239c3d8bdabc530a6a0816f7ff89a0aaf/library/core/src/panic/unwind_safe.rs:272:9
[INFO] [stdout]   11: std::panicking::try::do_call
[INFO] [stdout]              at /rustc/90b35a6239c3d8bdabc530a6a0816f7ff89a0aaf/library/std/src/panicking.rs:557:40
[INFO] [stdout]   12: std::panicking::try
[INFO] [stdout]              at /rustc/90b35a6239c3d8bdabc530a6a0816f7ff89a0aaf/library/std/src/panicking.rs:520:19
[INFO] [stdout]   13: std::panic::catch_unwind
[INFO] [stdout]              at /rustc/90b35a6239c3d8bdabc530a6a0816f7ff89a0aaf/library/std/src/panic.rs:358:14
[INFO] [stdout]   14: test::run_test_in_process
[INFO] [stdout]              at /rustc/90b35a6239c3d8bdabc530a6a0816f7ff89a0aaf/library/test/src/lib.rs:644:27
[INFO] [stdout]   15: test::run_test::{{closure}}
[INFO] [stdout]              at /rustc/90b35a6239c3d8bdabc530a6a0816f7ff89a0aaf/library/test/src/lib.rs:565:43
[INFO] [stdout]   16: test::run_test::{{closure}}
[INFO] [stdout]              at /rustc/90b35a6239c3d8bdabc530a6a0816f7ff89a0aaf/library/test/src/lib.rs:595:41
[INFO] [stdout]   17: std::sys::backtrace::__rust_begin_short_backtrace
[INFO] [stdout]              at /rustc/90b35a6239c3d8bdabc530a6a0816f7ff89a0aaf/library/std/src/sys/backtrace.rs:154:18
[INFO] [stdout]   18: std::thread::Builder::spawn_unchecked_::{{closure}}::{{closure}}
[INFO] [stdout]              at /rustc/90b35a6239c3d8bdabc530a6a0816f7ff89a0aaf/library/std/src/thread/mod.rs:538:17
[INFO] [stdout]   19: <core::panic::unwind_safe::AssertUnwindSafe<F> as core::ops::function::FnOnce<()>>::call_once
[INFO] [stdout]              at /rustc/90b35a6239c3d8bdabc530a6a0816f7ff89a0aaf/library/core/src/panic/unwind_safe.rs:272:9
[INFO] [stdout]   20: std::panicking::try::do_call
[INFO] [stdout]              at /rustc/90b35a6239c3d8bdabc530a6a0816f7ff89a0aaf/library/std/src/panicking.rs:557:40
[INFO] [stdout]   21: std::panicking::try
[INFO] [stdout]              at /rustc/90b35a6239c3d8bdabc530a6a0816f7ff89a0aaf/library/std/src/panicking.rs:520:19
[INFO] [stdout]   22: std::panic::catch_unwind
[INFO] [stdout]              at /rustc/90b35a6239c3d8bdabc530a6a0816f7ff89a0aaf/library/std/src/panic.rs:358:14
[INFO] [stdout]   23: std::thread::Builder::spawn_unchecked_::{{closure}}
[INFO] [stdout]              at /rustc/90b35a6239c3d8bdabc530a6a0816f7ff89a0aaf/library/std/src/thread/mod.rs:537:30
[INFO] [stdout]   24: core::ops::function::FnOnce::call_once{{vtable.shim}}
[INFO] [stdout]              at /rustc/90b35a6239c3d8bdabc530a6a0816f7ff89a0aaf/library/core/src/ops/function.rs:250:5
[INFO] [stdout]   25: <alloc::boxed::Box<F,A> as core::ops::function::FnOnce<Args>>::call_once
[INFO] [stdout]              at /rustc/90b35a6239c3d8bdabc530a6a0816f7ff89a0aaf/library/alloc/src/boxed.rs:2454:9
[INFO] [stdout]   26: <alloc::boxed::Box<F,A> as core::ops::function::FnOnce<Args>>::call_once
[INFO] [stdout]              at /rustc/90b35a6239c3d8bdabc530a6a0816f7ff89a0aaf/library/alloc/src/boxed.rs:2454:9
[INFO] [stdout]   27: std::sys::pal::unix::thread::Thread::new::thread_start
[INFO] [stdout]              at /rustc/90b35a6239c3d8bdabc530a6a0816f7ff89a0aaf/library/std/src/sys/pal/unix/thread.rs:105:17
[INFO] [stdout]   28: <unknown>
[INFO] [stdout]   29: clone
[INFO] [stdout] 
[INFO] [stdout] ---- test::e2e_hello_rust stdout ----
[INFO] [stdout] Error: No such file or directory (os error 2)
[INFO] [stdout] 
[INFO] [stdout] Stack backtrace:
[INFO] [stdout]    0: anyhow::error::<impl core::convert::From<E> for anyhow::Error>::from
[INFO] [stdout]              at /opt/rustwide/cargo-home/registry/src/index.crates.io-6f17d22bba15001f/anyhow-1.0.94/src/backtrace.rs:27:14
[INFO] [stdout]    1: <core::result::Result<T,F> as core::ops::try_trait::FromResidual<core::result::Result<core::convert::Infallible,E>>>::from_residual
[INFO] [stdout]              at /rustc/90b35a6239c3d8bdabc530a6a0816f7ff89a0aaf/library/core/src/result.rs:2010:27
[INFO] [stdout]    2: cronus_parser::from_api
[INFO] [stdout]              at /opt/rustwide/cargo-home/registry/src/index.crates.io-6f17d22bba15001f/cronus_parser-0.2.8/src/lib.rs:15:20
[INFO] [stdout]    3: cronus_parser::from_file
[INFO] [stdout]              at /opt/rustwide/cargo-home/registry/src/index.crates.io-6f17d22bba15001f/cronus_parser-0.2.8/src/lib.rs:30:32
[INFO] [stdout]    4: cronus_generator::test::e2e_hello_rust
[INFO] [stdout]              at ./src/lib.rs:251:20
[INFO] [stdout]    5: cronus_generator::test::e2e_hello_rust::{{closure}}
[INFO] [stdout]              at ./src/lib.rs:248:28
[INFO] [stdout]    6: core::ops::function::FnOnce::call_once
[INFO] [stdout]              at /rustc/90b35a6239c3d8bdabc530a6a0816f7ff89a0aaf/library/core/src/ops/function.rs:250:5
[INFO] [stdout]    7: core::ops::function::FnOnce::call_once
[INFO] [stdout]              at /rustc/90b35a6239c3d8bdabc530a6a0816f7ff89a0aaf/library/core/src/ops/function.rs:250:5
[INFO] [stdout]    8: test::__rust_begin_short_backtrace
[INFO] [stdout]              at /rustc/90b35a6239c3d8bdabc530a6a0816f7ff89a0aaf/library/test/src/lib.rs:621:18
[INFO] [stdout]    9: test::run_test_in_process::{{closure}}
[INFO] [stdout]              at /rustc/90b35a6239c3d8bdabc530a6a0816f7ff89a0aaf/library/test/src/lib.rs:644:60
[INFO] [stdout]   10: <core::panic::unwind_safe::AssertUnwindSafe<F> as core::ops::function::FnOnce<()>>::call_once
[INFO] [stdout]              at /rustc/90b35a6239c3d8bdabc530a6a0816f7ff89a0aaf/library/core/src/panic/unwind_safe.rs:272:9
[INFO] [stdout]   11: std::panicking::try::do_call
[INFO] [stdout]              at /rustc/90b35a6239c3d8bdabc530a6a0816f7ff89a0aaf/library/std/src/panicking.rs:557:40
[INFO] [stdout]   12: std::panicking::try
[INFO] [stdout]              at /rustc/90b35a6239c3d8bdabc530a6a0816f7ff89a0aaf/library/std/src/panicking.rs:520:19
[INFO] [stdout]   13: std::panic::catch_unwind
[INFO] [stdout]              at /rustc/90b35a6239c3d8bdabc530a6a0816f7ff89a0aaf/library/std/src/panic.rs:358:14
[INFO] [stdout]   14: test::run_test_in_process
[INFO] [stdout]              at /rustc/90b35a6239c3d8bdabc530a6a0816f7ff89a0aaf/library/test/src/lib.rs:644:27
[INFO] [stdout]   15: test::run_test::{{closure}}
[INFO] [stdout]              at /rustc/90b35a6239c3d8bdabc530a6a0816f7ff89a0aaf/library/test/src/lib.rs:565:43
[INFO] [stdout]   16: test::run_test::{{closure}}
[INFO] [stdout]              at /rustc/90b35a6239c3d8bdabc530a6a0816f7ff89a0aaf/library/test/src/lib.rs:595:41
[INFO] [stdout]   17: std::sys::backtrace::__rust_begin_short_backtrace
[INFO] [stdout]              at /rustc/90b35a6239c3d8bdabc530a6a0816f7ff89a0aaf/library/std/src/sys/backtrace.rs:154:18
[INFO] [stdout]   18: std::thread::Builder::spawn_unchecked_::{{closure}}::{{closure}}
[INFO] [stdout]              at /rustc/90b35a6239c3d8bdabc530a6a0816f7ff89a0aaf/library/std/src/thread/mod.rs:538:17
[INFO] [stdout]   19: <core::panic::unwind_safe::AssertUnwindSafe<F> as core::ops::function::FnOnce<()>>::call_once
[INFO] [stdout]              at /rustc/90b35a6239c3d8bdabc530a6a0816f7ff89a0aaf/library/core/src/panic/unwind_safe.rs:272:9
[INFO] [stdout]   20: std::panicking::try::do_call
[INFO] [stdout]              at /rustc/90b35a6239c3d8bdabc530a6a0816f7ff89a0aaf/library/std/src/panicking.rs:557:40
[INFO] [stdout]   21: std::panicking::try
[INFO] [stdout]              at /rustc/90b35a6239c3d8bdabc530a6a0816f7ff89a0aaf/library/std/src/panicking.rs:520:19
[INFO] [stdout]   22: std::panic::catch_unwind
[INFO] [stdout]              at /rustc/90b35a6239c3d8bdabc530a6a0816f7ff89a0aaf/library/std/src/panic.rs:358:14
[INFO] [stdout]   23: std::thread::Builder::spawn_unchecked_::{{closure}}
[INFO] [stdout]              at /rustc/90b35a6239c3d8bdabc530a6a0816f7ff89a0aaf/library/std/src/thread/mod.rs:537:30
[INFO] [stdout]   24: core::ops::function::FnOnce::call_once{{vtable.shim}}
[INFO] [stdout]              at /rustc/90b35a6239c3d8bdabc530a6a0816f7ff89a0aaf/library/core/src/ops/function.rs:250:5
[INFO] [stdout]   25: <alloc::boxed::Box<F,A> as core::ops::function::FnOnce<Args>>::call_once
[INFO] [stdout]              at /rustc/90b35a6239c3d8bdabc530a6a0816f7ff89a0aaf/library/alloc/src/boxed.rs:2454:9
[INFO] [stdout]   26: <alloc::boxed::Box<F,A> as core::ops::function::FnOnce<Args>>::call_once
[INFO] [stdout]              at /rustc/90b35a6239c3d8bdabc530a6a0816f7ff89a0aaf/library/alloc/src/boxed.rs:2454:9
[INFO] [stdout]   27: std::sys::pal::unix::thread::Thread::new::thread_start
[INFO] [stdout]              at /rustc/90b35a6239c3d8bdabc530a6a0816f7ff89a0aaf/library/std/src/sys/pal/unix/thread.rs:105:17
[INFO] [stdout]   28: <unknown>
[INFO] [stdout]   29: clone
[INFO] [stdout] 
[INFO] [stdout] 
[INFO] [stdout] failures:
[INFO] [stdout]     test::e2e_hello_rust
[INFO] [stdout]     test::e2e_hello_rust_axum
[INFO] [stdout] 
[INFO] [stdout] test result: FAILED. 22 passed; 2 failed; 0 ignored; 0 measured; 0 filtered out; finished in 0.08s
[INFO] [stdout] 
[INFO] [stderr] error: test failed, to rerun pass `--lib`
[INFO] running `Command { std: "docker" "inspect" "79c26331cd243f8bd45bf8d7ac56be13d91aafb52a60213d13e7a365450db3f5", kill_on_drop: false }`
[INFO] running `Command { std: "docker" "rm" "-f" "79c26331cd243f8bd45bf8d7ac56be13d91aafb52a60213d13e7a365450db3f5", kill_on_drop: false }`
[INFO] [stdout] 79c26331cd243f8bd45bf8d7ac56be13d91aafb52a60213d13e7a365450db3f5
