[INFO] fetching crate cromulent 0.1.1...
[INFO] testing cromulent-0.1.1 against 1.83.0 for beta-1.84.0-4-retry
[INFO] extracting crate cromulent 0.1.1 into /workspace/builds/worker-3-tc1/source
[INFO] validating manifest of crates.io crate cromulent 0.1.1 on toolchain 1.83.0
[INFO] running `Command { std: CARGO_HOME="/workspace/cargo-home" RUSTUP_HOME="/workspace/rustup-home" "/workspace/cargo-home/bin/cargo" "+1.83.0" "metadata" "--manifest-path" "Cargo.toml" "--no-deps", kill_on_drop: false }`
[INFO] started tweaking crates.io crate cromulent 0.1.1
[INFO] finished tweaking crates.io crate cromulent 0.1.1
[INFO] tweaked toml for crates.io crate cromulent 0.1.1 written to /workspace/builds/worker-3-tc1/source/Cargo.toml
[INFO] running `Command { std: CARGO_HOME="/workspace/cargo-home" RUSTUP_HOME="/workspace/rustup-home" "/workspace/cargo-home/bin/cargo" "+1.83.0" "generate-lockfile" "--manifest-path" "Cargo.toml", kill_on_drop: false }`
[INFO] [stderr]     Updating crates.io index
[INFO] [stderr]      Locking 62 packages to latest compatible versions
[INFO] [stderr]       Adding thiserror v1.0.69 (available: v2.0.7)
[INFO] running `Command { std: CARGO_HOME="/workspace/cargo-home" RUSTUP_HOME="/workspace/rustup-home" "/workspace/cargo-home/bin/cargo" "+1.83.0" "fetch" "--manifest-path" "Cargo.toml", kill_on_drop: false }`
[INFO] [stderr]  Downloading crates ...
[INFO] [stderr]   Downloaded wordexp-sys v1.0.0
[INFO] running `Command { std: "docker" "create" "-v" "/var/lib/crater-agent-workspace/builds/worker-3-tc1/target:/opt/rustwide/target:rw,Z" "-v" "/var/lib/crater-agent-workspace/builds/worker-3-tc1/source:/opt/rustwide/workdir:ro,Z" "-v" "/var/lib/crater-agent-workspace/cargo-home:/opt/rustwide/cargo-home:ro,Z" "-v" "/var/lib/crater-agent-workspace/rustup-home:/opt/rustwide/rustup-home:ro,Z" "-e" "SOURCE_DIR=/opt/rustwide/workdir" "-e" "CARGO_TARGET_DIR=/opt/rustwide/target" "-e" "CARGO_HOME=/opt/rustwide/cargo-home" "-e" "RUSTUP_HOME=/opt/rustwide/rustup-home" "-w" "/opt/rustwide/workdir" "-m" "1610612736" "--user" "0:0" "--network" "none" "ghcr.io/rust-lang/crates-build-env/linux@sha256:f3a9d4ad9d972b27faf3965f35b62e55ba32bbce8f20bc8fe909558a86702fde" "/opt/rustwide/cargo-home/bin/cargo" "+1.83.0" "metadata" "--no-deps" "--format-version=1", kill_on_drop: false }`
[INFO] [stdout] ab54c5741b8a1045b7736c96f721a0df6d4694d4df3dc75c404ea67d8aeedaad
[INFO] running `Command { std: "docker" "start" "-a" "ab54c5741b8a1045b7736c96f721a0df6d4694d4df3dc75c404ea67d8aeedaad", kill_on_drop: false }`
[INFO] running `Command { std: "docker" "inspect" "ab54c5741b8a1045b7736c96f721a0df6d4694d4df3dc75c404ea67d8aeedaad", kill_on_drop: false }`
[INFO] running `Command { std: "docker" "rm" "-f" "ab54c5741b8a1045b7736c96f721a0df6d4694d4df3dc75c404ea67d8aeedaad", kill_on_drop: false }`
[INFO] [stdout] ab54c5741b8a1045b7736c96f721a0df6d4694d4df3dc75c404ea67d8aeedaad
[INFO] running `Command { std: "docker" "create" "-v" "/var/lib/crater-agent-workspace/builds/worker-3-tc1/target:/opt/rustwide/target:rw,Z" "-v" "/var/lib/crater-agent-workspace/builds/worker-3-tc1/source:/opt/rustwide/workdir:ro,Z" "-v" "/var/lib/crater-agent-workspace/cargo-home:/opt/rustwide/cargo-home:ro,Z" "-v" "/var/lib/crater-agent-workspace/rustup-home:/opt/rustwide/rustup-home:ro,Z" "-e" "SOURCE_DIR=/opt/rustwide/workdir" "-e" "CARGO_TARGET_DIR=/opt/rustwide/target" "-e" "CARGO_INCREMENTAL=0" "-e" "RUST_BACKTRACE=full" "-e" "RUSTFLAGS=--cap-lints=warn" "-e" "RUSTDOCFLAGS=--cap-lints=warn" "-e" "CARGO_HOME=/opt/rustwide/cargo-home" "-e" "RUSTUP_HOME=/opt/rustwide/rustup-home" "-w" "/opt/rustwide/workdir" "-m" "1610612736" "--user" "0:0" "--network" "none" "ghcr.io/rust-lang/crates-build-env/linux@sha256:f3a9d4ad9d972b27faf3965f35b62e55ba32bbce8f20bc8fe909558a86702fde" "/opt/rustwide/cargo-home/bin/cargo" "+1.83.0" "build" "--frozen" "--message-format=json", kill_on_drop: false }`
[INFO] [stdout] 60549be49a6ce43b6446ec30d6dfe297bc7522e5621391a79badea1659d2c4d4
[INFO] running `Command { std: "docker" "start" "-a" "60549be49a6ce43b6446ec30d6dfe297bc7522e5621391a79badea1659d2c4d4", kill_on_drop: false }`
[INFO] [stderr]    Compiling memchr v2.7.4
[INFO] [stderr]    Compiling proc-macro2 v1.0.92
[INFO] [stderr]    Compiling libc v0.2.168
[INFO] [stderr]    Compiling unicode-ident v1.0.14
[INFO] [stderr]    Compiling glob v0.3.1
[INFO] [stderr]    Compiling regex-syntax v0.8.5
[INFO] [stderr]    Compiling rustix v0.38.42
[INFO] [stderr]    Compiling linux-raw-sys v0.4.14
[INFO] [stderr]    Compiling unicode-width v0.1.14
[INFO] [stderr]    Compiling bitflags v2.6.0
[INFO] [stderr]    Compiling cfg-if v1.0.0
[INFO] [stderr]    Compiling minimal-lexical v0.2.1
[INFO] [stderr]    Compiling termcolor v1.4.1
[INFO] [stderr]    Compiling log v0.4.22
[INFO] [stderr]    Compiling vec_map v0.8.2
[INFO] [stderr]    Compiling ansi_term v0.12.1
[INFO] [stderr]    Compiling libloading v0.8.6
[INFO] [stderr]    Compiling either v1.13.0
[INFO] [stderr]    Compiling strsim v0.8.0
[INFO] [stderr]    Compiling bitflags v1.3.2
[INFO] [stderr]    Compiling home v0.5.9
[INFO] [stderr]    Compiling humantime v2.1.0
[INFO] [stderr]    Compiling bindgen v0.59.2
[INFO] [stderr]    Compiling rustc-hash v1.1.0
[INFO] [stderr]    Compiling textwrap v0.11.0
[INFO] [stderr]    Compiling lazycell v1.3.0
[INFO] [stderr]    Compiling peeking_take_while v0.1.2
[INFO] [stderr]    Compiling shlex v1.3.0
[INFO] [stderr]    Compiling lazy_static v1.5.0
[INFO] [stderr]    Compiling thiserror v1.0.69
[INFO] [stderr]    Compiling clang-sys v1.8.1
[INFO] [stderr]    Compiling aho-corasick v1.1.3
[INFO] [stderr]    Compiling nom v7.1.3
[INFO] [stderr]    Compiling quote v1.0.37
[INFO] [stderr]    Compiling syn v2.0.90
[INFO] [stderr]    Compiling atty v0.2.14
[INFO] [stderr]    Compiling clap v2.34.0
[INFO] [stderr]    Compiling regex-automata v0.4.9
[INFO] [stderr]    Compiling which v4.4.2
[INFO] [stderr]    Compiling cexpr v0.6.0
[INFO] [stderr]    Compiling thiserror-impl v1.0.69
[INFO] [stderr]    Compiling regex v1.11.1
[INFO] [stderr]    Compiling env_logger v0.9.3
[INFO] [stderr]    Compiling wordexp-sys v1.0.0
[INFO] [stderr]    Compiling cromulent v0.1.1 (/opt/rustwide/workdir)
[INFO] [stderr]     Finished `dev` profile [unoptimized + debuginfo] target(s) in 12.39s
[INFO] running `Command { std: "docker" "inspect" "60549be49a6ce43b6446ec30d6dfe297bc7522e5621391a79badea1659d2c4d4", kill_on_drop: false }`
[INFO] running `Command { std: "docker" "rm" "-f" "60549be49a6ce43b6446ec30d6dfe297bc7522e5621391a79badea1659d2c4d4", kill_on_drop: false }`
[INFO] [stdout] 60549be49a6ce43b6446ec30d6dfe297bc7522e5621391a79badea1659d2c4d4
[INFO] running `Command { std: "docker" "create" "-v" "/var/lib/crater-agent-workspace/builds/worker-3-tc1/target:/opt/rustwide/target:rw,Z" "-v" "/var/lib/crater-agent-workspace/builds/worker-3-tc1/source:/opt/rustwide/workdir:ro,Z" "-v" "/var/lib/crater-agent-workspace/cargo-home:/opt/rustwide/cargo-home:ro,Z" "-v" "/var/lib/crater-agent-workspace/rustup-home:/opt/rustwide/rustup-home:ro,Z" "-e" "SOURCE_DIR=/opt/rustwide/workdir" "-e" "CARGO_TARGET_DIR=/opt/rustwide/target" "-e" "CARGO_INCREMENTAL=0" "-e" "RUST_BACKTRACE=full" "-e" "RUSTFLAGS=--cap-lints=warn" "-e" "RUSTDOCFLAGS=--cap-lints=warn" "-e" "CARGO_HOME=/opt/rustwide/cargo-home" "-e" "RUSTUP_HOME=/opt/rustwide/rustup-home" "-w" "/opt/rustwide/workdir" "-m" "1610612736" "--user" "0:0" "--network" "none" "ghcr.io/rust-lang/crates-build-env/linux@sha256:f3a9d4ad9d972b27faf3965f35b62e55ba32bbce8f20bc8fe909558a86702fde" "/opt/rustwide/cargo-home/bin/cargo" "+1.83.0" "test" "--frozen" "--no-run" "--message-format=json", kill_on_drop: false }`
[INFO] [stdout] 272151d77a5f547656353f24c0ea5881e3fd4de8590b93426c855f0a3a12bca1
[INFO] running `Command { std: "docker" "start" "-a" "272151d77a5f547656353f24c0ea5881e3fd4de8590b93426c855f0a3a12bca1", kill_on_drop: false }`
[INFO] [stderr]    Compiling cromulent v0.1.1 (/opt/rustwide/workdir)
[INFO] [stderr]     Finished `test` profile [unoptimized + debuginfo] target(s) in 0.91s
[INFO] running `Command { std: "docker" "inspect" "272151d77a5f547656353f24c0ea5881e3fd4de8590b93426c855f0a3a12bca1", kill_on_drop: false }`
[INFO] running `Command { std: "docker" "rm" "-f" "272151d77a5f547656353f24c0ea5881e3fd4de8590b93426c855f0a3a12bca1", kill_on_drop: false }`
[INFO] [stdout] 272151d77a5f547656353f24c0ea5881e3fd4de8590b93426c855f0a3a12bca1
[INFO] running `Command { std: "docker" "create" "-v" "/var/lib/crater-agent-workspace/builds/worker-3-tc1/target:/opt/rustwide/target:rw,Z" "-v" "/var/lib/crater-agent-workspace/builds/worker-3-tc1/source:/opt/rustwide/workdir:ro,Z" "-v" "/var/lib/crater-agent-workspace/cargo-home:/opt/rustwide/cargo-home:ro,Z" "-v" "/var/lib/crater-agent-workspace/rustup-home:/opt/rustwide/rustup-home:ro,Z" "-e" "SOURCE_DIR=/opt/rustwide/workdir" "-e" "CARGO_TARGET_DIR=/opt/rustwide/target" "-e" "CARGO_INCREMENTAL=0" "-e" "RUST_BACKTRACE=full" "-e" "RUSTFLAGS=--cap-lints=warn" "-e" "RUSTDOCFLAGS=--cap-lints=warn" "-e" "CARGO_HOME=/opt/rustwide/cargo-home" "-e" "RUSTUP_HOME=/opt/rustwide/rustup-home" "-w" "/opt/rustwide/workdir" "-m" "1610612736" "--user" "0:0" "--network" "none" "ghcr.io/rust-lang/crates-build-env/linux@sha256:f3a9d4ad9d972b27faf3965f35b62e55ba32bbce8f20bc8fe909558a86702fde" "/opt/rustwide/cargo-home/bin/cargo" "+1.83.0" "test" "--frozen", kill_on_drop: false }`
[INFO] [stdout] 2698f9cbd0f99a6c99a522d1f9f7fa5519c2ce718e8eafb483d77e971a3ebb6b
[INFO] running `Command { std: "docker" "start" "-a" "2698f9cbd0f99a6c99a522d1f9f7fa5519c2ce718e8eafb483d77e971a3ebb6b", kill_on_drop: false }`
[INFO] [stderr]     Finished `test` profile [unoptimized + debuginfo] target(s) in 0.07s
[INFO] [stderr]      Running unittests src/lib.rs (/opt/rustwide/target/debug/deps/cromulent-3d1533a78b7ff3ba)
[INFO] [stdout] 
[INFO] [stdout] running 0 tests
[INFO] [stdout] 
[INFO] [stdout] test result: ok. 0 passed; 0 failed; 0 ignored; 0 measured; 0 filtered out; finished in 0.00s
[INFO] [stdout] 
[INFO] [stderr]      Running tests/lib.rs (/opt/rustwide/target/debug/deps/lib-e3ae361df5db0af7)
[INFO] [stdout] 
[INFO] [stdout] running 16 tests
[INFO] [stdout] test allowed_undefined_variable ... ok
[INFO] [stdout] test default ... ok
[INFO] [stdout] test disallowed_undefined_variable ... ok
[INFO] [stdout] test defined_variable ... ok
[INFO] [stdout] test index_1 ... ok
[INFO] [stdout] test disallowed_command ... ok
[INFO] [stdout] test len_0 ... ok
[INFO] [stdout] test is_empty ... ok
[INFO] [stdout] test iteration ... ok
[INFO] [stdout] test len_1 ... ok
[INFO] [stdout] test len_2 ... ok
[INFO] [stdout] test index_2 ... ok
[INFO] [stdout] test not_is_empty ... ok
[INFO] [stdout] test allowed_command ... ok
[INFO] [stdout] test out_of_bounds_2 - should panic ... ok
[INFO] [stderr]      Running tests/path.rs (/opt/rustwide/target/debug/deps/path-b9da3f5c3fc82292)
[INFO] [stdout] test out_of_bounds_0 - should panic ... ok
[INFO] [stdout] 
[INFO] [stdout] test result: ok. 16 passed; 0 failed; 0 ignored; 0 measured; 0 filtered out; finished in 0.02s
[INFO] [stdout] 
[INFO] [stdout] 
[INFO] [stdout] running 10 tests
[INFO] [stdout] test iteration ... ok
[INFO] [stdout] test is_empty ... ok
[INFO] [stdout] test index_2 ... ok
[INFO] [stdout] test len_0 ... ok
[INFO] [stdout] test len_2 ... ok
[INFO] [stdout] test index_1 ... ok
[INFO] [stdout] test len_1 ... ok
[INFO] [stdout] test not_is_empty ... ok
[INFO] [stdout] test out_of_bounds_0 - should panic ... ok
[INFO] [stdout] test out_of_bounds_2 - should panic ... ok
[INFO] [stdout] 
[INFO] [stdout] test result: ok. 10 passed; 0 failed; 0 ignored; 0 measured; 0 filtered out; finished in 0.03s
[INFO] [stdout] 
[INFO] [stderr]      Running tests/utf8.rs (/opt/rustwide/target/debug/deps/utf8-c26aa619ebb344fb)
[INFO] [stdout] 
[INFO] [stdout] running 10 tests
[INFO] [stdout] test is_empty ... ok
[INFO] [stdout] test iteration ... ok
[INFO] [stdout] test index_1 ... ok
[INFO] [stdout] test len_1 ... ok
[INFO] [stdout] test len_0 ... ok
[INFO] [stdout] test len_2 ... ok
[INFO] [stdout] test not_is_empty ... ok
[INFO] [stdout] test index_2 ... ok
[INFO] [stdout] test out_of_bounds_0 - should panic ... ok
[INFO] [stdout] test out_of_bounds_2 - should panic ... ok
[INFO] [stdout] 
[INFO] [stdout] test result: ok. 10 passed; 0 failed; 0 ignored; 0 measured; 0 filtered out; finished in 0.03s
[INFO] [stdout] 
[INFO] [stderr]    Doc-tests cromulent
[INFO] [stdout] 
[INFO] [stdout] running 54 tests
[INFO] [stdout] test src/lib.rs - WordError::CommandSubstitution (line 259) ... ok
[INFO] [stdout] test src/lib.rs - WordError::CommandSubstitution (line 266) ... ok
[INFO] [stdout] test src/lib.rs - WordExpander::allow_commands (line 77) ... ok
[INFO] [stdout] test src/lib.rs - WordExpander::allow_undefined (line 108) ... ok
[INFO] [stdout] test src/lib.rs - WordExpander::show_stderr (line 144) ... ok
[INFO] [stdout] test src/lib.rs - WordExpander (line 33) ... ok
[INFO] [stdout] test src/lib.rs - WordExpander::allow_commands (line 86) ... ok
[INFO] [stdout] test src/lib.rs - WordError::IllegalCharacter (line 291) ... ok
[INFO] [stdout] test src/lib.rs - WordError::Syntax (line 303) ... ok
[INFO] [stdout] test src/lib.rs - WordError::UndefinedVariable (line 315) ... ok
[INFO] [stdout] test src/lib.rs - WordList (line 343) ... ok
[INFO] [stdout] test src/lib.rs - WordExpander (line 42) ... ok
[INFO] [stdout] test src/lib.rs - WordError::EmbeddedNul (line 276) ... ok
[INFO] [stdout] test src/lib.rs - WordExpander (line 19) ... FAILED
[INFO] [stdout] test src/lib.rs - WordExpander (line 51) ... ok
[INFO] [stdout] test src/lib.rs - WordExpander::allow_undefined (line 119) ... ok
[INFO] [stdout] test src/lib.rs - WordList (line 353) ... ok
[INFO] [stdout] test src/lib.rs - WordError::UndefinedVariable (line 323) ... ok
[INFO] [stdout] test src/lib.rs - WordExpander::show_stderr (line 155) ... ok
[INFO] [stdout] test src/lib.rs - WordList<'l>::is_empty (line 423) ... ok
[INFO] [stdout] test src/lib.rs - WordList<'l>::get (line 460) ... ok
[INFO] [stdout] test src/lib.rs - WordList<'l>::len (line 444) ... ok
[INFO] [stdout] test src/lib.rs - WordList<'l>::path (line 572) ... ok
[INFO] [stdout] test src/lib.rs - WordList<'l>::utf8 (line 511) ... ok
[INFO] [stdout] test src/lib.rs - WordList<'l>::utf8_eager (line 543) ... ok
[INFO] [stdout] test src/lib.rs - WordList (line 367) ... ok
[INFO] [stdout] test src/lib.rs - WordList<'l>::len (line 437) ... ok
[INFO] [stdout] test src/lib.rs - WordList<'l>::get_unchecked (line 487) ... ok
[INFO] [stdout] test src/path.rs - path::WordList (line 26) ... ok
[INFO] [stdout] test src/lib.rs - WordList (line 379) ... ok
[INFO] [stdout] test src/lib.rs - WordList<'l>::utf8_eager (line 553) ... ok
[INFO] [stdout] test src/lib.rs - WordList<'l>::utf8 (line 521) ... ok
[INFO] [stdout] test src/path.rs - path::WordList (line 15) ... ok
[INFO] [stdout] test src/path.rs - path::WordList (line 42) ... ok
[INFO] [stdout] test src/path.rs - path::WordList<'p,'l>::is_empty (line 111) ... ok
[INFO] [stdout] test src/path.rs - path::WordList<'p,'l>::get (line 151) ... ok
[INFO] [stdout] test src/path.rs - path::WordList<'p,'l>::get_unchecked (line 178) ... ok
[INFO] [stdout] test src/path.rs - path::WordList (line 55) ... ok
[INFO] [stdout] test src/path.rs - path::WordList<'p,'l>::len (line 134) ... ok
[INFO] [stdout] test src/utf8.rs - utf8::WordList<'u,'l>::get (line 194) ... ok
[INFO] [stdout] test src/utf8.rs - utf8::WordList<'u,'l>::len (line 177) ... ok
[INFO] [stdout] test src/path.rs - path::WordList<'p,'l>::len (line 126) ... ok
[INFO] [stdout] test src/utf8.rs - utf8::WordList (line 28) ... ok
[INFO] [stdout] test src/utf8.rs - utf8::WordList (line 17) ... ok
[INFO] [stdout] test src/utf8.rs - utf8::WordList (line 43) ... ok
[INFO] [stdout] test src/path.rs - path::WordList<'p,'l>::new (line 94) ... ok
[INFO] [stdout] test src/utf8.rs - utf8::WordList (line 56) ... ok
[INFO] [stdout] test src/utf8.rs - utf8::WordList<'u,'l>::new_eager (line 135) ... ok
[INFO] [stdout] test src/utf8.rs - utf8::WordList<'u,'l>::new (line 105) ... ok
[INFO] [stdout] test src/utf8.rs - utf8::WordList<'u,'l>::new (line 95) ... ok
[INFO] [stdout] test src/utf8.rs - utf8::WordList<'u,'l>::len (line 169) ... ok
[INFO] [stdout] test src/utf8.rs - utf8::WordList<'u,'l>::get_unchecked (line 226) ... ok
[INFO] [stdout] test src/utf8.rs - utf8::WordList<'u,'l>::new_eager (line 125) ... ok
[INFO] [stdout] test src/utf8.rs - utf8::WordList<'u,'l>::is_empty (line 154) ... ok
[INFO] [stdout] 
[INFO] [stdout] failures:
[INFO] [stdout] 
[INFO] [stdout] ---- src/lib.rs - WordExpander (line 19) stdout ----
[INFO] [stdout] Test executable failed (exit status: 101).
[INFO] [stdout] 
[INFO] [stdout] stderr:
[INFO] [stdout] thread 'main' panicked at src/lib.rs:12:1:
[INFO] [stdout] assertion `left == right` failed
[INFO] [stdout]   left: {"Cargo.toml", "Cargo.toml.orig", "Cargo.lock"}
[INFO] [stdout]  right: {"Cargo.lock", "Cargo.toml"}
[INFO] [stdout] stack backtrace:
[INFO] [stdout]    0:     0x57827c54d6ea - std::backtrace_rs::backtrace::libunwind::trace::h5a5b8284f2d0c266
[INFO] [stdout]                                at /rustc/90b35a6239c3d8bdabc530a6a0816f7ff89a0aaf/library/std/src/../../backtrace/src/backtrace/libunwind.rs:116:5
[INFO] [stdout]    1:     0x57827c54d6ea - std::backtrace_rs::backtrace::trace_unsynchronized::h76d4f1c9b0b875e3
[INFO] [stdout]                                at /rustc/90b35a6239c3d8bdabc530a6a0816f7ff89a0aaf/library/std/src/../../backtrace/src/backtrace/mod.rs:66:5
[INFO] [stdout]    2:     0x57827c54d6ea - std::sys::backtrace::_print_fmt::hc4546b8364a537c6
[INFO] [stdout]                                at /rustc/90b35a6239c3d8bdabc530a6a0816f7ff89a0aaf/library/std/src/sys/backtrace.rs:66:9
[INFO] [stdout]    3:     0x57827c54d6ea - <std::sys::backtrace::BacktraceLock::print::DisplayBacktrace as core::fmt::Display>::fmt::h5b6bd5631a6d1f6b
[INFO] [stdout]                                at /rustc/90b35a6239c3d8bdabc530a6a0816f7ff89a0aaf/library/std/src/sys/backtrace.rs:39:26
[INFO] [stdout]    4:     0x57827c568fe3 - core::fmt::rt::Argument::fmt::h270f6602a2b96f62
[INFO] [stdout]                                at /rustc/90b35a6239c3d8bdabc530a6a0816f7ff89a0aaf/library/core/src/fmt/rt.rs:177:76
[INFO] [stdout]    5:     0x57827c568fe3 - core::fmt::write::h7550c97b06c86515
[INFO] [stdout]                                at /rustc/90b35a6239c3d8bdabc530a6a0816f7ff89a0aaf/library/core/src/fmt/mod.rs:1186:21
[INFO] [stdout]    6:     0x57827c54b3e3 - std::io::Write::write_fmt::h7b09c64fe0be9c84
[INFO] [stdout]                                at /rustc/90b35a6239c3d8bdabc530a6a0816f7ff89a0aaf/library/std/src/io/mod.rs:1839:15
[INFO] [stdout]    7:     0x57827c54d532 - std::sys::backtrace::BacktraceLock::print::h2395ccd2c84ba3aa
[INFO] [stdout]                                at /rustc/90b35a6239c3d8bdabc530a6a0816f7ff89a0aaf/library/std/src/sys/backtrace.rs:42:9
[INFO] [stdout]    8:     0x57827c54e4dc - std::panicking::default_hook::{{closure}}::he19d4c7230e07961
[INFO] [stdout]                                at /rustc/90b35a6239c3d8bdabc530a6a0816f7ff89a0aaf/library/std/src/panicking.rs:268:22
[INFO] [stdout]    9:     0x57827c54e322 - std::panicking::default_hook::hf614597d3c67bbdb
[INFO] [stdout]                                at /rustc/90b35a6239c3d8bdabc530a6a0816f7ff89a0aaf/library/std/src/panicking.rs:295:9
[INFO] [stdout]   10:     0x57827c54eab7 - std::panicking::rust_panic_with_hook::h8942133a8b252070
[INFO] [stdout]                                at /rustc/90b35a6239c3d8bdabc530a6a0816f7ff89a0aaf/library/std/src/panicking.rs:801:13
[INFO] [stdout]   11:     0x57827c54e94a - std::panicking::begin_panic_handler::{{closure}}::hb5f5963570096b29
[INFO] [stdout]                                at /rustc/90b35a6239c3d8bdabc530a6a0816f7ff89a0aaf/library/std/src/panicking.rs:674:13
[INFO] [stdout]   12:     0x57827c54dbc9 - std::sys::backtrace::__rust_end_short_backtrace::h6208cedc1922feda
[INFO] [stdout]                                at /rustc/90b35a6239c3d8bdabc530a6a0816f7ff89a0aaf/library/std/src/sys/backtrace.rs:170:18
[INFO] [stdout]   13:     0x57827c54e5dc - rust_begin_unwind
[INFO] [stdout]                                at /rustc/90b35a6239c3d8bdabc530a6a0816f7ff89a0aaf/library/std/src/panicking.rs:665:5
[INFO] [stdout]   14:     0x57827c5260e0 - core::panicking::panic_fmt::h0c3082644d1bf418
[INFO] [stdout]                                at /rustc/90b35a6239c3d8bdabc530a6a0816f7ff89a0aaf/library/core/src/panicking.rs:74:14
[INFO] [stdout]   15:     0x57827c5263d2 - core::panicking::assert_failed_inner::h2ddf1fcc067fa858
[INFO] [stdout]   16:     0x57827c529498 - core::panicking::assert_failed::h30462e2c5f2b6396
[INFO] [stdout]   17:     0x57827c52de63 - rust_out::main::_doctest_main_src_lib_rs_19_0::h92b2c0287c43f1ee
[INFO] [stdout]   18:     0x57827c52db2c - rust_out::main::h86d391cc11b8a827
[INFO] [stdout]   19:     0x57827c527f43 - core::ops::function::FnOnce::call_once::hd1e0b33d350e8c2e
[INFO] [stdout]   20:     0x57827c5275b6 - std::sys::backtrace::__rust_begin_short_backtrace::hb7c4fd168269da08
[INFO] [stdout]   21:     0x57827c527229 - std::rt::lang_start::{{closure}}::h7630186e3858a44d
[INFO] [stdout]   22:     0x57827c54981e - core::ops::function::impls::<impl core::ops::function::FnOnce<A> for &F>::call_once::hfdb85f4ee94732d3
[INFO] [stdout]                                at /rustc/90b35a6239c3d8bdabc530a6a0816f7ff89a0aaf/library/core/src/ops/function.rs:284:13
[INFO] [stdout]   23:     0x57827c54981e - std::panicking::try::do_call::h6e577310f330cbef
[INFO] [stdout]                                at /rustc/90b35a6239c3d8bdabc530a6a0816f7ff89a0aaf/library/std/src/panicking.rs:557:40
[INFO] [stdout]   24:     0x57827c54981e - std::panicking::try::ha588d438267d2645
[INFO] [stdout]                                at /rustc/90b35a6239c3d8bdabc530a6a0816f7ff89a0aaf/library/std/src/panicking.rs:520:19
[INFO] [stdout]   25:     0x57827c54981e - std::panic::catch_unwind::h429fda1e025f26d9
[INFO] [stdout]                                at /rustc/90b35a6239c3d8bdabc530a6a0816f7ff89a0aaf/library/std/src/panic.rs:358:14
[INFO] [stdout]   26:     0x57827c54981e - std::rt::lang_start_internal::{{closure}}::h7b731265e841c4bf
[INFO] [stdout]                                at /rustc/90b35a6239c3d8bdabc530a6a0816f7ff89a0aaf/library/std/src/rt.rs:174:48
[INFO] [stdout]   27:     0x57827c54981e - std::panicking::try::do_call::hc0f6a675b7ae5a36
[INFO] [stdout]                                at /rustc/90b35a6239c3d8bdabc530a6a0816f7ff89a0aaf/library/std/src/panicking.rs:557:40
[INFO] [stdout]   28:     0x57827c54981e - std::panicking::try::h4c93b7ff0671f1ff
[INFO] [stdout]                                at /rustc/90b35a6239c3d8bdabc530a6a0816f7ff89a0aaf/library/std/src/panicking.rs:520:19
[INFO] [stdout]   29:     0x57827c54981e - std::panic::catch_unwind::hcc1e154961d16ce6
[INFO] [stdout]                                at /rustc/90b35a6239c3d8bdabc530a6a0816f7ff89a0aaf/library/std/src/panic.rs:358:14
[INFO] [stdout]   30:     0x57827c54981e - std::rt::lang_start_internal::h1c66660c99c8424c
[INFO] [stdout]                                at /rustc/90b35a6239c3d8bdabc530a6a0816f7ff89a0aaf/library/std/src/rt.rs:174:20
[INFO] [stdout]   31:     0x57827c527207 - std::rt::lang_start::hcdb31f4834f76b8c
[INFO] [stdout]   32:     0x57827c52dee5 - main
[INFO] [stdout]   33:     0x7eab1c602d90 - <unknown>
[INFO] [stdout]   34:     0x7eab1c602e40 - __libc_start_main
[INFO] [stdout]   35:     0x57827c5267d5 - _start
[INFO] [stdout]   36:                0x0 - <unknown>
[INFO] [stdout] 
[INFO] [stdout] 
[INFO] [stdout] 
[INFO] [stdout] failures:
[INFO] [stdout]     src/lib.rs - WordExpander (line 19)
[INFO] [stdout] 
[INFO] [stdout] test result: FAILED. 53 passed; 1 failed; 0 ignored; 0 measured; 0 filtered out; finished in 3.07s
[INFO] [stdout] 
[INFO] [stderr] error: doctest failed, to rerun pass `--doc`
[INFO] running `Command { std: "docker" "inspect" "2698f9cbd0f99a6c99a522d1f9f7fa5519c2ce718e8eafb483d77e971a3ebb6b", kill_on_drop: false }`
[INFO] running `Command { std: "docker" "rm" "-f" "2698f9cbd0f99a6c99a522d1f9f7fa5519c2ce718e8eafb483d77e971a3ebb6b", kill_on_drop: false }`
[INFO] [stdout] 2698f9cbd0f99a6c99a522d1f9f7fa5519c2ce718e8eafb483d77e971a3ebb6b
