[INFO] fetching crate croissant-macro 0.0.2...
[INFO] testing croissant-macro-0.0.2 against 1.83.0 for beta-1.84.0-4-retry
[INFO] extracting crate croissant-macro 0.0.2 into /workspace/builds/worker-7-tc1/source
[INFO] validating manifest of crates.io crate croissant-macro 0.0.2 on toolchain 1.83.0
[INFO] running `Command { std: CARGO_HOME="/workspace/cargo-home" RUSTUP_HOME="/workspace/rustup-home" "/workspace/cargo-home/bin/cargo" "+1.83.0" "metadata" "--manifest-path" "Cargo.toml" "--no-deps", kill_on_drop: false }`
[INFO] started tweaking crates.io crate croissant-macro 0.0.2
[INFO] finished tweaking crates.io crate croissant-macro 0.0.2
[INFO] tweaked toml for crates.io crate croissant-macro 0.0.2 written to /workspace/builds/worker-7-tc1/source/Cargo.toml
[INFO] running `Command { std: CARGO_HOME="/workspace/cargo-home" RUSTUP_HOME="/workspace/rustup-home" "/workspace/cargo-home/bin/cargo" "+1.83.0" "generate-lockfile" "--manifest-path" "Cargo.toml", kill_on_drop: false }`
[INFO] [stderr]     Updating crates.io index
[INFO] [stderr]      Locking 4 packages to latest compatible versions
[INFO] running `Command { std: CARGO_HOME="/workspace/cargo-home" RUSTUP_HOME="/workspace/rustup-home" "/workspace/cargo-home/bin/cargo" "+1.83.0" "fetch" "--manifest-path" "Cargo.toml", kill_on_drop: false }`
[INFO] running `Command { std: "docker" "create" "-v" "/var/lib/crater-agent-workspace/builds/worker-7-tc1/target:/opt/rustwide/target:rw,Z" "-v" "/var/lib/crater-agent-workspace/builds/worker-7-tc1/source:/opt/rustwide/workdir:ro,Z" "-v" "/var/lib/crater-agent-workspace/cargo-home:/opt/rustwide/cargo-home:ro,Z" "-v" "/var/lib/crater-agent-workspace/rustup-home:/opt/rustwide/rustup-home:ro,Z" "-e" "SOURCE_DIR=/opt/rustwide/workdir" "-e" "CARGO_TARGET_DIR=/opt/rustwide/target" "-e" "CARGO_HOME=/opt/rustwide/cargo-home" "-e" "RUSTUP_HOME=/opt/rustwide/rustup-home" "-w" "/opt/rustwide/workdir" "-m" "1610612736" "--user" "0:0" "--network" "none" "ghcr.io/rust-lang/crates-build-env/linux@sha256:f3a9d4ad9d972b27faf3965f35b62e55ba32bbce8f20bc8fe909558a86702fde" "/opt/rustwide/cargo-home/bin/cargo" "+1.83.0" "metadata" "--no-deps" "--format-version=1", kill_on_drop: false }`
[INFO] [stdout] 87c309163146db5582f7d185cdc30a6e2ee59bd34c1fcd583c9056e8978f6a80
[INFO] running `Command { std: "docker" "start" "-a" "87c309163146db5582f7d185cdc30a6e2ee59bd34c1fcd583c9056e8978f6a80", kill_on_drop: false }`
[INFO] running `Command { std: "docker" "inspect" "87c309163146db5582f7d185cdc30a6e2ee59bd34c1fcd583c9056e8978f6a80", kill_on_drop: false }`
[INFO] running `Command { std: "docker" "rm" "-f" "87c309163146db5582f7d185cdc30a6e2ee59bd34c1fcd583c9056e8978f6a80", kill_on_drop: false }`
[INFO] [stdout] 87c309163146db5582f7d185cdc30a6e2ee59bd34c1fcd583c9056e8978f6a80
[INFO] running `Command { std: "docker" "create" "-v" "/var/lib/crater-agent-workspace/builds/worker-7-tc1/target:/opt/rustwide/target:rw,Z" "-v" "/var/lib/crater-agent-workspace/builds/worker-7-tc1/source:/opt/rustwide/workdir:ro,Z" "-v" "/var/lib/crater-agent-workspace/cargo-home:/opt/rustwide/cargo-home:ro,Z" "-v" "/var/lib/crater-agent-workspace/rustup-home:/opt/rustwide/rustup-home:ro,Z" "-e" "SOURCE_DIR=/opt/rustwide/workdir" "-e" "CARGO_TARGET_DIR=/opt/rustwide/target" "-e" "CARGO_INCREMENTAL=0" "-e" "RUST_BACKTRACE=full" "-e" "RUSTFLAGS=--cap-lints=warn" "-e" "RUSTDOCFLAGS=--cap-lints=warn" "-e" "CARGO_HOME=/opt/rustwide/cargo-home" "-e" "RUSTUP_HOME=/opt/rustwide/rustup-home" "-w" "/opt/rustwide/workdir" "-m" "1610612736" "--user" "0:0" "--network" "none" "ghcr.io/rust-lang/crates-build-env/linux@sha256:f3a9d4ad9d972b27faf3965f35b62e55ba32bbce8f20bc8fe909558a86702fde" "/opt/rustwide/cargo-home/bin/cargo" "+1.83.0" "build" "--frozen" "--message-format=json", kill_on_drop: false }`
[INFO] [stdout] ec2b0ba2b6b6be213609d0ad4585db0f0c1c128e503e729d3be05812f174cff0
[INFO] running `Command { std: "docker" "start" "-a" "ec2b0ba2b6b6be213609d0ad4585db0f0c1c128e503e729d3be05812f174cff0", kill_on_drop: false }`
[INFO] [stderr]    Compiling proc-macro2 v1.0.92
[INFO] [stderr]    Compiling unicode-ident v1.0.14
[INFO] [stderr]    Compiling quote v1.0.37
[INFO] [stderr]    Compiling syn v2.0.90
[INFO] [stderr]    Compiling croissant-macro v0.0.2 (/opt/rustwide/workdir)
[INFO] [stderr]     Finished `dev` profile [unoptimized + debuginfo] target(s) in 4.28s
[INFO] running `Command { std: "docker" "inspect" "ec2b0ba2b6b6be213609d0ad4585db0f0c1c128e503e729d3be05812f174cff0", kill_on_drop: false }`
[INFO] running `Command { std: "docker" "rm" "-f" "ec2b0ba2b6b6be213609d0ad4585db0f0c1c128e503e729d3be05812f174cff0", kill_on_drop: false }`
[INFO] [stdout] ec2b0ba2b6b6be213609d0ad4585db0f0c1c128e503e729d3be05812f174cff0
[INFO] running `Command { std: "docker" "create" "-v" "/var/lib/crater-agent-workspace/builds/worker-7-tc1/target:/opt/rustwide/target:rw,Z" "-v" "/var/lib/crater-agent-workspace/builds/worker-7-tc1/source:/opt/rustwide/workdir:ro,Z" "-v" "/var/lib/crater-agent-workspace/cargo-home:/opt/rustwide/cargo-home:ro,Z" "-v" "/var/lib/crater-agent-workspace/rustup-home:/opt/rustwide/rustup-home:ro,Z" "-e" "SOURCE_DIR=/opt/rustwide/workdir" "-e" "CARGO_TARGET_DIR=/opt/rustwide/target" "-e" "CARGO_INCREMENTAL=0" "-e" "RUST_BACKTRACE=full" "-e" "RUSTFLAGS=--cap-lints=warn" "-e" "RUSTDOCFLAGS=--cap-lints=warn" "-e" "CARGO_HOME=/opt/rustwide/cargo-home" "-e" "RUSTUP_HOME=/opt/rustwide/rustup-home" "-w" "/opt/rustwide/workdir" "-m" "1610612736" "--user" "0:0" "--network" "none" "ghcr.io/rust-lang/crates-build-env/linux@sha256:f3a9d4ad9d972b27faf3965f35b62e55ba32bbce8f20bc8fe909558a86702fde" "/opt/rustwide/cargo-home/bin/cargo" "+1.83.0" "test" "--frozen" "--no-run" "--message-format=json", kill_on_drop: false }`
[INFO] [stdout] fb7e5038ed8ffc563658d34f6c79c481fd69996e057e68f275815db2a07ee0a7
[INFO] running `Command { std: "docker" "start" "-a" "fb7e5038ed8ffc563658d34f6c79c481fd69996e057e68f275815db2a07ee0a7", kill_on_drop: false }`
[INFO] [stderr]    Compiling croissant-macro v0.0.2 (/opt/rustwide/workdir)
[INFO] [stderr]     Finished `test` profile [unoptimized + debuginfo] target(s) in 0.67s
[INFO] running `Command { std: "docker" "inspect" "fb7e5038ed8ffc563658d34f6c79c481fd69996e057e68f275815db2a07ee0a7", kill_on_drop: false }`
[INFO] running `Command { std: "docker" "rm" "-f" "fb7e5038ed8ffc563658d34f6c79c481fd69996e057e68f275815db2a07ee0a7", kill_on_drop: false }`
[INFO] [stdout] fb7e5038ed8ffc563658d34f6c79c481fd69996e057e68f275815db2a07ee0a7
[INFO] running `Command { std: "docker" "create" "-v" "/var/lib/crater-agent-workspace/builds/worker-7-tc1/target:/opt/rustwide/target:rw,Z" "-v" "/var/lib/crater-agent-workspace/builds/worker-7-tc1/source:/opt/rustwide/workdir:ro,Z" "-v" "/var/lib/crater-agent-workspace/cargo-home:/opt/rustwide/cargo-home:ro,Z" "-v" "/var/lib/crater-agent-workspace/rustup-home:/opt/rustwide/rustup-home:ro,Z" "-e" "SOURCE_DIR=/opt/rustwide/workdir" "-e" "CARGO_TARGET_DIR=/opt/rustwide/target" "-e" "CARGO_INCREMENTAL=0" "-e" "RUST_BACKTRACE=full" "-e" "RUSTFLAGS=--cap-lints=warn" "-e" "RUSTDOCFLAGS=--cap-lints=warn" "-e" "CARGO_HOME=/opt/rustwide/cargo-home" "-e" "RUSTUP_HOME=/opt/rustwide/rustup-home" "-w" "/opt/rustwide/workdir" "-m" "1610612736" "--user" "0:0" "--network" "none" "ghcr.io/rust-lang/crates-build-env/linux@sha256:f3a9d4ad9d972b27faf3965f35b62e55ba32bbce8f20bc8fe909558a86702fde" "/opt/rustwide/cargo-home/bin/cargo" "+1.83.0" "test" "--frozen", kill_on_drop: false }`
[INFO] [stdout] ddf19c443da84712dc5dae747c23f4a7d24e1a6853903c24cc3cf62f0cf1261d
[INFO] running `Command { std: "docker" "start" "-a" "ddf19c443da84712dc5dae747c23f4a7d24e1a6853903c24cc3cf62f0cf1261d", kill_on_drop: false }`
[INFO] [stderr]     Finished `test` profile [unoptimized + debuginfo] target(s) in 0.01s
[INFO] [stderr]      Running unittests src/lib.rs (/opt/rustwide/target/debug/deps/croissant_macro-d3f1ef76f0970a9c)
[INFO] [stdout] 
[INFO] [stdout] running 0 tests
[INFO] [stderr]    Doc-tests croissant_macro
[INFO] [stdout] 
[INFO] [stdout] test result: ok. 0 passed; 0 failed; 0 ignored; 0 measured; 0 filtered out; finished in 0.00s
[INFO] [stdout] 
[INFO] [stdout] 
[INFO] [stdout] running 1 test
[INFO] [stdout] test src/lib.rs - croissant (line 10) ... FAILED
[INFO] [stdout] 
[INFO] [stdout] failures:
[INFO] [stdout] 
[INFO] [stdout] ---- src/lib.rs - croissant (line 10) stdout ----
[INFO] [stdout] error: cannot find attribute `croissant` in this scope
[INFO] [stdout]  --> src/lib.rs:12:3
[INFO] [stdout]   |
[INFO] [stdout] 3 | #[croissant]
[INFO] [stdout]   |   ^^^^^^^^^
[INFO] [stdout]   |
[INFO] [stdout] help: consider importing this attribute macro
[INFO] [stdout]   |
[INFO] [stdout] 3 + use croissant_macro::croissant;
[INFO] [stdout]   |
[INFO] [stdout] 
[INFO] [stdout] error[E0425]: cannot find value `hello_croissant` in this scope
[INFO] [stdout]   --> src/lib.rs:20:60
[INFO] [stdout]    |
[INFO] [stdout] 11 |         .add_async_job("Hello World".to_string(), Box::new(hello_croissant));
[INFO] [stdout]    |                                                            ^^^^^^^^^^^^^^^ not found in this scope
[INFO] [stdout] 
[INFO] [stdout] error[E0433]: failed to resolve: use of undeclared type `Duration`
[INFO] [stdout]   --> src/lib.rs:21:25
[INFO] [stdout]    |
[INFO] [stdout] 12 |     croissant.run_every(Duration::from_secs(5));
[INFO] [stdout]    |                         ^^^^^^^^ use of undeclared type `Duration`
[INFO] [stdout]    |
[INFO] [stdout] help: consider importing this struct
[INFO] [stdout]    |
[INFO] [stdout] 3  + use std::time::Duration;
[INFO] [stdout]    |
[INFO] [stdout] 
[INFO] [stdout] error[E0433]: failed to resolve: use of undeclared crate or module `thread`
[INFO] [stdout]   --> src/lib.rs:23:5
[INFO] [stdout]    |
[INFO] [stdout] 14 |     thread::sleep(Duration::from_secs(100));
[INFO] [stdout]    |     ^^^^^^ use of undeclared crate or module `thread`
[INFO] [stdout]    |
[INFO] [stdout] help: consider importing this module
[INFO] [stdout]    |
[INFO] [stdout] 3  + use std::thread;
[INFO] [stdout]    |
[INFO] [stdout] 
[INFO] [stdout] error[E0433]: failed to resolve: use of undeclared type `Duration`
[INFO] [stdout]   --> src/lib.rs:23:19
[INFO] [stdout]    |
[INFO] [stdout] 14 |     thread::sleep(Duration::from_secs(100));
[INFO] [stdout]    |                   ^^^^^^^^ use of undeclared type `Duration`
[INFO] [stdout]    |
[INFO] [stdout] help: consider importing this struct
[INFO] [stdout]    |
[INFO] [stdout] 3  + use std::time::Duration;
[INFO] [stdout]    |
[INFO] [stdout] 
[INFO] [stdout] error[E0433]: failed to resolve: use of undeclared type `Croissant`
[INFO] [stdout]  --> src/lib.rs:18:25
[INFO] [stdout]   |
[INFO] [stdout] 9 |     let mut croissant = Croissant::new();
[INFO] [stdout]   |                         ^^^^^^^^^ use of undeclared type `Croissant`
[INFO] [stdout] 
[INFO] [stdout] error[E0433]: failed to resolve: use of undeclared type `NaiveTime`
[INFO] [stdout]   --> src/lib.rs:22:22
[INFO] [stdout]    |
[INFO] [stdout] 13 |     croissant.run_at(NaiveTime::from_hms(12, 0, 0));
[INFO] [stdout]    |                      ^^^^^^^^^ use of undeclared type `NaiveTime`
[INFO] [stdout] 
[INFO] [stdout] error: aborting due to 7 previous errors
[INFO] [stdout] 
[INFO] [stdout] Some errors have detailed explanations: E0425, E0433.
[INFO] [stdout] For more information about an error, try `rustc --explain E0425`.
[INFO] [stdout] Couldn't compile the test.
[INFO] [stdout] 
[INFO] [stdout] failures:
[INFO] [stdout]     src/lib.rs - croissant (line 10)
[INFO] [stdout] 
[INFO] [stdout] test result: FAILED. 0 passed; 1 failed; 0 ignored; 0 measured; 0 filtered out; finished in 0.08s
[INFO] [stdout] 
[INFO] [stderr] error: doctest failed, to rerun pass `--doc`
[INFO] running `Command { std: "docker" "inspect" "ddf19c443da84712dc5dae747c23f4a7d24e1a6853903c24cc3cf62f0cf1261d", kill_on_drop: false }`
[INFO] running `Command { std: "docker" "rm" "-f" "ddf19c443da84712dc5dae747c23f4a7d24e1a6853903c24cc3cf62f0cf1261d", kill_on_drop: false }`
[INFO] [stdout] ddf19c443da84712dc5dae747c23f4a7d24e1a6853903c24cc3cf62f0cf1261d
