[INFO] fetching crate crochet_macro 0.2.3...
[INFO] testing crochet_macro-0.2.3 against 1.83.0 for beta-1.84.0-4-retry
[INFO] extracting crate crochet_macro 0.2.3 into /workspace/builds/worker-0-tc1/source
[INFO] validating manifest of crates.io crate crochet_macro 0.2.3 on toolchain 1.83.0
[INFO] running `Command { std: CARGO_HOME="/workspace/cargo-home" RUSTUP_HOME="/workspace/rustup-home" "/workspace/cargo-home/bin/cargo" "+1.83.0" "metadata" "--manifest-path" "Cargo.toml" "--no-deps", kill_on_drop: false }`
[INFO] started tweaking crates.io crate crochet_macro 0.2.3
[INFO] finished tweaking crates.io crate crochet_macro 0.2.3
[INFO] tweaked toml for crates.io crate crochet_macro 0.2.3 written to /workspace/builds/worker-0-tc1/source/Cargo.toml
[INFO] running `Command { std: CARGO_HOME="/workspace/cargo-home" RUSTUP_HOME="/workspace/rustup-home" "/workspace/cargo-home/bin/cargo" "+1.83.0" "generate-lockfile" "--manifest-path" "Cargo.toml", kill_on_drop: false }`
[INFO] [stderr]     Updating crates.io index
[INFO] [stderr]      Locking 14 packages to latest compatible versions
[INFO] [stderr]       Adding dlopen2 v0.6.1 (available: v0.7.0)
[INFO] [stderr]       Adding syn v1.0.109 (available: v2.0.90)
[INFO] running `Command { std: CARGO_HOME="/workspace/cargo-home" RUSTUP_HOME="/workspace/rustup-home" "/workspace/cargo-home/bin/cargo" "+1.83.0" "fetch" "--manifest-path" "Cargo.toml", kill_on_drop: false }`
[INFO] [stderr]  Downloading crates ...
[INFO] [stderr]   Downloaded dlopen2 v0.6.1
[INFO] running `Command { std: "docker" "create" "-v" "/var/lib/crater-agent-workspace/builds/worker-0-tc1/target:/opt/rustwide/target:rw,Z" "-v" "/var/lib/crater-agent-workspace/builds/worker-0-tc1/source:/opt/rustwide/workdir:ro,Z" "-v" "/var/lib/crater-agent-workspace/cargo-home:/opt/rustwide/cargo-home:ro,Z" "-v" "/var/lib/crater-agent-workspace/rustup-home:/opt/rustwide/rustup-home:ro,Z" "-e" "SOURCE_DIR=/opt/rustwide/workdir" "-e" "CARGO_TARGET_DIR=/opt/rustwide/target" "-e" "CARGO_HOME=/opt/rustwide/cargo-home" "-e" "RUSTUP_HOME=/opt/rustwide/rustup-home" "-w" "/opt/rustwide/workdir" "-m" "1610612736" "--user" "0:0" "--network" "none" "ghcr.io/rust-lang/crates-build-env/linux@sha256:f3a9d4ad9d972b27faf3965f35b62e55ba32bbce8f20bc8fe909558a86702fde" "/opt/rustwide/cargo-home/bin/cargo" "+1.83.0" "metadata" "--no-deps" "--format-version=1", kill_on_drop: false }`
[INFO] [stdout] 6a9f797cc866a7ab004a691e632c86fe5138f59462ae4d21b97f48203baece3d
[INFO] running `Command { std: "docker" "start" "-a" "6a9f797cc866a7ab004a691e632c86fe5138f59462ae4d21b97f48203baece3d", kill_on_drop: false }`
[INFO] running `Command { std: "docker" "inspect" "6a9f797cc866a7ab004a691e632c86fe5138f59462ae4d21b97f48203baece3d", kill_on_drop: false }`
[INFO] running `Command { std: "docker" "rm" "-f" "6a9f797cc866a7ab004a691e632c86fe5138f59462ae4d21b97f48203baece3d", kill_on_drop: false }`
[INFO] [stdout] 6a9f797cc866a7ab004a691e632c86fe5138f59462ae4d21b97f48203baece3d
[INFO] running `Command { std: "docker" "create" "-v" "/var/lib/crater-agent-workspace/builds/worker-0-tc1/target:/opt/rustwide/target:rw,Z" "-v" "/var/lib/crater-agent-workspace/builds/worker-0-tc1/source:/opt/rustwide/workdir:ro,Z" "-v" "/var/lib/crater-agent-workspace/cargo-home:/opt/rustwide/cargo-home:ro,Z" "-v" "/var/lib/crater-agent-workspace/rustup-home:/opt/rustwide/rustup-home:ro,Z" "-e" "SOURCE_DIR=/opt/rustwide/workdir" "-e" "CARGO_TARGET_DIR=/opt/rustwide/target" "-e" "CARGO_INCREMENTAL=0" "-e" "RUST_BACKTRACE=full" "-e" "RUSTFLAGS=--cap-lints=warn" "-e" "RUSTDOCFLAGS=--cap-lints=warn" "-e" "CARGO_HOME=/opt/rustwide/cargo-home" "-e" "RUSTUP_HOME=/opt/rustwide/rustup-home" "-w" "/opt/rustwide/workdir" "-m" "1610612736" "--user" "0:0" "--network" "none" "ghcr.io/rust-lang/crates-build-env/linux@sha256:f3a9d4ad9d972b27faf3965f35b62e55ba32bbce8f20bc8fe909558a86702fde" "/opt/rustwide/cargo-home/bin/cargo" "+1.83.0" "build" "--frozen" "--message-format=json", kill_on_drop: false }`
[INFO] [stdout] 17533b5194d918f7d3b58ecf852b6c8a163180ee66c7185d0bf539ed29e10f6f
[INFO] running `Command { std: "docker" "start" "-a" "17533b5194d918f7d3b58ecf852b6c8a163180ee66c7185d0bf539ed29e10f6f", kill_on_drop: false }`
[INFO] [stderr]    Compiling proc-macro2 v1.0.92
[INFO] [stderr]    Compiling unicode-ident v1.0.14
[INFO] [stderr]    Compiling libc v0.2.168
[INFO] [stderr]    Compiling syn v1.0.109
[INFO] [stderr]    Compiling unicode-segmentation v1.12.0
[INFO] [stderr]    Compiling once_cell v1.20.2
[INFO] [stderr]    Compiling convert_case v0.6.0
[INFO] [stderr]    Compiling quote v1.0.37
[INFO] [stderr]    Compiling syn v2.0.90
[INFO] [stderr]    Compiling dlopen2_derive v0.4.0
[INFO] [stderr]    Compiling dlopen2 v0.6.1
[INFO] [stderr]    Compiling crochet_macro v0.2.3 (/opt/rustwide/workdir)
[INFO] [stderr]     Finished `dev` profile [unoptimized + debuginfo] target(s) in 8.62s
[INFO] running `Command { std: "docker" "inspect" "17533b5194d918f7d3b58ecf852b6c8a163180ee66c7185d0bf539ed29e10f6f", kill_on_drop: false }`
[INFO] running `Command { std: "docker" "rm" "-f" "17533b5194d918f7d3b58ecf852b6c8a163180ee66c7185d0bf539ed29e10f6f", kill_on_drop: false }`
[INFO] [stdout] 17533b5194d918f7d3b58ecf852b6c8a163180ee66c7185d0bf539ed29e10f6f
[INFO] running `Command { std: "docker" "create" "-v" "/var/lib/crater-agent-workspace/builds/worker-0-tc1/target:/opt/rustwide/target:rw,Z" "-v" "/var/lib/crater-agent-workspace/builds/worker-0-tc1/source:/opt/rustwide/workdir:ro,Z" "-v" "/var/lib/crater-agent-workspace/cargo-home:/opt/rustwide/cargo-home:ro,Z" "-v" "/var/lib/crater-agent-workspace/rustup-home:/opt/rustwide/rustup-home:ro,Z" "-e" "SOURCE_DIR=/opt/rustwide/workdir" "-e" "CARGO_TARGET_DIR=/opt/rustwide/target" "-e" "CARGO_INCREMENTAL=0" "-e" "RUST_BACKTRACE=full" "-e" "RUSTFLAGS=--cap-lints=warn" "-e" "RUSTDOCFLAGS=--cap-lints=warn" "-e" "CARGO_HOME=/opt/rustwide/cargo-home" "-e" "RUSTUP_HOME=/opt/rustwide/rustup-home" "-w" "/opt/rustwide/workdir" "-m" "1610612736" "--user" "0:0" "--network" "none" "ghcr.io/rust-lang/crates-build-env/linux@sha256:f3a9d4ad9d972b27faf3965f35b62e55ba32bbce8f20bc8fe909558a86702fde" "/opt/rustwide/cargo-home/bin/cargo" "+1.83.0" "test" "--frozen" "--no-run" "--message-format=json", kill_on_drop: false }`
[INFO] [stdout] f86dc0194ada5a16e1069d4cabf5a094e3bbc0fa1c0e2dc9912598b7946a3ab3
[INFO] running `Command { std: "docker" "start" "-a" "f86dc0194ada5a16e1069d4cabf5a094e3bbc0fa1c0e2dc9912598b7946a3ab3", kill_on_drop: false }`
[INFO] [stderr]    Compiling crochet_macro v0.2.3 (/opt/rustwide/workdir)
[INFO] [stderr]     Finished `test` profile [unoptimized + debuginfo] target(s) in 1.29s
[INFO] running `Command { std: "docker" "inspect" "f86dc0194ada5a16e1069d4cabf5a094e3bbc0fa1c0e2dc9912598b7946a3ab3", kill_on_drop: false }`
[INFO] running `Command { std: "docker" "rm" "-f" "f86dc0194ada5a16e1069d4cabf5a094e3bbc0fa1c0e2dc9912598b7946a3ab3", kill_on_drop: false }`
[INFO] [stdout] f86dc0194ada5a16e1069d4cabf5a094e3bbc0fa1c0e2dc9912598b7946a3ab3
[INFO] running `Command { std: "docker" "create" "-v" "/var/lib/crater-agent-workspace/builds/worker-0-tc1/target:/opt/rustwide/target:rw,Z" "-v" "/var/lib/crater-agent-workspace/builds/worker-0-tc1/source:/opt/rustwide/workdir:ro,Z" "-v" "/var/lib/crater-agent-workspace/cargo-home:/opt/rustwide/cargo-home:ro,Z" "-v" "/var/lib/crater-agent-workspace/rustup-home:/opt/rustwide/rustup-home:ro,Z" "-e" "SOURCE_DIR=/opt/rustwide/workdir" "-e" "CARGO_TARGET_DIR=/opt/rustwide/target" "-e" "CARGO_INCREMENTAL=0" "-e" "RUST_BACKTRACE=full" "-e" "RUSTFLAGS=--cap-lints=warn" "-e" "RUSTDOCFLAGS=--cap-lints=warn" "-e" "CARGO_HOME=/opt/rustwide/cargo-home" "-e" "RUSTUP_HOME=/opt/rustwide/rustup-home" "-w" "/opt/rustwide/workdir" "-m" "1610612736" "--user" "0:0" "--network" "none" "ghcr.io/rust-lang/crates-build-env/linux@sha256:f3a9d4ad9d972b27faf3965f35b62e55ba32bbce8f20bc8fe909558a86702fde" "/opt/rustwide/cargo-home/bin/cargo" "+1.83.0" "test" "--frozen", kill_on_drop: false }`
[INFO] [stdout] 6d6f67eb5bd0faa43a0d98da94bd8b67fea12f478ea17384e7e2418689c49e9d
[INFO] running `Command { std: "docker" "start" "-a" "6d6f67eb5bd0faa43a0d98da94bd8b67fea12f478ea17384e7e2418689c49e9d", kill_on_drop: false }`
[INFO] [stderr]     Finished `test` profile [unoptimized + debuginfo] target(s) in 0.03s
[INFO] [stderr]      Running unittests src/lib.rs (/opt/rustwide/target/debug/deps/crochet_macro-48f7e00f7078f8ae)
[INFO] [stdout] 
[INFO] [stdout] running 0 tests
[INFO] [stdout] 
[INFO] [stdout] test result: ok. 0 passed; 0 failed; 0 ignored; 0 measured; 0 filtered out; finished in 0.00s
[INFO] [stdout] 
[INFO] [stderr]    Doc-tests crochet_macro
[INFO] [stdout] 
[INFO] [stdout] running 6 tests
[INFO] [stdout] test src/lib.rs - enable (line 399) ... FAILED
[INFO] [stdout] test src/lib.rs - hook (line 256) ... FAILED
[INFO] [stdout] test src/lib.rs - is_enabled (line 463) ... FAILED
[INFO] [stdout] test src/lib.rs - disable (line 431) ... FAILED
[INFO] [stdout] test src/lib.rs - load (line 499) ... FAILED
[INFO] [stderr] error: doctest failed, to rerun pass `--doc`
[INFO] [stdout] test src/lib.rs - hook (line 235) ... FAILED
[INFO] [stdout] 
[INFO] [stdout] failures:
[INFO] [stdout] 
[INFO] [stdout] ---- src/lib.rs - enable (line 399) stdout ----
[INFO] [stdout] error[E0433]: failed to resolve: use of undeclared crate or module `crochet`
[INFO] [stdout]  --> src/lib.rs:401:4
[INFO] [stdout]   |
[INFO] [stdout] 4 |    crochet::enable!(simple_hook);
[INFO] [stdout]   |    ^^^^^^^ use of undeclared crate or module `crochet`
[INFO] [stdout] 
[INFO] [stdout] error: aborting due to 1 previous error
[INFO] [stdout] 
[INFO] [stdout] For more information about this error, try `rustc --explain E0433`.
[INFO] [stdout] Couldn't compile the test.
[INFO] [stdout] ---- src/lib.rs - hook (line 256) stdout ----
[INFO] [stdout] error: expected statement after outer attribute
[INFO] [stdout]  --> src/lib.rs:263:1
[INFO] [stdout]   |
[INFO] [stdout] 9 | #[crochet::hook(compile_check, "a_function", library = "library.so")]
[INFO] [stdout]   | ^^^^^^^^^^^^^^^^^^^^^^^^^^^^^^^^^^^^^^^^^^^^^^^^^^^^^^^^^^^^^^^^^^^^^
[INFO] [stdout] 
[INFO] [stdout] error: aborting due to 1 previous error
[INFO] [stdout] 
[INFO] [stdout] Couldn't compile the test.
[INFO] [stdout] ---- src/lib.rs - is_enabled (line 463) stdout ----
[INFO] [stdout] error[E0433]: failed to resolve: use of undeclared crate or module `crochet`
[INFO] [stdout]  --> src/lib.rs:465:8
[INFO] [stdout]   |
[INFO] [stdout] 4 |     if crochet::is_enabled!(simple_hook) {
[INFO] [stdout]   |        ^^^^^^^ use of undeclared crate or module `crochet`
[INFO] [stdout] 
[INFO] [stdout] error: aborting due to 1 previous error
[INFO] [stdout] 
[INFO] [stdout] For more information about this error, try `rustc --explain E0433`.
[INFO] [stdout] Couldn't compile the test.
[INFO] [stdout] ---- src/lib.rs - disable (line 431) stdout ----
[INFO] [stdout] error[E0433]: failed to resolve: use of undeclared crate or module `crochet`
[INFO] [stdout]  --> src/lib.rs:433:4
[INFO] [stdout]   |
[INFO] [stdout] 4 |    crochet::disable!(simple_hook);
[INFO] [stdout]   |    ^^^^^^^ use of undeclared crate or module `crochet`
[INFO] [stdout] 
[INFO] [stdout] error: aborting due to 1 previous error
[INFO] [stdout] 
[INFO] [stdout] For more information about this error, try `rustc --explain E0433`.
[INFO] [stdout] Couldn't compile the test.
[INFO] [stdout] ---- src/lib.rs - load (line 499) stdout ----
[INFO] [stdout] error[E0433]: failed to resolve: use of undeclared crate or module `crochet`
[INFO] [stdout]  --> src/lib.rs:500:3
[INFO] [stdout]   |
[INFO] [stdout] 3 | #[crochet::load("library.so", compile_check)]
[INFO] [stdout]   |   ^^^^^^^ use of undeclared crate or module `crochet`
[INFO] [stdout] 
[INFO] [stdout] error: cannot find attribute `symbol` in this scope
[INFO] [stdout]  --> src/lib.rs:502:7
[INFO] [stdout]   |
[INFO] [stdout] 5 |     #[symbol("a_function")]
[INFO] [stdout]   |       ^^^^^^
[INFO] [stdout] 
[INFO] [stdout] error: aborting due to 2 previous errors
[INFO] [stdout] 
[INFO] [stdout] For more information about this error, try `rustc --explain E0433`.
[INFO] [stdout] Couldn't compile the test.
[INFO] [stdout] ---- src/lib.rs - hook (line 235) stdout ----
[INFO] [stdout] error[E0433]: failed to resolve: use of undeclared crate or module `crochet`
[INFO] [stdout]  --> src/lib.rs:236:3
[INFO] [stdout]   |
[INFO] [stdout] 3 | #[crochet::hook("library.so", "a_function", compile_check)]
[INFO] [stdout]   |   ^^^^^^^ use of undeclared crate or module `crochet`
[INFO] [stdout] 
[INFO] [stdout] error: cannot find macro `call_original` in this scope
[INFO] [stdout]  --> src/lib.rs:239:5
[INFO] [stdout]   |
[INFO] [stdout] 6 |     call_original!();
[INFO] [stdout]   |     ^^^^^^^^^^^^^
[INFO] [stdout] 
[INFO] [stdout] error: aborting due to 2 previous errors
[INFO] [stdout] 
[INFO] [stdout] For more information about this error, try `rustc --explain E0433`.
[INFO] [stdout] Couldn't compile the test.
[INFO] [stdout] 
[INFO] [stdout] failures:
[INFO] [stdout]     src/lib.rs - disable (line 431)
[INFO] [stdout]     src/lib.rs - enable (line 399)
[INFO] [stdout]     src/lib.rs - hook (line 235)
[INFO] [stdout]     src/lib.rs - hook (line 256)
[INFO] [stdout]     src/lib.rs - is_enabled (line 463)
[INFO] [stdout]     src/lib.rs - load (line 499)
[INFO] [stdout] 
[INFO] [stdout] test result: FAILED. 0 passed; 6 failed; 0 ignored; 0 measured; 0 filtered out; finished in 0.20s
[INFO] [stdout] 
[INFO] running `Command { std: "docker" "inspect" "6d6f67eb5bd0faa43a0d98da94bd8b67fea12f478ea17384e7e2418689c49e9d", kill_on_drop: false }`
[INFO] running `Command { std: "docker" "rm" "-f" "6d6f67eb5bd0faa43a0d98da94bd8b67fea12f478ea17384e7e2418689c49e9d", kill_on_drop: false }`
[INFO] [stdout] 6d6f67eb5bd0faa43a0d98da94bd8b67fea12f478ea17384e7e2418689c49e9d
