[INFO] fetching crate crng 0.1.0...
[INFO] testing crng-0.1.0 against beta-2024-12-08 for beta-1.84.0-4-retry
[INFO] extracting crate crng 0.1.0 into /workspace/builds/worker-7-tc2/source
[INFO] validating manifest of crates.io crate crng 0.1.0 on toolchain beta-2024-12-08
[INFO] running `Command { std: CARGO_HOME="/workspace/cargo-home" RUSTUP_HOME="/workspace/rustup-home" "/workspace/cargo-home/bin/cargo" "+beta-2024-12-08" "metadata" "--manifest-path" "Cargo.toml" "--no-deps", kill_on_drop: false }`
[INFO] started tweaking crates.io crate crng 0.1.0
[INFO] finished tweaking crates.io crate crng 0.1.0
[INFO] tweaked toml for crates.io crate crng 0.1.0 written to /workspace/builds/worker-7-tc2/source/Cargo.toml
[INFO] crate crates.io crate crng 0.1.0 already has a lockfile, it will not be regenerated
[INFO] running `Command { std: CARGO_HOME="/workspace/cargo-home" RUSTUP_HOME="/workspace/rustup-home" "/workspace/cargo-home/bin/cargo" "+beta-2024-12-08" "fetch" "--manifest-path" "Cargo.toml", kill_on_drop: false }`
[INFO] running `Command { std: "docker" "create" "-v" "/var/lib/crater-agent-workspace/builds/worker-7-tc2/target:/opt/rustwide/target:rw,Z" "-v" "/var/lib/crater-agent-workspace/builds/worker-7-tc2/source:/opt/rustwide/workdir:ro,Z" "-v" "/var/lib/crater-agent-workspace/cargo-home:/opt/rustwide/cargo-home:ro,Z" "-v" "/var/lib/crater-agent-workspace/rustup-home:/opt/rustwide/rustup-home:ro,Z" "-e" "SOURCE_DIR=/opt/rustwide/workdir" "-e" "CARGO_TARGET_DIR=/opt/rustwide/target" "-e" "CARGO_HOME=/opt/rustwide/cargo-home" "-e" "RUSTUP_HOME=/opt/rustwide/rustup-home" "-w" "/opt/rustwide/workdir" "-m" "1610612736" "--user" "0:0" "--network" "none" "ghcr.io/rust-lang/crates-build-env/linux@sha256:f3a9d4ad9d972b27faf3965f35b62e55ba32bbce8f20bc8fe909558a86702fde" "/opt/rustwide/cargo-home/bin/cargo" "+beta-2024-12-08" "metadata" "--no-deps" "--format-version=1", kill_on_drop: false }`
[INFO] [stdout] 011c9d9f7ccc531a3b829c66bd10659d185db541ebaa8a0f4d4472c666b6f91a
[INFO] running `Command { std: "docker" "start" "-a" "011c9d9f7ccc531a3b829c66bd10659d185db541ebaa8a0f4d4472c666b6f91a", kill_on_drop: false }`
[INFO] running `Command { std: "docker" "inspect" "011c9d9f7ccc531a3b829c66bd10659d185db541ebaa8a0f4d4472c666b6f91a", kill_on_drop: false }`
[INFO] running `Command { std: "docker" "rm" "-f" "011c9d9f7ccc531a3b829c66bd10659d185db541ebaa8a0f4d4472c666b6f91a", kill_on_drop: false }`
[INFO] [stdout] 011c9d9f7ccc531a3b829c66bd10659d185db541ebaa8a0f4d4472c666b6f91a
[INFO] running `Command { std: "docker" "create" "-v" "/var/lib/crater-agent-workspace/builds/worker-7-tc2/target:/opt/rustwide/target:rw,Z" "-v" "/var/lib/crater-agent-workspace/builds/worker-7-tc2/source:/opt/rustwide/workdir:ro,Z" "-v" "/var/lib/crater-agent-workspace/cargo-home:/opt/rustwide/cargo-home:ro,Z" "-v" "/var/lib/crater-agent-workspace/rustup-home:/opt/rustwide/rustup-home:ro,Z" "-e" "SOURCE_DIR=/opt/rustwide/workdir" "-e" "CARGO_TARGET_DIR=/opt/rustwide/target" "-e" "CARGO_INCREMENTAL=0" "-e" "RUST_BACKTRACE=full" "-e" "RUSTFLAGS=--cap-lints=warn" "-e" "RUSTDOCFLAGS=--cap-lints=warn" "-e" "CARGO_HOME=/opt/rustwide/cargo-home" "-e" "RUSTUP_HOME=/opt/rustwide/rustup-home" "-w" "/opt/rustwide/workdir" "-m" "1610612736" "--user" "0:0" "--network" "none" "ghcr.io/rust-lang/crates-build-env/linux@sha256:f3a9d4ad9d972b27faf3965f35b62e55ba32bbce8f20bc8fe909558a86702fde" "/opt/rustwide/cargo-home/bin/cargo" "+beta-2024-12-08" "build" "--frozen" "--message-format=json", kill_on_drop: false }`
[INFO] [stdout] 2a6edcbd6728e33fb3673bd1f00d131d6e7286d59c20bfa60fc75893b840dc08
[INFO] running `Command { std: "docker" "start" "-a" "2a6edcbd6728e33fb3673bd1f00d131d6e7286d59c20bfa60fc75893b840dc08", kill_on_drop: false }`
[INFO] [stderr]    Compiling crng v0.1.0 (/opt/rustwide/workdir)
[INFO] [stdout] warning: methods `rnd_between_64` and `get` are never used
[INFO] [stdout]   --> src/core.rs:70:12
[INFO] [stdout]    |
[INFO] [stdout] 24 | impl Rnd {
[INFO] [stdout]    | -------- methods in this implementation
[INFO] [stdout] ...
[INFO] [stdout] 70 |     pub fn rnd_between_64(&mut self, lower: f64, upper: f64) -> f64 {
[INFO] [stdout]    |            ^^^^^^^^^^^^^^
[INFO] [stdout] ...
[INFO] [stdout] 82 |     pub fn get(&mut self) -> f64 {
[INFO] [stdout]    |            ^^^
[INFO] [stdout]    |
[INFO] [stdout]    = note: `#[warn(dead_code)]` on by default
[INFO] [stdout] 
[INFO] [stdout] 
[INFO] [stderr]     Finished `dev` profile [unoptimized + debuginfo] target(s) in 0.61s
[INFO] running `Command { std: "docker" "inspect" "2a6edcbd6728e33fb3673bd1f00d131d6e7286d59c20bfa60fc75893b840dc08", kill_on_drop: false }`
[INFO] running `Command { std: "docker" "rm" "-f" "2a6edcbd6728e33fb3673bd1f00d131d6e7286d59c20bfa60fc75893b840dc08", kill_on_drop: false }`
[INFO] [stdout] 2a6edcbd6728e33fb3673bd1f00d131d6e7286d59c20bfa60fc75893b840dc08
[INFO] running `Command { std: "docker" "create" "-v" "/var/lib/crater-agent-workspace/builds/worker-7-tc2/target:/opt/rustwide/target:rw,Z" "-v" "/var/lib/crater-agent-workspace/builds/worker-7-tc2/source:/opt/rustwide/workdir:ro,Z" "-v" "/var/lib/crater-agent-workspace/cargo-home:/opt/rustwide/cargo-home:ro,Z" "-v" "/var/lib/crater-agent-workspace/rustup-home:/opt/rustwide/rustup-home:ro,Z" "-e" "SOURCE_DIR=/opt/rustwide/workdir" "-e" "CARGO_TARGET_DIR=/opt/rustwide/target" "-e" "CARGO_INCREMENTAL=0" "-e" "RUST_BACKTRACE=full" "-e" "RUSTFLAGS=--cap-lints=warn" "-e" "RUSTDOCFLAGS=--cap-lints=warn" "-e" "CARGO_HOME=/opt/rustwide/cargo-home" "-e" "RUSTUP_HOME=/opt/rustwide/rustup-home" "-w" "/opt/rustwide/workdir" "-m" "1610612736" "--user" "0:0" "--network" "none" "ghcr.io/rust-lang/crates-build-env/linux@sha256:f3a9d4ad9d972b27faf3965f35b62e55ba32bbce8f20bc8fe909558a86702fde" "/opt/rustwide/cargo-home/bin/cargo" "+beta-2024-12-08" "test" "--frozen" "--no-run" "--message-format=json", kill_on_drop: false }`
[INFO] [stdout] 57889d7dfee62e22a675898226dea5ee1ead0b768aac540a58e42d62f1b9ef4e
[INFO] running `Command { std: "docker" "start" "-a" "57889d7dfee62e22a675898226dea5ee1ead0b768aac540a58e42d62f1b9ef4e", kill_on_drop: false }`
[INFO] [stderr]    Compiling crng v0.1.0 (/opt/rustwide/workdir)
[INFO] [stdout] warning: methods `rnd_between_64` and `get` are never used
[INFO] [stdout]   --> src/core.rs:70:12
[INFO] [stdout]    |
[INFO] [stdout] 24 | impl Rnd {
[INFO] [stdout]    | -------- methods in this implementation
[INFO] [stdout] ...
[INFO] [stdout] 70 |     pub fn rnd_between_64(&mut self, lower: f64, upper: f64) -> f64 {
[INFO] [stdout]    |            ^^^^^^^^^^^^^^
[INFO] [stdout] ...
[INFO] [stdout] 82 |     pub fn get(&mut self) -> f64 {
[INFO] [stdout]    |            ^^^
[INFO] [stdout]    |
[INFO] [stdout]    = note: `#[warn(dead_code)]` on by default
[INFO] [stdout] 
[INFO] [stdout] 
[INFO] [stderr]     Finished `test` profile [unoptimized + debuginfo] target(s) in 0.51s
[INFO] running `Command { std: "docker" "inspect" "57889d7dfee62e22a675898226dea5ee1ead0b768aac540a58e42d62f1b9ef4e", kill_on_drop: false }`
[INFO] running `Command { std: "docker" "rm" "-f" "57889d7dfee62e22a675898226dea5ee1ead0b768aac540a58e42d62f1b9ef4e", kill_on_drop: false }`
[INFO] [stdout] 57889d7dfee62e22a675898226dea5ee1ead0b768aac540a58e42d62f1b9ef4e
[INFO] running `Command { std: "docker" "create" "-v" "/var/lib/crater-agent-workspace/builds/worker-7-tc2/target:/opt/rustwide/target:rw,Z" "-v" "/var/lib/crater-agent-workspace/builds/worker-7-tc2/source:/opt/rustwide/workdir:ro,Z" "-v" "/var/lib/crater-agent-workspace/cargo-home:/opt/rustwide/cargo-home:ro,Z" "-v" "/var/lib/crater-agent-workspace/rustup-home:/opt/rustwide/rustup-home:ro,Z" "-e" "SOURCE_DIR=/opt/rustwide/workdir" "-e" "CARGO_TARGET_DIR=/opt/rustwide/target" "-e" "CARGO_INCREMENTAL=0" "-e" "RUST_BACKTRACE=full" "-e" "RUSTFLAGS=--cap-lints=warn" "-e" "RUSTDOCFLAGS=--cap-lints=warn" "-e" "CARGO_HOME=/opt/rustwide/cargo-home" "-e" "RUSTUP_HOME=/opt/rustwide/rustup-home" "-w" "/opt/rustwide/workdir" "-m" "1610612736" "--user" "0:0" "--network" "none" "ghcr.io/rust-lang/crates-build-env/linux@sha256:f3a9d4ad9d972b27faf3965f35b62e55ba32bbce8f20bc8fe909558a86702fde" "/opt/rustwide/cargo-home/bin/cargo" "+beta-2024-12-08" "test" "--frozen", kill_on_drop: false }`
[INFO] [stdout] ca92f682ade0c220f0653e153c15322f350352461d7b6103b97bafb27ae02e89
[INFO] running `Command { std: "docker" "start" "-a" "ca92f682ade0c220f0653e153c15322f350352461d7b6103b97bafb27ae02e89", kill_on_drop: false }`
[INFO] [stderr] warning: methods `rnd_between_64` and `get` are never used
[INFO] [stderr]   --> src/core.rs:70:12
[INFO] [stderr]    |
[INFO] [stderr] 24 | impl Rnd {
[INFO] [stderr]    | -------- methods in this implementation
[INFO] [stderr] ...
[INFO] [stderr] 70 |     pub fn rnd_between_64(&mut self, lower: f64, upper: f64) -> f64 {
[INFO] [stderr]    |            ^^^^^^^^^^^^^^
[INFO] [stderr] ...
[INFO] [stderr] 82 |     pub fn get(&mut self) -> f64 {
[INFO] [stderr]    |            ^^^
[INFO] [stderr]    |
[INFO] [stderr]    = note: `#[warn(dead_code)]` on by default
[INFO] [stderr] 
[INFO] [stderr] warning: `crng` (bin "crng" test) generated 1 warning
[INFO] [stderr]     Finished `test` profile [unoptimized + debuginfo] target(s) in 0.01s
[INFO] [stderr]      Running unittests src/lib.rs (/opt/rustwide/target/debug/deps/crng-dafd8c55af8fab82)
[INFO] [stderr]      Running unittests src/main.rs (/opt/rustwide/target/debug/deps/crng-d17189d5d600152f)
[INFO] [stdout] 
[INFO] [stdout] running 0 tests
[INFO] [stdout] 
[INFO] [stdout] test result: ok. 0 passed; 0 failed; 0 ignored; 0 measured; 0 filtered out; finished in 0.00s
[INFO] [stdout] 
[INFO] [stdout] 
[INFO] [stdout] running 0 tests
[INFO] [stdout] 
[INFO] [stdout] test result: ok. 0 passed; 0 failed; 0 ignored; 0 measured; 0 filtered out; finished in 0.00s
[INFO] [stdout] 
[INFO] [stderr]    Doc-tests crng
[INFO] [stdout] 
[INFO] [stdout] running 4 tests
[INFO] [stdout] test src/core.rs - core::Rnd (line 10) ... FAILED
[INFO] [stdout] test src/core.rs - core::Rnd::rnd_between (line 48) ... FAILED
[INFO] [stdout] test src/core.rs - core::Rnd::rnd_between_64 (line 63) ... FAILED
[INFO] [stdout] test src/core.rs - core::Rnd::get (line 78) ... ok
[INFO] [stdout] 
[INFO] [stdout] failures:
[INFO] [stdout] 
[INFO] [stdout] ---- src/core.rs - core::Rnd (line 10) stdout ----
[INFO] [stdout] error[E0433]: failed to resolve: use of undeclared crate or module `rng`
[INFO] [stdout]  --> src/core.rs:11:5
[INFO] [stdout]   |
[INFO] [stdout] 3 | use rng::core::Rnd;
[INFO] [stdout]   |     ^^^ use of undeclared crate or module `rng`
[INFO] [stdout]   |
[INFO] [stdout] help: there is a crate or module with a similar name
[INFO] [stdout]   |
[INFO] [stdout] 3 | use crng::core::Rnd;
[INFO] [stdout]   |     ~~~~
[INFO] [stdout] 
[INFO] [stdout] error: aborting due to 1 previous error
[INFO] [stdout] 
[INFO] [stdout] For more information about this error, try `rustc --explain E0433`.
[INFO] [stdout] Couldn't compile the test.
[INFO] [stdout] ---- src/core.rs - core::Rnd::rnd_between (line 48) stdout ----
[INFO] [stdout] error[E0433]: failed to resolve: use of undeclared crate or module `rng`
[INFO] [stdout]  --> src/core.rs:49:5
[INFO] [stdout]   |
[INFO] [stdout] 3 | use rng::core::Rnd;
[INFO] [stdout]   |     ^^^ use of undeclared crate or module `rng`
[INFO] [stdout]   |
[INFO] [stdout] help: there is a crate or module with a similar name
[INFO] [stdout]   |
[INFO] [stdout] 3 | use crng::core::Rnd;
[INFO] [stdout]   |     ~~~~
[INFO] [stdout] 
[INFO] [stdout] error: aborting due to 1 previous error
[INFO] [stdout] 
[INFO] [stdout] For more information about this error, try `rustc --explain E0433`.
[INFO] [stdout] Couldn't compile the test.
[INFO] [stdout] ---- src/core.rs - core::Rnd::rnd_between_64 (line 63) stdout ----
[INFO] [stdout] error[E0433]: failed to resolve: use of undeclared crate or module `rng`
[INFO] [stdout]  --> src/core.rs:64:5
[INFO] [stdout]   |
[INFO] [stdout] 3 | use rng::core::Rnd;
[INFO] [stdout]   |     ^^^ use of undeclared crate or module `rng`
[INFO] [stdout]   |
[INFO] [stdout] help: there is a crate or module with a similar name
[INFO] [stdout]   |
[INFO] [stdout] 3 | use crng::core::Rnd;
[INFO] [stdout]   |     ~~~~
[INFO] [stdout] 
[INFO] [stdout] error: aborting due to 1 previous error
[INFO] [stdout] 
[INFO] [stdout] For more information about this error, try `rustc --explain E0433`.
[INFO] [stdout] Couldn't compile the test.
[INFO] [stdout] 
[INFO] [stdout] failures:
[INFO] [stdout]     src/core.rs - core::Rnd (line 10)
[INFO] [stdout]     src/core.rs - core::Rnd::rnd_between (line 48)
[INFO] [stdout]     src/core.rs - core::Rnd::rnd_between_64 (line 63)
[INFO] [stdout] 
[INFO] [stdout] test result: FAILED. 1 passed; 3 failed; 0 ignored; 0 measured; 0 filtered out; finished in 0.34s
[INFO] [stdout] 
[INFO] [stderr] error: doctest failed, to rerun pass `--doc`
[INFO] running `Command { std: "docker" "inspect" "ca92f682ade0c220f0653e153c15322f350352461d7b6103b97bafb27ae02e89", kill_on_drop: false }`
[INFO] running `Command { std: "docker" "rm" "-f" "ca92f682ade0c220f0653e153c15322f350352461d7b6103b97bafb27ae02e89", kill_on_drop: false }`
[INFO] [stdout] ca92f682ade0c220f0653e153c15322f350352461d7b6103b97bafb27ae02e89
