[INFO] fetching crate crcany-macro 0.0.2...
[INFO] testing crcany-macro-0.0.2 against 1.83.0 for beta-1.84.0-4-retry
[INFO] extracting crate crcany-macro 0.0.2 into /workspace/builds/worker-6-tc1/source
[INFO] validating manifest of crates.io crate crcany-macro 0.0.2 on toolchain 1.83.0
[INFO] running `Command { std: CARGO_HOME="/workspace/cargo-home" RUSTUP_HOME="/workspace/rustup-home" "/workspace/cargo-home/bin/cargo" "+1.83.0" "metadata" "--manifest-path" "Cargo.toml" "--no-deps", kill_on_drop: false }`
[INFO] started tweaking crates.io crate crcany-macro 0.0.2
[INFO] finished tweaking crates.io crate crcany-macro 0.0.2
[INFO] tweaked toml for crates.io crate crcany-macro 0.0.2 written to /workspace/builds/worker-6-tc1/source/Cargo.toml
[INFO] running `Command { std: CARGO_HOME="/workspace/cargo-home" RUSTUP_HOME="/workspace/rustup-home" "/workspace/cargo-home/bin/cargo" "+1.83.0" "generate-lockfile" "--manifest-path" "Cargo.toml", kill_on_drop: false }`
[INFO] [stderr]     Updating crates.io index
[INFO] [stderr]      Locking 12 packages to latest compatible versions
[INFO] [stderr]       Adding syn v1.0.109 (available: v2.0.90)
[INFO] running `Command { std: CARGO_HOME="/workspace/cargo-home" RUSTUP_HOME="/workspace/rustup-home" "/workspace/cargo-home/bin/cargo" "+1.83.0" "fetch" "--manifest-path" "Cargo.toml", kill_on_drop: false }`
[INFO] [stderr]  Downloading crates ...
[INFO] [stderr]   Downloaded crcany-macro v0.0.2
[INFO] [stderr]   Downloaded crcany-core v0.0.2
[INFO] [stderr]   Downloaded crcany v0.0.2
[INFO] running `Command { std: "docker" "create" "-v" "/var/lib/crater-agent-workspace/builds/worker-6-tc1/target:/opt/rustwide/target:rw,Z" "-v" "/var/lib/crater-agent-workspace/builds/worker-6-tc1/source:/opt/rustwide/workdir:ro,Z" "-v" "/var/lib/crater-agent-workspace/cargo-home:/opt/rustwide/cargo-home:ro,Z" "-v" "/var/lib/crater-agent-workspace/rustup-home:/opt/rustwide/rustup-home:ro,Z" "-e" "SOURCE_DIR=/opt/rustwide/workdir" "-e" "CARGO_TARGET_DIR=/opt/rustwide/target" "-e" "CARGO_HOME=/opt/rustwide/cargo-home" "-e" "RUSTUP_HOME=/opt/rustwide/rustup-home" "-w" "/opt/rustwide/workdir" "-m" "1610612736" "--user" "0:0" "--network" "none" "ghcr.io/rust-lang/crates-build-env/linux@sha256:f3a9d4ad9d972b27faf3965f35b62e55ba32bbce8f20bc8fe909558a86702fde" "/opt/rustwide/cargo-home/bin/cargo" "+1.83.0" "metadata" "--no-deps" "--format-version=1", kill_on_drop: false }`
[INFO] [stdout] 43ee791e8212c5e4aca0c5fad162ff2fbebeaf457a1e7b18c704172f8b956594
[INFO] running `Command { std: "docker" "start" "-a" "43ee791e8212c5e4aca0c5fad162ff2fbebeaf457a1e7b18c704172f8b956594", kill_on_drop: false }`
[INFO] running `Command { std: "docker" "inspect" "43ee791e8212c5e4aca0c5fad162ff2fbebeaf457a1e7b18c704172f8b956594", kill_on_drop: false }`
[INFO] running `Command { std: "docker" "rm" "-f" "43ee791e8212c5e4aca0c5fad162ff2fbebeaf457a1e7b18c704172f8b956594", kill_on_drop: false }`
[INFO] [stdout] 43ee791e8212c5e4aca0c5fad162ff2fbebeaf457a1e7b18c704172f8b956594
[INFO] running `Command { std: "docker" "create" "-v" "/var/lib/crater-agent-workspace/builds/worker-6-tc1/target:/opt/rustwide/target:rw,Z" "-v" "/var/lib/crater-agent-workspace/builds/worker-6-tc1/source:/opt/rustwide/workdir:ro,Z" "-v" "/var/lib/crater-agent-workspace/cargo-home:/opt/rustwide/cargo-home:ro,Z" "-v" "/var/lib/crater-agent-workspace/rustup-home:/opt/rustwide/rustup-home:ro,Z" "-e" "SOURCE_DIR=/opt/rustwide/workdir" "-e" "CARGO_TARGET_DIR=/opt/rustwide/target" "-e" "CARGO_INCREMENTAL=0" "-e" "RUST_BACKTRACE=full" "-e" "RUSTFLAGS=--cap-lints=warn" "-e" "RUSTDOCFLAGS=--cap-lints=warn" "-e" "CARGO_HOME=/opt/rustwide/cargo-home" "-e" "RUSTUP_HOME=/opt/rustwide/rustup-home" "-w" "/opt/rustwide/workdir" "-m" "1610612736" "--user" "0:0" "--network" "none" "ghcr.io/rust-lang/crates-build-env/linux@sha256:f3a9d4ad9d972b27faf3965f35b62e55ba32bbce8f20bc8fe909558a86702fde" "/opt/rustwide/cargo-home/bin/cargo" "+1.83.0" "build" "--frozen" "--message-format=json", kill_on_drop: false }`
[INFO] [stdout] 8950defc647f733af2ca2418db2aafc877a8a10ce57c5f44b33cef8613631eef
[INFO] running `Command { std: "docker" "start" "-a" "8950defc647f733af2ca2418db2aafc877a8a10ce57c5f44b33cef8613631eef", kill_on_drop: false }`
[INFO] [stderr]    Compiling proc-macro2 v1.0.92
[INFO] [stderr]    Compiling unicode-ident v1.0.14
[INFO] [stderr]    Compiling syn v1.0.109
[INFO] [stderr]    Compiling memchr v2.7.4
[INFO] [stderr]    Compiling minimal-lexical v0.2.1
[INFO] [stderr]    Compiling byteorder v1.5.0
[INFO] [stderr]    Compiling once_cell v1.20.2
[INFO] [stderr]    Compiling quote v1.0.37
[INFO] [stderr]    Compiling nom v7.1.3
[INFO] [stderr]    Compiling crcany-core v0.0.2
[INFO] [stderr]    Compiling crcany-macro v0.0.2 (/opt/rustwide/workdir)
[INFO] [stderr]     Finished `dev` profile [unoptimized + debuginfo] target(s) in 10.05s
[INFO] running `Command { std: "docker" "inspect" "8950defc647f733af2ca2418db2aafc877a8a10ce57c5f44b33cef8613631eef", kill_on_drop: false }`
[INFO] running `Command { std: "docker" "rm" "-f" "8950defc647f733af2ca2418db2aafc877a8a10ce57c5f44b33cef8613631eef", kill_on_drop: false }`
[INFO] [stdout] 8950defc647f733af2ca2418db2aafc877a8a10ce57c5f44b33cef8613631eef
[INFO] running `Command { std: "docker" "create" "-v" "/var/lib/crater-agent-workspace/builds/worker-6-tc1/target:/opt/rustwide/target:rw,Z" "-v" "/var/lib/crater-agent-workspace/builds/worker-6-tc1/source:/opt/rustwide/workdir:ro,Z" "-v" "/var/lib/crater-agent-workspace/cargo-home:/opt/rustwide/cargo-home:ro,Z" "-v" "/var/lib/crater-agent-workspace/rustup-home:/opt/rustwide/rustup-home:ro,Z" "-e" "SOURCE_DIR=/opt/rustwide/workdir" "-e" "CARGO_TARGET_DIR=/opt/rustwide/target" "-e" "CARGO_INCREMENTAL=0" "-e" "RUST_BACKTRACE=full" "-e" "RUSTFLAGS=--cap-lints=warn" "-e" "RUSTDOCFLAGS=--cap-lints=warn" "-e" "CARGO_HOME=/opt/rustwide/cargo-home" "-e" "RUSTUP_HOME=/opt/rustwide/rustup-home" "-w" "/opt/rustwide/workdir" "-m" "1610612736" "--user" "0:0" "--network" "none" "ghcr.io/rust-lang/crates-build-env/linux@sha256:f3a9d4ad9d972b27faf3965f35b62e55ba32bbce8f20bc8fe909558a86702fde" "/opt/rustwide/cargo-home/bin/cargo" "+1.83.0" "test" "--frozen" "--no-run" "--message-format=json", kill_on_drop: false }`
[INFO] [stdout] 710c0ec8ad4ac5c3768165331beb9f113fd1c0236a390a4e49f34f19c003e77c
[INFO] running `Command { std: "docker" "start" "-a" "710c0ec8ad4ac5c3768165331beb9f113fd1c0236a390a4e49f34f19c003e77c", kill_on_drop: false }`
[INFO] [stderr]    Compiling crcany-macro v0.0.2
[INFO] [stderr]    Compiling crcany-macro v0.0.2 (/opt/rustwide/workdir)
[INFO] [stderr]    Compiling crcany v0.0.2
[INFO] [stderr]     Finished `test` profile [unoptimized + debuginfo] target(s) in 1.76s
[INFO] running `Command { std: "docker" "inspect" "710c0ec8ad4ac5c3768165331beb9f113fd1c0236a390a4e49f34f19c003e77c", kill_on_drop: false }`
[INFO] running `Command { std: "docker" "rm" "-f" "710c0ec8ad4ac5c3768165331beb9f113fd1c0236a390a4e49f34f19c003e77c", kill_on_drop: false }`
[INFO] [stdout] 710c0ec8ad4ac5c3768165331beb9f113fd1c0236a390a4e49f34f19c003e77c
[INFO] running `Command { std: "docker" "create" "-v" "/var/lib/crater-agent-workspace/builds/worker-6-tc1/target:/opt/rustwide/target:rw,Z" "-v" "/var/lib/crater-agent-workspace/builds/worker-6-tc1/source:/opt/rustwide/workdir:ro,Z" "-v" "/var/lib/crater-agent-workspace/cargo-home:/opt/rustwide/cargo-home:ro,Z" "-v" "/var/lib/crater-agent-workspace/rustup-home:/opt/rustwide/rustup-home:ro,Z" "-e" "SOURCE_DIR=/opt/rustwide/workdir" "-e" "CARGO_TARGET_DIR=/opt/rustwide/target" "-e" "CARGO_INCREMENTAL=0" "-e" "RUST_BACKTRACE=full" "-e" "RUSTFLAGS=--cap-lints=warn" "-e" "RUSTDOCFLAGS=--cap-lints=warn" "-e" "CARGO_HOME=/opt/rustwide/cargo-home" "-e" "RUSTUP_HOME=/opt/rustwide/rustup-home" "-w" "/opt/rustwide/workdir" "-m" "1610612736" "--user" "0:0" "--network" "none" "ghcr.io/rust-lang/crates-build-env/linux@sha256:f3a9d4ad9d972b27faf3965f35b62e55ba32bbce8f20bc8fe909558a86702fde" "/opt/rustwide/cargo-home/bin/cargo" "+1.83.0" "test" "--frozen", kill_on_drop: false }`
[INFO] [stdout] 6756bb5f22c52f57d335a4e97b0d5d66b44b8802a41181918e69cc6f603b9979
[INFO] running `Command { std: "docker" "start" "-a" "6756bb5f22c52f57d335a4e97b0d5d66b44b8802a41181918e69cc6f603b9979", kill_on_drop: false }`
[INFO] [stderr]     Finished `test` profile [unoptimized + debuginfo] target(s) in 0.04s
[INFO] [stderr]      Running unittests src/lib.rs (/opt/rustwide/target/debug/deps/crcany_macro-5860de5327f80435)
[INFO] [stderr]    Doc-tests crcany_macro
[INFO] [stdout] 
[INFO] [stdout] running 0 tests
[INFO] [stdout] 
[INFO] [stdout] test result: ok. 0 passed; 0 failed; 0 ignored; 0 measured; 0 filtered out; finished in 0.00s
[INFO] [stdout] 
[INFO] [stdout] 
[INFO] [stdout] running 1 test
[INFO] [stdout] test src/lib.rs - impl_crc (line 54) ... FAILED
[INFO] [stdout] 
[INFO] [stdout] failures:
[INFO] [stdout] 
[INFO] [stdout] ---- src/lib.rs - impl_crc (line 54) stdout ----
[INFO] [stdout] error[E0432]: unresolved import `crcany::crc::v2`
[INFO] [stdout]  --> src/lib.rs:55:18
[INFO] [stdout]   |
[INFO] [stdout] 3 | use crcany::crc::v2::Crc;
[INFO] [stdout]   |                  ^^ could not find `v2` in `crc`
[INFO] [stdout] 
[INFO] [stdout] error[E0599]: no method named `to_inner` found for struct `Computer` in the current scope
[INFO] [stdout]   --> src/lib.rs:62:19
[INFO] [stdout]    |
[INFO] [stdout] 10 | assert_eq!(4, crc.to_inner());
[INFO] [stdout]    |                   ^^^^^^^^
[INFO] [stdout]    |
[INFO] [stdout] help: there is a method `into_inner` with a similar name
[INFO] [stdout]    |
[INFO] [stdout] 10 | assert_eq!(4, crc.into_inner());
[INFO] [stdout]    |                   ~~~~~~~~~~
[INFO] [stdout] 
[INFO] [stdout] error: aborting due to 2 previous errors
[INFO] [stdout] 
[INFO] [stdout] Some errors have detailed explanations: E0432, E0599.
[INFO] [stdout] For more information about an error, try `rustc --explain E0432`.
[INFO] [stdout] Couldn't compile the test.
[INFO] [stdout] 
[INFO] [stdout] failures:
[INFO] [stdout]     src/lib.rs - impl_crc (line 54)
[INFO] [stdout] 
[INFO] [stdout] test result: FAILED. 0 passed; 1 failed; 0 ignored; 0 measured; 0 filtered out; finished in 0.18s
[INFO] [stdout] 
[INFO] [stderr] error: doctest failed, to rerun pass `--doc`
[INFO] running `Command { std: "docker" "inspect" "6756bb5f22c52f57d335a4e97b0d5d66b44b8802a41181918e69cc6f603b9979", kill_on_drop: false }`
[INFO] running `Command { std: "docker" "rm" "-f" "6756bb5f22c52f57d335a4e97b0d5d66b44b8802a41181918e69cc6f603b9979", kill_on_drop: false }`
[INFO] [stdout] 6756bb5f22c52f57d335a4e97b0d5d66b44b8802a41181918e69cc6f603b9979
