[INFO] fetching crate crayon 0.7.1...
[INFO] testing crayon-0.7.1 against beta-2024-12-08 for beta-1.84.0-4-retry
[INFO] extracting crate crayon 0.7.1 into /workspace/builds/worker-1-tc2/source
[INFO] validating manifest of crates.io crate crayon 0.7.1 on toolchain beta-2024-12-08
[INFO] running `Command { std: CARGO_HOME="/workspace/cargo-home" RUSTUP_HOME="/workspace/rustup-home" "/workspace/cargo-home/bin/cargo" "+beta-2024-12-08" "metadata" "--manifest-path" "Cargo.toml" "--no-deps", kill_on_drop: false }`
[INFO] started tweaking crates.io crate crayon 0.7.1
[INFO] finished tweaking crates.io crate crayon 0.7.1
[INFO] tweaked toml for crates.io crate crayon 0.7.1 written to /workspace/builds/worker-1-tc2/source/Cargo.toml
[INFO] running `Command { std: CARGO_HOME="/workspace/cargo-home" RUSTUP_HOME="/workspace/rustup-home" "/workspace/cargo-home/bin/cargo" "+beta-2024-12-08" "generate-lockfile" "--manifest-path" "Cargo.toml", kill_on_drop: false }`
[INFO] [stderr]     Updating crates.io index
[INFO] [stderr]      Locking 135 packages to latest compatible versions
[INFO] [stderr]       Adding cgmath v0.16.1 (available: v0.18.0)
[INFO] [stderr]       Adding crossbeam-deque v0.5.2 (available: v0.8.5)
[INFO] [stderr]       Adding env_logger v0.6.2 (available: v0.11.5)
[INFO] [stderr]       Adding gl v0.10.0 (available: v0.14.0)
[INFO] [stderr]       Adding glutin v0.18.0 (available: v0.32.1)
[INFO] [stderr]       Adding rand v0.5.6 (available: v0.8.5)
[INFO] [stderr]       Adding smallvec v0.6.14 (available: v1.13.2)
[INFO] [stderr]       Adding uuid v0.7.4 (available: v1.11.0)
[INFO] running `Command { std: CARGO_HOME="/workspace/cargo-home" RUSTUP_HOME="/workspace/rustup-home" "/workspace/cargo-home/bin/cargo" "+beta-2024-12-08" "fetch" "--manifest-path" "Cargo.toml", kill_on_drop: false }`
[INFO] running `Command { std: "docker" "create" "-v" "/var/lib/crater-agent-workspace/builds/worker-1-tc2/target:/opt/rustwide/target:rw,Z" "-v" "/var/lib/crater-agent-workspace/builds/worker-1-tc2/source:/opt/rustwide/workdir:ro,Z" "-v" "/var/lib/crater-agent-workspace/cargo-home:/opt/rustwide/cargo-home:ro,Z" "-v" "/var/lib/crater-agent-workspace/rustup-home:/opt/rustwide/rustup-home:ro,Z" "-e" "SOURCE_DIR=/opt/rustwide/workdir" "-e" "CARGO_TARGET_DIR=/opt/rustwide/target" "-e" "CARGO_HOME=/opt/rustwide/cargo-home" "-e" "RUSTUP_HOME=/opt/rustwide/rustup-home" "-w" "/opt/rustwide/workdir" "-m" "1610612736" "--user" "0:0" "--network" "none" "ghcr.io/rust-lang/crates-build-env/linux@sha256:f3a9d4ad9d972b27faf3965f35b62e55ba32bbce8f20bc8fe909558a86702fde" "/opt/rustwide/cargo-home/bin/cargo" "+beta-2024-12-08" "metadata" "--no-deps" "--format-version=1", kill_on_drop: false }`
[INFO] [stdout] d955638f8eda335d88c0123b32291ef15b1b7d730e54ae454edf0c0c17ce8dd6
[INFO] running `Command { std: "docker" "start" "-a" "d955638f8eda335d88c0123b32291ef15b1b7d730e54ae454edf0c0c17ce8dd6", kill_on_drop: false }`
[INFO] running `Command { std: "docker" "inspect" "d955638f8eda335d88c0123b32291ef15b1b7d730e54ae454edf0c0c17ce8dd6", kill_on_drop: false }`
[INFO] running `Command { std: "docker" "rm" "-f" "d955638f8eda335d88c0123b32291ef15b1b7d730e54ae454edf0c0c17ce8dd6", kill_on_drop: false }`
[INFO] [stdout] d955638f8eda335d88c0123b32291ef15b1b7d730e54ae454edf0c0c17ce8dd6
[INFO] running `Command { std: "docker" "create" "-v" "/var/lib/crater-agent-workspace/builds/worker-1-tc2/target:/opt/rustwide/target:rw,Z" "-v" "/var/lib/crater-agent-workspace/builds/worker-1-tc2/source:/opt/rustwide/workdir:ro,Z" "-v" "/var/lib/crater-agent-workspace/cargo-home:/opt/rustwide/cargo-home:ro,Z" "-v" "/var/lib/crater-agent-workspace/rustup-home:/opt/rustwide/rustup-home:ro,Z" "-e" "SOURCE_DIR=/opt/rustwide/workdir" "-e" "CARGO_TARGET_DIR=/opt/rustwide/target" "-e" "CARGO_INCREMENTAL=0" "-e" "RUST_BACKTRACE=full" "-e" "RUSTFLAGS=--cap-lints=warn" "-e" "RUSTDOCFLAGS=--cap-lints=warn" "-e" "CARGO_HOME=/opt/rustwide/cargo-home" "-e" "RUSTUP_HOME=/opt/rustwide/rustup-home" "-w" "/opt/rustwide/workdir" "-m" "1610612736" "--user" "0:0" "--network" "none" "ghcr.io/rust-lang/crates-build-env/linux@sha256:f3a9d4ad9d972b27faf3965f35b62e55ba32bbce8f20bc8fe909558a86702fde" "/opt/rustwide/cargo-home/bin/cargo" "+beta-2024-12-08" "build" "--frozen" "--message-format=json", kill_on_drop: false }`
[INFO] [stdout] fe76d3a583e429e8c9d2c5dcc58956192f876e79c6aabd232d56bede35cdc038
[INFO] running `Command { std: "docker" "start" "-a" "fe76d3a583e429e8c9d2c5dcc58956192f876e79c6aabd232d56bede35cdc038", kill_on_drop: false }`
[INFO] [stderr]    Compiling proc-macro2 v1.0.92
[INFO] [stderr]    Compiling libc v0.2.168
[INFO] [stderr]    Compiling unicode-ident v1.0.14
[INFO] [stderr]    Compiling bitflags v1.3.2
[INFO] [stderr]    Compiling serde v1.0.216
[INFO] [stderr]    Compiling cfg-if v1.0.0
[INFO] [stderr]    Compiling lazy_static v1.5.0
[INFO] [stderr]    Compiling khronos_api v2.2.0
[INFO] [stderr]    Compiling log v0.4.22
[INFO] [stderr]    Compiling semver-parser v0.7.0
[INFO] [stderr]    Compiling maybe-uninit v2.0.0
[INFO] [stderr]    Compiling rand_core v0.4.2
[INFO] [stderr]    Compiling cfg-if v0.1.10
[INFO] [stderr]    Compiling downcast-rs v1.2.1
[INFO] [stderr]    Compiling scopeguard v0.3.3
[INFO] [stderr]    Compiling syn v1.0.109
[INFO] [stderr]    Compiling libloading v0.6.7
[INFO] [stderr]    Compiling xml-rs v0.7.0
[INFO] [stderr]    Compiling autocfg v1.4.0
[INFO] [stderr]    Compiling stable_deref_trait v1.2.0
[INFO] [stderr]    Compiling nix v0.11.1
[INFO] [stderr]    Compiling pkg-config v0.3.31
[INFO] [stderr]    Compiling owning_ref v0.4.1
[INFO] [stderr]    Compiling void v1.0.2
[INFO] [stderr]    Compiling semver v0.9.0
[INFO] [stderr]    Compiling dlib v0.4.2
[INFO] [stderr]    Compiling rand_core v0.3.1
[INFO] [stderr]    Compiling memchr v2.7.4
[INFO] [stderr]    Compiling wayland-sys v0.20.12
[INFO] [stderr]    Compiling arrayvec v0.4.12
[INFO] [stderr]    Compiling lock_api v0.1.5
[INFO] [stderr]    Compiling failure_derive v0.1.8
[INFO] [stderr]    Compiling unicode-xid v0.2.6
[INFO] [stderr]    Compiling gimli v0.31.1
[INFO] [stderr]    Compiling adler2 v2.0.0
[INFO] [stderr]    Compiling nodrop v0.1.14
[INFO] [stderr]    Compiling rustc_version v0.2.3
[INFO] [stderr]    Compiling wayland-commons v0.20.12
[INFO] [stderr]    Compiling once_cell v1.20.2
[INFO] [stderr]    Compiling miniz_oxide v0.8.0
[INFO] [stderr]    Compiling memoffset v0.2.1
[INFO] [stderr]    Compiling wayland-scanner v0.20.12
[INFO] [stderr]    Compiling gl_generator v0.9.0
[INFO] [stderr]    Compiling rustc-demangle v0.1.24
[INFO] [stderr]    Compiling serde_json v1.0.133
[INFO] [stderr]    Compiling num-traits v0.2.19
[INFO] [stderr]    Compiling parking_lot_core v0.3.1
[INFO] [stderr]    Compiling object v0.36.5
[INFO] [stderr]    Compiling percent-encoding v1.0.1
[INFO] [stderr]    Compiling crossbeam-utils v0.5.0
[INFO] [stderr]    Compiling x11-dl v2.21.0
[INFO] [stderr]    Compiling cgmath v0.16.1
[INFO] [stderr]    Compiling crossbeam-epoch v0.5.2
[INFO] [stderr]    Compiling ryu v1.0.18
[INFO] [stderr]    Compiling approx v0.1.1
[INFO] [stderr]    Compiling itoa v1.0.14
[INFO] [stderr]    Compiling byteorder v1.5.0
[INFO] [stderr]    Compiling wayland-client v0.20.12
[INFO] [stderr]    Compiling wayland-protocols v0.20.12
[INFO] [stderr]    Compiling quote v1.0.37
[INFO] [stderr]    Compiling gl v0.10.0
[INFO] [stderr]    Compiling glutin v0.18.0
[INFO] [stderr]    Compiling crossbeam-deque v0.5.2
[INFO] [stderr]    Compiling syn v2.0.90
[INFO] [stderr]    Compiling rand v0.5.6
[INFO] [stderr]    Compiling memmap v0.6.2
[INFO] [stderr]    Compiling shared_library v0.1.9
[INFO] [stderr]    Compiling rand v0.4.6
[INFO] [stderr]    Compiling osmesa-sys v0.1.2
[INFO] [stderr]    Compiling num-traits v0.1.43
[INFO] [stderr]    Compiling addr2line v0.24.2
[INFO] [stderr]    Compiling smithay-client-toolkit v0.3.0
[INFO] [stderr]    Compiling synstructure v0.12.6
[INFO] [stderr]    Compiling backtrace v0.3.74
[INFO] [stderr]    Compiling failure v0.1.8
[INFO] [stderr]    Compiling serde_derive v1.0.216
[INFO] [stderr]    Compiling smallvec v0.6.14
[INFO] [stderr]    Compiling bincode v1.3.3
[INFO] [stderr]    Compiling uuid v0.7.4
[INFO] [stderr]    Compiling inlinable_string v0.1.15
[INFO] [stderr]    Compiling parking_lot v0.6.4
[INFO] [stderr]    Compiling winit v0.17.2
[INFO] [stderr]    Compiling crayon v0.7.1 (/opt/rustwide/workdir)
[INFO] [stdout] warning: elided lifetime has a name
[INFO] [stdout]    --> src/utils/object_pool.rs:123:70
[INFO] [stdout]     |
[INFO] [stdout] 123 |     pub fn iter<'a>(&'a self) -> impl DoubleEndedIterator<Item = (H, &T)> + 'a {
[INFO] [stdout]     |                 -- lifetime `'a` declared here                       ^ this elided lifetime gets resolved as `'a`
[INFO] [stdout]     |
[INFO] [stdout]     = note: `#[warn(elided_named_lifetimes)]` on by default
[INFO] [stdout] 
[INFO] [stdout] 
[INFO] [stdout] warning: elided lifetime has a name
[INFO] [stdout]    --> src/utils/object_pool.rs:147:68
[INFO] [stdout]     |
[INFO] [stdout] 147 |     pub fn values<'a>(&'a self) -> impl DoubleEndedIterator<Item = &T> + 'a {
[INFO] [stdout]     |                   -- lifetime `'a` declared here                   ^ this elided lifetime gets resolved as `'a`
[INFO] [stdout] 
[INFO] [stdout] 
[INFO] [stdout] warning: elided lifetime has a name
[INFO] [stdout]    --> src/utils/object_pool.rs:155:76
[INFO] [stdout]     |
[INFO] [stdout] 155 |     pub fn values_mut<'a>(&'a mut self) -> impl DoubleEndedIterator<Item = &mut T> + 'a {
[INFO] [stdout]     |                       -- lifetime `'a` declared here                       ^ this elided lifetime gets resolved as `'a`
[INFO] [stdout] 
[INFO] [stdout] 
[INFO] [stdout] warning: use of deprecated function `std::mem::uninitialized`: use `mem::MaybeUninit` instead
[INFO] [stdout]   --> src/utils/object_pool.rs:80:41
[INFO] [stdout]    |
[INFO] [stdout] 80 |                 let mut v = ::std::mem::uninitialized();
[INFO] [stdout]    |                                         ^^^^^^^^^^^^^
[INFO] [stdout]    |
[INFO] [stdout]    = note: `#[warn(deprecated)]` on by default
[INFO] [stdout] 
[INFO] [stdout] 
[INFO] [stdout] warning: use of deprecated function `std::mem::uninitialized`: use `mem::MaybeUninit` instead
[INFO] [stdout]    --> src/utils/object_pool.rs:103:55
[INFO] [stdout]     |
[INFO] [stdout] 103 |                 std::mem::swap(&mut v, &mut std::mem::uninitialized());
[INFO] [stdout]     |                                                       ^^^^^^^^^^^^^
[INFO] [stdout] 
[INFO] [stdout] 
[INFO] [stdout] warning: use of deprecated function `std::mem::uninitialized`: use `mem::MaybeUninit` instead
[INFO] [stdout]    --> src/video/backends/gl/capabilities.rs:236:32
[INFO] [stdout]     |
[INFO] [stdout] 236 |             let mut val = mem::uninitialized();
[INFO] [stdout]     |                                ^^^^^^^^^^^^^
[INFO] [stdout] 
[INFO] [stdout] 
[INFO] [stdout] warning: use of deprecated function `std::mem::uninitialized`: use `mem::MaybeUninit` instead
[INFO] [stdout]    --> src/video/backends/gl/capabilities.rs:296:32
[INFO] [stdout]     |
[INFO] [stdout] 296 |             let mut val = mem::uninitialized();
[INFO] [stdout]     |                                ^^^^^^^^^^^^^
[INFO] [stdout] 
[INFO] [stdout] 
[INFO] [stdout] warning: use of deprecated function `std::mem::uninitialized`: use `mem::MaybeUninit` instead
[INFO] [stdout]    --> src/video/backends/gl/capabilities.rs:321:32
[INFO] [stdout]     |
[INFO] [stdout] 321 |             let mut val = mem::uninitialized();
[INFO] [stdout]     |                                ^^^^^^^^^^^^^
[INFO] [stdout] 
[INFO] [stdout] 
[INFO] [stdout] warning: use of deprecated constant `std::sync::atomic::ATOMIC_USIZE_INIT`: the `new` function is now preferred
[INFO] [stdout]  --> src/sched/scheduler.rs:2:48
[INFO] [stdout]   |
[INFO] [stdout] 2 | use std::sync::atomic::{AtomicUsize, Ordering, ATOMIC_USIZE_INIT};
[INFO] [stdout]   |                                                ^^^^^^^^^^^^^^^^^
[INFO] [stdout] 
[INFO] [stdout] 
[INFO] [stdout] warning: use of deprecated constant `std::sync::atomic::ATOMIC_USIZE_INIT`: the `new` function is now preferred
[INFO] [stdout]    --> src/sched/scheduler.rs:353:43
[INFO] [stdout]     |
[INFO] [stdout] 353 |             static COUNTER: AtomicUsize = ATOMIC_USIZE_INIT;
[INFO] [stdout]     |                                           ^^^^^^^^^^^^^^^^^
[INFO] [stdout]     |
[INFO] [stdout] help: replace the use of the deprecated constant
[INFO] [stdout]     |
[INFO] [stdout] 353 |             static COUNTER: AtomicUsize = AtomicUsize::new(0);
[INFO] [stdout]     |                                           ~~~~~~~~~~~~~~~~~~~
[INFO] [stdout] 
[INFO] [stdout] 
[INFO] [stdout] warning: trait objects without an explicit `dyn` are deprecated
[INFO] [stdout]   --> src/application/ins.rs:19:30
[INFO] [stdout]    |
[INFO] [stdout] 19 |     ins: HashMap<String, Arc<Inspectable>>,
[INFO] [stdout]    |                              ^^^^^^^^^^^
[INFO] [stdout]    |
[INFO] [stdout]    = warning: this is accepted in the current edition (Rust 2018) but is a hard error in Rust 2021!
[INFO] [stdout]    = note: for more information, see <https://doc.rust-lang.org/nightly/edition-guide/rust-2021/warnings-promoted-to-error.html>
[INFO] [stdout]    = note: `#[warn(bare_trait_objects)]` on by default
[INFO] [stdout] help: if this is a dyn-compatible trait, use `dyn`
[INFO] [stdout]    |
[INFO] [stdout] 19 |     ins: HashMap<String, Arc<dyn Inspectable>>,
[INFO] [stdout]    |                              +++
[INFO] [stdout] 
[INFO] [stdout] 
[INFO] [stdout] warning: trait objects without an explicit `dyn` are deprecated
[INFO] [stdout]   --> src/application/lifecycle.rs:30:48
[INFO] [stdout]    |
[INFO] [stdout] 30 |     last_frame_lifecycles: Mutex<Vec<Arc<Mutex<LifecycleListener>>>>,
[INFO] [stdout]    |                                                ^^^^^^^^^^^^^^^^^
[INFO] [stdout]    |
[INFO] [stdout]    = warning: this is accepted in the current edition (Rust 2018) but is a hard error in Rust 2021!
[INFO] [stdout]    = note: for more information, see <https://doc.rust-lang.org/nightly/edition-guide/rust-2021/warnings-promoted-to-error.html>
[INFO] [stdout] help: if this is a dyn-compatible trait, use `dyn`
[INFO] [stdout]    |
[INFO] [stdout] 30 |     last_frame_lifecycles: Mutex<Vec<Arc<Mutex<dyn LifecycleListener>>>>,
[INFO] [stdout]    |                                                +++
[INFO] [stdout] 
[INFO] [stdout] 
[INFO] [stdout] warning: trait objects without an explicit `dyn` are deprecated
[INFO] [stdout]   --> src/application/lifecycle.rs:31:69
[INFO] [stdout]    |
[INFO] [stdout] 31 |     lifecycles: Mutex<ObjectPool<LifecycleListenerHandle, Arc<Mutex<LifecycleListener>>>>,
[INFO] [stdout]    |                                                                     ^^^^^^^^^^^^^^^^^
[INFO] [stdout]    |
[INFO] [stdout]    = warning: this is accepted in the current edition (Rust 2018) but is a hard error in Rust 2021!
[INFO] [stdout]    = note: for more information, see <https://doc.rust-lang.org/nightly/edition-guide/rust-2021/warnings-promoted-to-error.html>
[INFO] [stdout] help: if this is a dyn-compatible trait, use `dyn`
[INFO] [stdout]    |
[INFO] [stdout] 31 |     lifecycles: Mutex<ObjectPool<LifecycleListenerHandle, Arc<Mutex<dyn LifecycleListener>>>>,
[INFO] [stdout]    |                                                                     +++
[INFO] [stdout] 
[INFO] [stdout] 
[INFO] [stdout] warning: trait objects without an explicit `dyn` are deprecated
[INFO] [stdout]   --> src/res/vfs/mod.rs:20:38
[INFO] [stdout]    |
[INFO] [stdout] 20 |     schemas: FastHashMap<String, Arc<VFS>>,
[INFO] [stdout]    |                                      ^^^
[INFO] [stdout]    |
[INFO] [stdout]    = warning: this is accepted in the current edition (Rust 2018) but is a hard error in Rust 2021!
[INFO] [stdout]    = note: for more information, see <https://doc.rust-lang.org/nightly/edition-guide/rust-2021/warnings-promoted-to-error.html>
[INFO] [stdout] help: if this is a dyn-compatible trait, use `dyn`
[INFO] [stdout]    |
[INFO] [stdout] 20 |     schemas: FastHashMap<String, Arc<dyn VFS>>,
[INFO] [stdout]    |                                      +++
[INFO] [stdout] 
[INFO] [stdout] 
[INFO] [stdout] warning: trait objects without an explicit `dyn` are deprecated
[INFO] [stdout]   --> src/sched/scope.rs:16:29
[INFO] [stdout]    |
[INFO] [stdout] 16 |     marker: PhantomData<Box<FnOnce(&Scope<'s>) + Send + Sync + 's>>,
[INFO] [stdout]    |                             ^^^^^^^^^^^^^^^^^^^^^^^^^^^^^^^^^^^^^
[INFO] [stdout]    |
[INFO] [stdout]    = warning: this is accepted in the current edition (Rust 2018) but is a hard error in Rust 2021!
[INFO] [stdout]    = note: for more information, see <https://doc.rust-lang.org/nightly/edition-guide/rust-2021/warnings-promoted-to-error.html>
[INFO] [stdout] help: if this is a dyn-compatible trait, use `dyn`
[INFO] [stdout]    |
[INFO] [stdout] 16 |     marker: PhantomData<Box<dyn FnOnce(&Scope<'s>) + Send + Sync + 's>>,
[INFO] [stdout]    |                             +++
[INFO] [stdout] 
[INFO] [stdout] 
[INFO] [stdout] warning: trait objects without an explicit `dyn` are deprecated
[INFO] [stdout]   --> src/sched/scope.rs:19:26
[INFO] [stdout]    |
[INFO] [stdout] 19 |     panic: AtomicPtr<Box<Any + Send + 'static>>,
[INFO] [stdout]    |                          ^^^^^^^^^^^^^^^^^^^^
[INFO] [stdout]    |
[INFO] [stdout]    = warning: this is accepted in the current edition (Rust 2018) but is a hard error in Rust 2021!
[INFO] [stdout]    = note: for more information, see <https://doc.rust-lang.org/nightly/edition-guide/rust-2021/warnings-promoted-to-error.html>
[INFO] [stdout] help: if this is a dyn-compatible trait, use `dyn`
[INFO] [stdout]    |
[INFO] [stdout] 19 |     panic: AtomicPtr<Box<dyn Any + Send + 'static>>,
[INFO] [stdout]    |                          +++
[INFO] [stdout] 
[INFO] [stdout] 
[INFO] [stdout] warning: trait objects without an explicit `dyn` are deprecated
[INFO] [stdout]   --> src/sched/job.rs:11:15
[INFO] [stdout]    |
[INFO] [stdout] 11 |     Panic(Box<Any + Send>),
[INFO] [stdout]    |               ^^^^^^^^^^
[INFO] [stdout]    |
[INFO] [stdout]    = warning: this is accepted in the current edition (Rust 2018) but is a hard error in Rust 2021!
[INFO] [stdout]    = note: for more information, see <https://doc.rust-lang.org/nightly/edition-guide/rust-2021/warnings-promoted-to-error.html>
[INFO] [stdout] help: if this is a dyn-compatible trait, use `dyn`
[INFO] [stdout]    |
[INFO] [stdout] 11 |     Panic(Box<dyn Any + Send>),
[INFO] [stdout]    |               +++
[INFO] [stdout] 
[INFO] [stdout] 
[INFO] [stdout] warning: trait objects without an explicit `dyn` are deprecated
[INFO] [stdout]   --> src/sched/system.rs:14:25
[INFO] [stdout]    |
[INFO] [stdout] 14 | pub type PanicHandler = Fn(Box<::std::any::Any + Send>) + Send + Sync;
[INFO] [stdout]    |                         ^^^^^^^^^^^^^^^^^^^^^^^^^^^^^^^^^^^^^^^^^^^^^
[INFO] [stdout]    |
[INFO] [stdout]    = warning: this is accepted in the current edition (Rust 2018) but is a hard error in Rust 2021!
[INFO] [stdout]    = note: for more information, see <https://doc.rust-lang.org/nightly/edition-guide/rust-2021/warnings-promoted-to-error.html>
[INFO] [stdout] help: if this is a dyn-compatible trait, use `dyn`
[INFO] [stdout]    |
[INFO] [stdout] 14 | pub type PanicHandler = dyn Fn(Box<::std::any::Any + Send>) + Send + Sync;
[INFO] [stdout]    |                         +++
[INFO] [stdout] 
[INFO] [stdout] 
[INFO] [stdout] warning: trait objects without an explicit `dyn` are deprecated
[INFO] [stdout]   --> src/sched/system.rs:14:32
[INFO] [stdout]    |
[INFO] [stdout] 14 | pub type PanicHandler = Fn(Box<::std::any::Any + Send>) + Send + Sync;
[INFO] [stdout]    |                                ^^^^^^^^^^^^^^^^^^^^^^
[INFO] [stdout]    |
[INFO] [stdout]    = warning: this is accepted in the current edition (Rust 2018) but is a hard error in Rust 2021!
[INFO] [stdout]    = note: for more information, see <https://doc.rust-lang.org/nightly/edition-guide/rust-2021/warnings-promoted-to-error.html>
[INFO] [stdout] help: if this is a dyn-compatible trait, use `dyn`
[INFO] [stdout]    |
[INFO] [stdout] 14 | pub type PanicHandler = Fn(Box<dyn (::std::any::Any + Send)>) + Send + Sync;
[INFO] [stdout]    |                                +++++                      +
[INFO] [stdout] 
[INFO] [stdout] 
[INFO] [stdout] warning: trait objects without an explicit `dyn` are deprecated
[INFO] [stdout]   --> src/res/vfs/mod.rs:36:68
[INFO] [stdout]    |
[INFO] [stdout] 36 |     pub fn locate<T1: AsRef<str>>(&self, schema: T1) -> Result<Arc<VFS>, failure::Error> {
[INFO] [stdout]    |                                                                    ^^^
[INFO] [stdout]    |
[INFO] [stdout]    = warning: this is accepted in the current edition (Rust 2018) but is a hard error in Rust 2021!
[INFO] [stdout]    = note: for more information, see <https://doc.rust-lang.org/nightly/edition-guide/rust-2021/warnings-promoted-to-error.html>
[INFO] [stdout] help: if this is a dyn-compatible trait, use `dyn`
[INFO] [stdout]    |
[INFO] [stdout] 36 |     pub fn locate<T1: AsRef<str>>(&self, schema: T1) -> Result<Arc<dyn VFS>, failure::Error> {
[INFO] [stdout]    |                                                                    +++
[INFO] [stdout] 
[INFO] [stdout] 
[INFO] [stdout] warning: trait objects without an explicit `dyn` are deprecated
[INFO] [stdout]    --> src/video/backends/mod.rs:105:28
[INFO] [stdout]     |
[INFO] [stdout] 105 | pub fn new() -> Result<Box<Visitor>> {
[INFO] [stdout]     |                            ^^^^^^^
[INFO] [stdout]     |
[INFO] [stdout]     = warning: this is accepted in the current edition (Rust 2018) but is a hard error in Rust 2021!
[INFO] [stdout]     = note: for more information, see <https://doc.rust-lang.org/nightly/edition-guide/rust-2021/warnings-promoted-to-error.html>
[INFO] [stdout] help: if this is a dyn-compatible trait, use `dyn`
[INFO] [stdout]     |
[INFO] [stdout] 105 | pub fn new() -> Result<Box<dyn Visitor>> {
[INFO] [stdout]     |                            +++
[INFO] [stdout] 
[INFO] [stdout] 
[INFO] [stdout] warning: trait objects without an explicit `dyn` are deprecated
[INFO] [stdout]    --> src/video/backends/mod.rs:119:30
[INFO] [stdout]     |
[INFO] [stdout] 119 | pub fn new_headless() -> Box<Visitor> {
[INFO] [stdout]     |                              ^^^^^^^
[INFO] [stdout]     |
[INFO] [stdout]     = warning: this is accepted in the current edition (Rust 2018) but is a hard error in Rust 2021!
[INFO] [stdout]     = note: for more information, see <https://doc.rust-lang.org/nightly/edition-guide/rust-2021/warnings-promoted-to-error.html>
[INFO] [stdout] help: if this is a dyn-compatible trait, use `dyn`
[INFO] [stdout]     |
[INFO] [stdout] 119 | pub fn new_headless() -> Box<dyn Visitor> {
[INFO] [stdout]     |                              +++
[INFO] [stdout] 
[INFO] [stdout] 
[INFO] [stdout] warning: trait objects without an explicit `dyn` are deprecated
[INFO] [stdout]   --> src/video/backends/frame.rs:64:23
[INFO] [stdout]    |
[INFO] [stdout] 64 |         visitor: &mut Visitor,
[INFO] [stdout]    |                       ^^^^^^^
[INFO] [stdout]    |
[INFO] [stdout]    = warning: this is accepted in the current edition (Rust 2018) but is a hard error in Rust 2021!
[INFO] [stdout]    = note: for more information, see <https://doc.rust-lang.org/nightly/edition-guide/rust-2021/warnings-promoted-to-error.html>
[INFO] [stdout] help: if this is a dyn-compatible trait, use `dyn`
[INFO] [stdout]    |
[INFO] [stdout] 64 |         visitor: &mut dyn Visitor,
[INFO] [stdout]    |                       +++
[INFO] [stdout] 
[INFO] [stdout] 
[INFO] [stdout] warning: trait objects without an explicit `dyn` are deprecated
[INFO] [stdout]    --> src/sched/scheduler.rs:150:41
[INFO] [stdout]     |
[INFO] [stdout] 150 |     pub fn handle_panic(&self, err: Box<::std::any::Any + Send>) {
[INFO] [stdout]     |                                         ^^^^^^^^^^^^^^^^^^^^^^
[INFO] [stdout]     |
[INFO] [stdout]     = warning: this is accepted in the current edition (Rust 2018) but is a hard error in Rust 2021!
[INFO] [stdout]     = note: for more information, see <https://doc.rust-lang.org/nightly/edition-guide/rust-2021/warnings-promoted-to-error.html>
[INFO] [stdout] help: if this is a dyn-compatible trait, use `dyn`
[INFO] [stdout]     |
[INFO] [stdout] 150 |     pub fn handle_panic(&self, err: Box<dyn (::std::any::Any + Send)>) {
[INFO] [stdout]     |                                         +++++                      +
[INFO] [stdout] 
[INFO] [stdout] 
[INFO] [stdout] warning: trait objects without an explicit `dyn` are deprecated
[INFO] [stdout]   --> src/sched/unwind.rs:19:38
[INFO] [stdout]    |
[INFO] [stdout] 19 | pub fn resume_unwinding(payload: Box<Any + Send>) -> ! {
[INFO] [stdout]    |                                      ^^^^^^^^^^
[INFO] [stdout]    |
[INFO] [stdout]    = warning: this is accepted in the current edition (Rust 2018) but is a hard error in Rust 2021!
[INFO] [stdout]    = note: for more information, see <https://doc.rust-lang.org/nightly/edition-guide/rust-2021/warnings-promoted-to-error.html>
[INFO] [stdout] help: if this is a dyn-compatible trait, use `dyn`
[INFO] [stdout]    |
[INFO] [stdout] 19 | pub fn resume_unwinding(payload: Box<dyn Any + Send>) -> ! {
[INFO] [stdout]    |                                      +++
[INFO] [stdout] 
[INFO] [stdout] 
[INFO] [stdout] warning: trait objects without an explicit `dyn` are deprecated
[INFO] [stdout]   --> src/window/backends/mod.rs:21:30
[INFO] [stdout]    |
[INFO] [stdout] 21 | pub fn new_headless() -> Box<Visitor> {
[INFO] [stdout]    |                              ^^^^^^^
[INFO] [stdout]    |
[INFO] [stdout]    = warning: this is accepted in the current edition (Rust 2018) but is a hard error in Rust 2021!
[INFO] [stdout]    = note: for more information, see <https://doc.rust-lang.org/nightly/edition-guide/rust-2021/warnings-promoted-to-error.html>
[INFO] [stdout] help: if this is a dyn-compatible trait, use `dyn`
[INFO] [stdout]    |
[INFO] [stdout] 21 | pub fn new_headless() -> Box<dyn Visitor> {
[INFO] [stdout]    |                              +++
[INFO] [stdout] 
[INFO] [stdout] 
[INFO] [stdout] warning: trait objects without an explicit `dyn` are deprecated
[INFO] [stdout]  --> src/window/backends/glutin/mod.rs:9:48
[INFO] [stdout]   |
[INFO] [stdout] 9 | pub fn new(params: WindowParams) -> Result<Box<Visitor>> {
[INFO] [stdout]   |                                                ^^^^^^^
[INFO] [stdout]   |
[INFO] [stdout]   = warning: this is accepted in the current edition (Rust 2018) but is a hard error in Rust 2021!
[INFO] [stdout]   = note: for more information, see <https://doc.rust-lang.org/nightly/edition-guide/rust-2021/warnings-promoted-to-error.html>
[INFO] [stdout] help: if this is a dyn-compatible trait, use `dyn`
[INFO] [stdout]   |
[INFO] [stdout] 9 | pub fn new(params: WindowParams) -> Result<Box<dyn Visitor>> {
[INFO] [stdout]   |                                                +++
[INFO] [stdout] 
[INFO] [stdout] 
[INFO] [stdout] warning: trait objects without an explicit `dyn` are deprecated
[INFO] [stdout]   --> src/sched/scope.rs:95:32
[INFO] [stdout]    |
[INFO] [stdout] 95 |             let value: Box<Box<Any + Send + 'static>> = mem::transmute(panic);
[INFO] [stdout]    |                                ^^^^^^^^^^^^^^^^^^^^
[INFO] [stdout]    |
[INFO] [stdout]    = warning: this is accepted in the current edition (Rust 2018) but is a hard error in Rust 2021!
[INFO] [stdout]    = note: for more information, see <https://doc.rust-lang.org/nightly/edition-guide/rust-2021/warnings-promoted-to-error.html>
[INFO] [stdout] help: if this is a dyn-compatible trait, use `dyn`
[INFO] [stdout]    |
[INFO] [stdout] 95 |             let value: Box<Box<dyn Any + Send + 'static>> = mem::transmute(panic);
[INFO] [stdout]    |                                +++
[INFO] [stdout] 
[INFO] [stdout] 
[INFO] [stdout] warning: field `handle` is never read
[INFO] [stdout]   --> src/video/backends/gl/visitor.rs:20:5
[INFO] [stdout]    |
[INFO] [stdout] 19 | struct GLSurfaceData {
[INFO] [stdout]    |        ------------- field in this struct
[INFO] [stdout] 20 |     handle: SurfaceHandle,
[INFO] [stdout]    |     ^^^^^^
[INFO] [stdout]    |
[INFO] [stdout]    = note: `GLSurfaceData` has derived impls for the traits `Clone` and `Debug`, but these are intentionally ignored during dead code analysis
[INFO] [stdout]    = note: `#[warn(dead_code)]` on by default
[INFO] [stdout] 
[INFO] [stdout] 
[INFO] [stdout] warning: field `handle` is never read
[INFO] [stdout]   --> src/video/backends/gl/visitor.rs:83:5
[INFO] [stdout]    |
[INFO] [stdout] 82 | struct GLTextureData {
[INFO] [stdout]    |        ------------- field in this struct
[INFO] [stdout] 83 |     handle: TextureHandle,
[INFO] [stdout]    |     ^^^^^^
[INFO] [stdout]    |
[INFO] [stdout]    = note: `GLTextureData` has derived impls for the traits `Clone` and `Debug`, but these are intentionally ignored during dead code analysis
[INFO] [stdout] 
[INFO] [stdout] 
[INFO] [stdout] warning: field `handle` is never read
[INFO] [stdout]   --> src/video/backends/gl/visitor.rs:91:5
[INFO] [stdout]    |
[INFO] [stdout] 90 | struct GLRenderTextureData {
[INFO] [stdout]    |        ------------------- field in this struct
[INFO] [stdout] 91 |     handle: RenderTextureHandle,
[INFO] [stdout]    |     ^^^^^^
[INFO] [stdout]    |
[INFO] [stdout]    = note: `GLRenderTextureData` has derived impls for the traits `Clone` and `Debug`, but these are intentionally ignored during dead code analysis
[INFO] [stdout] 
[INFO] [stdout] 
[INFO] [stdout] warning: the type `&mut T` does not permit being left uninitialized
[INFO] [stdout]    --> src/utils/object_pool.rs:103:45
[INFO] [stdout]     |
[INFO] [stdout] 103 |                 std::mem::swap(&mut v, &mut std::mem::uninitialized());
[INFO] [stdout]     |                                             ^^^^^^^^^^^^^^^^^^^^^^^^^
[INFO] [stdout]     |                                             |
[INFO] [stdout]     |                                             this code causes undefined behavior when executed
[INFO] [stdout]     |                                             help: use `MaybeUninit<T>` instead, and only call `assume_init` after initialization is done
[INFO] [stdout]     |
[INFO] [stdout]     = note: references must be non-null
[INFO] [stdout]     = note: `#[warn(invalid_value)]` on by default
[INFO] [stdout] 
[INFO] [stdout] 
[INFO] [stdout] warning: non-local `impl` definition, `impl` blocks should be written at the same level as their item
[INFO] [stdout]  --> src/video/errors.rs:1:17
[INFO] [stdout]   |
[INFO] [stdout] 1 | #[derive(Debug, Fail)]
[INFO] [stdout]   |                 ^---
[INFO] [stdout]   |                 |
[INFO] [stdout]   |                 `Fail` is not local
[INFO] [stdout]   |                 move the `impl` block outside of this constant `_DERIVE_failure_Fail_FOR_Error`
[INFO] [stdout] 2 | pub enum Error {
[INFO] [stdout]   |          ----- `Error` is not local
[INFO] [stdout]   |
[INFO] [stdout]   = note: the derive macro `Fail` defines the non-local `impl`, and may need to be changed
[INFO] [stdout]   = note: the derive macro `Fail` may come from an old version of the `failure_derive` crate, try updating your dependency with `cargo update -p failure_derive`
[INFO] [stdout]   = note: an `impl` is never scoped, even when it is nested inside an item, as it may impact type checking outside of that item, which can be the case if neither the trait or the self type are at the same nesting level as the `impl`
[INFO] [stdout]   = note: items in an anonymous const item (`const _: () = { ... }`) are treated as in the same scope as the anonymous const's declaration for the purpose of this lint
[INFO] [stdout]   = note: `#[warn(non_local_definitions)]` on by default
[INFO] [stdout]   = note: this warning originates in the derive macro `Fail` (in Nightly builds, run with -Z macro-backtrace for more info)
[INFO] [stdout] 
[INFO] [stdout] 
[INFO] [stdout] warning: non-local `impl` definition, `impl` blocks should be written at the same level as their item
[INFO] [stdout]  --> src/video/errors.rs:1:17
[INFO] [stdout]   |
[INFO] [stdout] 1 | #[derive(Debug, Fail)]
[INFO] [stdout]   |                 ^---
[INFO] [stdout]   |                 |
[INFO] [stdout]   |                 `Display` is not local
[INFO] [stdout]   |                 move the `impl` block outside of this constant `_DERIVE_failure_core_fmt_Display_FOR_Error`
[INFO] [stdout] 2 | pub enum Error {
[INFO] [stdout]   |          ----- `Error` is not local
[INFO] [stdout]   |
[INFO] [stdout]   = note: the derive macro `Fail` defines the non-local `impl`, and may need to be changed
[INFO] [stdout]   = note: the derive macro `Fail` may come from an old version of the `failure_derive` crate, try updating your dependency with `cargo update -p failure_derive`
[INFO] [stdout]   = note: an `impl` is never scoped, even when it is nested inside an item, as it may impact type checking outside of that item, which can be the case if neither the trait or the self type are at the same nesting level as the `impl`
[INFO] [stdout]   = note: items in an anonymous const item (`const _: () = { ... }`) are treated as in the same scope as the anonymous const's declaration for the purpose of this lint
[INFO] [stdout]   = note: this warning originates in the derive macro `Fail` (in Nightly builds, run with -Z macro-backtrace for more info)
[INFO] [stdout] 
[INFO] [stdout] 
[INFO] [stdout] warning: the type `i32` does not permit being left uninitialized
[INFO] [stdout]    --> src/video/backends/gl/capabilities.rs:236:27
[INFO] [stdout]     |
[INFO] [stdout] 236 |             let mut val = mem::uninitialized();
[INFO] [stdout]     |                           ^^^^^^^^^^^^^^^^^^^^
[INFO] [stdout]     |                           |
[INFO] [stdout]     |                           this code causes undefined behavior when executed
[INFO] [stdout]     |                           help: use `MaybeUninit<T>` instead, and only call `assume_init` after initialization is done
[INFO] [stdout]     |
[INFO] [stdout]     = note: integers must be initialized
[INFO] [stdout] 
[INFO] [stdout] 
[INFO] [stdout] warning: the type `i32` does not permit being left uninitialized
[INFO] [stdout]    --> src/video/backends/gl/capabilities.rs:296:27
[INFO] [stdout]     |
[INFO] [stdout] 296 |             let mut val = mem::uninitialized();
[INFO] [stdout]     |                           ^^^^^^^^^^^^^^^^^^^^
[INFO] [stdout]     |                           |
[INFO] [stdout]     |                           this code causes undefined behavior when executed
[INFO] [stdout]     |                           help: use `MaybeUninit<T>` instead, and only call `assume_init` after initialization is done
[INFO] [stdout]     |
[INFO] [stdout]     = note: integers must be initialized
[INFO] [stdout] 
[INFO] [stdout] 
[INFO] [stdout] warning: the type `i32` does not permit being left uninitialized
[INFO] [stdout]    --> src/video/backends/gl/capabilities.rs:321:27
[INFO] [stdout]     |
[INFO] [stdout] 321 |             let mut val = mem::uninitialized();
[INFO] [stdout]     |                           ^^^^^^^^^^^^^^^^^^^^
[INFO] [stdout]     |                           |
[INFO] [stdout]     |                           this code causes undefined behavior when executed
[INFO] [stdout]     |                           help: use `MaybeUninit<T>` instead, and only call `assume_init` after initialization is done
[INFO] [stdout]     |
[INFO] [stdout]     = note: integers must be initialized
[INFO] [stdout] 
[INFO] [stdout] 
[INFO] [stderr]     Finished `dev` profile [unoptimized + debuginfo] target(s) in 35.06s
[INFO] running `Command { std: "docker" "inspect" "fe76d3a583e429e8c9d2c5dcc58956192f876e79c6aabd232d56bede35cdc038", kill_on_drop: false }`
[INFO] running `Command { std: "docker" "rm" "-f" "fe76d3a583e429e8c9d2c5dcc58956192f876e79c6aabd232d56bede35cdc038", kill_on_drop: false }`
[INFO] [stdout] fe76d3a583e429e8c9d2c5dcc58956192f876e79c6aabd232d56bede35cdc038
[INFO] running `Command { std: "docker" "create" "-v" "/var/lib/crater-agent-workspace/builds/worker-1-tc2/target:/opt/rustwide/target:rw,Z" "-v" "/var/lib/crater-agent-workspace/builds/worker-1-tc2/source:/opt/rustwide/workdir:ro,Z" "-v" "/var/lib/crater-agent-workspace/cargo-home:/opt/rustwide/cargo-home:ro,Z" "-v" "/var/lib/crater-agent-workspace/rustup-home:/opt/rustwide/rustup-home:ro,Z" "-e" "SOURCE_DIR=/opt/rustwide/workdir" "-e" "CARGO_TARGET_DIR=/opt/rustwide/target" "-e" "CARGO_INCREMENTAL=0" "-e" "RUST_BACKTRACE=full" "-e" "RUSTFLAGS=--cap-lints=warn" "-e" "RUSTDOCFLAGS=--cap-lints=warn" "-e" "CARGO_HOME=/opt/rustwide/cargo-home" "-e" "RUSTUP_HOME=/opt/rustwide/rustup-home" "-w" "/opt/rustwide/workdir" "-m" "1610612736" "--user" "0:0" "--network" "none" "ghcr.io/rust-lang/crates-build-env/linux@sha256:f3a9d4ad9d972b27faf3965f35b62e55ba32bbce8f20bc8fe909558a86702fde" "/opt/rustwide/cargo-home/bin/cargo" "+beta-2024-12-08" "test" "--frozen" "--no-run" "--message-format=json", kill_on_drop: false }`
[INFO] [stdout] 7fa7beca73f36a89851af8d0de624b44822acd8210d05cdc2a66ea42690b13aa
[INFO] running `Command { std: "docker" "start" "-a" "7fa7beca73f36a89851af8d0de624b44822acd8210d05cdc2a66ea42690b13aa", kill_on_drop: false }`
[INFO] [stderr]    Compiling aho-corasick v1.1.3
[INFO] [stderr]    Compiling regex-syntax v0.8.5
[INFO] [stderr]    Compiling quick-error v1.2.3
[INFO] [stderr]    Compiling atty v0.2.14
[INFO] [stderr]    Compiling termcolor v1.4.1
[INFO] [stdout] warning: elided lifetime has a name
[INFO] [stdout]    --> src/utils/object_pool.rs:123:70
[INFO] [stdout]     |
[INFO] [stdout] 123 |     pub fn iter<'a>(&'a self) -> impl DoubleEndedIterator<Item = (H, &T)> + 'a {
[INFO] [stdout]     |                 -- lifetime `'a` declared here                       ^ this elided lifetime gets resolved as `'a`
[INFO] [stdout]     |
[INFO] [stdout]     = note: `#[warn(elided_named_lifetimes)]` on by default
[INFO] [stdout] 
[INFO] [stdout] 
[INFO] [stdout] warning: elided lifetime has a name
[INFO] [stdout]    --> src/utils/object_pool.rs:147:68
[INFO] [stdout]     |
[INFO] [stdout] 147 |     pub fn values<'a>(&'a self) -> impl DoubleEndedIterator<Item = &T> + 'a {
[INFO] [stdout]     |                   -- lifetime `'a` declared here                   ^ this elided lifetime gets resolved as `'a`
[INFO] [stdout] 
[INFO] [stdout] 
[INFO] [stdout] warning: elided lifetime has a name
[INFO] [stdout]    --> src/utils/object_pool.rs:155:76
[INFO] [stdout]     |
[INFO] [stdout] 155 |     pub fn values_mut<'a>(&'a mut self) -> impl DoubleEndedIterator<Item = &mut T> + 'a {
[INFO] [stdout]     |                       -- lifetime `'a` declared here                       ^ this elided lifetime gets resolved as `'a`
[INFO] [stdout] 
[INFO] [stdout] 
[INFO] [stdout] warning: use of deprecated function `std::mem::uninitialized`: use `mem::MaybeUninit` instead
[INFO] [stdout]   --> src/utils/object_pool.rs:80:41
[INFO] [stdout]    |
[INFO] [stdout] 80 |                 let mut v = ::std::mem::uninitialized();
[INFO] [stdout]    |                                         ^^^^^^^^^^^^^
[INFO] [stdout]    |
[INFO] [stdout]    = note: `#[warn(deprecated)]` on by default
[INFO] [stdout] 
[INFO] [stdout] 
[INFO] [stdout] warning: use of deprecated function `std::mem::uninitialized`: use `mem::MaybeUninit` instead
[INFO] [stdout]    --> src/utils/object_pool.rs:103:55
[INFO] [stdout]     |
[INFO] [stdout] 103 |                 std::mem::swap(&mut v, &mut std::mem::uninitialized());
[INFO] [stdout]     |                                                       ^^^^^^^^^^^^^
[INFO] [stdout] 
[INFO] [stdout] 
[INFO] [stdout] warning: use of deprecated function `std::mem::uninitialized`: use `mem::MaybeUninit` instead
[INFO] [stdout]    --> src/video/backends/gl/capabilities.rs:236:32
[INFO] [stdout]     |
[INFO] [stdout] 236 |             let mut val = mem::uninitialized();
[INFO] [stdout]     |                                ^^^^^^^^^^^^^
[INFO] [stdout] 
[INFO] [stdout] 
[INFO] [stdout] warning: use of deprecated function `std::mem::uninitialized`: use `mem::MaybeUninit` instead
[INFO] [stdout]    --> src/video/backends/gl/capabilities.rs:296:32
[INFO] [stdout]     |
[INFO] [stdout] 296 |             let mut val = mem::uninitialized();
[INFO] [stdout]     |                                ^^^^^^^^^^^^^
[INFO] [stdout] 
[INFO] [stdout] 
[INFO] [stdout] warning: use of deprecated function `std::mem::uninitialized`: use `mem::MaybeUninit` instead
[INFO] [stdout]    --> src/video/backends/gl/capabilities.rs:321:32
[INFO] [stdout]     |
[INFO] [stdout] 321 |             let mut val = mem::uninitialized();
[INFO] [stdout]     |                                ^^^^^^^^^^^^^
[INFO] [stdout] 
[INFO] [stdout] 
[INFO] [stdout] warning: use of deprecated constant `std::sync::atomic::ATOMIC_USIZE_INIT`: the `new` function is now preferred
[INFO] [stdout]  --> src/sched/scheduler.rs:2:48
[INFO] [stdout]   |
[INFO] [stdout] 2 | use std::sync::atomic::{AtomicUsize, Ordering, ATOMIC_USIZE_INIT};
[INFO] [stdout]   |                                                ^^^^^^^^^^^^^^^^^
[INFO] [stdout] 
[INFO] [stdout] 
[INFO] [stdout] warning: use of deprecated constant `std::sync::atomic::ATOMIC_USIZE_INIT`: the `new` function is now preferred
[INFO] [stdout]    --> src/sched/scheduler.rs:353:43
[INFO] [stdout]     |
[INFO] [stdout] 353 |             static COUNTER: AtomicUsize = ATOMIC_USIZE_INIT;
[INFO] [stdout]     |                                           ^^^^^^^^^^^^^^^^^
[INFO] [stdout]     |
[INFO] [stdout] help: replace the use of the deprecated constant
[INFO] [stdout]     |
[INFO] [stdout] 353 |             static COUNTER: AtomicUsize = AtomicUsize::new(0);
[INFO] [stdout]     |                                           ~~~~~~~~~~~~~~~~~~~
[INFO] [stdout] 
[INFO] [stdout] 
[INFO] [stdout] warning: trait objects without an explicit `dyn` are deprecated
[INFO] [stdout]   --> src/application/ins.rs:19:30
[INFO] [stdout]    |
[INFO] [stdout] 19 |     ins: HashMap<String, Arc<Inspectable>>,
[INFO] [stdout]    |                              ^^^^^^^^^^^
[INFO] [stdout]    |
[INFO] [stdout]    = warning: this is accepted in the current edition (Rust 2018) but is a hard error in Rust 2021!
[INFO] [stdout]    = note: for more information, see <https://doc.rust-lang.org/nightly/edition-guide/rust-2021/warnings-promoted-to-error.html>
[INFO] [stdout]    = note: `#[warn(bare_trait_objects)]` on by default
[INFO] [stdout] help: if this is a dyn-compatible trait, use `dyn`
[INFO] [stdout]    |
[INFO] [stdout] 19 |     ins: HashMap<String, Arc<dyn Inspectable>>,
[INFO] [stdout]    |                              +++
[INFO] [stdout] 
[INFO] [stdout] 
[INFO] [stdout] warning: trait objects without an explicit `dyn` are deprecated
[INFO] [stdout]   --> src/application/lifecycle.rs:30:48
[INFO] [stdout]    |
[INFO] [stdout] 30 |     last_frame_lifecycles: Mutex<Vec<Arc<Mutex<LifecycleListener>>>>,
[INFO] [stdout]    |                                                ^^^^^^^^^^^^^^^^^
[INFO] [stdout]    |
[INFO] [stdout]    = warning: this is accepted in the current edition (Rust 2018) but is a hard error in Rust 2021!
[INFO] [stdout]    = note: for more information, see <https://doc.rust-lang.org/nightly/edition-guide/rust-2021/warnings-promoted-to-error.html>
[INFO] [stdout] help: if this is a dyn-compatible trait, use `dyn`
[INFO] [stdout]    |
[INFO] [stdout] 30 |     last_frame_lifecycles: Mutex<Vec<Arc<Mutex<dyn LifecycleListener>>>>,
[INFO] [stdout]    |                                                +++
[INFO] [stdout] 
[INFO] [stdout] 
[INFO] [stdout] warning: trait objects without an explicit `dyn` are deprecated
[INFO] [stdout]   --> src/application/lifecycle.rs:31:69
[INFO] [stdout]    |
[INFO] [stdout] 31 |     lifecycles: Mutex<ObjectPool<LifecycleListenerHandle, Arc<Mutex<LifecycleListener>>>>,
[INFO] [stdout]    |                                                                     ^^^^^^^^^^^^^^^^^
[INFO] [stdout]    |
[INFO] [stdout]    = warning: this is accepted in the current edition (Rust 2018) but is a hard error in Rust 2021!
[INFO] [stdout]    = note: for more information, see <https://doc.rust-lang.org/nightly/edition-guide/rust-2021/warnings-promoted-to-error.html>
[INFO] [stdout] help: if this is a dyn-compatible trait, use `dyn`
[INFO] [stdout]    |
[INFO] [stdout] 31 |     lifecycles: Mutex<ObjectPool<LifecycleListenerHandle, Arc<Mutex<dyn LifecycleListener>>>>,
[INFO] [stdout]    |                                                                     +++
[INFO] [stdout] 
[INFO] [stdout] 
[INFO] [stdout] warning: trait objects without an explicit `dyn` are deprecated
[INFO] [stdout]   --> src/res/vfs/mod.rs:20:38
[INFO] [stdout]    |
[INFO] [stdout] 20 |     schemas: FastHashMap<String, Arc<VFS>>,
[INFO] [stdout]    |                                      ^^^
[INFO] [stdout]    |
[INFO] [stdout]    = warning: this is accepted in the current edition (Rust 2018) but is a hard error in Rust 2021!
[INFO] [stdout]    = note: for more information, see <https://doc.rust-lang.org/nightly/edition-guide/rust-2021/warnings-promoted-to-error.html>
[INFO] [stdout] help: if this is a dyn-compatible trait, use `dyn`
[INFO] [stdout]    |
[INFO] [stdout] 20 |     schemas: FastHashMap<String, Arc<dyn VFS>>,
[INFO] [stdout]    |                                      +++
[INFO] [stdout] 
[INFO] [stdout] 
[INFO] [stdout] warning: trait objects without an explicit `dyn` are deprecated
[INFO] [stdout]   --> src/sched/scope.rs:16:29
[INFO] [stdout]    |
[INFO] [stdout] 16 |     marker: PhantomData<Box<FnOnce(&Scope<'s>) + Send + Sync + 's>>,
[INFO] [stdout]    |                             ^^^^^^^^^^^^^^^^^^^^^^^^^^^^^^^^^^^^^
[INFO] [stdout]    |
[INFO] [stdout]    = warning: this is accepted in the current edition (Rust 2018) but is a hard error in Rust 2021!
[INFO] [stdout]    = note: for more information, see <https://doc.rust-lang.org/nightly/edition-guide/rust-2021/warnings-promoted-to-error.html>
[INFO] [stdout] help: if this is a dyn-compatible trait, use `dyn`
[INFO] [stdout]    |
[INFO] [stdout] 16 |     marker: PhantomData<Box<dyn FnOnce(&Scope<'s>) + Send + Sync + 's>>,
[INFO] [stdout]    |                             +++
[INFO] [stdout] 
[INFO] [stdout] 
[INFO] [stdout] warning: trait objects without an explicit `dyn` are deprecated
[INFO] [stdout]   --> src/sched/scope.rs:19:26
[INFO] [stdout]    |
[INFO] [stdout] 19 |     panic: AtomicPtr<Box<Any + Send + 'static>>,
[INFO] [stdout]    |                          ^^^^^^^^^^^^^^^^^^^^
[INFO] [stdout]    |
[INFO] [stdout]    = warning: this is accepted in the current edition (Rust 2018) but is a hard error in Rust 2021!
[INFO] [stdout]    = note: for more information, see <https://doc.rust-lang.org/nightly/edition-guide/rust-2021/warnings-promoted-to-error.html>
[INFO] [stdout] help: if this is a dyn-compatible trait, use `dyn`
[INFO] [stdout]    |
[INFO] [stdout] 19 |     panic: AtomicPtr<Box<dyn Any + Send + 'static>>,
[INFO] [stdout]    |                          +++
[INFO] [stdout] 
[INFO] [stdout] 
[INFO] [stdout] warning: trait objects without an explicit `dyn` are deprecated
[INFO] [stdout]   --> src/sched/job.rs:11:15
[INFO] [stdout]    |
[INFO] [stdout] 11 |     Panic(Box<Any + Send>),
[INFO] [stdout]    |               ^^^^^^^^^^
[INFO] [stdout]    |
[INFO] [stdout]    = warning: this is accepted in the current edition (Rust 2018) but is a hard error in Rust 2021!
[INFO] [stdout]    = note: for more information, see <https://doc.rust-lang.org/nightly/edition-guide/rust-2021/warnings-promoted-to-error.html>
[INFO] [stdout] help: if this is a dyn-compatible trait, use `dyn`
[INFO] [stdout]    |
[INFO] [stdout] 11 |     Panic(Box<dyn Any + Send>),
[INFO] [stdout]    |               +++
[INFO] [stdout] 
[INFO] [stdout] 
[INFO] [stdout] warning: trait objects without an explicit `dyn` are deprecated
[INFO] [stdout]   --> src/sched/system.rs:14:25
[INFO] [stdout]    |
[INFO] [stdout] 14 | pub type PanicHandler = Fn(Box<::std::any::Any + Send>) + Send + Sync;
[INFO] [stdout]    |                         ^^^^^^^^^^^^^^^^^^^^^^^^^^^^^^^^^^^^^^^^^^^^^
[INFO] [stdout]    |
[INFO] [stdout]    = warning: this is accepted in the current edition (Rust 2018) but is a hard error in Rust 2021!
[INFO] [stdout]    = note: for more information, see <https://doc.rust-lang.org/nightly/edition-guide/rust-2021/warnings-promoted-to-error.html>
[INFO] [stdout] help: if this is a dyn-compatible trait, use `dyn`
[INFO] [stdout]    |
[INFO] [stdout] 14 | pub type PanicHandler = dyn Fn(Box<::std::any::Any + Send>) + Send + Sync;
[INFO] [stdout]    |                         +++
[INFO] [stdout] 
[INFO] [stdout] 
[INFO] [stdout] warning: trait objects without an explicit `dyn` are deprecated
[INFO] [stdout]   --> src/sched/system.rs:14:32
[INFO] [stdout]    |
[INFO] [stdout] 14 | pub type PanicHandler = Fn(Box<::std::any::Any + Send>) + Send + Sync;
[INFO] [stdout]    |                                ^^^^^^^^^^^^^^^^^^^^^^
[INFO] [stdout]    |
[INFO] [stdout]    = warning: this is accepted in the current edition (Rust 2018) but is a hard error in Rust 2021!
[INFO] [stdout]    = note: for more information, see <https://doc.rust-lang.org/nightly/edition-guide/rust-2021/warnings-promoted-to-error.html>
[INFO] [stdout] help: if this is a dyn-compatible trait, use `dyn`
[INFO] [stdout]    |
[INFO] [stdout] 14 | pub type PanicHandler = Fn(Box<dyn (::std::any::Any + Send)>) + Send + Sync;
[INFO] [stdout]    |                                +++++                      +
[INFO] [stdout] 
[INFO] [stdout] 
[INFO] [stdout] warning: trait objects without an explicit `dyn` are deprecated
[INFO] [stdout]   --> src/res/vfs/mod.rs:36:68
[INFO] [stdout]    |
[INFO] [stdout] 36 |     pub fn locate<T1: AsRef<str>>(&self, schema: T1) -> Result<Arc<VFS>, failure::Error> {
[INFO] [stdout]    |                                                                    ^^^
[INFO] [stdout]    |
[INFO] [stdout]    = warning: this is accepted in the current edition (Rust 2018) but is a hard error in Rust 2021!
[INFO] [stdout]    = note: for more information, see <https://doc.rust-lang.org/nightly/edition-guide/rust-2021/warnings-promoted-to-error.html>
[INFO] [stdout] help: if this is a dyn-compatible trait, use `dyn`
[INFO] [stdout]    |
[INFO] [stdout] 36 |     pub fn locate<T1: AsRef<str>>(&self, schema: T1) -> Result<Arc<dyn VFS>, failure::Error> {
[INFO] [stdout]    |                                                                    +++
[INFO] [stdout] 
[INFO] [stdout] 
[INFO] [stdout] warning: trait objects without an explicit `dyn` are deprecated
[INFO] [stdout]    --> src/video/backends/mod.rs:105:28
[INFO] [stdout]     |
[INFO] [stdout] 105 | pub fn new() -> Result<Box<Visitor>> {
[INFO] [stdout]     |                            ^^^^^^^
[INFO] [stdout]     |
[INFO] [stdout]     = warning: this is accepted in the current edition (Rust 2018) but is a hard error in Rust 2021!
[INFO] [stdout]     = note: for more information, see <https://doc.rust-lang.org/nightly/edition-guide/rust-2021/warnings-promoted-to-error.html>
[INFO] [stdout] help: if this is a dyn-compatible trait, use `dyn`
[INFO] [stdout]     |
[INFO] [stdout] 105 | pub fn new() -> Result<Box<dyn Visitor>> {
[INFO] [stdout]     |                            +++
[INFO] [stdout] 
[INFO] [stdout] 
[INFO] [stdout] warning: trait objects without an explicit `dyn` are deprecated
[INFO] [stdout]    --> src/video/backends/mod.rs:119:30
[INFO] [stdout]     |
[INFO] [stdout] 119 | pub fn new_headless() -> Box<Visitor> {
[INFO] [stdout]     |                              ^^^^^^^
[INFO] [stdout]     |
[INFO] [stdout]     = warning: this is accepted in the current edition (Rust 2018) but is a hard error in Rust 2021!
[INFO] [stdout]     = note: for more information, see <https://doc.rust-lang.org/nightly/edition-guide/rust-2021/warnings-promoted-to-error.html>
[INFO] [stdout] help: if this is a dyn-compatible trait, use `dyn`
[INFO] [stdout]     |
[INFO] [stdout] 119 | pub fn new_headless() -> Box<dyn Visitor> {
[INFO] [stdout]     |                              +++
[INFO] [stdout] 
[INFO] [stdout] 
[INFO] [stdout] warning: trait objects without an explicit `dyn` are deprecated
[INFO] [stdout]   --> src/video/backends/frame.rs:64:23
[INFO] [stdout]    |
[INFO] [stdout] 64 |         visitor: &mut Visitor,
[INFO] [stdout]    |                       ^^^^^^^
[INFO] [stdout]    |
[INFO] [stdout]    = warning: this is accepted in the current edition (Rust 2018) but is a hard error in Rust 2021!
[INFO] [stdout]    = note: for more information, see <https://doc.rust-lang.org/nightly/edition-guide/rust-2021/warnings-promoted-to-error.html>
[INFO] [stdout] help: if this is a dyn-compatible trait, use `dyn`
[INFO] [stdout]    |
[INFO] [stdout] 64 |         visitor: &mut dyn Visitor,
[INFO] [stdout]    |                       +++
[INFO] [stdout] 
[INFO] [stdout] 
[INFO] [stdout] warning: trait objects without an explicit `dyn` are deprecated
[INFO] [stdout]    --> src/sched/scheduler.rs:150:41
[INFO] [stdout]     |
[INFO] [stdout] 150 |     pub fn handle_panic(&self, err: Box<::std::any::Any + Send>) {
[INFO] [stdout]     |                                         ^^^^^^^^^^^^^^^^^^^^^^
[INFO] [stdout]     |
[INFO] [stdout]     = warning: this is accepted in the current edition (Rust 2018) but is a hard error in Rust 2021!
[INFO] [stdout]     = note: for more information, see <https://doc.rust-lang.org/nightly/edition-guide/rust-2021/warnings-promoted-to-error.html>
[INFO] [stdout] help: if this is a dyn-compatible trait, use `dyn`
[INFO] [stdout]     |
[INFO] [stdout] 150 |     pub fn handle_panic(&self, err: Box<dyn (::std::any::Any + Send)>) {
[INFO] [stdout]     |                                         +++++                      +
[INFO] [stdout] 
[INFO] [stdout] 
[INFO] [stdout] warning: trait objects without an explicit `dyn` are deprecated
[INFO] [stdout]   --> src/sched/unwind.rs:19:38
[INFO] [stdout]    |
[INFO] [stdout] 19 | pub fn resume_unwinding(payload: Box<Any + Send>) -> ! {
[INFO] [stdout]    |                                      ^^^^^^^^^^
[INFO] [stdout]    |
[INFO] [stdout]    = warning: this is accepted in the current edition (Rust 2018) but is a hard error in Rust 2021!
[INFO] [stdout]    = note: for more information, see <https://doc.rust-lang.org/nightly/edition-guide/rust-2021/warnings-promoted-to-error.html>
[INFO] [stdout] help: if this is a dyn-compatible trait, use `dyn`
[INFO] [stdout]    |
[INFO] [stdout] 19 | pub fn resume_unwinding(payload: Box<dyn Any + Send>) -> ! {
[INFO] [stdout]    |                                      +++
[INFO] [stdout] 
[INFO] [stdout] 
[INFO] [stdout] warning: trait objects without an explicit `dyn` are deprecated
[INFO] [stdout]   --> src/window/backends/mod.rs:21:30
[INFO] [stdout]    |
[INFO] [stdout] 21 | pub fn new_headless() -> Box<Visitor> {
[INFO] [stdout]    |                              ^^^^^^^
[INFO] [stdout]    |
[INFO] [stdout]    = warning: this is accepted in the current edition (Rust 2018) but is a hard error in Rust 2021!
[INFO] [stdout]    = note: for more information, see <https://doc.rust-lang.org/nightly/edition-guide/rust-2021/warnings-promoted-to-error.html>
[INFO] [stdout] help: if this is a dyn-compatible trait, use `dyn`
[INFO] [stdout]    |
[INFO] [stdout] 21 | pub fn new_headless() -> Box<dyn Visitor> {
[INFO] [stdout]    |                              +++
[INFO] [stdout] 
[INFO] [stdout] 
[INFO] [stdout] warning: trait objects without an explicit `dyn` are deprecated
[INFO] [stdout]  --> src/window/backends/glutin/mod.rs:9:48
[INFO] [stdout]   |
[INFO] [stdout] 9 | pub fn new(params: WindowParams) -> Result<Box<Visitor>> {
[INFO] [stdout]   |                                                ^^^^^^^
[INFO] [stdout]   |
[INFO] [stdout]   = warning: this is accepted in the current edition (Rust 2018) but is a hard error in Rust 2021!
[INFO] [stdout]   = note: for more information, see <https://doc.rust-lang.org/nightly/edition-guide/rust-2021/warnings-promoted-to-error.html>
[INFO] [stdout] help: if this is a dyn-compatible trait, use `dyn`
[INFO] [stdout]   |
[INFO] [stdout] 9 | pub fn new(params: WindowParams) -> Result<Box<dyn Visitor>> {
[INFO] [stdout]   |                                                +++
[INFO] [stdout] 
[INFO] [stdout] 
[INFO] [stdout] warning: trait objects without an explicit `dyn` are deprecated
[INFO] [stdout]   --> src/sched/scope.rs:95:32
[INFO] [stdout]    |
[INFO] [stdout] 95 |             let value: Box<Box<Any + Send + 'static>> = mem::transmute(panic);
[INFO] [stdout]    |                                ^^^^^^^^^^^^^^^^^^^^
[INFO] [stdout]    |
[INFO] [stdout]    = warning: this is accepted in the current edition (Rust 2018) but is a hard error in Rust 2021!
[INFO] [stdout]    = note: for more information, see <https://doc.rust-lang.org/nightly/edition-guide/rust-2021/warnings-promoted-to-error.html>
[INFO] [stdout] help: if this is a dyn-compatible trait, use `dyn`
[INFO] [stdout]    |
[INFO] [stdout] 95 |             let value: Box<Box<dyn Any + Send + 'static>> = mem::transmute(panic);
[INFO] [stdout]    |                                +++
[INFO] [stdout] 
[INFO] [stdout] 
[INFO] [stdout] warning: field `handle` is never read
[INFO] [stdout]   --> src/video/backends/gl/visitor.rs:20:5
[INFO] [stdout]    |
[INFO] [stdout] 19 | struct GLSurfaceData {
[INFO] [stdout]    |        ------------- field in this struct
[INFO] [stdout] 20 |     handle: SurfaceHandle,
[INFO] [stdout]    |     ^^^^^^
[INFO] [stdout]    |
[INFO] [stdout]    = note: `GLSurfaceData` has derived impls for the traits `Clone` and `Debug`, but these are intentionally ignored during dead code analysis
[INFO] [stdout]    = note: `#[warn(dead_code)]` on by default
[INFO] [stdout] 
[INFO] [stdout] 
[INFO] [stdout] warning: field `handle` is never read
[INFO] [stdout]   --> src/video/backends/gl/visitor.rs:83:5
[INFO] [stdout]    |
[INFO] [stdout] 82 | struct GLTextureData {
[INFO] [stdout]    |        ------------- field in this struct
[INFO] [stdout] 83 |     handle: TextureHandle,
[INFO] [stdout]    |     ^^^^^^
[INFO] [stdout]    |
[INFO] [stdout]    = note: `GLTextureData` has derived impls for the traits `Clone` and `Debug`, but these are intentionally ignored during dead code analysis
[INFO] [stdout] 
[INFO] [stdout] 
[INFO] [stdout] warning: field `handle` is never read
[INFO] [stdout]   --> src/video/backends/gl/visitor.rs:91:5
[INFO] [stdout]    |
[INFO] [stdout] 90 | struct GLRenderTextureData {
[INFO] [stdout]    |        ------------------- field in this struct
[INFO] [stdout] 91 |     handle: RenderTextureHandle,
[INFO] [stdout]    |     ^^^^^^
[INFO] [stdout]    |
[INFO] [stdout]    = note: `GLRenderTextureData` has derived impls for the traits `Clone` and `Debug`, but these are intentionally ignored during dead code analysis
[INFO] [stdout] 
[INFO] [stdout] 
[INFO] [stdout] warning: the type `&mut T` does not permit being left uninitialized
[INFO] [stdout]    --> src/utils/object_pool.rs:103:45
[INFO] [stdout]     |
[INFO] [stdout] 103 |                 std::mem::swap(&mut v, &mut std::mem::uninitialized());
[INFO] [stdout]     |                                             ^^^^^^^^^^^^^^^^^^^^^^^^^
[INFO] [stdout]     |                                             |
[INFO] [stdout]     |                                             this code causes undefined behavior when executed
[INFO] [stdout]     |                                             help: use `MaybeUninit<T>` instead, and only call `assume_init` after initialization is done
[INFO] [stdout]     |
[INFO] [stdout]     = note: references must be non-null
[INFO] [stdout]     = note: `#[warn(invalid_value)]` on by default
[INFO] [stdout] 
[INFO] [stdout] 
[INFO] [stdout] warning: non-local `impl` definition, `impl` blocks should be written at the same level as their item
[INFO] [stdout]  --> src/video/errors.rs:1:17
[INFO] [stdout]   |
[INFO] [stdout] 1 | #[derive(Debug, Fail)]
[INFO] [stdout]   |                 ^---
[INFO] [stdout]   |                 |
[INFO] [stdout]   |                 `Fail` is not local
[INFO] [stdout]   |                 move the `impl` block outside of this constant `_DERIVE_failure_Fail_FOR_Error`
[INFO] [stdout] 2 | pub enum Error {
[INFO] [stdout]   |          ----- `Error` is not local
[INFO] [stdout]   |
[INFO] [stdout]   = note: the derive macro `Fail` defines the non-local `impl`, and may need to be changed
[INFO] [stdout]   = note: the derive macro `Fail` may come from an old version of the `failure_derive` crate, try updating your dependency with `cargo update -p failure_derive`
[INFO] [stdout]   = note: an `impl` is never scoped, even when it is nested inside an item, as it may impact type checking outside of that item, which can be the case if neither the trait or the self type are at the same nesting level as the `impl`
[INFO] [stdout]   = note: items in an anonymous const item (`const _: () = { ... }`) are treated as in the same scope as the anonymous const's declaration for the purpose of this lint
[INFO] [stdout]   = note: `#[warn(non_local_definitions)]` on by default
[INFO] [stdout]   = note: this warning originates in the derive macro `Fail` (in Nightly builds, run with -Z macro-backtrace for more info)
[INFO] [stdout] 
[INFO] [stdout] 
[INFO] [stdout] warning: non-local `impl` definition, `impl` blocks should be written at the same level as their item
[INFO] [stdout]  --> src/video/errors.rs:1:17
[INFO] [stdout]   |
[INFO] [stdout] 1 | #[derive(Debug, Fail)]
[INFO] [stdout]   |                 ^---
[INFO] [stdout]   |                 |
[INFO] [stdout]   |                 `Display` is not local
[INFO] [stdout]   |                 move the `impl` block outside of this constant `_DERIVE_failure_core_fmt_Display_FOR_Error`
[INFO] [stdout] 2 | pub enum Error {
[INFO] [stdout]   |          ----- `Error` is not local
[INFO] [stdout]   |
[INFO] [stdout]   = note: the derive macro `Fail` defines the non-local `impl`, and may need to be changed
[INFO] [stdout]   = note: the derive macro `Fail` may come from an old version of the `failure_derive` crate, try updating your dependency with `cargo update -p failure_derive`
[INFO] [stdout]   = note: an `impl` is never scoped, even when it is nested inside an item, as it may impact type checking outside of that item, which can be the case if neither the trait or the self type are at the same nesting level as the `impl`
[INFO] [stdout]   = note: items in an anonymous const item (`const _: () = { ... }`) are treated as in the same scope as the anonymous const's declaration for the purpose of this lint
[INFO] [stdout]   = note: this warning originates in the derive macro `Fail` (in Nightly builds, run with -Z macro-backtrace for more info)
[INFO] [stdout] 
[INFO] [stdout] 
[INFO] [stdout] warning: the type `i32` does not permit being left uninitialized
[INFO] [stdout]    --> src/video/backends/gl/capabilities.rs:236:27
[INFO] [stdout]     |
[INFO] [stdout] 236 |             let mut val = mem::uninitialized();
[INFO] [stdout]     |                           ^^^^^^^^^^^^^^^^^^^^
[INFO] [stdout]     |                           |
[INFO] [stdout]     |                           this code causes undefined behavior when executed
[INFO] [stdout]     |                           help: use `MaybeUninit<T>` instead, and only call `assume_init` after initialization is done
[INFO] [stdout]     |
[INFO] [stdout]     = note: integers must be initialized
[INFO] [stdout] 
[INFO] [stdout] 
[INFO] [stdout] warning: the type `i32` does not permit being left uninitialized
[INFO] [stdout]    --> src/video/backends/gl/capabilities.rs:296:27
[INFO] [stdout]     |
[INFO] [stdout] 296 |             let mut val = mem::uninitialized();
[INFO] [stdout]     |                           ^^^^^^^^^^^^^^^^^^^^
[INFO] [stdout]     |                           |
[INFO] [stdout]     |                           this code causes undefined behavior when executed
[INFO] [stdout]     |                           help: use `MaybeUninit<T>` instead, and only call `assume_init` after initialization is done
[INFO] [stdout]     |
[INFO] [stdout]     = note: integers must be initialized
[INFO] [stdout] 
[INFO] [stdout] 
[INFO] [stdout] warning: the type `i32` does not permit being left uninitialized
[INFO] [stdout]    --> src/video/backends/gl/capabilities.rs:321:27
[INFO] [stdout]     |
[INFO] [stdout] 321 |             let mut val = mem::uninitialized();
[INFO] [stdout]     |                           ^^^^^^^^^^^^^^^^^^^^
[INFO] [stdout]     |                           |
[INFO] [stdout]     |                           this code causes undefined behavior when executed
[INFO] [stdout]     |                           help: use `MaybeUninit<T>` instead, and only call `assume_init` after initialization is done
[INFO] [stdout]     |
[INFO] [stdout]     = note: integers must be initialized
[INFO] [stdout] 
[INFO] [stdout] 
[INFO] [stderr]    Compiling humantime v1.3.0
[INFO] [stderr]    Compiling regex-automata v0.4.9
[INFO] [stderr]    Compiling regex v1.11.1
[INFO] [stderr]    Compiling env_logger v0.6.2
[INFO] [stderr]    Compiling crayon v0.7.1 (/opt/rustwide/workdir)
[INFO] [stdout] warning: elided lifetime has a name
[INFO] [stdout]    --> src/utils/object_pool.rs:123:70
[INFO] [stdout]     |
[INFO] [stdout] 123 |     pub fn iter<'a>(&'a self) -> impl DoubleEndedIterator<Item = (H, &T)> + 'a {
[INFO] [stdout]     |                 -- lifetime `'a` declared here                       ^ this elided lifetime gets resolved as `'a`
[INFO] [stdout]     |
[INFO] [stdout]     = note: `#[warn(elided_named_lifetimes)]` on by default
[INFO] [stdout] 
[INFO] [stdout] 
[INFO] [stdout] warning: elided lifetime has a name
[INFO] [stdout]    --> src/utils/object_pool.rs:147:68
[INFO] [stdout]     |
[INFO] [stdout] 147 |     pub fn values<'a>(&'a self) -> impl DoubleEndedIterator<Item = &T> + 'a {
[INFO] [stdout]     |                   -- lifetime `'a` declared here                   ^ this elided lifetime gets resolved as `'a`
[INFO] [stdout] 
[INFO] [stdout] 
[INFO] [stdout] warning: elided lifetime has a name
[INFO] [stdout]    --> src/utils/object_pool.rs:155:76
[INFO] [stdout]     |
[INFO] [stdout] 155 |     pub fn values_mut<'a>(&'a mut self) -> impl DoubleEndedIterator<Item = &mut T> + 'a {
[INFO] [stdout]     |                       -- lifetime `'a` declared here                       ^ this elided lifetime gets resolved as `'a`
[INFO] [stdout] 
[INFO] [stdout] 
[INFO] [stdout] warning: use of deprecated function `std::mem::uninitialized`: use `mem::MaybeUninit` instead
[INFO] [stdout]   --> src/utils/object_pool.rs:80:41
[INFO] [stdout]    |
[INFO] [stdout] 80 |                 let mut v = ::std::mem::uninitialized();
[INFO] [stdout]    |                                         ^^^^^^^^^^^^^
[INFO] [stdout]    |
[INFO] [stdout]    = note: `#[warn(deprecated)]` on by default
[INFO] [stdout] 
[INFO] [stdout] 
[INFO] [stdout] warning: use of deprecated function `std::mem::uninitialized`: use `mem::MaybeUninit` instead
[INFO] [stdout]    --> src/utils/object_pool.rs:103:55
[INFO] [stdout]     |
[INFO] [stdout] 103 |                 std::mem::swap(&mut v, &mut std::mem::uninitialized());
[INFO] [stdout]     |                                                       ^^^^^^^^^^^^^
[INFO] [stdout] 
[INFO] [stdout] 
[INFO] [stdout] warning: use of deprecated function `std::mem::uninitialized`: use `mem::MaybeUninit` instead
[INFO] [stdout]    --> src/video/backends/gl/capabilities.rs:236:32
[INFO] [stdout]     |
[INFO] [stdout] 236 |             let mut val = mem::uninitialized();
[INFO] [stdout]     |                                ^^^^^^^^^^^^^
[INFO] [stdout] 
[INFO] [stdout] 
[INFO] [stdout] warning: use of deprecated function `std::mem::uninitialized`: use `mem::MaybeUninit` instead
[INFO] [stdout]    --> src/video/backends/gl/capabilities.rs:296:32
[INFO] [stdout]     |
[INFO] [stdout] 296 |             let mut val = mem::uninitialized();
[INFO] [stdout]     |                                ^^^^^^^^^^^^^
[INFO] [stdout] 
[INFO] [stdout] 
[INFO] [stdout] warning: use of deprecated function `std::mem::uninitialized`: use `mem::MaybeUninit` instead
[INFO] [stdout]    --> src/video/backends/gl/capabilities.rs:321:32
[INFO] [stdout]     |
[INFO] [stdout] 321 |             let mut val = mem::uninitialized();
[INFO] [stdout]     |                                ^^^^^^^^^^^^^
[INFO] [stdout] 
[INFO] [stdout] 
[INFO] [stdout] warning: use of deprecated constant `std::sync::atomic::ATOMIC_USIZE_INIT`: the `new` function is now preferred
[INFO] [stdout]  --> src/sched/scheduler.rs:2:48
[INFO] [stdout]   |
[INFO] [stdout] 2 | use std::sync::atomic::{AtomicUsize, Ordering, ATOMIC_USIZE_INIT};
[INFO] [stdout]   |                                                ^^^^^^^^^^^^^^^^^
[INFO] [stdout] 
[INFO] [stdout] 
[INFO] [stdout] warning: use of deprecated constant `std::sync::atomic::ATOMIC_USIZE_INIT`: the `new` function is now preferred
[INFO] [stdout]    --> src/sched/scheduler.rs:353:43
[INFO] [stdout]     |
[INFO] [stdout] 353 |             static COUNTER: AtomicUsize = ATOMIC_USIZE_INIT;
[INFO] [stdout]     |                                           ^^^^^^^^^^^^^^^^^
[INFO] [stdout]     |
[INFO] [stdout] help: replace the use of the deprecated constant
[INFO] [stdout]     |
[INFO] [stdout] 353 |             static COUNTER: AtomicUsize = AtomicUsize::new(0);
[INFO] [stdout]     |                                           ~~~~~~~~~~~~~~~~~~~
[INFO] [stdout] 
[INFO] [stdout] 
[INFO] [stdout] warning: trait objects without an explicit `dyn` are deprecated
[INFO] [stdout]   --> src/application/ins.rs:19:30
[INFO] [stdout]    |
[INFO] [stdout] 19 |     ins: HashMap<String, Arc<Inspectable>>,
[INFO] [stdout]    |                              ^^^^^^^^^^^
[INFO] [stdout]    |
[INFO] [stdout]    = warning: this is accepted in the current edition (Rust 2018) but is a hard error in Rust 2021!
[INFO] [stdout]    = note: for more information, see <https://doc.rust-lang.org/nightly/edition-guide/rust-2021/warnings-promoted-to-error.html>
[INFO] [stdout]    = note: `#[warn(bare_trait_objects)]` on by default
[INFO] [stdout] help: if this is a dyn-compatible trait, use `dyn`
[INFO] [stdout]    |
[INFO] [stdout] 19 |     ins: HashMap<String, Arc<dyn Inspectable>>,
[INFO] [stdout]    |                              +++
[INFO] [stdout] 
[INFO] [stdout] 
[INFO] [stdout] warning: trait objects without an explicit `dyn` are deprecated
[INFO] [stdout]   --> src/application/lifecycle.rs:30:48
[INFO] [stdout]    |
[INFO] [stdout] 30 |     last_frame_lifecycles: Mutex<Vec<Arc<Mutex<LifecycleListener>>>>,
[INFO] [stdout]    |                                                ^^^^^^^^^^^^^^^^^
[INFO] [stdout]    |
[INFO] [stdout]    = warning: this is accepted in the current edition (Rust 2018) but is a hard error in Rust 2021!
[INFO] [stdout]    = note: for more information, see <https://doc.rust-lang.org/nightly/edition-guide/rust-2021/warnings-promoted-to-error.html>
[INFO] [stdout] help: if this is a dyn-compatible trait, use `dyn`
[INFO] [stdout]    |
[INFO] [stdout] 30 |     last_frame_lifecycles: Mutex<Vec<Arc<Mutex<dyn LifecycleListener>>>>,
[INFO] [stdout]    |                                                +++
[INFO] [stdout] 
[INFO] [stdout] 
[INFO] [stdout] warning: trait objects without an explicit `dyn` are deprecated
[INFO] [stdout]   --> src/application/lifecycle.rs:31:69
[INFO] [stdout]    |
[INFO] [stdout] 31 |     lifecycles: Mutex<ObjectPool<LifecycleListenerHandle, Arc<Mutex<LifecycleListener>>>>,
[INFO] [stdout]    |                                                                     ^^^^^^^^^^^^^^^^^
[INFO] [stdout]    |
[INFO] [stdout]    = warning: this is accepted in the current edition (Rust 2018) but is a hard error in Rust 2021!
[INFO] [stdout]    = note: for more information, see <https://doc.rust-lang.org/nightly/edition-guide/rust-2021/warnings-promoted-to-error.html>
[INFO] [stdout] help: if this is a dyn-compatible trait, use `dyn`
[INFO] [stdout]    |
[INFO] [stdout] 31 |     lifecycles: Mutex<ObjectPool<LifecycleListenerHandle, Arc<Mutex<dyn LifecycleListener>>>>,
[INFO] [stdout]    |                                                                     +++
[INFO] [stdout] 
[INFO] [stdout] 
[INFO] [stdout] warning: trait objects without an explicit `dyn` are deprecated
[INFO] [stdout]   --> src/res/vfs/mod.rs:20:38
[INFO] [stdout]    |
[INFO] [stdout] 20 |     schemas: FastHashMap<String, Arc<VFS>>,
[INFO] [stdout]    |                                      ^^^
[INFO] [stdout]    |
[INFO] [stdout]    = warning: this is accepted in the current edition (Rust 2018) but is a hard error in Rust 2021!
[INFO] [stdout]    = note: for more information, see <https://doc.rust-lang.org/nightly/edition-guide/rust-2021/warnings-promoted-to-error.html>
[INFO] [stdout] help: if this is a dyn-compatible trait, use `dyn`
[INFO] [stdout]    |
[INFO] [stdout] 20 |     schemas: FastHashMap<String, Arc<dyn VFS>>,
[INFO] [stdout]    |                                      +++
[INFO] [stdout] 
[INFO] [stdout] 
[INFO] [stdout] warning: trait objects without an explicit `dyn` are deprecated
[INFO] [stdout]   --> src/sched/scope.rs:16:29
[INFO] [stdout]    |
[INFO] [stdout] 16 |     marker: PhantomData<Box<FnOnce(&Scope<'s>) + Send + Sync + 's>>,
[INFO] [stdout]    |                             ^^^^^^^^^^^^^^^^^^^^^^^^^^^^^^^^^^^^^
[INFO] [stdout]    |
[INFO] [stdout]    = warning: this is accepted in the current edition (Rust 2018) but is a hard error in Rust 2021!
[INFO] [stdout]    = note: for more information, see <https://doc.rust-lang.org/nightly/edition-guide/rust-2021/warnings-promoted-to-error.html>
[INFO] [stdout] help: if this is a dyn-compatible trait, use `dyn`
[INFO] [stdout]    |
[INFO] [stdout] 16 |     marker: PhantomData<Box<dyn FnOnce(&Scope<'s>) + Send + Sync + 's>>,
[INFO] [stdout]    |                             +++
[INFO] [stdout] 
[INFO] [stdout] 
[INFO] [stdout] warning: trait objects without an explicit `dyn` are deprecated
[INFO] [stdout]   --> src/sched/scope.rs:19:26
[INFO] [stdout]    |
[INFO] [stdout] 19 |     panic: AtomicPtr<Box<Any + Send + 'static>>,
[INFO] [stdout]    |                          ^^^^^^^^^^^^^^^^^^^^
[INFO] [stdout]    |
[INFO] [stdout]    = warning: this is accepted in the current edition (Rust 2018) but is a hard error in Rust 2021!
[INFO] [stdout]    = note: for more information, see <https://doc.rust-lang.org/nightly/edition-guide/rust-2021/warnings-promoted-to-error.html>
[INFO] [stdout] help: if this is a dyn-compatible trait, use `dyn`
[INFO] [stdout]    |
[INFO] [stdout] 19 |     panic: AtomicPtr<Box<dyn Any + Send + 'static>>,
[INFO] [stdout]    |                          +++
[INFO] [stdout] 
[INFO] [stdout] 
[INFO] [stdout] warning: trait objects without an explicit `dyn` are deprecated
[INFO] [stdout]   --> src/sched/job.rs:11:15
[INFO] [stdout]    |
[INFO] [stdout] 11 |     Panic(Box<Any + Send>),
[INFO] [stdout]    |               ^^^^^^^^^^
[INFO] [stdout]    |
[INFO] [stdout]    = warning: this is accepted in the current edition (Rust 2018) but is a hard error in Rust 2021!
[INFO] [stdout]    = note: for more information, see <https://doc.rust-lang.org/nightly/edition-guide/rust-2021/warnings-promoted-to-error.html>
[INFO] [stdout] help: if this is a dyn-compatible trait, use `dyn`
[INFO] [stdout]    |
[INFO] [stdout] 11 |     Panic(Box<dyn Any + Send>),
[INFO] [stdout]    |               +++
[INFO] [stdout] 
[INFO] [stdout] 
[INFO] [stdout] warning: trait objects without an explicit `dyn` are deprecated
[INFO] [stdout]   --> src/sched/system.rs:14:25
[INFO] [stdout]    |
[INFO] [stdout] 14 | pub type PanicHandler = Fn(Box<::std::any::Any + Send>) + Send + Sync;
[INFO] [stdout]    |                         ^^^^^^^^^^^^^^^^^^^^^^^^^^^^^^^^^^^^^^^^^^^^^
[INFO] [stdout]    |
[INFO] [stdout]    = warning: this is accepted in the current edition (Rust 2018) but is a hard error in Rust 2021!
[INFO] [stdout]    = note: for more information, see <https://doc.rust-lang.org/nightly/edition-guide/rust-2021/warnings-promoted-to-error.html>
[INFO] [stdout] help: if this is a dyn-compatible trait, use `dyn`
[INFO] [stdout]    |
[INFO] [stdout] 14 | pub type PanicHandler = dyn Fn(Box<::std::any::Any + Send>) + Send + Sync;
[INFO] [stdout]    |                         +++
[INFO] [stdout] 
[INFO] [stdout] 
[INFO] [stdout] warning: trait objects without an explicit `dyn` are deprecated
[INFO] [stdout]   --> src/sched/system.rs:14:32
[INFO] [stdout]    |
[INFO] [stdout] 14 | pub type PanicHandler = Fn(Box<::std::any::Any + Send>) + Send + Sync;
[INFO] [stdout]    |                                ^^^^^^^^^^^^^^^^^^^^^^
[INFO] [stdout]    |
[INFO] [stdout]    = warning: this is accepted in the current edition (Rust 2018) but is a hard error in Rust 2021!
[INFO] [stdout]    = note: for more information, see <https://doc.rust-lang.org/nightly/edition-guide/rust-2021/warnings-promoted-to-error.html>
[INFO] [stdout] help: if this is a dyn-compatible trait, use `dyn`
[INFO] [stdout]    |
[INFO] [stdout] 14 | pub type PanicHandler = Fn(Box<dyn (::std::any::Any + Send)>) + Send + Sync;
[INFO] [stdout]    |                                +++++                      +
[INFO] [stdout] 
[INFO] [stdout] 
[INFO] [stdout] warning: trait objects without an explicit `dyn` are deprecated
[INFO] [stdout]   --> src/res/vfs/mod.rs:36:68
[INFO] [stdout]    |
[INFO] [stdout] 36 |     pub fn locate<T1: AsRef<str>>(&self, schema: T1) -> Result<Arc<VFS>, failure::Error> {
[INFO] [stdout]    |                                                                    ^^^
[INFO] [stdout]    |
[INFO] [stdout]    = warning: this is accepted in the current edition (Rust 2018) but is a hard error in Rust 2021!
[INFO] [stdout]    = note: for more information, see <https://doc.rust-lang.org/nightly/edition-guide/rust-2021/warnings-promoted-to-error.html>
[INFO] [stdout] help: if this is a dyn-compatible trait, use `dyn`
[INFO] [stdout]    |
[INFO] [stdout] 36 |     pub fn locate<T1: AsRef<str>>(&self, schema: T1) -> Result<Arc<dyn VFS>, failure::Error> {
[INFO] [stdout]    |                                                                    +++
[INFO] [stdout] 
[INFO] [stdout] 
[INFO] [stdout] warning: trait objects without an explicit `dyn` are deprecated
[INFO] [stdout]    --> src/video/backends/mod.rs:105:28
[INFO] [stdout]     |
[INFO] [stdout] 105 | pub fn new() -> Result<Box<Visitor>> {
[INFO] [stdout]     |                            ^^^^^^^
[INFO] [stdout]     |
[INFO] [stdout]     = warning: this is accepted in the current edition (Rust 2018) but is a hard error in Rust 2021!
[INFO] [stdout]     = note: for more information, see <https://doc.rust-lang.org/nightly/edition-guide/rust-2021/warnings-promoted-to-error.html>
[INFO] [stdout] help: if this is a dyn-compatible trait, use `dyn`
[INFO] [stdout]     |
[INFO] [stdout] 105 | pub fn new() -> Result<Box<dyn Visitor>> {
[INFO] [stdout]     |                            +++
[INFO] [stdout] 
[INFO] [stdout] 
[INFO] [stdout] warning: trait objects without an explicit `dyn` are deprecated
[INFO] [stdout]    --> src/video/backends/mod.rs:119:30
[INFO] [stdout]     |
[INFO] [stdout] 119 | pub fn new_headless() -> Box<Visitor> {
[INFO] [stdout]     |                              ^^^^^^^
[INFO] [stdout]     |
[INFO] [stdout]     = warning: this is accepted in the current edition (Rust 2018) but is a hard error in Rust 2021!
[INFO] [stdout]     = note: for more information, see <https://doc.rust-lang.org/nightly/edition-guide/rust-2021/warnings-promoted-to-error.html>
[INFO] [stdout] help: if this is a dyn-compatible trait, use `dyn`
[INFO] [stdout]     |
[INFO] [stdout] 119 | pub fn new_headless() -> Box<dyn Visitor> {
[INFO] [stdout]     |                              +++
[INFO] [stdout] 
[INFO] [stdout] 
[INFO] [stdout] warning: trait objects without an explicit `dyn` are deprecated
[INFO] [stdout]   --> src/video/backends/frame.rs:64:23
[INFO] [stdout]    |
[INFO] [stdout] 64 |         visitor: &mut Visitor,
[INFO] [stdout]    |                       ^^^^^^^
[INFO] [stdout]    |
[INFO] [stdout]    = warning: this is accepted in the current edition (Rust 2018) but is a hard error in Rust 2021!
[INFO] [stdout]    = note: for more information, see <https://doc.rust-lang.org/nightly/edition-guide/rust-2021/warnings-promoted-to-error.html>
[INFO] [stdout] help: if this is a dyn-compatible trait, use `dyn`
[INFO] [stdout]    |
[INFO] [stdout] 64 |         visitor: &mut dyn Visitor,
[INFO] [stdout]    |                       +++
[INFO] [stdout] 
[INFO] [stdout] 
[INFO] [stdout] warning: trait objects without an explicit `dyn` are deprecated
[INFO] [stdout]    --> src/sched/scheduler.rs:150:41
[INFO] [stdout]     |
[INFO] [stdout] 150 |     pub fn handle_panic(&self, err: Box<::std::any::Any + Send>) {
[INFO] [stdout]     |                                         ^^^^^^^^^^^^^^^^^^^^^^
[INFO] [stdout]     |
[INFO] [stdout]     = warning: this is accepted in the current edition (Rust 2018) but is a hard error in Rust 2021!
[INFO] [stdout]     = note: for more information, see <https://doc.rust-lang.org/nightly/edition-guide/rust-2021/warnings-promoted-to-error.html>
[INFO] [stdout] help: if this is a dyn-compatible trait, use `dyn`
[INFO] [stdout]     |
[INFO] [stdout] 150 |     pub fn handle_panic(&self, err: Box<dyn (::std::any::Any + Send)>) {
[INFO] [stdout]     |                                         +++++                      +
[INFO] [stdout] 
[INFO] [stdout] 
[INFO] [stdout] warning: trait objects without an explicit `dyn` are deprecated
[INFO] [stdout]   --> src/sched/unwind.rs:19:38
[INFO] [stdout]    |
[INFO] [stdout] 19 | pub fn resume_unwinding(payload: Box<Any + Send>) -> ! {
[INFO] [stdout]    |                                      ^^^^^^^^^^
[INFO] [stdout]    |
[INFO] [stdout]    = warning: this is accepted in the current edition (Rust 2018) but is a hard error in Rust 2021!
[INFO] [stdout]    = note: for more information, see <https://doc.rust-lang.org/nightly/edition-guide/rust-2021/warnings-promoted-to-error.html>
[INFO] [stdout] help: if this is a dyn-compatible trait, use `dyn`
[INFO] [stdout]    |
[INFO] [stdout] 19 | pub fn resume_unwinding(payload: Box<dyn Any + Send>) -> ! {
[INFO] [stdout]    |                                      +++
[INFO] [stdout] 
[INFO] [stdout] 
[INFO] [stdout] warning: trait objects without an explicit `dyn` are deprecated
[INFO] [stdout]   --> src/window/backends/mod.rs:21:30
[INFO] [stdout]    |
[INFO] [stdout] 21 | pub fn new_headless() -> Box<Visitor> {
[INFO] [stdout]    |                              ^^^^^^^
[INFO] [stdout]    |
[INFO] [stdout]    = warning: this is accepted in the current edition (Rust 2018) but is a hard error in Rust 2021!
[INFO] [stdout]    = note: for more information, see <https://doc.rust-lang.org/nightly/edition-guide/rust-2021/warnings-promoted-to-error.html>
[INFO] [stdout] help: if this is a dyn-compatible trait, use `dyn`
[INFO] [stdout]    |
[INFO] [stdout] 21 | pub fn new_headless() -> Box<dyn Visitor> {
[INFO] [stdout]    |                              +++
[INFO] [stdout] 
[INFO] [stdout] 
[INFO] [stdout] warning: trait objects without an explicit `dyn` are deprecated
[INFO] [stdout]  --> src/window/backends/glutin/mod.rs:9:48
[INFO] [stdout]   |
[INFO] [stdout] 9 | pub fn new(params: WindowParams) -> Result<Box<Visitor>> {
[INFO] [stdout]   |                                                ^^^^^^^
[INFO] [stdout]   |
[INFO] [stdout]   = warning: this is accepted in the current edition (Rust 2018) but is a hard error in Rust 2021!
[INFO] [stdout]   = note: for more information, see <https://doc.rust-lang.org/nightly/edition-guide/rust-2021/warnings-promoted-to-error.html>
[INFO] [stdout] help: if this is a dyn-compatible trait, use `dyn`
[INFO] [stdout]   |
[INFO] [stdout] 9 | pub fn new(params: WindowParams) -> Result<Box<dyn Visitor>> {
[INFO] [stdout]   |                                                +++
[INFO] [stdout] 
[INFO] [stdout] 
[INFO] [stdout] warning: trait objects without an explicit `dyn` are deprecated
[INFO] [stdout]   --> src/sched/scope.rs:95:32
[INFO] [stdout]    |
[INFO] [stdout] 95 |             let value: Box<Box<Any + Send + 'static>> = mem::transmute(panic);
[INFO] [stdout]    |                                ^^^^^^^^^^^^^^^^^^^^
[INFO] [stdout]    |
[INFO] [stdout]    = warning: this is accepted in the current edition (Rust 2018) but is a hard error in Rust 2021!
[INFO] [stdout]    = note: for more information, see <https://doc.rust-lang.org/nightly/edition-guide/rust-2021/warnings-promoted-to-error.html>
[INFO] [stdout] help: if this is a dyn-compatible trait, use `dyn`
[INFO] [stdout]    |
[INFO] [stdout] 95 |             let value: Box<Box<dyn Any + Send + 'static>> = mem::transmute(panic);
[INFO] [stdout]    |                                +++
[INFO] [stdout] 
[INFO] [stdout] 
[INFO] [stdout] warning: field `handle` is never read
[INFO] [stdout]   --> src/video/backends/gl/visitor.rs:20:5
[INFO] [stdout]    |
[INFO] [stdout] 19 | struct GLSurfaceData {
[INFO] [stdout]    |        ------------- field in this struct
[INFO] [stdout] 20 |     handle: SurfaceHandle,
[INFO] [stdout]    |     ^^^^^^
[INFO] [stdout]    |
[INFO] [stdout]    = note: `GLSurfaceData` has derived impls for the traits `Clone` and `Debug`, but these are intentionally ignored during dead code analysis
[INFO] [stdout]    = note: `#[warn(dead_code)]` on by default
[INFO] [stdout] 
[INFO] [stdout] 
[INFO] [stdout] warning: field `handle` is never read
[INFO] [stdout]   --> src/video/backends/gl/visitor.rs:83:5
[INFO] [stdout]    |
[INFO] [stdout] 82 | struct GLTextureData {
[INFO] [stdout]    |        ------------- field in this struct
[INFO] [stdout] 83 |     handle: TextureHandle,
[INFO] [stdout]    |     ^^^^^^
[INFO] [stdout]    |
[INFO] [stdout]    = note: `GLTextureData` has derived impls for the traits `Clone` and `Debug`, but these are intentionally ignored during dead code analysis
[INFO] [stdout] 
[INFO] [stdout] 
[INFO] [stdout] warning: field `handle` is never read
[INFO] [stdout]   --> src/video/backends/gl/visitor.rs:91:5
[INFO] [stdout]    |
[INFO] [stdout] 90 | struct GLRenderTextureData {
[INFO] [stdout]    |        ------------------- field in this struct
[INFO] [stdout] 91 |     handle: RenderTextureHandle,
[INFO] [stdout]    |     ^^^^^^
[INFO] [stdout]    |
[INFO] [stdout]    = note: `GLRenderTextureData` has derived impls for the traits `Clone` and `Debug`, but these are intentionally ignored during dead code analysis
[INFO] [stdout] 
[INFO] [stdout] 
[INFO] [stdout] warning: the type `&mut T` does not permit being left uninitialized
[INFO] [stdout]    --> src/utils/object_pool.rs:103:45
[INFO] [stdout]     |
[INFO] [stdout] 103 |                 std::mem::swap(&mut v, &mut std::mem::uninitialized());
[INFO] [stdout]     |                                             ^^^^^^^^^^^^^^^^^^^^^^^^^
[INFO] [stdout]     |                                             |
[INFO] [stdout]     |                                             this code causes undefined behavior when executed
[INFO] [stdout]     |                                             help: use `MaybeUninit<T>` instead, and only call `assume_init` after initialization is done
[INFO] [stdout]     |
[INFO] [stdout]     = note: references must be non-null
[INFO] [stdout]     = note: `#[warn(invalid_value)]` on by default
[INFO] [stdout] 
[INFO] [stdout] 
[INFO] [stdout] warning: non-local `impl` definition, `impl` blocks should be written at the same level as their item
[INFO] [stdout]  --> src/video/errors.rs:1:17
[INFO] [stdout]   |
[INFO] [stdout] 1 | #[derive(Debug, Fail)]
[INFO] [stdout]   |                 ^---
[INFO] [stdout]   |                 |
[INFO] [stdout]   |                 `Fail` is not local
[INFO] [stdout]   |                 move the `impl` block outside of this constant `_DERIVE_failure_Fail_FOR_Error`
[INFO] [stdout] 2 | pub enum Error {
[INFO] [stdout]   |          ----- `Error` is not local
[INFO] [stdout]   |
[INFO] [stdout]   = note: the derive macro `Fail` defines the non-local `impl`, and may need to be changed
[INFO] [stdout]   = note: the derive macro `Fail` may come from an old version of the `failure_derive` crate, try updating your dependency with `cargo update -p failure_derive`
[INFO] [stdout]   = note: an `impl` is never scoped, even when it is nested inside an item, as it may impact type checking outside of that item, which can be the case if neither the trait or the self type are at the same nesting level as the `impl`
[INFO] [stdout]   = note: items in an anonymous const item (`const _: () = { ... }`) are treated as in the same scope as the anonymous const's declaration for the purpose of this lint
[INFO] [stdout]   = note: `#[warn(non_local_definitions)]` on by default
[INFO] [stdout]   = note: this warning originates in the derive macro `Fail` (in Nightly builds, run with -Z macro-backtrace for more info)
[INFO] [stdout] 
[INFO] [stdout] 
[INFO] [stdout] warning: non-local `impl` definition, `impl` blocks should be written at the same level as their item
[INFO] [stdout]  --> src/video/errors.rs:1:17
[INFO] [stdout]   |
[INFO] [stdout] 1 | #[derive(Debug, Fail)]
[INFO] [stdout]   |                 ^---
[INFO] [stdout]   |                 |
[INFO] [stdout]   |                 `Display` is not local
[INFO] [stdout]   |                 move the `impl` block outside of this constant `_DERIVE_failure_core_fmt_Display_FOR_Error`
[INFO] [stdout] 2 | pub enum Error {
[INFO] [stdout]   |          ----- `Error` is not local
[INFO] [stdout]   |
[INFO] [stdout]   = note: the derive macro `Fail` defines the non-local `impl`, and may need to be changed
[INFO] [stdout]   = note: the derive macro `Fail` may come from an old version of the `failure_derive` crate, try updating your dependency with `cargo update -p failure_derive`
[INFO] [stdout]   = note: an `impl` is never scoped, even when it is nested inside an item, as it may impact type checking outside of that item, which can be the case if neither the trait or the self type are at the same nesting level as the `impl`
[INFO] [stdout]   = note: items in an anonymous const item (`const _: () = { ... }`) are treated as in the same scope as the anonymous const's declaration for the purpose of this lint
[INFO] [stdout]   = note: this warning originates in the derive macro `Fail` (in Nightly builds, run with -Z macro-backtrace for more info)
[INFO] [stdout] 
[INFO] [stdout] 
[INFO] [stdout] warning: the type `i32` does not permit being left uninitialized
[INFO] [stdout]    --> src/video/backends/gl/capabilities.rs:236:27
[INFO] [stdout]     |
[INFO] [stdout] 236 |             let mut val = mem::uninitialized();
[INFO] [stdout]     |                           ^^^^^^^^^^^^^^^^^^^^
[INFO] [stdout]     |                           |
[INFO] [stdout]     |                           this code causes undefined behavior when executed
[INFO] [stdout]     |                           help: use `MaybeUninit<T>` instead, and only call `assume_init` after initialization is done
[INFO] [stdout]     |
[INFO] [stdout]     = note: integers must be initialized
[INFO] [stdout] 
[INFO] [stdout] 
[INFO] [stdout] warning: the type `i32` does not permit being left uninitialized
[INFO] [stdout]    --> src/video/backends/gl/capabilities.rs:296:27
[INFO] [stdout]     |
[INFO] [stdout] 296 |             let mut val = mem::uninitialized();
[INFO] [stdout]     |                           ^^^^^^^^^^^^^^^^^^^^
[INFO] [stdout]     |                           |
[INFO] [stdout]     |                           this code causes undefined behavior when executed
[INFO] [stdout]     |                           help: use `MaybeUninit<T>` instead, and only call `assume_init` after initialization is done
[INFO] [stdout]     |
[INFO] [stdout]     = note: integers must be initialized
[INFO] [stdout] 
[INFO] [stdout] 
[INFO] [stdout] warning: the type `i32` does not permit being left uninitialized
[INFO] [stdout]    --> src/video/backends/gl/capabilities.rs:321:27
[INFO] [stdout]     |
[INFO] [stdout] 321 |             let mut val = mem::uninitialized();
[INFO] [stdout]     |                           ^^^^^^^^^^^^^^^^^^^^
[INFO] [stdout]     |                           |
[INFO] [stdout]     |                           this code causes undefined behavior when executed
[INFO] [stdout]     |                           help: use `MaybeUninit<T>` instead, and only call `assume_init` after initialization is done
[INFO] [stdout]     |
[INFO] [stdout]     = note: integers must be initialized
[INFO] [stdout] 
[INFO] [stdout] 
[INFO] [stderr]     Finished `test` profile [unoptimized + debuginfo] target(s) in 12.48s
[INFO] running `Command { std: "docker" "inspect" "7fa7beca73f36a89851af8d0de624b44822acd8210d05cdc2a66ea42690b13aa", kill_on_drop: false }`
[INFO] running `Command { std: "docker" "rm" "-f" "7fa7beca73f36a89851af8d0de624b44822acd8210d05cdc2a66ea42690b13aa", kill_on_drop: false }`
[INFO] [stdout] 7fa7beca73f36a89851af8d0de624b44822acd8210d05cdc2a66ea42690b13aa
[INFO] running `Command { std: "docker" "create" "-v" "/var/lib/crater-agent-workspace/builds/worker-1-tc2/target:/opt/rustwide/target:rw,Z" "-v" "/var/lib/crater-agent-workspace/builds/worker-1-tc2/source:/opt/rustwide/workdir:ro,Z" "-v" "/var/lib/crater-agent-workspace/cargo-home:/opt/rustwide/cargo-home:ro,Z" "-v" "/var/lib/crater-agent-workspace/rustup-home:/opt/rustwide/rustup-home:ro,Z" "-e" "SOURCE_DIR=/opt/rustwide/workdir" "-e" "CARGO_TARGET_DIR=/opt/rustwide/target" "-e" "CARGO_INCREMENTAL=0" "-e" "RUST_BACKTRACE=full" "-e" "RUSTFLAGS=--cap-lints=warn" "-e" "RUSTDOCFLAGS=--cap-lints=warn" "-e" "CARGO_HOME=/opt/rustwide/cargo-home" "-e" "RUSTUP_HOME=/opt/rustwide/rustup-home" "-w" "/opt/rustwide/workdir" "-m" "1610612736" "--user" "0:0" "--network" "none" "ghcr.io/rust-lang/crates-build-env/linux@sha256:f3a9d4ad9d972b27faf3965f35b62e55ba32bbce8f20bc8fe909558a86702fde" "/opt/rustwide/cargo-home/bin/cargo" "+beta-2024-12-08" "test" "--frozen", kill_on_drop: false }`
[INFO] [stdout] 50638ad65940ddb4307cbe872d4a11b56e0d29942be25eed8e9378e46f299187
[INFO] running `Command { std: "docker" "start" "-a" "50638ad65940ddb4307cbe872d4a11b56e0d29942be25eed8e9378e46f299187", kill_on_drop: false }`
[INFO] [stderr] warning: elided lifetime has a name
[INFO] [stderr]    --> src/utils/object_pool.rs:123:70
[INFO] [stderr]     |
[INFO] [stderr] 123 |     pub fn iter<'a>(&'a self) -> impl DoubleEndedIterator<Item = (H, &T)> + 'a {
[INFO] [stderr]     |                 -- lifetime `'a` declared here                       ^ this elided lifetime gets resolved as `'a`
[INFO] [stderr]     |
[INFO] [stderr]     = note: `#[warn(elided_named_lifetimes)]` on by default
[INFO] [stderr] 
[INFO] [stderr] warning: elided lifetime has a name
[INFO] [stderr]    --> src/utils/object_pool.rs:147:68
[INFO] [stderr]     |
[INFO] [stderr] 147 |     pub fn values<'a>(&'a self) -> impl DoubleEndedIterator<Item = &T> + 'a {
[INFO] [stderr]     |                   -- lifetime `'a` declared here                   ^ this elided lifetime gets resolved as `'a`
[INFO] [stderr] 
[INFO] [stderr] warning: elided lifetime has a name
[INFO] [stderr]    --> src/utils/object_pool.rs:155:76
[INFO] [stderr]     |
[INFO] [stderr] 155 |     pub fn values_mut<'a>(&'a mut self) -> impl DoubleEndedIterator<Item = &mut T> + 'a {
[INFO] [stderr]     |                       -- lifetime `'a` declared here                       ^ this elided lifetime gets resolved as `'a`
[INFO] [stderr] 
[INFO] [stderr] warning: use of deprecated function `std::mem::uninitialized`: use `mem::MaybeUninit` instead
[INFO] [stderr]   --> src/utils/object_pool.rs:80:41
[INFO] [stderr]    |
[INFO] [stderr] 80 |                 let mut v = ::std::mem::uninitialized();
[INFO] [stderr]    |                                         ^^^^^^^^^^^^^
[INFO] [stderr]    |
[INFO] [stderr]    = note: `#[warn(deprecated)]` on by default
[INFO] [stderr] 
[INFO] [stderr] warning: use of deprecated function `std::mem::uninitialized`: use `mem::MaybeUninit` instead
[INFO] [stderr]    --> src/utils/object_pool.rs:103:55
[INFO] [stderr]     |
[INFO] [stderr] 103 |                 std::mem::swap(&mut v, &mut std::mem::uninitialized());
[INFO] [stderr]     |                                                       ^^^^^^^^^^^^^
[INFO] [stderr] 
[INFO] [stderr] warning: use of deprecated function `std::mem::uninitialized`: use `mem::MaybeUninit` instead
[INFO] [stderr]    --> src/video/backends/gl/capabilities.rs:236:32
[INFO] [stderr]     |
[INFO] [stderr] 236 |             let mut val = mem::uninitialized();
[INFO] [stderr]     |                                ^^^^^^^^^^^^^
[INFO] [stderr] 
[INFO] [stderr] warning: use of deprecated function `std::mem::uninitialized`: use `mem::MaybeUninit` instead
[INFO] [stderr]    --> src/video/backends/gl/capabilities.rs:296:32
[INFO] [stderr]     |
[INFO] [stderr] 296 |             let mut val = mem::uninitialized();
[INFO] [stderr]     |                                ^^^^^^^^^^^^^
[INFO] [stderr] 
[INFO] [stderr] warning: use of deprecated function `std::mem::uninitialized`: use `mem::MaybeUninit` instead
[INFO] [stderr]    --> src/video/backends/gl/capabilities.rs:321:32
[INFO] [stderr]     |
[INFO] [stderr] 321 |             let mut val = mem::uninitialized();
[INFO] [stderr]     |                                ^^^^^^^^^^^^^
[INFO] [stderr] 
[INFO] [stderr] warning: use of deprecated constant `std::sync::atomic::ATOMIC_USIZE_INIT`: the `new` function is now preferred
[INFO] [stderr]  --> src/sched/scheduler.rs:2:48
[INFO] [stderr]   |
[INFO] [stderr] 2 | use std::sync::atomic::{AtomicUsize, Ordering, ATOMIC_USIZE_INIT};
[INFO] [stderr]   |                                                ^^^^^^^^^^^^^^^^^
[INFO] [stderr] 
[INFO] [stderr] warning: use of deprecated constant `std::sync::atomic::ATOMIC_USIZE_INIT`: the `new` function is now preferred
[INFO] [stderr]    --> src/sched/scheduler.rs:353:43
[INFO] [stderr]     |
[INFO] [stderr] 353 |             static COUNTER: AtomicUsize = ATOMIC_USIZE_INIT;
[INFO] [stderr]     |                                           ^^^^^^^^^^^^^^^^^
[INFO] [stderr]     |
[INFO] [stderr] help: replace the use of the deprecated constant
[INFO] [stderr]     |
[INFO] [stderr] 353 |             static COUNTER: AtomicUsize = AtomicUsize::new(0);
[INFO] [stderr]     |                                           ~~~~~~~~~~~~~~~~~~~
[INFO] [stderr] 
[INFO] [stderr] warning: trait objects without an explicit `dyn` are deprecated
[INFO] [stderr]   --> src/application/ins.rs:19:30
[INFO] [stderr]    |
[INFO] [stderr] 19 |     ins: HashMap<String, Arc<Inspectable>>,
[INFO] [stderr]    |                              ^^^^^^^^^^^
[INFO] [stderr]    |
[INFO] [stderr]    = warning: this is accepted in the current edition (Rust 2018) but is a hard error in Rust 2021!
[INFO] [stderr]    = note: for more information, see <https://doc.rust-lang.org/nightly/edition-guide/rust-2021/warnings-promoted-to-error.html>
[INFO] [stderr]    = note: `#[warn(bare_trait_objects)]` on by default
[INFO] [stderr] help: if this is a dyn-compatible trait, use `dyn`
[INFO] [stderr]    |
[INFO] [stderr] 19 |     ins: HashMap<String, Arc<dyn Inspectable>>,
[INFO] [stderr]    |                              +++
[INFO] [stderr] 
[INFO] [stderr] warning: trait objects without an explicit `dyn` are deprecated
[INFO] [stderr]   --> src/application/lifecycle.rs:30:48
[INFO] [stderr]    |
[INFO] [stderr] 30 |     last_frame_lifecycles: Mutex<Vec<Arc<Mutex<LifecycleListener>>>>,
[INFO] [stderr]    |                                                ^^^^^^^^^^^^^^^^^
[INFO] [stderr]    |
[INFO] [stderr]    = warning: this is accepted in the current edition (Rust 2018) but is a hard error in Rust 2021!
[INFO] [stderr]    = note: for more information, see <https://doc.rust-lang.org/nightly/edition-guide/rust-2021/warnings-promoted-to-error.html>
[INFO] [stderr] help: if this is a dyn-compatible trait, use `dyn`
[INFO] [stderr]    |
[INFO] [stderr] 30 |     last_frame_lifecycles: Mutex<Vec<Arc<Mutex<dyn LifecycleListener>>>>,
[INFO] [stderr]    |                                                +++
[INFO] [stderr] 
[INFO] [stderr] warning: trait objects without an explicit `dyn` are deprecated
[INFO] [stderr]   --> src/application/lifecycle.rs:31:69
[INFO] [stderr]    |
[INFO] [stderr] 31 |     lifecycles: Mutex<ObjectPool<LifecycleListenerHandle, Arc<Mutex<LifecycleListener>>>>,
[INFO] [stderr]    |                                                                     ^^^^^^^^^^^^^^^^^
[INFO] [stderr]    |
[INFO] [stderr]    = warning: this is accepted in the current edition (Rust 2018) but is a hard error in Rust 2021!
[INFO] [stderr]    = note: for more information, see <https://doc.rust-lang.org/nightly/edition-guide/rust-2021/warnings-promoted-to-error.html>
[INFO] [stderr] help: if this is a dyn-compatible trait, use `dyn`
[INFO] [stderr]    |
[INFO] [stderr] 31 |     lifecycles: Mutex<ObjectPool<LifecycleListenerHandle, Arc<Mutex<dyn LifecycleListener>>>>,
[INFO] [stderr]    |                                                                     +++
[INFO] [stderr] 
[INFO] [stderr] warning: trait objects without an explicit `dyn` are deprecated
[INFO] [stderr]   --> src/res/vfs/mod.rs:20:38
[INFO] [stderr]    |
[INFO] [stderr] 20 |     schemas: FastHashMap<String, Arc<VFS>>,
[INFO] [stderr]    |                                      ^^^
[INFO] [stderr]    |
[INFO] [stderr]    = warning: this is accepted in the current edition (Rust 2018) but is a hard error in Rust 2021!
[INFO] [stderr]    = note: for more information, see <https://doc.rust-lang.org/nightly/edition-guide/rust-2021/warnings-promoted-to-error.html>
[INFO] [stderr] help: if this is a dyn-compatible trait, use `dyn`
[INFO] [stderr]    |
[INFO] [stderr] 20 |     schemas: FastHashMap<String, Arc<dyn VFS>>,
[INFO] [stderr]    |                                      +++
[INFO] [stderr] 
[INFO] [stderr] warning: trait objects without an explicit `dyn` are deprecated
[INFO] [stderr]   --> src/sched/scope.rs:16:29
[INFO] [stderr]    |
[INFO] [stderr] 16 |     marker: PhantomData<Box<FnOnce(&Scope<'s>) + Send + Sync + 's>>,
[INFO] [stderr]    |                             ^^^^^^^^^^^^^^^^^^^^^^^^^^^^^^^^^^^^^
[INFO] [stderr]    |
[INFO] [stderr]    = warning: this is accepted in the current edition (Rust 2018) but is a hard error in Rust 2021!
[INFO] [stderr]    = note: for more information, see <https://doc.rust-lang.org/nightly/edition-guide/rust-2021/warnings-promoted-to-error.html>
[INFO] [stderr] help: if this is a dyn-compatible trait, use `dyn`
[INFO] [stderr]    |
[INFO] [stderr] 16 |     marker: PhantomData<Box<dyn FnOnce(&Scope<'s>) + Send + Sync + 's>>,
[INFO] [stderr]    |                             +++
[INFO] [stderr] 
[INFO] [stderr] warning: trait objects without an explicit `dyn` are deprecated
[INFO] [stderr]   --> src/sched/scope.rs:19:26
[INFO] [stderr]    |
[INFO] [stderr] 19 |     panic: AtomicPtr<Box<Any + Send + 'static>>,
[INFO] [stderr]    |                          ^^^^^^^^^^^^^^^^^^^^
[INFO] [stderr]    |
[INFO] [stderr]    = warning: this is accepted in the current edition (Rust 2018) but is a hard error in Rust 2021!
[INFO] [stderr]    = note: for more information, see <https://doc.rust-lang.org/nightly/edition-guide/rust-2021/warnings-promoted-to-error.html>
[INFO] [stderr] help: if this is a dyn-compatible trait, use `dyn`
[INFO] [stderr]    |
[INFO] [stderr] 19 |     panic: AtomicPtr<Box<dyn Any + Send + 'static>>,
[INFO] [stderr]    |                          +++
[INFO] [stderr] 
[INFO] [stderr] warning: trait objects without an explicit `dyn` are deprecated
[INFO] [stderr]   --> src/sched/job.rs:11:15
[INFO] [stderr]    |
[INFO] [stderr] 11 |     Panic(Box<Any + Send>),
[INFO] [stderr]    |               ^^^^^^^^^^
[INFO] [stderr]    |
[INFO] [stderr]    = warning: this is accepted in the current edition (Rust 2018) but is a hard error in Rust 2021!
[INFO] [stderr]    = note: for more information, see <https://doc.rust-lang.org/nightly/edition-guide/rust-2021/warnings-promoted-to-error.html>
[INFO] [stderr] help: if this is a dyn-compatible trait, use `dyn`
[INFO] [stderr]    |
[INFO] [stderr] 11 |     Panic(Box<dyn Any + Send>),
[INFO] [stderr]    |               +++
[INFO] [stderr] 
[INFO] [stderr] warning: trait objects without an explicit `dyn` are deprecated
[INFO] [stderr]   --> src/sched/system.rs:14:25
[INFO] [stderr]    |
[INFO] [stderr] 14 | pub type PanicHandler = Fn(Box<::std::any::Any + Send>) + Send + Sync;
[INFO] [stderr]    |                         ^^^^^^^^^^^^^^^^^^^^^^^^^^^^^^^^^^^^^^^^^^^^^
[INFO] [stderr]    |
[INFO] [stderr]    = warning: this is accepted in the current edition (Rust 2018) but is a hard error in Rust 2021!
[INFO] [stderr]    = note: for more information, see <https://doc.rust-lang.org/nightly/edition-guide/rust-2021/warnings-promoted-to-error.html>
[INFO] [stderr] help: if this is a dyn-compatible trait, use `dyn`
[INFO] [stderr]    |
[INFO] [stderr] 14 | pub type PanicHandler = dyn Fn(Box<::std::any::Any + Send>) + Send + Sync;
[INFO] [stderr]    |                         +++
[INFO] [stderr] 
[INFO] [stderr] warning: trait objects without an explicit `dyn` are deprecated
[INFO] [stderr]   --> src/sched/system.rs:14:32
[INFO] [stderr]    |
[INFO] [stderr] 14 | pub type PanicHandler = Fn(Box<::std::any::Any + Send>) + Send + Sync;
[INFO] [stderr]    |                                ^^^^^^^^^^^^^^^^^^^^^^
[INFO] [stderr]    |
[INFO] [stderr]    = warning: this is accepted in the current edition (Rust 2018) but is a hard error in Rust 2021!
[INFO] [stderr]    = note: for more information, see <https://doc.rust-lang.org/nightly/edition-guide/rust-2021/warnings-promoted-to-error.html>
[INFO] [stderr] help: if this is a dyn-compatible trait, use `dyn`
[INFO] [stderr]    |
[INFO] [stderr] 14 | pub type PanicHandler = Fn(Box<dyn (::std::any::Any + Send)>) + Send + Sync;
[INFO] [stderr]    |                                +++++                      +
[INFO] [stderr] 
[INFO] [stderr] warning: trait objects without an explicit `dyn` are deprecated
[INFO] [stderr]   --> src/res/vfs/mod.rs:36:68
[INFO] [stderr]    |
[INFO] [stderr] 36 |     pub fn locate<T1: AsRef<str>>(&self, schema: T1) -> Result<Arc<VFS>, failure::Error> {
[INFO] [stderr]    |                                                                    ^^^
[INFO] [stderr]    |
[INFO] [stderr]    = warning: this is accepted in the current edition (Rust 2018) but is a hard error in Rust 2021!
[INFO] [stderr]    = note: for more information, see <https://doc.rust-lang.org/nightly/edition-guide/rust-2021/warnings-promoted-to-error.html>
[INFO] [stderr] help: if this is a dyn-compatible trait, use `dyn`
[INFO] [stderr]    |
[INFO] [stderr] 36 |     pub fn locate<T1: AsRef<str>>(&self, schema: T1) -> Result<Arc<dyn VFS>, failure::Error> {
[INFO] [stderr]    |                                                                    +++
[INFO] [stderr] 
[INFO] [stderr] warning: trait objects without an explicit `dyn` are deprecated
[INFO] [stderr]    --> src/video/backends/mod.rs:105:28
[INFO] [stderr]     |
[INFO] [stderr] 105 | pub fn new() -> Result<Box<Visitor>> {
[INFO] [stderr]     |                            ^^^^^^^
[INFO] [stderr]     |
[INFO] [stderr]     = warning: this is accepted in the current edition (Rust 2018) but is a hard error in Rust 2021!
[INFO] [stderr]     = note: for more information, see <https://doc.rust-lang.org/nightly/edition-guide/rust-2021/warnings-promoted-to-error.html>
[INFO] [stderr] help: if this is a dyn-compatible trait, use `dyn`
[INFO] [stderr]     |
[INFO] [stderr] 105 | pub fn new() -> Result<Box<dyn Visitor>> {
[INFO] [stderr]     |                            +++
[INFO] [stderr] 
[INFO] [stderr] warning: trait objects without an explicit `dyn` are deprecated
[INFO] [stderr]    --> src/video/backends/mod.rs:119:30
[INFO] [stderr]     |
[INFO] [stderr] 119 | pub fn new_headless() -> Box<Visitor> {
[INFO] [stderr]     |                              ^^^^^^^
[INFO] [stderr]     |
[INFO] [stderr]     = warning: this is accepted in the current edition (Rust 2018) but is a hard error in Rust 2021!
[INFO] [stderr]     = note: for more information, see <https://doc.rust-lang.org/nightly/edition-guide/rust-2021/warnings-promoted-to-error.html>
[INFO] [stderr] help: if this is a dyn-compatible trait, use `dyn`
[INFO] [stderr]     |
[INFO] [stderr] 119 | pub fn new_headless() -> Box<dyn Visitor> {
[INFO] [stderr]     |                              +++
[INFO] [stderr] 
[INFO] [stderr] warning: trait objects without an explicit `dyn` are deprecated
[INFO] [stderr]   --> src/video/backends/frame.rs:64:23
[INFO] [stderr]    |
[INFO] [stderr] 64 |         visitor: &mut Visitor,
[INFO] [stderr]    |                       ^^^^^^^
[INFO] [stderr]    |
[INFO] [stderr]    = warning: this is accepted in the current edition (Rust 2018) but is a hard error in Rust 2021!
[INFO] [stderr]    = note: for more information, see <https://doc.rust-lang.org/nightly/edition-guide/rust-2021/warnings-promoted-to-error.html>
[INFO] [stderr] help: if this is a dyn-compatible trait, use `dyn`
[INFO] [stderr]    |
[INFO] [stderr] 64 |         visitor: &mut dyn Visitor,
[INFO] [stderr]    |                       +++
[INFO] [stderr] 
[INFO] [stderr] warning: trait objects without an explicit `dyn` are deprecated
[INFO] [stderr]    --> src/sched/scheduler.rs:150:41
[INFO] [stderr]     |
[INFO] [stderr] 150 |     pub fn handle_panic(&self, err: Box<::std::any::Any + Send>) {
[INFO] [stderr]     |                                         ^^^^^^^^^^^^^^^^^^^^^^
[INFO] [stderr]     |
[INFO] [stderr]     = warning: this is accepted in the current edition (Rust 2018) but is a hard error in Rust 2021!
[INFO] [stderr]     = note: for more information, see <https://doc.rust-lang.org/nightly/edition-guide/rust-2021/warnings-promoted-to-error.html>
[INFO] [stderr] help: if this is a dyn-compatible trait, use `dyn`
[INFO] [stderr]     |
[INFO] [stderr] 150 |     pub fn handle_panic(&self, err: Box<dyn (::std::any::Any + Send)>) {
[INFO] [stderr]     |                                         +++++                      +
[INFO] [stderr] 
[INFO] [stderr] warning: trait objects without an explicit `dyn` are deprecated
[INFO] [stderr]   --> src/sched/unwind.rs:19:38
[INFO] [stderr]    |
[INFO] [stderr] 19 | pub fn resume_unwinding(payload: Box<Any + Send>) -> ! {
[INFO] [stderr]    |                                      ^^^^^^^^^^
[INFO] [stderr]    |
[INFO] [stderr]    = warning: this is accepted in the current edition (Rust 2018) but is a hard error in Rust 2021!
[INFO] [stderr]    = note: for more information, see <https://doc.rust-lang.org/nightly/edition-guide/rust-2021/warnings-promoted-to-error.html>
[INFO] [stderr] help: if this is a dyn-compatible trait, use `dyn`
[INFO] [stderr]    |
[INFO] [stderr] 19 | pub fn resume_unwinding(payload: Box<dyn Any + Send>) -> ! {
[INFO] [stderr]    |                                      +++
[INFO] [stderr] 
[INFO] [stderr] warning: trait objects without an explicit `dyn` are deprecated
[INFO] [stderr]   --> src/window/backends/mod.rs:21:30
[INFO] [stderr]    |
[INFO] [stderr] 21 | pub fn new_headless() -> Box<Visitor> {
[INFO] [stderr]    |                              ^^^^^^^
[INFO] [stderr]    |
[INFO] [stderr]    = warning: this is accepted in the current edition (Rust 2018) but is a hard error in Rust 2021!
[INFO] [stderr]    = note: for more information, see <https://doc.rust-lang.org/nightly/edition-guide/rust-2021/warnings-promoted-to-error.html>
[INFO] [stderr] help: if this is a dyn-compatible trait, use `dyn`
[INFO] [stderr]    |
[INFO] [stderr] 21 | pub fn new_headless() -> Box<dyn Visitor> {
[INFO] [stderr]    |                              +++
[INFO] [stderr] 
[INFO] [stderr] warning: trait objects without an explicit `dyn` are deprecated
[INFO] [stderr]  --> src/window/backends/glutin/mod.rs:9:48
[INFO] [stderr]   |
[INFO] [stderr] 9 | pub fn new(params: WindowParams) -> Result<Box<Visitor>> {
[INFO] [stderr]   |                                                ^^^^^^^
[INFO] [stderr]   |
[INFO] [stderr]   = warning: this is accepted in the current edition (Rust 2018) but is a hard error in Rust 2021!
[INFO] [stderr]   = note: for more information, see <https://doc.rust-lang.org/nightly/edition-guide/rust-2021/warnings-promoted-to-error.html>
[INFO] [stderr] help: if this is a dyn-compatible trait, use `dyn`
[INFO] [stderr]   |
[INFO] [stderr] 9 | pub fn new(params: WindowParams) -> Result<Box<dyn Visitor>> {
[INFO] [stderr]   |                                                +++
[INFO] [stderr] 
[INFO] [stderr] warning: trait objects without an explicit `dyn` are deprecated
[INFO] [stderr]   --> src/sched/scope.rs:95:32
[INFO] [stderr]    |
[INFO] [stderr] 95 |             let value: Box<Box<Any + Send + 'static>> = mem::transmute(panic);
[INFO] [stderr]    |                                ^^^^^^^^^^^^^^^^^^^^
[INFO] [stderr]    |
[INFO] [stderr]    = warning: this is accepted in the current edition (Rust 2018) but is a hard error in Rust 2021!
[INFO] [stderr]    = note: for more information, see <https://doc.rust-lang.org/nightly/edition-guide/rust-2021/warnings-promoted-to-error.html>
[INFO] [stderr] help: if this is a dyn-compatible trait, use `dyn`
[INFO] [stderr]    |
[INFO] [stderr] 95 |             let value: Box<Box<dyn Any + Send + 'static>> = mem::transmute(panic);
[INFO] [stderr]    |                                +++
[INFO] [stderr] 
[INFO] [stderr] warning: field `handle` is never read
[INFO] [stderr]   --> src/video/backends/gl/visitor.rs:20:5
[INFO] [stderr]    |
[INFO] [stderr] 19 | struct GLSurfaceData {
[INFO] [stderr]    |        ------------- field in this struct
[INFO] [stderr] 20 |     handle: SurfaceHandle,
[INFO] [stderr]    |     ^^^^^^
[INFO] [stderr]    |
[INFO] [stderr]    = note: `GLSurfaceData` has derived impls for the traits `Clone` and `Debug`, but these are intentionally ignored during dead code analysis
[INFO] [stderr]    = note: `#[warn(dead_code)]` on by default
[INFO] [stderr] 
[INFO] [stderr] warning: field `handle` is never read
[INFO] [stderr]   --> src/video/backends/gl/visitor.rs:83:5
[INFO] [stderr]    |
[INFO] [stderr] 82 | struct GLTextureData {
[INFO] [stderr]    |        ------------- field in this struct
[INFO] [stderr] 83 |     handle: TextureHandle,
[INFO] [stderr]    |     ^^^^^^
[INFO] [stderr]    |
[INFO] [stderr]    = note: `GLTextureData` has derived impls for the traits `Clone` and `Debug`, but these are intentionally ignored during dead code analysis
[INFO] [stderr] 
[INFO] [stderr] warning: field `handle` is never read
[INFO] [stderr]   --> src/video/backends/gl/visitor.rs:91:5
[INFO] [stderr]    |
[INFO] [stderr] 90 | struct GLRenderTextureData {
[INFO] [stderr]    |        ------------------- field in this struct
[INFO] [stderr] 91 |     handle: RenderTextureHandle,
[INFO] [stderr]    |     ^^^^^^
[INFO] [stderr]    |
[INFO] [stderr]    = note: `GLRenderTextureData` has derived impls for the traits `Clone` and `Debug`, but these are intentionally ignored during dead code analysis
[INFO] [stderr] 
[INFO] [stderr] warning: the type `&mut T` does not permit being left uninitialized
[INFO] [stderr]    --> src/utils/object_pool.rs:103:45
[INFO] [stderr]     |
[INFO] [stderr] 103 |                 std::mem::swap(&mut v, &mut std::mem::uninitialized());
[INFO] [stderr]     |                                             ^^^^^^^^^^^^^^^^^^^^^^^^^
[INFO] [stderr]     |                                             |
[INFO] [stderr]     |                                             this code causes undefined behavior when executed
[INFO] [stderr]     |                                             help: use `MaybeUninit<T>` instead, and only call `assume_init` after initialization is done
[INFO] [stderr]     |
[INFO] [stderr]     = note: references must be non-null
[INFO] [stderr]     = note: `#[warn(invalid_value)]` on by default
[INFO] [stderr] 
[INFO] [stderr] warning: non-local `impl` definition, `impl` blocks should be written at the same level as their item
[INFO] [stderr]  --> src/video/errors.rs:1:17
[INFO] [stderr]   |
[INFO] [stderr] 1 | #[derive(Debug, Fail)]
[INFO] [stderr]   |                 ^---
[INFO] [stderr]   |                 |
[INFO] [stderr]   |                 `Fail` is not local
[INFO] [stderr]   |                 move the `impl` block outside of this constant `_DERIVE_failure_Fail_FOR_Error`
[INFO] [stderr] 2 | pub enum Error {
[INFO] [stderr]   |          ----- `Error` is not local
[INFO] [stderr]   |
[INFO] [stderr]   = note: the derive macro `Fail` defines the non-local `impl`, and may need to be changed
[INFO] [stderr]   = note: the derive macro `Fail` may come from an old version of the `failure_derive` crate, try updating your dependency with `cargo update -p failure_derive`
[INFO] [stderr]   = note: an `impl` is never scoped, even when it is nested inside an item, as it may impact type checking outside of that item, which can be the case if neither the trait or the self type are at the same nesting level as the `impl`
[INFO] [stderr]   = note: items in an anonymous const item (`const _: () = { ... }`) are treated as in the same scope as the anonymous const's declaration for the purpose of this lint
[INFO] [stderr]   = note: `#[warn(non_local_definitions)]` on by default
[INFO] [stderr]   = note: this warning originates in the derive macro `Fail` (in Nightly builds, run with -Z macro-backtrace for more info)
[INFO] [stderr] 
[INFO] [stderr] warning: non-local `impl` definition, `impl` blocks should be written at the same level as their item
[INFO] [stderr]  --> src/video/errors.rs:1:17
[INFO] [stderr]   |
[INFO] [stderr] 1 | #[derive(Debug, Fail)]
[INFO] [stderr]   |                 ^---
[INFO] [stderr]   |                 |
[INFO] [stderr]   |                 `Display` is not local
[INFO] [stderr]   |                 move the `impl` block outside of this constant `_DERIVE_failure_core_fmt_Display_FOR_Error`
[INFO] [stderr] 2 | pub enum Error {
[INFO] [stderr]   |          ----- `Error` is not local
[INFO] [stderr]   |
[INFO] [stderr]   = note: the derive macro `Fail` defines the non-local `impl`, and may need to be changed
[INFO] [stderr]   = note: the derive macro `Fail` may come from an old version of the `failure_derive` crate, try updating your dependency with `cargo update -p failure_derive`
[INFO] [stderr]   = note: an `impl` is never scoped, even when it is nested inside an item, as it may impact type checking outside of that item, which can be the case if neither the trait or the self type are at the same nesting level as the `impl`
[INFO] [stderr]   = note: items in an anonymous const item (`const _: () = { ... }`) are treated as in the same scope as the anonymous const's declaration for the purpose of this lint
[INFO] [stderr]   = note: this warning originates in the derive macro `Fail` (in Nightly builds, run with -Z macro-backtrace for more info)
[INFO] [stderr] 
[INFO] [stderr] warning: the type `i32` does not permit being left uninitialized
[INFO] [stderr]    --> src/video/backends/gl/capabilities.rs:236:27
[INFO] [stderr]     |
[INFO] [stderr] 236 |             let mut val = mem::uninitialized();
[INFO] [stderr]     |                           ^^^^^^^^^^^^^^^^^^^^
[INFO] [stderr]     |                           |
[INFO] [stderr]     |                           this code causes undefined behavior when executed
[INFO] [stderr]     |                           help: use `MaybeUninit<T>` instead, and only call `assume_init` after initialization is done
[INFO] [stderr]     |
[INFO] [stderr]     = note: integers must be initialized
[INFO] [stderr] 
[INFO] [stderr] warning: the type `i32` does not permit being left uninitialized
[INFO] [stderr]    --> src/video/backends/gl/capabilities.rs:296:27
[INFO] [stderr]     |
[INFO] [stderr] 296 |             let mut val = mem::uninitialized();
[INFO] [stderr]     |                           ^^^^^^^^^^^^^^^^^^^^
[INFO] [stderr]     |                           |
[INFO] [stderr]     |                           this code causes undefined behavior when executed
[INFO] [stderr]     |                           help: use `MaybeUninit<T>` instead, and only call `assume_init` after initialization is done
[INFO] [stderr]     |
[INFO] [stderr]     = note: integers must be initialized
[INFO] [stderr] 
[INFO] [stderr] warning: the type `i32` does not permit being left uninitialized
[INFO] [stderr]    --> src/video/backends/gl/capabilities.rs:321:27
[INFO] [stderr]     |
[INFO] [stderr] 321 |             let mut val = mem::uninitialized();
[INFO] [stderr]     |                           ^^^^^^^^^^^^^^^^^^^^
[INFO] [stderr]     |                           |
[INFO] [stderr]     |                           this code causes undefined behavior when executed
[INFO] [stderr]     |                           help: use `MaybeUninit<T>` instead, and only call `assume_init` after initialization is done
[INFO] [stderr]     |
[INFO] [stderr]     = note: integers must be initialized
[INFO] [stderr] 
[INFO] [stderr] warning: `crayon` (lib) generated 37 warnings (run `cargo fix --lib -p crayon` to apply 19 suggestions)
[INFO] [stderr] warning: `crayon` (lib test) generated 37 warnings (37 duplicates)
[INFO] [stderr]     Finished `test` profile [unoptimized + debuginfo] target(s) in 0.15s
[INFO] [stderr]      Running unittests src/lib.rs (/opt/rustwide/target/debug/deps/crayon-e3d7ac81af754492)
[INFO] [stdout] 
[INFO] [stdout] running 12 tests
[INFO] [stdout] test utils::handle::test::basic ... ok
[INFO] [stdout] test utils::handle::test::type_safe_handle ... ok
[INFO] [stdout] test utils::data_buf::test::buf ... ok
[INFO] [stdout] test utils::hash::test::basic ... ok
[INFO] [stdout] test utils::hash_value::test::collections ... ok
[INFO] [stdout] test utils::handle::test::container ... ok
[INFO] [stdout] test utils::hash_value::test::hash_path ... ok
[INFO] [stdout] test utils::hash_value::test::hash_str ... ok
[INFO] [stdout] test video::assets::mesh::macros::test::basic ... ok
[INFO] [stdout] test video::assets::mesh::test::basic ... ok
[INFO] [stdout] test video::assets::mesh::test::rewrite ... ok
[INFO] [stdout] test video::assets::mesh::macros::test::representation ... ok
[INFO] [stdout] 
[INFO] [stdout] test result: ok. 12 passed; 0 failed; 0 ignored; 0 measured; 0 filtered out; finished in 0.02s
[INFO] [stdout] 
[INFO] [stderr]      Running tests/handle_pool.rs (/opt/rustwide/target/debug/deps/handle_pool-900f8a7b302e911c)
[INFO] [stdout] 
[INFO] [stdout] running 5 tests
[INFO] [stdout] test handle_set ... ok
[INFO] [stdout] test index_reuse ... ok
[INFO] [stdout] test iter ... ok
[INFO] [stdout] test retain ... ok
[INFO] [stderr]      Running tests/object_pool.rs (/opt/rustwide/target/debug/deps/object_pool-a4c1a8883188a105)
[INFO] [stdout] test index_compact_reuse ... ok
[INFO] [stdout] 
[INFO] [stdout] test result: ok. 5 passed; 0 failed; 0 ignored; 0 measured; 0 filtered out; finished in 0.00s
[INFO] [stdout] 
[INFO] [stdout] 
[INFO] [stdout] running 2 tests
[INFO] [stdout] test basic ... ok
[INFO] [stderr]      Running tests/res.rs (/opt/rustwide/target/debug/deps/res-97ccbd1d9e8b5c9d)
[INFO] [stdout] test iterator ... ok
[INFO] [stderr]      Running tests/shortcut.rs (/opt/rustwide/target/debug/deps/shortcut-033732a6b370b863)
[INFO] [stdout] 
[INFO] [stdout] test result: ok. 2 passed; 0 failed; 0 ignored; 0 measured; 0 filtered out; finished in 0.01s
[INFO] [stdout] 
[INFO] [stdout] 
[INFO] [stdout] running 0 tests
[INFO] [stdout] 
[INFO] [stdout] test result: ok. 0 passed; 0 failed; 0 ignored; 0 measured; 0 filtered out; finished in 0.00s
[INFO] [stdout] 
[INFO] [stdout] 
[INFO] [stdout] running 2 tests
[INFO] [stdout] test basic ... ok
[INFO] [stdout] test err ... ok
[INFO] [stderr]      Running tests/url.rs (/opt/rustwide/target/debug/deps/url-5ce51c7bb948bf5e)
[INFO] [stdout] 
[INFO] [stdout] test result: ok. 2 passed; 0 failed; 0 ignored; 0 measured; 0 filtered out; finished in 0.00s
[INFO] [stdout] 
[INFO] [stdout] 
[INFO] [stdout] running 4 tests
[INFO] [stdout] test basic ... ok
[INFO] [stdout] test basic_2 ... ok
[INFO] [stdout] test queries ... ok
[INFO] [stdout] test err ... ok
[INFO] [stdout] 
[INFO] [stdout] test result: ok. 4 passed; 0 failed; 0 ignored; 0 measured; 0 filtered out; finished in 0.00s
[INFO] [stdout] 
[INFO] [stderr]    Doc-tests crayon
[INFO] [stdout] 
[INFO] [stdout] running 14 tests
[INFO] [stdout] test src/application/mod.rs - application (line 11) ... ignored
[INFO] [stdout] test src/input/mod.rs - input (line 71) ... FAILED
[INFO] [stdout] test src/input/mod.rs - input (line 18) ... FAILED
[INFO] [stdout] test src/video/mod.rs - video (line 170) ... FAILED
[INFO] [stdout] test src/video/mod.rs - video (line 150) ... FAILED
[INFO] [stdout] test src/input/mod.rs - input (line 119) ... FAILED
[INFO] [stdout] test src/input/mod.rs - input (line 84) ... ok
[INFO] [stdout] test src/input/mod.rs - input (line 54) ... ok
[INFO] [stdout] test src/input/mod.rs - input (line 99) ... ok
[INFO] [stdout] test src/input/mod.rs - input (line 39) ... ok
[INFO] [stdout] test src/input/mod.rs - input (line 7) ... ok
[INFO] [stdout] test src/input/mod.rs - input (line 133) ... ok
[INFO] [stdout] test src/video/mod.rs - video (line 113) ... FAILED
[INFO] [stdout] test src/video/mod.rs - video (line 86) ... FAILED
[INFO] [stdout] 
[INFO] [stdout] failures:
[INFO] [stdout] 
[INFO] [stdout] ---- src/input/mod.rs - input (line 71) stdout ----
[INFO] [stdout] error: linking with `cc` failed: exit status: 1
[INFO] [stdout]   |
[INFO] [stdout]   = note: LC_ALL="C" PATH="/opt/rustwide/rustup-home/toolchains/beta-2024-12-08-x86_64-unknown-linux-gnu/lib/rustlib/x86_64-unknown-linux-gnu/bin:/opt/rustwide/cargo-home/bin:/usr/local/sbin:/usr/local/bin:/usr/sbin:/usr/bin:/sbin:/bin" VSLANG="1033" "cc" "-m64" "/tmp/rustc8lL10o/symbols.o" "/tmp/rustdoctestmyazeU/rust_out.rust_out.9242fac72db2cd11-cgu.0.rcgu.o" "/tmp/rustdoctestmyazeU/rust_out.2hl2tb9xdtge7mguxzn2q1kvi.rcgu.o" "-Wl,--as-needed" "-Wl,-Bstatic" "/opt/rustwide/target/debug/deps/libcrayon-ea17195b5ce50d30.rlib" "/opt/rustwide/target/debug/deps/libuuid-c627c0ae3881dee9.rlib" "/opt/rustwide/target/debug/deps/libbincode-c3387a9a05c66329.rlib" "/opt/rustwide/target/debug/deps/libinlinable_string-0d00b4c6ae8a99c5.rlib" "/opt/rustwide/target/debug/deps/libcrossbeam_deque-f2924f9212f18992.rlib" "/opt/rustwide/target/debug/deps/libcrossbeam_epoch-b805662becfbbcbe.rlib" "/opt/rustwide/target/debug/deps/libmemoffset-7edd24541f42bbd3.rlib" "/opt/rustwide/target/debug/deps/libcrossbeam_utils-00b91dcb5e70f978.rlib" "/opt/rustwide/target/debug/deps/libarrayvec-00f1f9aef8611447.rlib" "/opt/rustwide/target/debug/deps/libnodrop-09d2a89f7126b09f.rlib" "/opt/rustwide/target/debug/deps/libserde_json-4fb4da326663cf79.rlib" "/opt/rustwide/target/debug/deps/libitoa-87633a66effadcdd.rlib" "/opt/rustwide/target/debug/deps/libryu-6e02dac7c3b6be75.rlib" "/opt/rustwide/target/debug/deps/libbyteorder-6ac88002c46ec63a.rlib" "/opt/rustwide/target/debug/deps/libcgmath-1510df36e1236343.rlib" "/opt/rustwide/target/debug/deps/libnum_traits-5d9a92ac2558f13d.rlib" "/opt/rustwide/target/debug/deps/libnum_traits-ae140458cd3f9038.rlib" "/opt/rustwide/target/debug/deps/librand-2dcb6b3f78ace5fc.rlib" "/opt/rustwide/target/debug/deps/libapprox-5c3f79124dbd4164.rlib" "/opt/rustwide/target/debug/deps/libfailure-cea608140d886f2f.rlib" "/opt/rustwide/target/debug/deps/libbacktrace-ac72d5535145c04e.rlib" "/opt/rustwide/target/debug/deps/libminiz_oxide-0adfb4e59d3040a0.rlib" "/opt/rustwide/target/debug/deps/libadler2-36adbb7ac4252fa0.rlib" "/opt/rustwide/target/debug/deps/libobject-6c23a41922cafa7e.rlib" "/opt/rustwide/target/debug/deps/libmemchr-d6cb21f6c03ed32f.rlib" "/opt/rustwide/target/debug/deps/libaddr2line-5cfbac0a5e682d74.rlib" "/opt/rustwide/target/debug/deps/libgimli-7f6d74cf58837ce8.rlib" "/opt/rustwide/target/debug/deps/librustc_demangle-e0324ea654ce1d71.rlib" "/opt/rustwide/target/debug/deps/libglutin-9aafcf78f93f2450.rlib" "/opt/rustwide/target/debug/deps/libosmesa_sys-1cda58ac821fda22.rlib" "/opt/rustwide/target/debug/deps/libwinit-34f82498e13d6bf0.rlib" "/opt/rustwide/target/debug/deps/libsmithay_client_toolkit-dcb6a9a954248184.rlib" "/opt/rustwide/target/debug/deps/libwayland_protocols-4ac7fb026903a89f.rlib" "/opt/rustwide/target/debug/deps/libwayland_client-2e142699686c51b4.rlib" "/opt/rustwide/target/debug/deps/libwayland_commons-78c7a54c406325d8.rlib" "/opt/rustwide/target/debug/deps/libwayland_sys-41d62a49a7f2e350.rlib" "/opt/rustwide/target/debug/deps/libdowncast_rs-230e47d6198bdcb6.rlib" "/opt/rustwide/target/debug/deps/libnix-1f14880ed81f83a9.rlib" "/opt/rustwide/target/debug/deps/libvoid-e9e66bdf6e7605ed.rlib" "/opt/rustwide/target/debug/deps/libcfg_if-66a9116f556de7cb.rlib" "/opt/rustwide/target/debug/deps/libmemmap-c2c0c91fa6606fda.rlib" "/opt/rustwide/target/debug/deps/libdlib-348d19c3b65dc1b3.rlib" "/opt/rustwide/target/debug/deps/liblibloading-fde38f22a2ecf0c2.rlib" "/opt/rustwide/target/debug/deps/libcfg_if-a3e7e701fcd1f47b.rlib" "/opt/rustwide/target/debug/deps/libbitflags-85e13ed1e0c6d910.rlib" "/opt/rustwide/target/debug/deps/libpercent_encoding-e3d9b7198757e6b8.rlib" "/opt/rustwide/target/debug/deps/libparking_lot-9e92add447736136.rlib" "/opt/rustwide/target/debug/deps/libparking_lot_core-2b9eae997e4e1863.rlib" "/opt/rustwide/target/debug/deps/libsmallvec-6d950d5e144020df.rlib" "/opt/rustwide/target/debug/deps/libmaybe_uninit-fad82e8f246a52b5.rlib" "/opt/rustwide/target/debug/deps/libserde-a7addebf614025f5.rlib" "/opt/rustwide/target/debug/deps/librand-3efb3be6637d3415.rlib" "/opt/rustwide/target/debug/deps/librand_core-4c51f1f2a7f810f5.rlib" "/opt/rustwide/target/debug/deps/librand_core-1adf33305417fb82.rlib" "/opt/rustwide/target/debug/deps/liblock_api-618371b6ff3176f1.rlib" "/opt/rustwide/target/debug/deps/libowning_ref-a32444d18c2e379b.rlib" "/opt/rustwide/target/debug/deps/libstable_deref_trait-2a0dbe5da253a28f.rlib" "/opt/rustwide/target/debug/deps/libscopeguard-bd41e3561a901f84.rlib" "/opt/rustwide/target/debug/deps/libx11_dl-f71767c3f1df77ec.rlib" "/opt/rustwide/target/debug/deps/libonce_cell-0a05695a483fa658.rlib" "/opt/rustwide/target/debug/deps/liblog-e73d77c4679bb236.rlib" "/opt/rustwide/target/debug/deps/libshared_library-f22010693c5af9a9.rlib" "/opt/rustwide/target/debug/deps/liblazy_static-34736fcc74b41a53.rlib" "/opt/rustwide/target/debug/deps/liblibc-ab537429a1f68abe.rlib" "/opt/rustwide/target/debug/deps/libgl-d82d8529f9f8e469.rlib" "/opt/rustwide/rustup-home/toolchains/beta-2024-12-08-x86_64-unknown-linux-gnu/lib/rustlib/x86_64-unknown-linux-gnu/lib/libstd-02dc84f49135b6b8.rlib" "/opt/rustwide/rustup-home/toolchains/beta-2024-12-08-x86_64-unknown-linux-gnu/lib/rustlib/x86_64-unknown-linux-gnu/lib/libpanic_unwind-a8f45b397fae3f81.rlib" "/opt/rustwide/rustup-home/toolchains/beta-2024-12-08-x86_64-unknown-linux-gnu/lib/rustlib/x86_64-unknown-linux-gnu/lib/libobject-089607133c180609.rlib" "/opt/rustwide/rustup-home/toolchains/beta-2024-12-08-x86_64-unknown-linux-gnu/lib/rustlib/x86_64-unknown-linux-gnu/lib/libmemchr-fc89f091bcd86cbb.rlib" "/opt/rustwide/rustup-home/toolchains/beta-2024-12-08-x86_64-unknown-linux-gnu/lib/rustlib/x86_64-unknown-linux-gnu/lib/libaddr2line-5a60949f01c7340c.rlib" "/opt/rustwide/rustup-home/toolchains/beta-2024-12-08-x86_64-unknown-linux-gnu/lib/rustlib/x86_64-unknown-linux-gnu/lib/libgimli-d29e6a55ca253c8c.rlib" "/opt/rustwide/rustup-home/toolchains/beta-2024-12-08-x86_64-unknown-linux-gnu/lib/rustlib/x86_64-unknown-linux-gnu/lib/librustc_demangle-273c078d5f65de7a.rlib" "/opt/rustwide/rustup-home/toolchains/beta-2024-12-08-x86_64-unknown-linux-gnu/lib/rustlib/x86_64-unknown-linux-gnu/lib/libstd_detect-413c950ffbdd4454.rlib" "/opt/rustwide/rustup-home/toolchains/beta-2024-12-08-x86_64-unknown-linux-gnu/lib/rustlib/x86_64-unknown-linux-gnu/lib/libhashbrown-1853c0976a1d88a6.rlib" "/opt/rustwide/rustup-home/toolchains/beta-2024-12-08-x86_64-unknown-linux-gnu/lib/rustlib/x86_64-unknown-linux-gnu/lib/librustc_std_workspace_alloc-ccb3384ddacb0f9e.rlib" "/opt/rustwide/rustup-home/toolchains/beta-2024-12-08-x86_64-unknown-linux-gnu/lib/rustlib/x86_64-unknown-linux-gnu/lib/libminiz_oxide-0b901dfb0ca849e0.rlib" "/opt/rustwide/rustup-home/toolchains/beta-2024-12-08-x86_64-unknown-linux-gnu/lib/rustlib/x86_64-unknown-linux-gnu/lib/libadler-eebeb8d7c64543ad.rlib" "/opt/rustwide/rustup-home/toolchains/beta-2024-12-08-x86_64-unknown-linux-gnu/lib/rustlib/x86_64-unknown-linux-gnu/lib/libunwind-4723ef81d6079867.rlib" "/opt/rustwide/rustup-home/toolchains/beta-2024-12-08-x86_64-unknown-linux-gnu/lib/rustlib/x86_64-unknown-linux-gnu/lib/libcfg_if-54442f8b422f5a54.rlib" "/opt/rustwide/rustup-home/toolchains/beta-2024-12-08-x86_64-unknown-linux-gnu/lib/rustlib/x86_64-unknown-linux-gnu/lib/liblibc-e0bbe034b5282553.rlib" "/opt/rustwide/rustup-home/toolchains/beta-2024-12-08-x86_64-unknown-linux-gnu/lib/rustlib/x86_64-unknown-linux-gnu/lib/liballoc-d0febb68c1c37b90.rlib" "/opt/rustwide/rustup-home/toolchains/beta-2024-12-08-x86_64-unknown-linux-gnu/lib/rustlib/x86_64-unknown-linux-gnu/lib/librustc_std_workspace_core-4cf833632aafa84c.rlib" "/opt/rustwide/rustup-home/toolchains/beta-2024-12-08-x86_64-unknown-linux-gnu/lib/rustlib/x86_64-unknown-linux-gnu/lib/libcore-65c2c6d2d6ae570b.rlib" "/opt/rustwide/rustup-home/toolchains/beta-2024-12-08-x86_64-unknown-linux-gnu/lib/rustlib/x86_64-unknown-linux-gnu/lib/libcompiler_builtins-97929cee0dcfe424.rlib" "-Wl,-Bdynamic" "-ldl" "-ldl" "-lgcc_s" "-lutil" "-lrt" "-lpthread" "-lm" "-ldl" "-lc" "-Wl,--eh-frame-hdr" "-Wl,-z,noexecstack" "-L" "/opt/rustwide/rustup-home/toolchains/beta-2024-12-08-x86_64-unknown-linux-gnu/lib/rustlib/x86_64-unknown-linux-gnu/lib" "-o" "/tmp/rustdoctestmyazeU/rust_out" "-Wl,--gc-sections" "-pie" "-Wl,-z,relro,-z,now" "-nodefaultlibs"
[INFO] [stdout]   = note: collect2: fatal error: ld terminated with signal 9 [Killed]
[INFO] [stdout]           compilation terminated.
[INFO] [stdout]           
[INFO] [stdout] 
[INFO] [stdout] error: aborting due to 1 previous error
[INFO] [stdout] 
[INFO] [stdout] Couldn't compile the test.
[INFO] [stdout] ---- src/input/mod.rs - input (line 18) stdout ----
[INFO] [stdout] error: linking with `cc` failed: exit status: 1
[INFO] [stdout]   |
[INFO] [stdout]   = note: LC_ALL="C" PATH="/opt/rustwide/rustup-home/toolchains/beta-2024-12-08-x86_64-unknown-linux-gnu/lib/rustlib/x86_64-unknown-linux-gnu/bin:/opt/rustwide/cargo-home/bin:/usr/local/sbin:/usr/local/bin:/usr/sbin:/usr/bin:/sbin:/bin" VSLANG="1033" "cc" "-m64" "/tmp/rustcgInVO3/symbols.o" "/tmp/rustdoctestRmCkjB/rust_out.rust_out.9242fac72db2cd11-cgu.0.rcgu.o" "/tmp/rustdoctestRmCkjB/rust_out.2hl2tb9xdtge7mguxzn2q1kvi.rcgu.o" "-Wl,--as-needed" "-Wl,-Bstatic" "/opt/rustwide/target/debug/deps/libcrayon-ea17195b5ce50d30.rlib" "/opt/rustwide/target/debug/deps/libuuid-c627c0ae3881dee9.rlib" "/opt/rustwide/target/debug/deps/libbincode-c3387a9a05c66329.rlib" "/opt/rustwide/target/debug/deps/libinlinable_string-0d00b4c6ae8a99c5.rlib" "/opt/rustwide/target/debug/deps/libcrossbeam_deque-f2924f9212f18992.rlib" "/opt/rustwide/target/debug/deps/libcrossbeam_epoch-b805662becfbbcbe.rlib" "/opt/rustwide/target/debug/deps/libmemoffset-7edd24541f42bbd3.rlib" "/opt/rustwide/target/debug/deps/libcrossbeam_utils-00b91dcb5e70f978.rlib" "/opt/rustwide/target/debug/deps/libarrayvec-00f1f9aef8611447.rlib" "/opt/rustwide/target/debug/deps/libnodrop-09d2a89f7126b09f.rlib" "/opt/rustwide/target/debug/deps/libserde_json-4fb4da326663cf79.rlib" "/opt/rustwide/target/debug/deps/libitoa-87633a66effadcdd.rlib" "/opt/rustwide/target/debug/deps/libryu-6e02dac7c3b6be75.rlib" "/opt/rustwide/target/debug/deps/libbyteorder-6ac88002c46ec63a.rlib" "/opt/rustwide/target/debug/deps/libcgmath-1510df36e1236343.rlib" "/opt/rustwide/target/debug/deps/libnum_traits-5d9a92ac2558f13d.rlib" "/opt/rustwide/target/debug/deps/libnum_traits-ae140458cd3f9038.rlib" "/opt/rustwide/target/debug/deps/librand-2dcb6b3f78ace5fc.rlib" "/opt/rustwide/target/debug/deps/libapprox-5c3f79124dbd4164.rlib" "/opt/rustwide/target/debug/deps/libfailure-cea608140d886f2f.rlib" "/opt/rustwide/target/debug/deps/libbacktrace-ac72d5535145c04e.rlib" "/opt/rustwide/target/debug/deps/libminiz_oxide-0adfb4e59d3040a0.rlib" "/opt/rustwide/target/debug/deps/libadler2-36adbb7ac4252fa0.rlib" "/opt/rustwide/target/debug/deps/libobject-6c23a41922cafa7e.rlib" "/opt/rustwide/target/debug/deps/libmemchr-d6cb21f6c03ed32f.rlib" "/opt/rustwide/target/debug/deps/libaddr2line-5cfbac0a5e682d74.rlib" "/opt/rustwide/target/debug/deps/libgimli-7f6d74cf58837ce8.rlib" "/opt/rustwide/target/debug/deps/librustc_demangle-e0324ea654ce1d71.rlib" "/opt/rustwide/target/debug/deps/libglutin-9aafcf78f93f2450.rlib" "/opt/rustwide/target/debug/deps/libosmesa_sys-1cda58ac821fda22.rlib" "/opt/rustwide/target/debug/deps/libwinit-34f82498e13d6bf0.rlib" "/opt/rustwide/target/debug/deps/libsmithay_client_toolkit-dcb6a9a954248184.rlib" "/opt/rustwide/target/debug/deps/libwayland_protocols-4ac7fb026903a89f.rlib" "/opt/rustwide/target/debug/deps/libwayland_client-2e142699686c51b4.rlib" "/opt/rustwide/target/debug/deps/libwayland_commons-78c7a54c406325d8.rlib" "/opt/rustwide/target/debug/deps/libwayland_sys-41d62a49a7f2e350.rlib" "/opt/rustwide/target/debug/deps/libdowncast_rs-230e47d6198bdcb6.rlib" "/opt/rustwide/target/debug/deps/libnix-1f14880ed81f83a9.rlib" "/opt/rustwide/target/debug/deps/libvoid-e9e66bdf6e7605ed.rlib" "/opt/rustwide/target/debug/deps/libcfg_if-66a9116f556de7cb.rlib" "/opt/rustwide/target/debug/deps/libmemmap-c2c0c91fa6606fda.rlib" "/opt/rustwide/target/debug/deps/libdlib-348d19c3b65dc1b3.rlib" "/opt/rustwide/target/debug/deps/liblibloading-fde38f22a2ecf0c2.rlib" "/opt/rustwide/target/debug/deps/libcfg_if-a3e7e701fcd1f47b.rlib" "/opt/rustwide/target/debug/deps/libbitflags-85e13ed1e0c6d910.rlib" "/opt/rustwide/target/debug/deps/libpercent_encoding-e3d9b7198757e6b8.rlib" "/opt/rustwide/target/debug/deps/libparking_lot-9e92add447736136.rlib" "/opt/rustwide/target/debug/deps/libparking_lot_core-2b9eae997e4e1863.rlib" "/opt/rustwide/target/debug/deps/libsmallvec-6d950d5e144020df.rlib" "/opt/rustwide/target/debug/deps/libmaybe_uninit-fad82e8f246a52b5.rlib" "/opt/rustwide/target/debug/deps/libserde-a7addebf614025f5.rlib" "/opt/rustwide/target/debug/deps/librand-3efb3be6637d3415.rlib" "/opt/rustwide/target/debug/deps/librand_core-4c51f1f2a7f810f5.rlib" "/opt/rustwide/target/debug/deps/librand_core-1adf33305417fb82.rlib" "/opt/rustwide/target/debug/deps/liblock_api-618371b6ff3176f1.rlib" "/opt/rustwide/target/debug/deps/libowning_ref-a32444d18c2e379b.rlib" "/opt/rustwide/target/debug/deps/libstable_deref_trait-2a0dbe5da253a28f.rlib" "/opt/rustwide/target/debug/deps/libscopeguard-bd41e3561a901f84.rlib" "/opt/rustwide/target/debug/deps/libx11_dl-f71767c3f1df77ec.rlib" "/opt/rustwide/target/debug/deps/libonce_cell-0a05695a483fa658.rlib" "/opt/rustwide/target/debug/deps/liblog-e73d77c4679bb236.rlib" "/opt/rustwide/target/debug/deps/libshared_library-f22010693c5af9a9.rlib" "/opt/rustwide/target/debug/deps/liblazy_static-34736fcc74b41a53.rlib" "/opt/rustwide/target/debug/deps/liblibc-ab537429a1f68abe.rlib" "/opt/rustwide/target/debug/deps/libgl-d82d8529f9f8e469.rlib" "/opt/rustwide/rustup-home/toolchains/beta-2024-12-08-x86_64-unknown-linux-gnu/lib/rustlib/x86_64-unknown-linux-gnu/lib/libstd-02dc84f49135b6b8.rlib" "/opt/rustwide/rustup-home/toolchains/beta-2024-12-08-x86_64-unknown-linux-gnu/lib/rustlib/x86_64-unknown-linux-gnu/lib/libpanic_unwind-a8f45b397fae3f81.rlib" "/opt/rustwide/rustup-home/toolchains/beta-2024-12-08-x86_64-unknown-linux-gnu/lib/rustlib/x86_64-unknown-linux-gnu/lib/libobject-089607133c180609.rlib" "/opt/rustwide/rustup-home/toolchains/beta-2024-12-08-x86_64-unknown-linux-gnu/lib/rustlib/x86_64-unknown-linux-gnu/lib/libmemchr-fc89f091bcd86cbb.rlib" "/opt/rustwide/rustup-home/toolchains/beta-2024-12-08-x86_64-unknown-linux-gnu/lib/rustlib/x86_64-unknown-linux-gnu/lib/libaddr2line-5a60949f01c7340c.rlib" "/opt/rustwide/rustup-home/toolchains/beta-2024-12-08-x86_64-unknown-linux-gnu/lib/rustlib/x86_64-unknown-linux-gnu/lib/libgimli-d29e6a55ca253c8c.rlib" "/opt/rustwide/rustup-home/toolchains/beta-2024-12-08-x86_64-unknown-linux-gnu/lib/rustlib/x86_64-unknown-linux-gnu/lib/librustc_demangle-273c078d5f65de7a.rlib" "/opt/rustwide/rustup-home/toolchains/beta-2024-12-08-x86_64-unknown-linux-gnu/lib/rustlib/x86_64-unknown-linux-gnu/lib/libstd_detect-413c950ffbdd4454.rlib" "/opt/rustwide/rustup-home/toolchains/beta-2024-12-08-x86_64-unknown-linux-gnu/lib/rustlib/x86_64-unknown-linux-gnu/lib/libhashbrown-1853c0976a1d88a6.rlib" "/opt/rustwide/rustup-home/toolchains/beta-2024-12-08-x86_64-unknown-linux-gnu/lib/rustlib/x86_64-unknown-linux-gnu/lib/librustc_std_workspace_alloc-ccb3384ddacb0f9e.rlib" "/opt/rustwide/rustup-home/toolchains/beta-2024-12-08-x86_64-unknown-linux-gnu/lib/rustlib/x86_64-unknown-linux-gnu/lib/libminiz_oxide-0b901dfb0ca849e0.rlib" "/opt/rustwide/rustup-home/toolchains/beta-2024-12-08-x86_64-unknown-linux-gnu/lib/rustlib/x86_64-unknown-linux-gnu/lib/libadler-eebeb8d7c64543ad.rlib" "/opt/rustwide/rustup-home/toolchains/beta-2024-12-08-x86_64-unknown-linux-gnu/lib/rustlib/x86_64-unknown-linux-gnu/lib/libunwind-4723ef81d6079867.rlib" "/opt/rustwide/rustup-home/toolchains/beta-2024-12-08-x86_64-unknown-linux-gnu/lib/rustlib/x86_64-unknown-linux-gnu/lib/libcfg_if-54442f8b422f5a54.rlib" "/opt/rustwide/rustup-home/toolchains/beta-2024-12-08-x86_64-unknown-linux-gnu/lib/rustlib/x86_64-unknown-linux-gnu/lib/liblibc-e0bbe034b5282553.rlib" "/opt/rustwide/rustup-home/toolchains/beta-2024-12-08-x86_64-unknown-linux-gnu/lib/rustlib/x86_64-unknown-linux-gnu/lib/liballoc-d0febb68c1c37b90.rlib" "/opt/rustwide/rustup-home/toolchains/beta-2024-12-08-x86_64-unknown-linux-gnu/lib/rustlib/x86_64-unknown-linux-gnu/lib/librustc_std_workspace_core-4cf833632aafa84c.rlib" "/opt/rustwide/rustup-home/toolchains/beta-2024-12-08-x86_64-unknown-linux-gnu/lib/rustlib/x86_64-unknown-linux-gnu/lib/libcore-65c2c6d2d6ae570b.rlib" "/opt/rustwide/rustup-home/toolchains/beta-2024-12-08-x86_64-unknown-linux-gnu/lib/rustlib/x86_64-unknown-linux-gnu/lib/libcompiler_builtins-97929cee0dcfe424.rlib" "-Wl,-Bdynamic" "-ldl" "-ldl" "-lgcc_s" "-lutil" "-lrt" "-lpthread" "-lm" "-ldl" "-lc" "-Wl,--eh-frame-hdr" "-Wl,-z,noexecstack" "-L" "/opt/rustwide/rustup-home/toolchains/beta-2024-12-08-x86_64-unknown-linux-gnu/lib/rustlib/x86_64-unknown-linux-gnu/lib" "-o" "/tmp/rustdoctestRmCkjB/rust_out" "-Wl,--gc-sections" "-pie" "-Wl,-z,relro,-z,now" "-nodefaultlibs"
[INFO] [stdout]   = note: collect2: fatal error: ld terminated with signal 9 [Killed]
[INFO] [stdout]           compilation terminated.
[INFO] [stdout]           
[INFO] [stdout] 
[INFO] [stdout] error: aborting due to 1 previous error
[INFO] [stdout] 
[INFO] [stdout] Couldn't compile the test.
[INFO] [stdout] ---- src/video/mod.rs - video (line 170) stdout ----
[INFO] [stdout] error: linking with `cc` failed: exit status: 1
[INFO] [stdout]   |
[INFO] [stdout]   = note: LC_ALL="C" PATH="/opt/rustwide/rustup-home/toolchains/beta-2024-12-08-x86_64-unknown-linux-gnu/lib/rustlib/x86_64-unknown-linux-gnu/bin:/opt/rustwide/cargo-home/bin:/usr/local/sbin:/usr/local/bin:/usr/sbin:/usr/bin:/sbin:/bin" VSLANG="1033" "cc" "-m64" "/tmp/rustcxX1YrB/symbols.o" "/tmp/rustdoctestYzC38J/rust_out.rust_out.9242fac72db2cd11-cgu.0.rcgu.o" "/tmp/rustdoctestYzC38J/rust_out.2hl2tb9xdtge7mguxzn2q1kvi.rcgu.o" "-Wl,--as-needed" "-Wl,-Bstatic" "/opt/rustwide/target/debug/deps/libcrayon-ea17195b5ce50d30.rlib" "/opt/rustwide/target/debug/deps/libuuid-c627c0ae3881dee9.rlib" "/opt/rustwide/target/debug/deps/libbincode-c3387a9a05c66329.rlib" "/opt/rustwide/target/debug/deps/libinlinable_string-0d00b4c6ae8a99c5.rlib" "/opt/rustwide/target/debug/deps/libcrossbeam_deque-f2924f9212f18992.rlib" "/opt/rustwide/target/debug/deps/libcrossbeam_epoch-b805662becfbbcbe.rlib" "/opt/rustwide/target/debug/deps/libmemoffset-7edd24541f42bbd3.rlib" "/opt/rustwide/target/debug/deps/libcrossbeam_utils-00b91dcb5e70f978.rlib" "/opt/rustwide/target/debug/deps/libarrayvec-00f1f9aef8611447.rlib" "/opt/rustwide/target/debug/deps/libnodrop-09d2a89f7126b09f.rlib" "/opt/rustwide/target/debug/deps/libserde_json-4fb4da326663cf79.rlib" "/opt/rustwide/target/debug/deps/libitoa-87633a66effadcdd.rlib" "/opt/rustwide/target/debug/deps/libryu-6e02dac7c3b6be75.rlib" "/opt/rustwide/target/debug/deps/libbyteorder-6ac88002c46ec63a.rlib" "/opt/rustwide/target/debug/deps/libcgmath-1510df36e1236343.rlib" "/opt/rustwide/target/debug/deps/libnum_traits-5d9a92ac2558f13d.rlib" "/opt/rustwide/target/debug/deps/libnum_traits-ae140458cd3f9038.rlib" "/opt/rustwide/target/debug/deps/librand-2dcb6b3f78ace5fc.rlib" "/opt/rustwide/target/debug/deps/libapprox-5c3f79124dbd4164.rlib" "/opt/rustwide/target/debug/deps/libfailure-cea608140d886f2f.rlib" "/opt/rustwide/target/debug/deps/libbacktrace-ac72d5535145c04e.rlib" "/opt/rustwide/target/debug/deps/libminiz_oxide-0adfb4e59d3040a0.rlib" "/opt/rustwide/target/debug/deps/libadler2-36adbb7ac4252fa0.rlib" "/opt/rustwide/target/debug/deps/libobject-6c23a41922cafa7e.rlib" "/opt/rustwide/target/debug/deps/libmemchr-d6cb21f6c03ed32f.rlib" "/opt/rustwide/target/debug/deps/libaddr2line-5cfbac0a5e682d74.rlib" "/opt/rustwide/target/debug/deps/libgimli-7f6d74cf58837ce8.rlib" "/opt/rustwide/target/debug/deps/librustc_demangle-e0324ea654ce1d71.rlib" "/opt/rustwide/target/debug/deps/libglutin-9aafcf78f93f2450.rlib" "/opt/rustwide/target/debug/deps/libosmesa_sys-1cda58ac821fda22.rlib" "/opt/rustwide/target/debug/deps/libwinit-34f82498e13d6bf0.rlib" "/opt/rustwide/target/debug/deps/libsmithay_client_toolkit-dcb6a9a954248184.rlib" "/opt/rustwide/target/debug/deps/libwayland_protocols-4ac7fb026903a89f.rlib" "/opt/rustwide/target/debug/deps/libwayland_client-2e142699686c51b4.rlib" "/opt/rustwide/target/debug/deps/libwayland_commons-78c7a54c406325d8.rlib" "/opt/rustwide/target/debug/deps/libwayland_sys-41d62a49a7f2e350.rlib" "/opt/rustwide/target/debug/deps/libdowncast_rs-230e47d6198bdcb6.rlib" "/opt/rustwide/target/debug/deps/libnix-1f14880ed81f83a9.rlib" "/opt/rustwide/target/debug/deps/libvoid-e9e66bdf6e7605ed.rlib" "/opt/rustwide/target/debug/deps/libcfg_if-66a9116f556de7cb.rlib" "/opt/rustwide/target/debug/deps/libmemmap-c2c0c91fa6606fda.rlib" "/opt/rustwide/target/debug/deps/libdlib-348d19c3b65dc1b3.rlib" "/opt/rustwide/target/debug/deps/liblibloading-fde38f22a2ecf0c2.rlib" "/opt/rustwide/target/debug/deps/libcfg_if-a3e7e701fcd1f47b.rlib" "/opt/rustwide/target/debug/deps/libbitflags-85e13ed1e0c6d910.rlib" "/opt/rustwide/target/debug/deps/libpercent_encoding-e3d9b7198757e6b8.rlib" "/opt/rustwide/target/debug/deps/libparking_lot-9e92add447736136.rlib" "/opt/rustwide/target/debug/deps/libparking_lot_core-2b9eae997e4e1863.rlib" "/opt/rustwide/target/debug/deps/libsmallvec-6d950d5e144020df.rlib" "/opt/rustwide/target/debug/deps/libmaybe_uninit-fad82e8f246a52b5.rlib" "/opt/rustwide/target/debug/deps/libserde-a7addebf614025f5.rlib" "/opt/rustwide/target/debug/deps/librand-3efb3be6637d3415.rlib" "/opt/rustwide/target/debug/deps/librand_core-4c51f1f2a7f810f5.rlib" "/opt/rustwide/target/debug/deps/librand_core-1adf33305417fb82.rlib" "/opt/rustwide/target/debug/deps/liblock_api-618371b6ff3176f1.rlib" "/opt/rustwide/target/debug/deps/libowning_ref-a32444d18c2e379b.rlib" "/opt/rustwide/target/debug/deps/libstable_deref_trait-2a0dbe5da253a28f.rlib" "/opt/rustwide/target/debug/deps/libscopeguard-bd41e3561a901f84.rlib" "/opt/rustwide/target/debug/deps/libx11_dl-f71767c3f1df77ec.rlib" "/opt/rustwide/target/debug/deps/libonce_cell-0a05695a483fa658.rlib" "/opt/rustwide/target/debug/deps/liblog-e73d77c4679bb236.rlib" "/opt/rustwide/target/debug/deps/libshared_library-f22010693c5af9a9.rlib" "/opt/rustwide/target/debug/deps/liblazy_static-34736fcc74b41a53.rlib" "/opt/rustwide/target/debug/deps/liblibc-ab537429a1f68abe.rlib" "/opt/rustwide/target/debug/deps/libgl-d82d8529f9f8e469.rlib" "/opt/rustwide/rustup-home/toolchains/beta-2024-12-08-x86_64-unknown-linux-gnu/lib/rustlib/x86_64-unknown-linux-gnu/lib/libstd-02dc84f49135b6b8.rlib" "/opt/rustwide/rustup-home/toolchains/beta-2024-12-08-x86_64-unknown-linux-gnu/lib/rustlib/x86_64-unknown-linux-gnu/lib/libpanic_unwind-a8f45b397fae3f81.rlib" "/opt/rustwide/rustup-home/toolchains/beta-2024-12-08-x86_64-unknown-linux-gnu/lib/rustlib/x86_64-unknown-linux-gnu/lib/libobject-089607133c180609.rlib" "/opt/rustwide/rustup-home/toolchains/beta-2024-12-08-x86_64-unknown-linux-gnu/lib/rustlib/x86_64-unknown-linux-gnu/lib/libmemchr-fc89f091bcd86cbb.rlib" "/opt/rustwide/rustup-home/toolchains/beta-2024-12-08-x86_64-unknown-linux-gnu/lib/rustlib/x86_64-unknown-linux-gnu/lib/libaddr2line-5a60949f01c7340c.rlib" "/opt/rustwide/rustup-home/toolchains/beta-2024-12-08-x86_64-unknown-linux-gnu/lib/rustlib/x86_64-unknown-linux-gnu/lib/libgimli-d29e6a55ca253c8c.rlib" "/opt/rustwide/rustup-home/toolchains/beta-2024-12-08-x86_64-unknown-linux-gnu/lib/rustlib/x86_64-unknown-linux-gnu/lib/librustc_demangle-273c078d5f65de7a.rlib" "/opt/rustwide/rustup-home/toolchains/beta-2024-12-08-x86_64-unknown-linux-gnu/lib/rustlib/x86_64-unknown-linux-gnu/lib/libstd_detect-413c950ffbdd4454.rlib" "/opt/rustwide/rustup-home/toolchains/beta-2024-12-08-x86_64-unknown-linux-gnu/lib/rustlib/x86_64-unknown-linux-gnu/lib/libhashbrown-1853c0976a1d88a6.rlib" "/opt/rustwide/rustup-home/toolchains/beta-2024-12-08-x86_64-unknown-linux-gnu/lib/rustlib/x86_64-unknown-linux-gnu/lib/librustc_std_workspace_alloc-ccb3384ddacb0f9e.rlib" "/opt/rustwide/rustup-home/toolchains/beta-2024-12-08-x86_64-unknown-linux-gnu/lib/rustlib/x86_64-unknown-linux-gnu/lib/libminiz_oxide-0b901dfb0ca849e0.rlib" "/opt/rustwide/rustup-home/toolchains/beta-2024-12-08-x86_64-unknown-linux-gnu/lib/rustlib/x86_64-unknown-linux-gnu/lib/libadler-eebeb8d7c64543ad.rlib" "/opt/rustwide/rustup-home/toolchains/beta-2024-12-08-x86_64-unknown-linux-gnu/lib/rustlib/x86_64-unknown-linux-gnu/lib/libunwind-4723ef81d6079867.rlib" "/opt/rustwide/rustup-home/toolchains/beta-2024-12-08-x86_64-unknown-linux-gnu/lib/rustlib/x86_64-unknown-linux-gnu/lib/libcfg_if-54442f8b422f5a54.rlib" "/opt/rustwide/rustup-home/toolchains/beta-2024-12-08-x86_64-unknown-linux-gnu/lib/rustlib/x86_64-unknown-linux-gnu/lib/liblibc-e0bbe034b5282553.rlib" "/opt/rustwide/rustup-home/toolchains/beta-2024-12-08-x86_64-unknown-linux-gnu/lib/rustlib/x86_64-unknown-linux-gnu/lib/liballoc-d0febb68c1c37b90.rlib" "/opt/rustwide/rustup-home/toolchains/beta-2024-12-08-x86_64-unknown-linux-gnu/lib/rustlib/x86_64-unknown-linux-gnu/lib/librustc_std_workspace_core-4cf833632aafa84c.rlib" "/opt/rustwide/rustup-home/toolchains/beta-2024-12-08-x86_64-unknown-linux-gnu/lib/rustlib/x86_64-unknown-linux-gnu/lib/libcore-65c2c6d2d6ae570b.rlib" "/opt/rustwide/rustup-home/toolchains/beta-2024-12-08-x86_64-unknown-linux-gnu/lib/rustlib/x86_64-unknown-linux-gnu/lib/libcompiler_builtins-97929cee0dcfe424.rlib" "-Wl,-Bdynamic" "-ldl" "-ldl" "-lgcc_s" "-lutil" "-lrt" "-lpthread" "-lm" "-ldl" "-lc" "-Wl,--eh-frame-hdr" "-Wl,-z,noexecstack" "-L" "/opt/rustwide/rustup-home/toolchains/beta-2024-12-08-x86_64-unknown-linux-gnu/lib/rustlib/x86_64-unknown-linux-gnu/lib" "-o" "/tmp/rustdoctestYzC38J/rust_out" "-Wl,--gc-sections" "-pie" "-Wl,-z,relro,-z,now" "-nodefaultlibs"
[INFO] [stdout]   = note: collect2: fatal error: ld terminated with signal 9 [Killed]
[INFO] [stdout]           compilation terminated.
[INFO] [stdout]           
[INFO] [stdout] 
[INFO] [stdout] error: aborting due to 1 previous error
[INFO] [stdout] 
[INFO] [stdout] Couldn't compile the test.
[INFO] [stdout] ---- src/video/mod.rs - video (line 150) stdout ----
[INFO] [stdout] error: linking with `cc` failed: exit status: 1
[INFO] [stdout]   |
[INFO] [stdout]   = note: LC_ALL="C" PATH="/opt/rustwide/rustup-home/toolchains/beta-2024-12-08-x86_64-unknown-linux-gnu/lib/rustlib/x86_64-unknown-linux-gnu/bin:/opt/rustwide/cargo-home/bin:/usr/local/sbin:/usr/local/bin:/usr/sbin:/usr/bin:/sbin:/bin" VSLANG="1033" "cc" "-m64" "/tmp/rustcg902Eg/symbols.o" "/tmp/rustdoctestNNJpcK/rust_out.rust_out.9242fac72db2cd11-cgu.0.rcgu.o" "/tmp/rustdoctestNNJpcK/rust_out.2hl2tb9xdtge7mguxzn2q1kvi.rcgu.o" "-Wl,--as-needed" "-Wl,-Bstatic" "/opt/rustwide/target/debug/deps/libcrayon-ea17195b5ce50d30.rlib" "/opt/rustwide/target/debug/deps/libuuid-c627c0ae3881dee9.rlib" "/opt/rustwide/target/debug/deps/libbincode-c3387a9a05c66329.rlib" "/opt/rustwide/target/debug/deps/libinlinable_string-0d00b4c6ae8a99c5.rlib" "/opt/rustwide/target/debug/deps/libcrossbeam_deque-f2924f9212f18992.rlib" "/opt/rustwide/target/debug/deps/libcrossbeam_epoch-b805662becfbbcbe.rlib" "/opt/rustwide/target/debug/deps/libmemoffset-7edd24541f42bbd3.rlib" "/opt/rustwide/target/debug/deps/libcrossbeam_utils-00b91dcb5e70f978.rlib" "/opt/rustwide/target/debug/deps/libarrayvec-00f1f9aef8611447.rlib" "/opt/rustwide/target/debug/deps/libnodrop-09d2a89f7126b09f.rlib" "/opt/rustwide/target/debug/deps/libserde_json-4fb4da326663cf79.rlib" "/opt/rustwide/target/debug/deps/libitoa-87633a66effadcdd.rlib" "/opt/rustwide/target/debug/deps/libryu-6e02dac7c3b6be75.rlib" "/opt/rustwide/target/debug/deps/libbyteorder-6ac88002c46ec63a.rlib" "/opt/rustwide/target/debug/deps/libcgmath-1510df36e1236343.rlib" "/opt/rustwide/target/debug/deps/libnum_traits-5d9a92ac2558f13d.rlib" "/opt/rustwide/target/debug/deps/libnum_traits-ae140458cd3f9038.rlib" "/opt/rustwide/target/debug/deps/librand-2dcb6b3f78ace5fc.rlib" "/opt/rustwide/target/debug/deps/libapprox-5c3f79124dbd4164.rlib" "/opt/rustwide/target/debug/deps/libfailure-cea608140d886f2f.rlib" "/opt/rustwide/target/debug/deps/libbacktrace-ac72d5535145c04e.rlib" "/opt/rustwide/target/debug/deps/libminiz_oxide-0adfb4e59d3040a0.rlib" "/opt/rustwide/target/debug/deps/libadler2-36adbb7ac4252fa0.rlib" "/opt/rustwide/target/debug/deps/libobject-6c23a41922cafa7e.rlib" "/opt/rustwide/target/debug/deps/libmemchr-d6cb21f6c03ed32f.rlib" "/opt/rustwide/target/debug/deps/libaddr2line-5cfbac0a5e682d74.rlib" "/opt/rustwide/target/debug/deps/libgimli-7f6d74cf58837ce8.rlib" "/opt/rustwide/target/debug/deps/librustc_demangle-e0324ea654ce1d71.rlib" "/opt/rustwide/target/debug/deps/libglutin-9aafcf78f93f2450.rlib" "/opt/rustwide/target/debug/deps/libosmesa_sys-1cda58ac821fda22.rlib" "/opt/rustwide/target/debug/deps/libwinit-34f82498e13d6bf0.rlib" "/opt/rustwide/target/debug/deps/libsmithay_client_toolkit-dcb6a9a954248184.rlib" "/opt/rustwide/target/debug/deps/libwayland_protocols-4ac7fb026903a89f.rlib" "/opt/rustwide/target/debug/deps/libwayland_client-2e142699686c51b4.rlib" "/opt/rustwide/target/debug/deps/libwayland_commons-78c7a54c406325d8.rlib" "/opt/rustwide/target/debug/deps/libwayland_sys-41d62a49a7f2e350.rlib" "/opt/rustwide/target/debug/deps/libdowncast_rs-230e47d6198bdcb6.rlib" "/opt/rustwide/target/debug/deps/libnix-1f14880ed81f83a9.rlib" "/opt/rustwide/target/debug/deps/libvoid-e9e66bdf6e7605ed.rlib" "/opt/rustwide/target/debug/deps/libcfg_if-66a9116f556de7cb.rlib" "/opt/rustwide/target/debug/deps/libmemmap-c2c0c91fa6606fda.rlib" "/opt/rustwide/target/debug/deps/libdlib-348d19c3b65dc1b3.rlib" "/opt/rustwide/target/debug/deps/liblibloading-fde38f22a2ecf0c2.rlib" "/opt/rustwide/target/debug/deps/libcfg_if-a3e7e701fcd1f47b.rlib" "/opt/rustwide/target/debug/deps/libbitflags-85e13ed1e0c6d910.rlib" "/opt/rustwide/target/debug/deps/libpercent_encoding-e3d9b7198757e6b8.rlib" "/opt/rustwide/target/debug/deps/libparking_lot-9e92add447736136.rlib" "/opt/rustwide/target/debug/deps/libparking_lot_core-2b9eae997e4e1863.rlib" "/opt/rustwide/target/debug/deps/libsmallvec-6d950d5e144020df.rlib" "/opt/rustwide/target/debug/deps/libmaybe_uninit-fad82e8f246a52b5.rlib" "/opt/rustwide/target/debug/deps/libserde-a7addebf614025f5.rlib" "/opt/rustwide/target/debug/deps/librand-3efb3be6637d3415.rlib" "/opt/rustwide/target/debug/deps/librand_core-4c51f1f2a7f810f5.rlib" "/opt/rustwide/target/debug/deps/librand_core-1adf33305417fb82.rlib" "/opt/rustwide/target/debug/deps/liblock_api-618371b6ff3176f1.rlib" "/opt/rustwide/target/debug/deps/libowning_ref-a32444d18c2e379b.rlib" "/opt/rustwide/target/debug/deps/libstable_deref_trait-2a0dbe5da253a28f.rlib" "/opt/rustwide/target/debug/deps/libscopeguard-bd41e3561a901f84.rlib" "/opt/rustwide/target/debug/deps/libx11_dl-f71767c3f1df77ec.rlib" "/opt/rustwide/target/debug/deps/libonce_cell-0a05695a483fa658.rlib" "/opt/rustwide/target/debug/deps/liblog-e73d77c4679bb236.rlib" "/opt/rustwide/target/debug/deps/libshared_library-f22010693c5af9a9.rlib" "/opt/rustwide/target/debug/deps/liblazy_static-34736fcc74b41a53.rlib" "/opt/rustwide/target/debug/deps/liblibc-ab537429a1f68abe.rlib" "/opt/rustwide/target/debug/deps/libgl-d82d8529f9f8e469.rlib" "/opt/rustwide/rustup-home/toolchains/beta-2024-12-08-x86_64-unknown-linux-gnu/lib/rustlib/x86_64-unknown-linux-gnu/lib/libstd-02dc84f49135b6b8.rlib" "/opt/rustwide/rustup-home/toolchains/beta-2024-12-08-x86_64-unknown-linux-gnu/lib/rustlib/x86_64-unknown-linux-gnu/lib/libpanic_unwind-a8f45b397fae3f81.rlib" "/opt/rustwide/rustup-home/toolchains/beta-2024-12-08-x86_64-unknown-linux-gnu/lib/rustlib/x86_64-unknown-linux-gnu/lib/libobject-089607133c180609.rlib" "/opt/rustwide/rustup-home/toolchains/beta-2024-12-08-x86_64-unknown-linux-gnu/lib/rustlib/x86_64-unknown-linux-gnu/lib/libmemchr-fc89f091bcd86cbb.rlib" "/opt/rustwide/rustup-home/toolchains/beta-2024-12-08-x86_64-unknown-linux-gnu/lib/rustlib/x86_64-unknown-linux-gnu/lib/libaddr2line-5a60949f01c7340c.rlib" "/opt/rustwide/rustup-home/toolchains/beta-2024-12-08-x86_64-unknown-linux-gnu/lib/rustlib/x86_64-unknown-linux-gnu/lib/libgimli-d29e6a55ca253c8c.rlib" "/opt/rustwide/rustup-home/toolchains/beta-2024-12-08-x86_64-unknown-linux-gnu/lib/rustlib/x86_64-unknown-linux-gnu/lib/librustc_demangle-273c078d5f65de7a.rlib" "/opt/rustwide/rustup-home/toolchains/beta-2024-12-08-x86_64-unknown-linux-gnu/lib/rustlib/x86_64-unknown-linux-gnu/lib/libstd_detect-413c950ffbdd4454.rlib" "/opt/rustwide/rustup-home/toolchains/beta-2024-12-08-x86_64-unknown-linux-gnu/lib/rustlib/x86_64-unknown-linux-gnu/lib/libhashbrown-1853c0976a1d88a6.rlib" "/opt/rustwide/rustup-home/toolchains/beta-2024-12-08-x86_64-unknown-linux-gnu/lib/rustlib/x86_64-unknown-linux-gnu/lib/librustc_std_workspace_alloc-ccb3384ddacb0f9e.rlib" "/opt/rustwide/rustup-home/toolchains/beta-2024-12-08-x86_64-unknown-linux-gnu/lib/rustlib/x86_64-unknown-linux-gnu/lib/libminiz_oxide-0b901dfb0ca849e0.rlib" "/opt/rustwide/rustup-home/toolchains/beta-2024-12-08-x86_64-unknown-linux-gnu/lib/rustlib/x86_64-unknown-linux-gnu/lib/libadler-eebeb8d7c64543ad.rlib" "/opt/rustwide/rustup-home/toolchains/beta-2024-12-08-x86_64-unknown-linux-gnu/lib/rustlib/x86_64-unknown-linux-gnu/lib/libunwind-4723ef81d6079867.rlib" "/opt/rustwide/rustup-home/toolchains/beta-2024-12-08-x86_64-unknown-linux-gnu/lib/rustlib/x86_64-unknown-linux-gnu/lib/libcfg_if-54442f8b422f5a54.rlib" "/opt/rustwide/rustup-home/toolchains/beta-2024-12-08-x86_64-unknown-linux-gnu/lib/rustlib/x86_64-unknown-linux-gnu/lib/liblibc-e0bbe034b5282553.rlib" "/opt/rustwide/rustup-home/toolchains/beta-2024-12-08-x86_64-unknown-linux-gnu/lib/rustlib/x86_64-unknown-linux-gnu/lib/liballoc-d0febb68c1c37b90.rlib" "/opt/rustwide/rustup-home/toolchains/beta-2024-12-08-x86_64-unknown-linux-gnu/lib/rustlib/x86_64-unknown-linux-gnu/lib/librustc_std_workspace_core-4cf833632aafa84c.rlib" "/opt/rustwide/rustup-home/toolchains/beta-2024-12-08-x86_64-unknown-linux-gnu/lib/rustlib/x86_64-unknown-linux-gnu/lib/libcore-65c2c6d2d6ae570b.rlib" "/opt/rustwide/rustup-home/toolchains/beta-2024-12-08-x86_64-unknown-linux-gnu/lib/rustlib/x86_64-unknown-linux-gnu/lib/libcompiler_builtins-97929cee0dcfe424.rlib" "-Wl,-Bdynamic" "-ldl" "-ldl" "-lgcc_s" "-lutil" "-lrt" "-lpthread" "-lm" "-ldl" "-lc" "-Wl,--eh-frame-hdr" "-Wl,-z,noexecstack" "-L" "/opt/rustwide/rustup-home/toolchains/beta-2024-12-08-x86_64-unknown-linux-gnu/lib/rustlib/x86_64-unknown-linux-gnu/lib" "-o" "/tmp/rustdoctestNNJpcK/rust_out" "-Wl,--gc-sections" "-pie" "-Wl,-z,relro,-z,now" "-nodefaultlibs"
[INFO] [stdout]   = note: collect2: fatal error: ld terminated with signal 9 [Killed]
[INFO] [stdout]           compilation terminated.
[INFO] [stdout]           
[INFO] [stdout] 
[INFO] [stdout] error: aborting due to 1 previous error
[INFO] [stdout] 
[INFO] [stdout] Couldn't compile the test.
[INFO] [stdout] ---- src/input/mod.rs - input (line 119) stdout ----
[INFO] [stdout] error: linking with `cc` failed: exit status: 1
[INFO] [stdout]   |
[INFO] [stdout]   = note: LC_ALL="C" PATH="/opt/rustwide/rustup-home/toolchains/beta-2024-12-08-x86_64-unknown-linux-gnu/lib/rustlib/x86_64-unknown-linux-gnu/bin:/opt/rustwide/cargo-home/bin:/usr/local/sbin:/usr/local/bin:/usr/sbin:/usr/bin:/sbin:/bin" VSLANG="1033" "cc" "-m64" "/tmp/rustcC2nB4s/symbols.o" "/tmp/rustdoctestAevFDY/rust_out.rust_out.9242fac72db2cd11-cgu.0.rcgu.o" "/tmp/rustdoctestAevFDY/rust_out.2hl2tb9xdtge7mguxzn2q1kvi.rcgu.o" "-Wl,--as-needed" "-Wl,-Bstatic" "/opt/rustwide/target/debug/deps/libcrayon-ea17195b5ce50d30.rlib" "/opt/rustwide/target/debug/deps/libuuid-c627c0ae3881dee9.rlib" "/opt/rustwide/target/debug/deps/libbincode-c3387a9a05c66329.rlib" "/opt/rustwide/target/debug/deps/libinlinable_string-0d00b4c6ae8a99c5.rlib" "/opt/rustwide/target/debug/deps/libcrossbeam_deque-f2924f9212f18992.rlib" "/opt/rustwide/target/debug/deps/libcrossbeam_epoch-b805662becfbbcbe.rlib" "/opt/rustwide/target/debug/deps/libmemoffset-7edd24541f42bbd3.rlib" "/opt/rustwide/target/debug/deps/libcrossbeam_utils-00b91dcb5e70f978.rlib" "/opt/rustwide/target/debug/deps/libarrayvec-00f1f9aef8611447.rlib" "/opt/rustwide/target/debug/deps/libnodrop-09d2a89f7126b09f.rlib" "/opt/rustwide/target/debug/deps/libserde_json-4fb4da326663cf79.rlib" "/opt/rustwide/target/debug/deps/libitoa-87633a66effadcdd.rlib" "/opt/rustwide/target/debug/deps/libryu-6e02dac7c3b6be75.rlib" "/opt/rustwide/target/debug/deps/libbyteorder-6ac88002c46ec63a.rlib" "/opt/rustwide/target/debug/deps/libcgmath-1510df36e1236343.rlib" "/opt/rustwide/target/debug/deps/libnum_traits-5d9a92ac2558f13d.rlib" "/opt/rustwide/target/debug/deps/libnum_traits-ae140458cd3f9038.rlib" "/opt/rustwide/target/debug/deps/librand-2dcb6b3f78ace5fc.rlib" "/opt/rustwide/target/debug/deps/libapprox-5c3f79124dbd4164.rlib" "/opt/rustwide/target/debug/deps/libfailure-cea608140d886f2f.rlib" "/opt/rustwide/target/debug/deps/libbacktrace-ac72d5535145c04e.rlib" "/opt/rustwide/target/debug/deps/libminiz_oxide-0adfb4e59d3040a0.rlib" "/opt/rustwide/target/debug/deps/libadler2-36adbb7ac4252fa0.rlib" "/opt/rustwide/target/debug/deps/libobject-6c23a41922cafa7e.rlib" "/opt/rustwide/target/debug/deps/libmemchr-d6cb21f6c03ed32f.rlib" "/opt/rustwide/target/debug/deps/libaddr2line-5cfbac0a5e682d74.rlib" "/opt/rustwide/target/debug/deps/libgimli-7f6d74cf58837ce8.rlib" "/opt/rustwide/target/debug/deps/librustc_demangle-e0324ea654ce1d71.rlib" "/opt/rustwide/target/debug/deps/libglutin-9aafcf78f93f2450.rlib" "/opt/rustwide/target/debug/deps/libosmesa_sys-1cda58ac821fda22.rlib" "/opt/rustwide/target/debug/deps/libwinit-34f82498e13d6bf0.rlib" "/opt/rustwide/target/debug/deps/libsmithay_client_toolkit-dcb6a9a954248184.rlib" "/opt/rustwide/target/debug/deps/libwayland_protocols-4ac7fb026903a89f.rlib" "/opt/rustwide/target/debug/deps/libwayland_client-2e142699686c51b4.rlib" "/opt/rustwide/target/debug/deps/libwayland_commons-78c7a54c406325d8.rlib" "/opt/rustwide/target/debug/deps/libwayland_sys-41d62a49a7f2e350.rlib" "/opt/rustwide/target/debug/deps/libdowncast_rs-230e47d6198bdcb6.rlib" "/opt/rustwide/target/debug/deps/libnix-1f14880ed81f83a9.rlib" "/opt/rustwide/target/debug/deps/libvoid-e9e66bdf6e7605ed.rlib" "/opt/rustwide/target/debug/deps/libcfg_if-66a9116f556de7cb.rlib" "/opt/rustwide/target/debug/deps/libmemmap-c2c0c91fa6606fda.rlib" "/opt/rustwide/target/debug/deps/libdlib-348d19c3b65dc1b3.rlib" "/opt/rustwide/target/debug/deps/liblibloading-fde38f22a2ecf0c2.rlib" "/opt/rustwide/target/debug/deps/libcfg_if-a3e7e701fcd1f47b.rlib" "/opt/rustwide/target/debug/deps/libbitflags-85e13ed1e0c6d910.rlib" "/opt/rustwide/target/debug/deps/libpercent_encoding-e3d9b7198757e6b8.rlib" "/opt/rustwide/target/debug/deps/libparking_lot-9e92add447736136.rlib" "/opt/rustwide/target/debug/deps/libparking_lot_core-2b9eae997e4e1863.rlib" "/opt/rustwide/target/debug/deps/libsmallvec-6d950d5e144020df.rlib" "/opt/rustwide/target/debug/deps/libmaybe_uninit-fad82e8f246a52b5.rlib" "/opt/rustwide/target/debug/deps/libserde-a7addebf614025f5.rlib" "/opt/rustwide/target/debug/deps/librand-3efb3be6637d3415.rlib" "/opt/rustwide/target/debug/deps/librand_core-4c51f1f2a7f810f5.rlib" "/opt/rustwide/target/debug/deps/librand_core-1adf33305417fb82.rlib" "/opt/rustwide/target/debug/deps/liblock_api-618371b6ff3176f1.rlib" "/opt/rustwide/target/debug/deps/libowning_ref-a32444d18c2e379b.rlib" "/opt/rustwide/target/debug/deps/libstable_deref_trait-2a0dbe5da253a28f.rlib" "/opt/rustwide/target/debug/deps/libscopeguard-bd41e3561a901f84.rlib" "/opt/rustwide/target/debug/deps/libx11_dl-f71767c3f1df77ec.rlib" "/opt/rustwide/target/debug/deps/libonce_cell-0a05695a483fa658.rlib" "/opt/rustwide/target/debug/deps/liblog-e73d77c4679bb236.rlib" "/opt/rustwide/target/debug/deps/libshared_library-f22010693c5af9a9.rlib" "/opt/rustwide/target/debug/deps/liblazy_static-34736fcc74b41a53.rlib" "/opt/rustwide/target/debug/deps/liblibc-ab537429a1f68abe.rlib" "/opt/rustwide/target/debug/deps/libgl-d82d8529f9f8e469.rlib" "/opt/rustwide/rustup-home/toolchains/beta-2024-12-08-x86_64-unknown-linux-gnu/lib/rustlib/x86_64-unknown-linux-gnu/lib/libstd-02dc84f49135b6b8.rlib" "/opt/rustwide/rustup-home/toolchains/beta-2024-12-08-x86_64-unknown-linux-gnu/lib/rustlib/x86_64-unknown-linux-gnu/lib/libpanic_unwind-a8f45b397fae3f81.rlib" "/opt/rustwide/rustup-home/toolchains/beta-2024-12-08-x86_64-unknown-linux-gnu/lib/rustlib/x86_64-unknown-linux-gnu/lib/libobject-089607133c180609.rlib" "/opt/rustwide/rustup-home/toolchains/beta-2024-12-08-x86_64-unknown-linux-gnu/lib/rustlib/x86_64-unknown-linux-gnu/lib/libmemchr-fc89f091bcd86cbb.rlib" "/opt/rustwide/rustup-home/toolchains/beta-2024-12-08-x86_64-unknown-linux-gnu/lib/rustlib/x86_64-unknown-linux-gnu/lib/libaddr2line-5a60949f01c7340c.rlib" "/opt/rustwide/rustup-home/toolchains/beta-2024-12-08-x86_64-unknown-linux-gnu/lib/rustlib/x86_64-unknown-linux-gnu/lib/libgimli-d29e6a55ca253c8c.rlib" "/opt/rustwide/rustup-home/toolchains/beta-2024-12-08-x86_64-unknown-linux-gnu/lib/rustlib/x86_64-unknown-linux-gnu/lib/librustc_demangle-273c078d5f65de7a.rlib" "/opt/rustwide/rustup-home/toolchains/beta-2024-12-08-x86_64-unknown-linux-gnu/lib/rustlib/x86_64-unknown-linux-gnu/lib/libstd_detect-413c950ffbdd4454.rlib" "/opt/rustwide/rustup-home/toolchains/beta-2024-12-08-x86_64-unknown-linux-gnu/lib/rustlib/x86_64-unknown-linux-gnu/lib/libhashbrown-1853c0976a1d88a6.rlib" "/opt/rustwide/rustup-home/toolchains/beta-2024-12-08-x86_64-unknown-linux-gnu/lib/rustlib/x86_64-unknown-linux-gnu/lib/librustc_std_workspace_alloc-ccb3384ddacb0f9e.rlib" "/opt/rustwide/rustup-home/toolchains/beta-2024-12-08-x86_64-unknown-linux-gnu/lib/rustlib/x86_64-unknown-linux-gnu/lib/libminiz_oxide-0b901dfb0ca849e0.rlib" "/opt/rustwide/rustup-home/toolchains/beta-2024-12-08-x86_64-unknown-linux-gnu/lib/rustlib/x86_64-unknown-linux-gnu/lib/libadler-eebeb8d7c64543ad.rlib" "/opt/rustwide/rustup-home/toolchains/beta-2024-12-08-x86_64-unknown-linux-gnu/lib/rustlib/x86_64-unknown-linux-gnu/lib/libunwind-4723ef81d6079867.rlib" "/opt/rustwide/rustup-home/toolchains/beta-2024-12-08-x86_64-unknown-linux-gnu/lib/rustlib/x86_64-unknown-linux-gnu/lib/libcfg_if-54442f8b422f5a54.rlib" "/opt/rustwide/rustup-home/toolchains/beta-2024-12-08-x86_64-unknown-linux-gnu/lib/rustlib/x86_64-unknown-linux-gnu/lib/liblibc-e0bbe034b5282553.rlib" "/opt/rustwide/rustup-home/toolchains/beta-2024-12-08-x86_64-unknown-linux-gnu/lib/rustlib/x86_64-unknown-linux-gnu/lib/liballoc-d0febb68c1c37b90.rlib" "/opt/rustwide/rustup-home/toolchains/beta-2024-12-08-x86_64-unknown-linux-gnu/lib/rustlib/x86_64-unknown-linux-gnu/lib/librustc_std_workspace_core-4cf833632aafa84c.rlib" "/opt/rustwide/rustup-home/toolchains/beta-2024-12-08-x86_64-unknown-linux-gnu/lib/rustlib/x86_64-unknown-linux-gnu/lib/libcore-65c2c6d2d6ae570b.rlib" "/opt/rustwide/rustup-home/toolchains/beta-2024-12-08-x86_64-unknown-linux-gnu/lib/rustlib/x86_64-unknown-linux-gnu/lib/libcompiler_builtins-97929cee0dcfe424.rlib" "-Wl,-Bdynamic" "-ldl" "-ldl" "-lgcc_s" "-lutil" "-lrt" "-lpthread" "-lm" "-ldl" "-lc" "-Wl,--eh-frame-hdr" "-Wl,-z,noexecstack" "-L" "/opt/rustwide/rustup-home/toolchains/beta-2024-12-08-x86_64-unknown-linux-gnu/lib/rustlib/x86_64-unknown-linux-gnu/lib" "-o" "/tmp/rustdoctestAevFDY/rust_out" "-Wl,--gc-sections" "-pie" "-Wl,-z,relro,-z,now" "-nodefaultlibs"
[INFO] [stdout]   = note: collect2: fatal error: ld terminated with signal 9 [Killed]
[INFO] [stdout]           compilation terminated.
[INFO] [stdout]           
[INFO] [stdout] 
[INFO] [stdout] error: aborting due to 1 previous error
[INFO] [stdout] 
[INFO] [stdout] Couldn't compile the test.
[INFO] [stdout] ---- src/video/mod.rs - video (line 113) stdout ----
[INFO] [stdout] Test executable failed (signal: 6 (SIGABRT) (core dumped)).
[INFO] [stdout] 
[INFO] [stdout] stderr:
[INFO] [stdout] thread 'main' panicked at core/src/panicking.rs:223:5:
[INFO] [stdout] attempted to leave type `crayon::video::assets::shader::ShaderParams` uninitialized, which is invalid
[INFO] [stdout] stack backtrace:
[INFO] [stdout]    0:     0x5755884d7c0a - std::backtrace_rs::backtrace::libunwind::trace::h8810477743020387
[INFO] [stdout]                                at /rustc/202008a1b8de96d2e5b6bc02d379db03a877d34d/library/std/src/../../backtrace/src/backtrace/libunwind.rs:116:5
[INFO] [stdout]    1:     0x5755884d7c0a - std::backtrace_rs::backtrace::trace_unsynchronized::h3aa55355dd6c54a6
[INFO] [stdout]                                at /rustc/202008a1b8de96d2e5b6bc02d379db03a877d34d/library/std/src/../../backtrace/src/backtrace/mod.rs:66:5
[INFO] [stdout]    2:     0x5755884d7c0a - std::sys::backtrace::_print_fmt::h8588b0f62410823f
[INFO] [stdout]                                at /rustc/202008a1b8de96d2e5b6bc02d379db03a877d34d/library/std/src/sys/backtrace.rs:66:9
[INFO] [stdout]    3:     0x5755884d7c0a - <std::sys::backtrace::BacktraceLock::print::DisplayBacktrace as core::fmt::Display>::fmt::h98c26ac25ffe89bb
[INFO] [stdout]                                at /rustc/202008a1b8de96d2e5b6bc02d379db03a877d34d/library/std/src/sys/backtrace.rs:39:26
[INFO] [stdout]    4:     0x5755884f45a3 - core::fmt::rt::Argument::fmt::hf95377f4aebd453b
[INFO] [stdout]                                at /rustc/202008a1b8de96d2e5b6bc02d379db03a877d34d/library/core/src/fmt/rt.rs:177:76
[INFO] [stdout]    5:     0x5755884f45a3 - core::fmt::write::h0dd5f6e2238c7982
[INFO] [stdout]                                at /rustc/202008a1b8de96d2e5b6bc02d379db03a877d34d/library/core/src/fmt/mod.rs:1189:21
[INFO] [stdout]    6:     0x5755884d55f3 - std::io::Write::write_fmt::hc00bff0a88e08857
[INFO] [stdout]                                at /rustc/202008a1b8de96d2e5b6bc02d379db03a877d34d/library/std/src/io/mod.rs:1884:15
[INFO] [stdout]    7:     0x5755884d7a52 - std::sys::backtrace::BacktraceLock::print::h5c19c1c038ee186d
[INFO] [stdout]                                at /rustc/202008a1b8de96d2e5b6bc02d379db03a877d34d/library/std/src/sys/backtrace.rs:42:9
[INFO] [stdout]    8:     0x5755884d8a1c - std::panicking::default_hook::{{closure}}::h77172f079a1fcb13
[INFO] [stdout]                                at /rustc/202008a1b8de96d2e5b6bc02d379db03a877d34d/library/std/src/panicking.rs:268:22
[INFO] [stdout]    9:     0x5755884d8862 - std::panicking::default_hook::he5f8e3b203ccddba
[INFO] [stdout]                                at /rustc/202008a1b8de96d2e5b6bc02d379db03a877d34d/library/std/src/panicking.rs:295:9
[INFO] [stdout]   10:     0x5755884d8ff7 - std::panicking::rust_panic_with_hook::h53863d4e9018df39
[INFO] [stdout]                                at /rustc/202008a1b8de96d2e5b6bc02d379db03a877d34d/library/std/src/panicking.rs:801:13
[INFO] [stdout]   11:     0x5755884d8e56 - std::panicking::begin_panic_handler::{{closure}}::h67280e6fa0757873
[INFO] [stdout]                                at /rustc/202008a1b8de96d2e5b6bc02d379db03a877d34d/library/std/src/panicking.rs:667:13
[INFO] [stdout]   12:     0x5755884d80e9 - std::sys::backtrace::__rust_end_short_backtrace::h1dac3f54d6fbbeb2
[INFO] [stdout]                                at /rustc/202008a1b8de96d2e5b6bc02d379db03a877d34d/library/std/src/sys/backtrace.rs:170:18
[INFO] [stdout]   13:     0x5755884d8b1c - rust_begin_unwind
[INFO] [stdout]                                at /rustc/202008a1b8de96d2e5b6bc02d379db03a877d34d/library/std/src/panicking.rs:665:5
[INFO] [stdout]   14:     0x57558835f9cd - core::panicking::panic_nounwind_fmt::runtime::h16b1bdf492db9bcf
[INFO] [stdout]                                at /rustc/202008a1b8de96d2e5b6bc02d379db03a877d34d/library/core/src/panicking.rs:119:22
[INFO] [stdout]   15:     0x57558835f9cd - core::panicking::panic_nounwind_fmt::h7c9e0c5a3391ac64
[INFO] [stdout]                                at /rustc/202008a1b8de96d2e5b6bc02d379db03a877d34d/library/core/src/intrinsics/mod.rs:3535:9
[INFO] [stdout]   16:     0x57558835fa62 - core::panicking::panic_nounwind::h6fa94367123ff7d0
[INFO] [stdout]                                at /rustc/202008a1b8de96d2e5b6bc02d379db03a877d34d/library/core/src/panicking.rs:223:5
[INFO] [stdout]   17:     0x5755883611dd - crayon::utils::object_pool::ObjectPool<H,T>::free::hf5ba0652ff4a2c57
[INFO] [stdout]   18:     0x575588361a02 - crayon::video::system::VideoSystem::delete_shader::h274e514cf0fb0aa2
[INFO] [stdout]   19:     0x57558836165c - crayon::video::delete_shader::hc32173927bff523e
[INFO] [stdout]   20:     0x575588364030 - rust_out::main::_doctest_main_src_video_mod_rs_113_0::h0511d04b8b7a7d09
[INFO] [stdout]   21:     0x575588363a86 - rust_out::main::h57eefffa92e38ed0
[INFO] [stdout]   22:     0x575588360a13 - core::ops::function::FnOnce::call_once::hcb3872443a25b5b7
[INFO] [stdout]   23:     0x575588360316 - std::sys::backtrace::__rust_begin_short_backtrace::hb8f53f53663d2e9e
[INFO] [stdout]   24:     0x5755883602f9 - std::rt::lang_start::{{closure}}::h0d6bdb8cb611c7e9
[INFO] [stdout]   25:     0x5755884d28a7 - core::ops::function::impls::<impl core::ops::function::FnOnce<A> for &F>::call_once::hba2470d01d3f5e41
[INFO] [stdout]                                at /rustc/202008a1b8de96d2e5b6bc02d379db03a877d34d/library/core/src/ops/function.rs:284:13
[INFO] [stdout]   26:     0x5755884d28a7 - std::panicking::try::do_call::hc063fb73159aab72
[INFO] [stdout]                                at /rustc/202008a1b8de96d2e5b6bc02d379db03a877d34d/library/std/src/panicking.rs:557:40
[INFO] [stdout]   27:     0x5755884d28a7 - std::panicking::try::h2767c6d245d3a3bb
[INFO] [stdout]                                at /rustc/202008a1b8de96d2e5b6bc02d379db03a877d34d/library/std/src/panicking.rs:520:19
[INFO] [stdout]   28:     0x5755884d28a7 - std::panic::catch_unwind::h061c6ef75790da63
[INFO] [stdout]                                at /rustc/202008a1b8de96d2e5b6bc02d379db03a877d34d/library/std/src/panic.rs:358:14
[INFO] [stdout]   29:     0x5755884d28a7 - std::rt::lang_start_internal::{{closure}}::h5c5e35b11a4b8c4e
[INFO] [stdout]                                at /rustc/202008a1b8de96d2e5b6bc02d379db03a877d34d/library/std/src/rt.rs:174:48
[INFO] [stdout]   30:     0x5755884d28a7 - std::panicking::try::do_call::h705e99690a8109cc
[INFO] [stdout]                                at /rustc/202008a1b8de96d2e5b6bc02d379db03a877d34d/library/std/src/panicking.rs:557:40
[INFO] [stdout]   31:     0x5755884d28a7 - std::panicking::try::he5f4452754ed9a34
[INFO] [stdout]                                at /rustc/202008a1b8de96d2e5b6bc02d379db03a877d34d/library/std/src/panicking.rs:520:19
[INFO] [stdout]   32:     0x5755884d28a7 - std::panic::catch_unwind::h5db61b3bcbe883e5
[INFO] [stdout]                                at /rustc/202008a1b8de96d2e5b6bc02d379db03a877d34d/library/std/src/panic.rs:358:14
[INFO] [stdout]   33:     0x5755884d28a7 - std::rt::lang_start_internal::h81da9b59bab665c6
[INFO] [stdout]                                at /rustc/202008a1b8de96d2e5b6bc02d379db03a877d34d/library/std/src/rt.rs:174:20
[INFO] [stdout]   34:     0x5755883602d7 - std::rt::lang_start::h2798034e47ddebf9
[INFO] [stdout]   35:     0x5755883640c5 - main
[INFO] [stdout]   36:     0x7260f0c62d90 - <unknown>
[INFO] [stdout]   37:     0x7260f0c62e40 - __libc_start_main
[INFO] [stdout]   38:     0x5755883601c5 - _start
[INFO] [stdout]   39:                0x0 - <unknown>
[INFO] [stdout] thread caused non-unwinding panic. aborting.
[INFO] [stdout] 
[INFO] [stdout] 
[INFO] [stdout] ---- src/video/mod.rs - video (line 86) stdout ----
[INFO] [stdout] Test executable failed (signal: 6 (SIGABRT) (core dumped)).
[INFO] [stdout] 
[INFO] [stdout] stderr:
[INFO] [stdout] thread 'main' panicked at core/src/panicking.rs:223:5:
[INFO] [stdout] attempted to leave type `video::assets::surface::SurfaceParams` uninitialized, which is invalid
[INFO] [stdout] stack backtrace:
[INFO] [stdout]    0:     0x600b0914818a - std::backtrace_rs::backtrace::libunwind::trace::h8810477743020387
[INFO] [stdout]                                at /rustc/202008a1b8de96d2e5b6bc02d379db03a877d34d/library/std/src/../../backtrace/src/backtrace/libunwind.rs:116:5
[INFO] [stdout]    1:     0x600b0914818a - std::backtrace_rs::backtrace::trace_unsynchronized::h3aa55355dd6c54a6
[INFO] [stdout]                                at /rustc/202008a1b8de96d2e5b6bc02d379db03a877d34d/library/std/src/../../backtrace/src/backtrace/mod.rs:66:5
[INFO] [stdout]    2:     0x600b0914818a - std::sys::backtrace::_print_fmt::h8588b0f62410823f
[INFO] [stdout]                                at /rustc/202008a1b8de96d2e5b6bc02d379db03a877d34d/library/std/src/sys/backtrace.rs:66:9
[INFO] [stdout]    3:     0x600b0914818a - <std::sys::backtrace::BacktraceLock::print::DisplayBacktrace as core::fmt::Display>::fmt::h98c26ac25ffe89bb
[INFO] [stdout]                                at /rustc/202008a1b8de96d2e5b6bc02d379db03a877d34d/library/std/src/sys/backtrace.rs:39:26
[INFO] [stdout]    4:     0x600b09164653 - core::fmt::rt::Argument::fmt::hf95377f4aebd453b
[INFO] [stdout]                                at /rustc/202008a1b8de96d2e5b6bc02d379db03a877d34d/library/core/src/fmt/rt.rs:177:76
[INFO] [stdout]    5:     0x600b09164653 - core::fmt::write::h0dd5f6e2238c7982
[INFO] [stdout]                                at /rustc/202008a1b8de96d2e5b6bc02d379db03a877d34d/library/core/src/fmt/mod.rs:1189:21
[INFO] [stdout]    6:     0x600b09145b73 - std::io::Write::write_fmt::hc00bff0a88e08857
[INFO] [stdout]                                at /rustc/202008a1b8de96d2e5b6bc02d379db03a877d34d/library/std/src/io/mod.rs:1884:15
[INFO] [stdout]    7:     0x600b09147fd2 - std::sys::backtrace::BacktraceLock::print::h5c19c1c038ee186d
[INFO] [stdout]                                at /rustc/202008a1b8de96d2e5b6bc02d379db03a877d34d/library/std/src/sys/backtrace.rs:42:9
[INFO] [stdout]    8:     0x600b09148f9c - std::panicking::default_hook::{{closure}}::h77172f079a1fcb13
[INFO] [stdout]                                at /rustc/202008a1b8de96d2e5b6bc02d379db03a877d34d/library/std/src/panicking.rs:268:22
[INFO] [stdout]    9:     0x600b09148de2 - std::panicking::default_hook::he5f8e3b203ccddba
[INFO] [stdout]                                at /rustc/202008a1b8de96d2e5b6bc02d379db03a877d34d/library/std/src/panicking.rs:295:9
[INFO] [stdout]   10:     0x600b09149577 - std::panicking::rust_panic_with_hook::h53863d4e9018df39
[INFO] [stdout]                                at /rustc/202008a1b8de96d2e5b6bc02d379db03a877d34d/library/std/src/panicking.rs:801:13
[INFO] [stdout]   11:     0x600b091493d6 - std::panicking::begin_panic_handler::{{closure}}::h67280e6fa0757873
[INFO] [stdout]                                at /rustc/202008a1b8de96d2e5b6bc02d379db03a877d34d/library/std/src/panicking.rs:667:13
[INFO] [stdout]   12:     0x600b09148669 - std::sys::backtrace::__rust_end_short_backtrace::h1dac3f54d6fbbeb2
[INFO] [stdout]                                at /rustc/202008a1b8de96d2e5b6bc02d379db03a877d34d/library/std/src/sys/backtrace.rs:170:18
[INFO] [stdout]   13:     0x600b0914909c - rust_begin_unwind
[INFO] [stdout]                                at /rustc/202008a1b8de96d2e5b6bc02d379db03a877d34d/library/std/src/panicking.rs:665:5
[INFO] [stdout]   14:     0x600b08fd49cd - core::panicking::panic_nounwind_fmt::runtime::h16b1bdf492db9bcf
[INFO] [stdout]                                at /rustc/202008a1b8de96d2e5b6bc02d379db03a877d34d/library/core/src/panicking.rs:119:22
[INFO] [stdout]   15:     0x600b08fd49cd - core::panicking::panic_nounwind_fmt::h7c9e0c5a3391ac64
[INFO] [stdout]                                at /rustc/202008a1b8de96d2e5b6bc02d379db03a877d34d/library/core/src/intrinsics/mod.rs:3535:9
[INFO] [stdout]   16:     0x600b08fd4a62 - core::panicking::panic_nounwind::h6fa94367123ff7d0
[INFO] [stdout]                                at /rustc/202008a1b8de96d2e5b6bc02d379db03a877d34d/library/core/src/panicking.rs:223:5
[INFO] [stdout]   17:     0x600b0900203d - core::mem::uninitialized::h5bda965257469763
[INFO] [stdout]                                at /rustc/202008a1b8de96d2e5b6bc02d379db03a877d34d/library/core/src/mem/mod.rs:697:9
[INFO] [stdout]   18:     0x600b0900203d - crayon::utils::object_pool::ObjectPool<H,T>::free::h799fb4a85df6eec7
[INFO] [stdout]                                at /opt/rustwide/workdir/src/utils/object_pool.rs:80:29
[INFO] [stdout]   19:     0x600b08ff1a9b - crayon::video::system::VideoSystem::delete_surface::h9f31763b4c552369
[INFO] [stdout]                                at /opt/rustwide/workdir/src/video/system.rs:156:12
[INFO] [stdout]   20:     0x600b08fd578d - crayon::video::delete_surface::h52eefae0fe998327
[INFO] [stdout]   21:     0x600b08fd5eba - rust_out::main::_doctest_main_src_video_mod_rs_86_0::h33c256d737aaada4
[INFO] [stdout]   22:     0x600b08fd5c86 - rust_out::main::h57eefffa92e38ed0
[INFO] [stdout]   23:     0x600b08fd5423 - core::ops::function::FnOnce::call_once::hcb3872443a25b5b7
[INFO] [stdout]   24:     0x600b08fd53c6 - std::sys::backtrace::__rust_begin_short_backtrace::hb8f53f53663d2e9e
[INFO] [stdout]   25:     0x600b08fd53a9 - std::rt::lang_start::{{closure}}::h0d6bdb8cb611c7e9
[INFO] [stdout]   26:     0x600b09142e27 - core::ops::function::impls::<impl core::ops::function::FnOnce<A> for &F>::call_once::hba2470d01d3f5e41
[INFO] [stdout]                                at /rustc/202008a1b8de96d2e5b6bc02d379db03a877d34d/library/core/src/ops/function.rs:284:13
[INFO] [stdout]   27:     0x600b09142e27 - std::panicking::try::do_call::hc063fb73159aab72
[INFO] [stdout]                                at /rustc/202008a1b8de96d2e5b6bc02d379db03a877d34d/library/std/src/panicking.rs:557:40
[INFO] [stdout]   28:     0x600b09142e27 - std::panicking::try::h2767c6d245d3a3bb
[INFO] [stdout]                                at /rustc/202008a1b8de96d2e5b6bc02d379db03a877d34d/library/std/src/panicking.rs:520:19
[INFO] [stdout]   29:     0x600b09142e27 - std::panic::catch_unwind::h061c6ef75790da63
[INFO] [stdout]                                at /rustc/202008a1b8de96d2e5b6bc02d379db03a877d34d/library/std/src/panic.rs:358:14
[INFO] [stdout]   30:     0x600b09142e27 - std::rt::lang_start_internal::{{closure}}::h5c5e35b11a4b8c4e
[INFO] [stdout]                                at /rustc/202008a1b8de96d2e5b6bc02d379db03a877d34d/library/std/src/rt.rs:174:48
[INFO] [stdout]   31:     0x600b09142e27 - std::panicking::try::do_call::h705e99690a8109cc
[INFO] [stdout]                                at /rustc/202008a1b8de96d2e5b6bc02d379db03a877d34d/library/std/src/panicking.rs:557:40
[INFO] [stdout]   32:     0x600b09142e27 - std::panicking::try::he5f4452754ed9a34
[INFO] [stdout]                                at /rustc/202008a1b8de96d2e5b6bc02d379db03a877d34d/library/std/src/panicking.rs:520:19
[INFO] [stdout]   33:     0x600b09142e27 - std::panic::catch_unwind::h5db61b3bcbe883e5
[INFO] [stdout]                                at /rustc/202008a1b8de96d2e5b6bc02d379db03a877d34d/library/std/src/panic.rs:358:14
[INFO] [stdout]   34:     0x600b09142e27 - std::rt::lang_start_internal::h81da9b59bab665c6
[INFO] [stdout]                                at /rustc/202008a1b8de96d2e5b6bc02d379db03a877d34d/library/std/src/rt.rs:174:20
[INFO] [stdout]   35:     0x600b08fd5387 - std::rt::lang_start::h2798034e47ddebf9
[INFO] [stdout]   36:     0x600b08fd5ee5 - main
[INFO] [stdout]   37:     0x7c6da2bd7d90 - <unknown>
[INFO] [stdout]   38:     0x7c6da2bd7e40 - __libc_start_main
[INFO] [stdout]   39:     0x600b08fd51c5 - _start
[INFO] [stdout]   40:                0x0 - <unknown>
[INFO] [stdout] thread caused non-unwinding panic. aborting.
[INFO] [stdout] 
[INFO] [stdout] 
[INFO] [stdout] 
[INFO] [stdout] failures:
[INFO] [stdout]     src/input/mod.rs - input (line 119)
[INFO] [stdout]     src/input/mod.rs - input (line 18)
[INFO] [stdout]     src/input/mod.rs - input (line 71)
[INFO] [stdout]     src/video/mod.rs - video (line 113)
[INFO] [stdout]     src/video/mod.rs - video (line 150)
[INFO] [stdout]     src/video/mod.rs - video (line 170)
[INFO] [stdout]     src/video/mod.rs - video (line 86)
[INFO] [stdout] 
[INFO] [stdout] test result: FAILED. 6 passed; 7 failed; 1 ignored; 0 measured; 0 filtered out; finished in 5.07s
[INFO] [stdout] 
[INFO] [stderr] error: doctest failed, to rerun pass `--doc`
[INFO] running `Command { std: "docker" "inspect" "50638ad65940ddb4307cbe872d4a11b56e0d29942be25eed8e9378e46f299187", kill_on_drop: false }`
[INFO] running `Command { std: "docker" "rm" "-f" "50638ad65940ddb4307cbe872d4a11b56e0d29942be25eed8e9378e46f299187", kill_on_drop: false }`
[INFO] [stdout] 50638ad65940ddb4307cbe872d4a11b56e0d29942be25eed8e9378e46f299187
