[INFO] fetching crate craweb 0.3.0...
[INFO] testing craweb-0.3.0 against beta-2024-12-08 for beta-1.84.0-4-retry
[INFO] extracting crate craweb 0.3.0 into /workspace/builds/worker-5-tc2/source
[INFO] validating manifest of crates.io crate craweb 0.3.0 on toolchain beta-2024-12-08
[INFO] running `Command { std: CARGO_HOME="/workspace/cargo-home" RUSTUP_HOME="/workspace/rustup-home" "/workspace/cargo-home/bin/cargo" "+beta-2024-12-08" "metadata" "--manifest-path" "Cargo.toml" "--no-deps", kill_on_drop: false }`
[INFO] started tweaking crates.io crate craweb 0.3.0
[INFO] finished tweaking crates.io crate craweb 0.3.0
[INFO] tweaked toml for crates.io crate craweb 0.3.0 written to /workspace/builds/worker-5-tc2/source/Cargo.toml
[INFO] running `Command { std: CARGO_HOME="/workspace/cargo-home" RUSTUP_HOME="/workspace/rustup-home" "/workspace/cargo-home/bin/cargo" "+beta-2024-12-08" "generate-lockfile" "--manifest-path" "Cargo.toml", kill_on_drop: false }`
[INFO] [stderr]     Updating crates.io index
[INFO] [stderr]      Locking 58 packages to latest compatible versions
[INFO] running `Command { std: CARGO_HOME="/workspace/cargo-home" RUSTUP_HOME="/workspace/rustup-home" "/workspace/cargo-home/bin/cargo" "+beta-2024-12-08" "fetch" "--manifest-path" "Cargo.toml", kill_on_drop: false }`
[INFO] running `Command { std: "docker" "create" "-v" "/var/lib/crater-agent-workspace/builds/worker-5-tc2/target:/opt/rustwide/target:rw,Z" "-v" "/var/lib/crater-agent-workspace/builds/worker-5-tc2/source:/opt/rustwide/workdir:ro,Z" "-v" "/var/lib/crater-agent-workspace/cargo-home:/opt/rustwide/cargo-home:ro,Z" "-v" "/var/lib/crater-agent-workspace/rustup-home:/opt/rustwide/rustup-home:ro,Z" "-e" "SOURCE_DIR=/opt/rustwide/workdir" "-e" "CARGO_TARGET_DIR=/opt/rustwide/target" "-e" "CARGO_HOME=/opt/rustwide/cargo-home" "-e" "RUSTUP_HOME=/opt/rustwide/rustup-home" "-w" "/opt/rustwide/workdir" "-m" "1610612736" "--user" "0:0" "--network" "none" "ghcr.io/rust-lang/crates-build-env/linux@sha256:f3a9d4ad9d972b27faf3965f35b62e55ba32bbce8f20bc8fe909558a86702fde" "/opt/rustwide/cargo-home/bin/cargo" "+beta-2024-12-08" "metadata" "--no-deps" "--format-version=1", kill_on_drop: false }`
[INFO] [stdout] d7ed2fc31e79a6181d195bdad853df7a14e59bfcf4721e7ca0500d8f5c31326d
[INFO] running `Command { std: "docker" "start" "-a" "d7ed2fc31e79a6181d195bdad853df7a14e59bfcf4721e7ca0500d8f5c31326d", kill_on_drop: false }`
[INFO] running `Command { std: "docker" "inspect" "d7ed2fc31e79a6181d195bdad853df7a14e59bfcf4721e7ca0500d8f5c31326d", kill_on_drop: false }`
[INFO] running `Command { std: "docker" "rm" "-f" "d7ed2fc31e79a6181d195bdad853df7a14e59bfcf4721e7ca0500d8f5c31326d", kill_on_drop: false }`
[INFO] [stdout] d7ed2fc31e79a6181d195bdad853df7a14e59bfcf4721e7ca0500d8f5c31326d
[INFO] running `Command { std: "docker" "create" "-v" "/var/lib/crater-agent-workspace/builds/worker-5-tc2/target:/opt/rustwide/target:rw,Z" "-v" "/var/lib/crater-agent-workspace/builds/worker-5-tc2/source:/opt/rustwide/workdir:ro,Z" "-v" "/var/lib/crater-agent-workspace/cargo-home:/opt/rustwide/cargo-home:ro,Z" "-v" "/var/lib/crater-agent-workspace/rustup-home:/opt/rustwide/rustup-home:ro,Z" "-e" "SOURCE_DIR=/opt/rustwide/workdir" "-e" "CARGO_TARGET_DIR=/opt/rustwide/target" "-e" "CARGO_INCREMENTAL=0" "-e" "RUST_BACKTRACE=full" "-e" "RUSTFLAGS=--cap-lints=warn" "-e" "RUSTDOCFLAGS=--cap-lints=warn" "-e" "CARGO_HOME=/opt/rustwide/cargo-home" "-e" "RUSTUP_HOME=/opt/rustwide/rustup-home" "-w" "/opt/rustwide/workdir" "-m" "1610612736" "--user" "0:0" "--network" "none" "ghcr.io/rust-lang/crates-build-env/linux@sha256:f3a9d4ad9d972b27faf3965f35b62e55ba32bbce8f20bc8fe909558a86702fde" "/opt/rustwide/cargo-home/bin/cargo" "+beta-2024-12-08" "build" "--frozen" "--message-format=json", kill_on_drop: false }`
[INFO] [stdout] a543635d298775931aab9f0e468447fd7a17006442c5ace9c378c5b1d797d46a
[INFO] running `Command { std: "docker" "start" "-a" "a543635d298775931aab9f0e468447fd7a17006442c5ace9c378c5b1d797d46a", kill_on_drop: false }`
[INFO] [stderr]    Compiling autocfg v1.4.0
[INFO] [stderr]    Compiling proc-macro2 v1.0.92
[INFO] [stderr]    Compiling libc v0.2.168
[INFO] [stderr]    Compiling unicode-ident v1.0.14
[INFO] [stderr]    Compiling futures-sink v0.3.31
[INFO] [stderr]    Compiling futures-core v0.3.31
[INFO] [stderr]    Compiling pin-project-lite v0.2.15
[INFO] [stderr]    Compiling crossbeam-utils v0.8.20
[INFO] [stderr]    Compiling pin-utils v0.1.0
[INFO] [stderr]    Compiling memchr v2.7.4
[INFO] [stderr]    Compiling parking_lot_core v0.9.10
[INFO] [stderr]    Compiling futures-task v0.3.31
[INFO] [stderr]    Compiling futures-io v0.3.31
[INFO] [stderr]    Compiling smallvec v1.13.2
[INFO] [stderr]    Compiling scopeguard v1.2.0
[INFO] [stderr]    Compiling anyhow v1.0.94
[INFO] [stderr]    Compiling httparse v1.9.5
[INFO] [stderr]    Compiling bytes v1.9.0
[INFO] [stderr]    Compiling futures-channel v0.3.31
[INFO] [stderr]    Compiling slab v0.4.9
[INFO] [stderr]    Compiling lock_api v0.4.12
[INFO] [stderr]    Compiling quote v1.0.37
[INFO] [stderr]    Compiling crossbeam-channel v0.5.13
[INFO] [stderr]    Compiling syn v2.0.90
[INFO] [stderr]    Compiling signal-hook-registry v1.4.2
[INFO] [stderr]    Compiling mio v1.0.3
[INFO] [stderr]    Compiling num_cpus v1.16.0
[INFO] [stderr]    Compiling socket2 v0.5.8
[INFO] [stderr]    Compiling parking_lot v0.12.3
[INFO] [stderr]    Compiling futures-macro v0.3.31
[INFO] [stderr]    Compiling tokio-macros v2.4.0
[INFO] [stderr]    Compiling tokio v1.42.0
[INFO] [stderr]    Compiling futures-util v0.3.31
[INFO] [stderr]    Compiling futures-executor v0.3.31
[INFO] [stderr]    Compiling futures v0.3.31
[INFO] [stderr]    Compiling rusty_pool v0.7.0
[INFO] [stderr]    Compiling craweb v0.3.0 (/opt/rustwide/workdir)
[INFO] [stderr]     Finished `dev` profile [unoptimized + debuginfo] target(s) in 19.53s
[INFO] running `Command { std: "docker" "inspect" "a543635d298775931aab9f0e468447fd7a17006442c5ace9c378c5b1d797d46a", kill_on_drop: false }`
[INFO] running `Command { std: "docker" "rm" "-f" "a543635d298775931aab9f0e468447fd7a17006442c5ace9c378c5b1d797d46a", kill_on_drop: false }`
[INFO] [stdout] a543635d298775931aab9f0e468447fd7a17006442c5ace9c378c5b1d797d46a
[INFO] running `Command { std: "docker" "create" "-v" "/var/lib/crater-agent-workspace/builds/worker-5-tc2/target:/opt/rustwide/target:rw,Z" "-v" "/var/lib/crater-agent-workspace/builds/worker-5-tc2/source:/opt/rustwide/workdir:ro,Z" "-v" "/var/lib/crater-agent-workspace/cargo-home:/opt/rustwide/cargo-home:ro,Z" "-v" "/var/lib/crater-agent-workspace/rustup-home:/opt/rustwide/rustup-home:ro,Z" "-e" "SOURCE_DIR=/opt/rustwide/workdir" "-e" "CARGO_TARGET_DIR=/opt/rustwide/target" "-e" "CARGO_INCREMENTAL=0" "-e" "RUST_BACKTRACE=full" "-e" "RUSTFLAGS=--cap-lints=warn" "-e" "RUSTDOCFLAGS=--cap-lints=warn" "-e" "CARGO_HOME=/opt/rustwide/cargo-home" "-e" "RUSTUP_HOME=/opt/rustwide/rustup-home" "-w" "/opt/rustwide/workdir" "-m" "1610612736" "--user" "0:0" "--network" "none" "ghcr.io/rust-lang/crates-build-env/linux@sha256:f3a9d4ad9d972b27faf3965f35b62e55ba32bbce8f20bc8fe909558a86702fde" "/opt/rustwide/cargo-home/bin/cargo" "+beta-2024-12-08" "test" "--frozen" "--no-run" "--message-format=json", kill_on_drop: false }`
[INFO] [stdout] 6988e0d37b3c5b5cd6d54f2108e308f7b838142e323eff485276cdb2c7f4c29f
[INFO] running `Command { std: "docker" "start" "-a" "6988e0d37b3c5b5cd6d54f2108e308f7b838142e323eff485276cdb2c7f4c29f", kill_on_drop: false }`
[INFO] [stderr]    Compiling craweb v0.3.0 (/opt/rustwide/workdir)
[INFO] [stderr]     Finished `test` profile [unoptimized + debuginfo] target(s) in 1.25s
[INFO] running `Command { std: "docker" "inspect" "6988e0d37b3c5b5cd6d54f2108e308f7b838142e323eff485276cdb2c7f4c29f", kill_on_drop: false }`
[INFO] running `Command { std: "docker" "rm" "-f" "6988e0d37b3c5b5cd6d54f2108e308f7b838142e323eff485276cdb2c7f4c29f", kill_on_drop: false }`
[INFO] [stdout] 6988e0d37b3c5b5cd6d54f2108e308f7b838142e323eff485276cdb2c7f4c29f
[INFO] running `Command { std: "docker" "create" "-v" "/var/lib/crater-agent-workspace/builds/worker-5-tc2/target:/opt/rustwide/target:rw,Z" "-v" "/var/lib/crater-agent-workspace/builds/worker-5-tc2/source:/opt/rustwide/workdir:ro,Z" "-v" "/var/lib/crater-agent-workspace/cargo-home:/opt/rustwide/cargo-home:ro,Z" "-v" "/var/lib/crater-agent-workspace/rustup-home:/opt/rustwide/rustup-home:ro,Z" "-e" "SOURCE_DIR=/opt/rustwide/workdir" "-e" "CARGO_TARGET_DIR=/opt/rustwide/target" "-e" "CARGO_INCREMENTAL=0" "-e" "RUST_BACKTRACE=full" "-e" "RUSTFLAGS=--cap-lints=warn" "-e" "RUSTDOCFLAGS=--cap-lints=warn" "-e" "CARGO_HOME=/opt/rustwide/cargo-home" "-e" "RUSTUP_HOME=/opt/rustwide/rustup-home" "-w" "/opt/rustwide/workdir" "-m" "1610612736" "--user" "0:0" "--network" "none" "ghcr.io/rust-lang/crates-build-env/linux@sha256:f3a9d4ad9d972b27faf3965f35b62e55ba32bbce8f20bc8fe909558a86702fde" "/opt/rustwide/cargo-home/bin/cargo" "+beta-2024-12-08" "test" "--frozen", kill_on_drop: false }`
[INFO] [stdout] 399cafdfd5ef7921b9dff17158ba012032fdf81a4a0477320967f23f88fec71f
[INFO] running `Command { std: "docker" "start" "-a" "399cafdfd5ef7921b9dff17158ba012032fdf81a4a0477320967f23f88fec71f", kill_on_drop: false }`
[INFO] [stderr]     Finished `test` profile [unoptimized + debuginfo] target(s) in 0.05s
[INFO] [stdout] 
[INFO] [stderr]      Running unittests src/lib.rs (/opt/rustwide/target/debug/deps/craweb-3d54f85d4c72b897)
[INFO] [stdout] running 3 tests
[INFO] [stdout] test tests::test_getting_method ... ok
[INFO] [stdout] test tests::test_getting_query ... ok
[INFO] [stdout] test server::tests::test_generating_response ... ok
[INFO] [stdout] 
[INFO] [stderr]    Doc-tests craweb
[INFO] [stdout] test result: ok. 3 passed; 0 failed; 0 ignored; 0 measured; 0 filtered out; finished in 0.00s
[INFO] [stdout] 
[INFO] [stdout] 
[INFO] [stdout] running 4 tests
[INFO] [stdout] test src/server.rs - server::Server<'static>::bind (line 170) ... FAILED
[INFO] [stdout] test src/server.rs - server::Server<'static>::generate_response (line 240) ... FAILED
[INFO] [stdout] test src/lib.rs - utils::get_request_method (line 37) ... FAILED
[INFO] [stdout] test src/lib.rs - utils::get_url_query (line 13) ... FAILED
[INFO] [stdout] 
[INFO] [stdout] failures:
[INFO] [stdout] 
[INFO] [stdout] ---- src/server.rs - server::Server<'static>::bind (line 170) stdout ----
[INFO] [stdout] error[E0433]: failed to resolve: use of undeclared type `Server`
[INFO] [stdout]  --> src/server.rs:171:14
[INFO] [stdout]   |
[INFO] [stdout] 3 | let server = Server::new();
[INFO] [stdout]   |              ^^^^^^ use of undeclared type `Server`
[INFO] [stdout]   |
[INFO] [stdout] help: consider importing this struct
[INFO] [stdout]   |
[INFO] [stdout] 2 + use craweb::server::Server;
[INFO] [stdout]   |
[INFO] [stdout] 
[INFO] [stdout] error[E0433]: failed to resolve: use of undeclared type `Arc`
[INFO] [stdout]  --> src/server.rs:174:1
[INFO] [stdout]   |
[INFO] [stdout] 6 | Arc::new(server).execute("127.0.0.1:3000");
[INFO] [stdout]   | ^^^ use of undeclared type `Arc`
[INFO] [stdout]   |
[INFO] [stdout] help: consider importing this struct
[INFO] [stdout]   |
[INFO] [stdout] 2 + use std::sync::Arc;
[INFO] [stdout]   |
[INFO] [stdout] 
[INFO] [stdout] error: aborting due to 2 previous errors
[INFO] [stdout] 
[INFO] [stdout] For more information about this error, try `rustc --explain E0433`.
[INFO] [stdout] Couldn't compile the test.
[INFO] [stdout] ---- src/server.rs - server::Server<'static>::generate_response (line 240) stdout ----
[INFO] [stdout] error[E0433]: failed to resolve: use of undeclared type `HashMap`
[INFO] [stdout]  --> src/server.rs:242:30
[INFO] [stdout]   |
[INFO] [stdout] 5 | generate_response(200, "OK", HashMap::new(), None); // returns "HTTP/1.1 200 OK\r\nServer: craweb"
[INFO] [stdout]   |                              ^^^^^^^ use of undeclared type `HashMap`
[INFO] [stdout]   |
[INFO] [stdout] help: consider importing this struct
[INFO] [stdout]   |
[INFO] [stdout] 2 + use std::collections::HashMap;
[INFO] [stdout]   |
[INFO] [stdout] 
[INFO] [stdout] error[E0425]: cannot find function `generate_response` in this scope
[INFO] [stdout]  --> src/server.rs:242:1
[INFO] [stdout]   |
[INFO] [stdout] 5 | generate_response(200, "OK", HashMap::new(), None); // returns "HTTP/1.1 200 OK\r\nServer: craweb"
[INFO] [stdout]   | ^^^^^^^^^^^^^^^^^ not found in this scope
[INFO] [stdout] 
[INFO] [stdout] error: aborting due to 2 previous errors
[INFO] [stdout] 
[INFO] [stdout] Some errors have detailed explanations: E0425, E0433.
[INFO] [stdout] For more information about an error, try `rustc --explain E0425`.
[INFO] [stdout] Couldn't compile the test.
[INFO] [stdout] ---- src/lib.rs - utils::get_request_method (line 37) stdout ----
[INFO] [stdout] error[E0433]: failed to resolve: use of undeclared type `RequestMethod`
[INFO] [stdout]  --> src/lib.rs:39:25
[INFO] [stdout]   |
[INFO] [stdout] 4 | assert_eq!(enum_method, RequestMethod::GET); // -> true
[INFO] [stdout]   |                         ^^^^^^^^^^^^^ use of undeclared type `RequestMethod`
[INFO] [stdout]   |
[INFO] [stdout] help: consider importing this enum
[INFO] [stdout]   |
[INFO] [stdout] 2 + use craweb::models::RequestMethod;
[INFO] [stdout]   |
[INFO] [stdout] 
[INFO] [stdout] error[E0425]: cannot find function `get_request_method` in this scope
[INFO] [stdout]  --> src/lib.rs:38:19
[INFO] [stdout]   |
[INFO] [stdout] 3 | let enum_method = get_request_method("GET"); // -> RequestMethod::GET
[INFO] [stdout]   |                   ^^^^^^^^^^^^^^^^^^ not found in this scope
[INFO] [stdout] 
[INFO] [stdout] error: aborting due to 2 previous errors
[INFO] [stdout] 
[INFO] [stdout] Some errors have detailed explanations: E0425, E0433.
[INFO] [stdout] For more information about an error, try `rustc --explain E0425`.
[INFO] [stdout] Couldn't compile the test.
[INFO] [stdout] ---- src/lib.rs - utils::get_url_query (line 13) stdout ----
[INFO] [stdout] error[E0433]: failed to resolve: use of undeclared crate or module `utils`
[INFO] [stdout]  --> src/lib.rs:14:13
[INFO] [stdout]   |
[INFO] [stdout] 3 | let query = utils::get_url_query("https://some.url?and=some&query=params#bla=bla"); // -> HashMap<&str, &str>; size: 3
[INFO] [stdout]   |             ^^^^^ use of undeclared crate or module `utils`
[INFO] [stdout] 
[INFO] [stdout] error: aborting due to 1 previous error
[INFO] [stdout] 
[INFO] [stdout] For more information about this error, try `rustc --explain E0433`.
[INFO] [stdout] Couldn't compile the test.
[INFO] [stdout] 
[INFO] [stdout] failures:
[INFO] [stdout]     src/lib.rs - utils::get_request_method (line 37)
[INFO] [stdout]     src/lib.rs - utils::get_url_query (line 13)
[INFO] [stdout]     src/server.rs - server::Server<'static>::bind (line 170)
[INFO] [stdout]     src/server.rs - server::Server<'static>::generate_response (line 240)
[INFO] [stdout] 
[INFO] [stdout] test result: FAILED. 0 passed; 4 failed; 0 ignored; 0 measured; 0 filtered out; finished in 0.14s
[INFO] [stdout] 
[INFO] [stderr] error: doctest failed, to rerun pass `--doc`
[INFO] running `Command { std: "docker" "inspect" "399cafdfd5ef7921b9dff17158ba012032fdf81a4a0477320967f23f88fec71f", kill_on_drop: false }`
[INFO] running `Command { std: "docker" "rm" "-f" "399cafdfd5ef7921b9dff17158ba012032fdf81a4a0477320967f23f88fec71f", kill_on_drop: false }`
[INFO] [stdout] 399cafdfd5ef7921b9dff17158ba012032fdf81a4a0477320967f23f88fec71f
