[INFO] fetching crate crate_file_dyzs_16 0.1.5...
[INFO] testing crate_file_dyzs_16-0.1.5 against 1.83.0 for beta-1.84.0-4-retry
[INFO] extracting crate crate_file_dyzs_16 0.1.5 into /workspace/builds/worker-5-tc1/source
[INFO] validating manifest of crates.io crate crate_file_dyzs_16 0.1.5 on toolchain 1.83.0
[INFO] running `Command { std: CARGO_HOME="/workspace/cargo-home" RUSTUP_HOME="/workspace/rustup-home" "/workspace/cargo-home/bin/cargo" "+1.83.0" "metadata" "--manifest-path" "Cargo.toml" "--no-deps", kill_on_drop: false }`
[INFO] started tweaking crates.io crate crate_file_dyzs_16 0.1.5
[INFO] finished tweaking crates.io crate crate_file_dyzs_16 0.1.5
[INFO] tweaked toml for crates.io crate crate_file_dyzs_16 0.1.5 written to /workspace/builds/worker-5-tc1/source/Cargo.toml
[INFO] running `Command { std: CARGO_HOME="/workspace/cargo-home" RUSTUP_HOME="/workspace/rustup-home" "/workspace/cargo-home/bin/cargo" "+1.83.0" "generate-lockfile" "--manifest-path" "Cargo.toml", kill_on_drop: false }`
[INFO] [stderr]     Updating crates.io index
[INFO] [stderr]      Locking 83 packages to latest compatible versions
[INFO] running `Command { std: CARGO_HOME="/workspace/cargo-home" RUSTUP_HOME="/workspace/rustup-home" "/workspace/cargo-home/bin/cargo" "+1.83.0" "fetch" "--manifest-path" "Cargo.toml", kill_on_drop: false }`
[INFO] [stderr]  Downloading crates ...
[INFO] [stderr]   Downloaded crate_usb_dyzs_16 v0.0.2
[INFO] [stderr]   Downloaded serialport v4.6.1
[INFO] running `Command { std: "docker" "create" "-v" "/var/lib/crater-agent-workspace/builds/worker-5-tc1/target:/opt/rustwide/target:rw,Z" "-v" "/var/lib/crater-agent-workspace/builds/worker-5-tc1/source:/opt/rustwide/workdir:ro,Z" "-v" "/var/lib/crater-agent-workspace/cargo-home:/opt/rustwide/cargo-home:ro,Z" "-v" "/var/lib/crater-agent-workspace/rustup-home:/opt/rustwide/rustup-home:ro,Z" "-e" "SOURCE_DIR=/opt/rustwide/workdir" "-e" "CARGO_TARGET_DIR=/opt/rustwide/target" "-e" "CARGO_HOME=/opt/rustwide/cargo-home" "-e" "RUSTUP_HOME=/opt/rustwide/rustup-home" "-w" "/opt/rustwide/workdir" "-m" "1610612736" "--user" "0:0" "--network" "none" "ghcr.io/rust-lang/crates-build-env/linux@sha256:f3a9d4ad9d972b27faf3965f35b62e55ba32bbce8f20bc8fe909558a86702fde" "/opt/rustwide/cargo-home/bin/cargo" "+1.83.0" "metadata" "--no-deps" "--format-version=1", kill_on_drop: false }`
[INFO] [stdout] ca6846cfaeaf973d5e621041d314728687cf66fa8a1e678ad3a6f68154d63ac7
[INFO] running `Command { std: "docker" "start" "-a" "ca6846cfaeaf973d5e621041d314728687cf66fa8a1e678ad3a6f68154d63ac7", kill_on_drop: false }`
[INFO] running `Command { std: "docker" "inspect" "ca6846cfaeaf973d5e621041d314728687cf66fa8a1e678ad3a6f68154d63ac7", kill_on_drop: false }`
[INFO] running `Command { std: "docker" "rm" "-f" "ca6846cfaeaf973d5e621041d314728687cf66fa8a1e678ad3a6f68154d63ac7", kill_on_drop: false }`
[INFO] [stdout] ca6846cfaeaf973d5e621041d314728687cf66fa8a1e678ad3a6f68154d63ac7
[INFO] running `Command { std: "docker" "create" "-v" "/var/lib/crater-agent-workspace/builds/worker-5-tc1/target:/opt/rustwide/target:rw,Z" "-v" "/var/lib/crater-agent-workspace/builds/worker-5-tc1/source:/opt/rustwide/workdir:ro,Z" "-v" "/var/lib/crater-agent-workspace/cargo-home:/opt/rustwide/cargo-home:ro,Z" "-v" "/var/lib/crater-agent-workspace/rustup-home:/opt/rustwide/rustup-home:ro,Z" "-e" "SOURCE_DIR=/opt/rustwide/workdir" "-e" "CARGO_TARGET_DIR=/opt/rustwide/target" "-e" "CARGO_INCREMENTAL=0" "-e" "RUST_BACKTRACE=full" "-e" "RUSTFLAGS=--cap-lints=warn" "-e" "RUSTDOCFLAGS=--cap-lints=warn" "-e" "CARGO_HOME=/opt/rustwide/cargo-home" "-e" "RUSTUP_HOME=/opt/rustwide/rustup-home" "-w" "/opt/rustwide/workdir" "-m" "1610612736" "--user" "0:0" "--network" "none" "ghcr.io/rust-lang/crates-build-env/linux@sha256:f3a9d4ad9d972b27faf3965f35b62e55ba32bbce8f20bc8fe909558a86702fde" "/opt/rustwide/cargo-home/bin/cargo" "+1.83.0" "build" "--frozen" "--message-format=json", kill_on_drop: false }`
[INFO] [stdout] de09abd409ad349ea9650852432157f002e6eac781335f4d874882d3465aa766
[INFO] running `Command { std: "docker" "start" "-a" "de09abd409ad349ea9650852432157f002e6eac781335f4d874882d3465aa766", kill_on_drop: false }`
[INFO] [stderr]    Compiling proc-macro2 v1.0.92
[INFO] [stderr]    Compiling unicode-ident v1.0.14
[INFO] [stderr]    Compiling libc v0.2.168
[INFO] [stderr]    Compiling autocfg v1.4.0
[INFO] [stderr]    Compiling cfg-if v1.0.0
[INFO] [stderr]    Compiling pkg-config v0.3.31
[INFO] [stderr]    Compiling thiserror v1.0.69
[INFO] [stderr]    Compiling serde v1.0.216
[INFO] [stderr]    Compiling parking_lot_core v0.9.10
[INFO] [stderr]    Compiling scopeguard v1.2.0
[INFO] [stderr]    Compiling memchr v2.7.4
[INFO] [stderr]    Compiling smallvec v1.13.2
[INFO] [stderr]    Compiling serde_json v1.0.133
[INFO] [stderr]    Compiling ryu v1.0.18
[INFO] [stderr]    Compiling itoa v1.0.14
[INFO] [stderr]    Compiling bitflags v1.3.2
[INFO] [stderr]    Compiling bytes v1.9.0
[INFO] [stderr]    Compiling pin-project-lite v0.2.15
[INFO] [stderr]    Compiling bitflags v2.6.0
[INFO] [stderr]    Compiling byteorder v1.5.0
[INFO] [stderr]    Compiling iana-time-zone v0.1.61
[INFO] [stderr]    Compiling csv-core v0.1.11
[INFO] [stderr]    Compiling lock_api v0.4.12
[INFO] [stderr]    Compiling num-traits v0.2.19
[INFO] [stderr]    Compiling libudev-sys v0.1.4
[INFO] [stderr]    Compiling quote v1.0.37
[INFO] [stderr]    Compiling syn v2.0.90
[INFO] [stderr]    Compiling chrono v0.4.39
[INFO] [stderr]    Compiling mio v1.0.3
[INFO] [stderr]    Compiling nix v0.26.4
[INFO] [stderr]    Compiling signal-hook-registry v1.4.2
[INFO] [stderr]    Compiling socket2 v0.5.8
[INFO] [stderr]    Compiling libudev v0.3.0
[INFO] [stderr]    Compiling parking_lot v0.12.3
[INFO] [stderr]    Compiling serde_derive v1.0.216
[INFO] [stderr]    Compiling thiserror-impl v1.0.69
[INFO] [stderr]    Compiling tokio-macros v2.4.0
[INFO] [stderr]    Compiling tokio v1.42.0
[INFO] [stderr]    Compiling unescaper v0.1.5
[INFO] [stderr]    Compiling serialport v4.6.1
[INFO] [stderr]    Compiling csv v1.3.1
[INFO] [stderr]    Compiling crate_usb_dyzs_16 v0.0.2
[INFO] [stderr]    Compiling crate_file_dyzs_16 v0.1.5 (/opt/rustwide/workdir)
[INFO] [stdout] warning: unused import: `ResearchData`
[INFO] [stdout]  --> src/mod_csv/csv_operate.rs:2:37
[INFO] [stdout]   |
[INFO] [stdout] 2 | use crate_usb_dyzs_16::{ParsedData, ResearchData, SerialData};
[INFO] [stdout]   |                                     ^^^^^^^^^^^^
[INFO] [stdout]   |
[INFO] [stdout]   = note: `#[warn(unused_imports)]` on by default
[INFO] [stdout] 
[INFO] [stdout] 
[INFO] [stdout] warning: unused import: `serde_json::json`
[INFO] [stdout]  --> src/mod_json/json_operate.rs:1:5
[INFO] [stdout]   |
[INFO] [stdout] 1 | use serde_json::json;
[INFO] [stdout]   |     ^^^^^^^^^^^^^^^^
[INFO] [stdout] 
[INFO] [stdout] 
[INFO] [stdout] warning: unused imports: `Deserialize` and `Serialize`
[INFO] [stdout]  --> src/mod_asc/asc_operate.rs:1:13
[INFO] [stdout]   |
[INFO] [stdout] 1 | use serde::{Deserialize, Serialize};
[INFO] [stdout]   |             ^^^^^^^^^^^  ^^^^^^^^^
[INFO] [stdout] 
[INFO] [stdout] 
[INFO] [stdout] warning: use of deprecated associated function `chrono::NaiveDate::from_ymd`: use `from_ymd_opt()` instead
[INFO] [stdout]    --> src/mod_csv/csv_operate.rs:279:41
[INFO] [stdout]     |
[INFO] [stdout] 279 |     let start_date = chrono::NaiveDate::from_ymd(2024, 8, 1).and_hms(12, 0, 0);
[INFO] [stdout]     |                                         ^^^^^^^^
[INFO] [stdout]     |
[INFO] [stdout]     = note: `#[warn(deprecated)]` on by default
[INFO] [stdout] 
[INFO] [stdout] 
[INFO] [stdout] warning: use of deprecated method `chrono::NaiveDate::and_hms`: use `and_hms_opt()` instead
[INFO] [stdout]    --> src/mod_csv/csv_operate.rs:279:62
[INFO] [stdout]     |
[INFO] [stdout] 279 |     let start_date = chrono::NaiveDate::from_ymd(2024, 8, 1).and_hms(12, 0, 0);
[INFO] [stdout]     |                                                              ^^^^^^^
[INFO] [stdout] 
[INFO] [stdout] 
[INFO] [stdout] warning: variable does not need to be mutable
[INFO] [stdout]    --> src/mod_csv/csv_operate.rs:253:9
[INFO] [stdout]     |
[INFO] [stdout] 253 |     let mut records = rdr.records().skip(1);
[INFO] [stdout]     |         ----^^^^^^^
[INFO] [stdout]     |         |
[INFO] [stdout]     |         help: remove this `mut`
[INFO] [stdout]     |
[INFO] [stdout]     = note: `#[warn(unused_mut)]` on by default
[INFO] [stdout] 
[INFO] [stdout] 
[INFO] [stdout] warning: function `copy_file_to_target` is never used
[INFO] [stdout]    --> src/mod_csv/csv_operate.rs:300:4
[INFO] [stdout]     |
[INFO] [stdout] 300 | fn copy_file_to_target(current_path: &PathBuf, target_path: &PathBuf) -> std::io::Result<()> {
[INFO] [stdout]     |    ^^^^^^^^^^^^^^^^^^^
[INFO] [stdout]     |
[INFO] [stdout]     = note: `#[warn(dead_code)]` on by default
[INFO] [stdout] 
[INFO] [stdout] 
[INFO] [stdout] warning: function `move_file_to_target_path` is never used
[INFO] [stdout]    --> src/mod_csv/csv_operate.rs:324:10
[INFO] [stdout]     |
[INFO] [stdout] 324 | async fn move_file_to_target_path(
[INFO] [stdout]     |          ^^^^^^^^^^^^^^^^^^^^^^^^
[INFO] [stdout] 
[INFO] [stdout] 
[INFO] [stdout] warning: field `signals` is never read
[INFO] [stdout]   --> src/mod_csv/writer.rs:51:9
[INFO] [stdout]    |
[INFO] [stdout] 40 | pub struct Signal {
[INFO] [stdout]    |            ------ field in this struct
[INFO] [stdout] ...
[INFO] [stdout] 51 |     pub signals: Vec<f32>
[INFO] [stdout]    |         ^^^^^^^
[INFO] [stdout]    |
[INFO] [stdout]    = note: `Signal` has derived impls for the traits `Debug` and `Clone`, but these are intentionally ignored during dead code analysis
[INFO] [stdout] 
[INFO] [stdout] 
[INFO] [stdout] warning: structure field `EMG1` should have a snake case name
[INFO] [stdout]   --> src/mod_csv/csv_operate.rs:23:5
[INFO] [stdout]    |
[INFO] [stdout] 23 |     EMG1: f32,
[INFO] [stdout]    |     ^^^^ help: convert the identifier to snake case: `emg1`
[INFO] [stdout]    |
[INFO] [stdout]    = note: `#[warn(non_snake_case)]` on by default
[INFO] [stdout] 
[INFO] [stdout] 
[INFO] [stdout] warning: structure field `EMG2` should have a snake case name
[INFO] [stdout]   --> src/mod_csv/csv_operate.rs:24:5
[INFO] [stdout]    |
[INFO] [stdout] 24 |     EMG2: f32,
[INFO] [stdout]    |     ^^^^ help: convert the identifier to snake case: `emg2`
[INFO] [stdout] 
[INFO] [stdout] 
[INFO] [stdout] warning: structure field `EMG3` should have a snake case name
[INFO] [stdout]   --> src/mod_csv/csv_operate.rs:25:5
[INFO] [stdout]    |
[INFO] [stdout] 25 |     EMG3: f32,
[INFO] [stdout]    |     ^^^^ help: convert the identifier to snake case: `emg3`
[INFO] [stdout] 
[INFO] [stdout] 
[INFO] [stdout] warning: structure field `EMG4` should have a snake case name
[INFO] [stdout]   --> src/mod_csv/csv_operate.rs:26:5
[INFO] [stdout]    |
[INFO] [stdout] 26 |     EMG4: f32,
[INFO] [stdout]    |     ^^^^ help: convert the identifier to snake case: `emg4`
[INFO] [stdout] 
[INFO] [stdout] 
[INFO] [stdout] warning: structure field `EMG5` should have a snake case name
[INFO] [stdout]   --> src/mod_csv/csv_operate.rs:27:5
[INFO] [stdout]    |
[INFO] [stdout] 27 |     EMG5: f32,
[INFO] [stdout]    |     ^^^^ help: convert the identifier to snake case: `emg5`
[INFO] [stdout] 
[INFO] [stdout] 
[INFO] [stdout] warning: structure field `EMG6` should have a snake case name
[INFO] [stdout]   --> src/mod_csv/csv_operate.rs:28:5
[INFO] [stdout]    |
[INFO] [stdout] 28 |     EMG6: f32,
[INFO] [stdout]    |     ^^^^ help: convert the identifier to snake case: `emg6`
[INFO] [stdout] 
[INFO] [stdout] 
[INFO] [stdout] warning: structure field `EMG7` should have a snake case name
[INFO] [stdout]   --> src/mod_csv/csv_operate.rs:29:5
[INFO] [stdout]    |
[INFO] [stdout] 29 |     EMG7: f32,
[INFO] [stdout]    |     ^^^^ help: convert the identifier to snake case: `emg7`
[INFO] [stdout] 
[INFO] [stdout] 
[INFO] [stdout] warning: structure field `EMG8` should have a snake case name
[INFO] [stdout]   --> src/mod_csv/csv_operate.rs:30:5
[INFO] [stdout]    |
[INFO] [stdout] 30 |     EMG8: f32,
[INFO] [stdout]    |     ^^^^ help: convert the identifier to snake case: `emg8`
[INFO] [stdout] 
[INFO] [stdout] 
[INFO] [stdout] warning: structure field `EMG9` should have a snake case name
[INFO] [stdout]   --> src/mod_csv/csv_operate.rs:31:5
[INFO] [stdout]    |
[INFO] [stdout] 31 |     EMG9: f32,
[INFO] [stdout]    |     ^^^^ help: convert the identifier to snake case: `emg9`
[INFO] [stdout] 
[INFO] [stdout] 
[INFO] [stdout] warning: structure field `EMG10` should have a snake case name
[INFO] [stdout]   --> src/mod_csv/csv_operate.rs:32:5
[INFO] [stdout]    |
[INFO] [stdout] 32 |     EMG10: f32,
[INFO] [stdout]    |     ^^^^^ help: convert the identifier to snake case: `emg10`
[INFO] [stdout] 
[INFO] [stdout] 
[INFO] [stdout] warning: structure field `EMG11` should have a snake case name
[INFO] [stdout]   --> src/mod_csv/csv_operate.rs:33:5
[INFO] [stdout]    |
[INFO] [stdout] 33 |     EMG11: f32,
[INFO] [stdout]    |     ^^^^^ help: convert the identifier to snake case: `emg11`
[INFO] [stdout] 
[INFO] [stdout] 
[INFO] [stdout] warning: structure field `EMG12` should have a snake case name
[INFO] [stdout]   --> src/mod_csv/csv_operate.rs:34:5
[INFO] [stdout]    |
[INFO] [stdout] 34 |     EMG12: f32,
[INFO] [stdout]    |     ^^^^^ help: convert the identifier to snake case: `emg12`
[INFO] [stdout] 
[INFO] [stdout] 
[INFO] [stdout] warning: structure field `EMG13` should have a snake case name
[INFO] [stdout]   --> src/mod_csv/csv_operate.rs:35:5
[INFO] [stdout]    |
[INFO] [stdout] 35 |     EMG13: f32,
[INFO] [stdout]    |     ^^^^^ help: convert the identifier to snake case: `emg13`
[INFO] [stdout] 
[INFO] [stdout] 
[INFO] [stdout] warning: structure field `EMG14` should have a snake case name
[INFO] [stdout]   --> src/mod_csv/csv_operate.rs:36:5
[INFO] [stdout]    |
[INFO] [stdout] 36 |     EMG14: f32,
[INFO] [stdout]    |     ^^^^^ help: convert the identifier to snake case: `emg14`
[INFO] [stdout] 
[INFO] [stdout] 
[INFO] [stdout] warning: structure field `EMG15` should have a snake case name
[INFO] [stdout]   --> src/mod_csv/csv_operate.rs:37:5
[INFO] [stdout]    |
[INFO] [stdout] 37 |     EMG15: f32,
[INFO] [stdout]    |     ^^^^^ help: convert the identifier to snake case: `emg15`
[INFO] [stdout] 
[INFO] [stdout] 
[INFO] [stdout] warning: structure field `EMG16` should have a snake case name
[INFO] [stdout]   --> src/mod_csv/csv_operate.rs:38:5
[INFO] [stdout]    |
[INFO] [stdout] 38 |     EMG16: f32,
[INFO] [stdout]    |     ^^^^^ help: convert the identifier to snake case: `emg16`
[INFO] [stdout] 
[INFO] [stdout] 
[INFO] [stderr]     Finished `dev` profile [unoptimized + debuginfo] target(s) in 17.57s
[INFO] running `Command { std: "docker" "inspect" "de09abd409ad349ea9650852432157f002e6eac781335f4d874882d3465aa766", kill_on_drop: false }`
[INFO] running `Command { std: "docker" "rm" "-f" "de09abd409ad349ea9650852432157f002e6eac781335f4d874882d3465aa766", kill_on_drop: false }`
[INFO] [stdout] de09abd409ad349ea9650852432157f002e6eac781335f4d874882d3465aa766
[INFO] running `Command { std: "docker" "create" "-v" "/var/lib/crater-agent-workspace/builds/worker-5-tc1/target:/opt/rustwide/target:rw,Z" "-v" "/var/lib/crater-agent-workspace/builds/worker-5-tc1/source:/opt/rustwide/workdir:ro,Z" "-v" "/var/lib/crater-agent-workspace/cargo-home:/opt/rustwide/cargo-home:ro,Z" "-v" "/var/lib/crater-agent-workspace/rustup-home:/opt/rustwide/rustup-home:ro,Z" "-e" "SOURCE_DIR=/opt/rustwide/workdir" "-e" "CARGO_TARGET_DIR=/opt/rustwide/target" "-e" "CARGO_INCREMENTAL=0" "-e" "RUST_BACKTRACE=full" "-e" "RUSTFLAGS=--cap-lints=warn" "-e" "RUSTDOCFLAGS=--cap-lints=warn" "-e" "CARGO_HOME=/opt/rustwide/cargo-home" "-e" "RUSTUP_HOME=/opt/rustwide/rustup-home" "-w" "/opt/rustwide/workdir" "-m" "1610612736" "--user" "0:0" "--network" "none" "ghcr.io/rust-lang/crates-build-env/linux@sha256:f3a9d4ad9d972b27faf3965f35b62e55ba32bbce8f20bc8fe909558a86702fde" "/opt/rustwide/cargo-home/bin/cargo" "+1.83.0" "test" "--frozen" "--no-run" "--message-format=json", kill_on_drop: false }`
[INFO] [stdout] fe61f07729e03b7ad15d33fb17d25568f1119ca61698eb187436038db8b55067
[INFO] running `Command { std: "docker" "start" "-a" "fe61f07729e03b7ad15d33fb17d25568f1119ca61698eb187436038db8b55067", kill_on_drop: false }`
[INFO] [stdout] warning: unused import: `ResearchData`
[INFO] [stdout]  --> src/mod_csv/csv_operate.rs:2:37
[INFO] [stdout]   |
[INFO] [stdout] 2 | use crate_usb_dyzs_16::{ParsedData, ResearchData, SerialData};
[INFO] [stdout]   |                                     ^^^^^^^^^^^^
[INFO] [stdout]   |
[INFO] [stdout]   = note: `#[warn(unused_imports)]` on by default
[INFO] [stdout] 
[INFO] [stdout] 
[INFO] [stdout] warning: unused import: `serde_json::json`
[INFO] [stdout]  --> src/mod_json/json_operate.rs:1:5
[INFO] [stdout]   |
[INFO] [stdout] 1 | use serde_json::json;
[INFO] [stdout]   |     ^^^^^^^^^^^^^^^^
[INFO] [stdout] 
[INFO] [stdout] 
[INFO] [stdout] warning: unused imports: `Deserialize` and `Serialize`
[INFO] [stdout]  --> src/mod_asc/asc_operate.rs:1:13
[INFO] [stdout]   |
[INFO] [stdout] 1 | use serde::{Deserialize, Serialize};
[INFO] [stdout]   |             ^^^^^^^^^^^  ^^^^^^^^^
[INFO] [stdout] 
[INFO] [stdout] 
[INFO] [stdout] warning: use of deprecated associated function `chrono::NaiveDate::from_ymd`: use `from_ymd_opt()` instead
[INFO] [stdout]    --> src/mod_csv/csv_operate.rs:279:41
[INFO] [stdout]     |
[INFO] [stdout] 279 |     let start_date = chrono::NaiveDate::from_ymd(2024, 8, 1).and_hms(12, 0, 0);
[INFO] [stdout]     |                                         ^^^^^^^^
[INFO] [stdout]     |
[INFO] [stdout]     = note: `#[warn(deprecated)]` on by default
[INFO] [stdout] 
[INFO] [stdout] 
[INFO] [stdout] warning: use of deprecated method `chrono::NaiveDate::and_hms`: use `and_hms_opt()` instead
[INFO] [stdout]    --> src/mod_csv/csv_operate.rs:279:62
[INFO] [stdout]     |
[INFO] [stdout] 279 |     let start_date = chrono::NaiveDate::from_ymd(2024, 8, 1).and_hms(12, 0, 0);
[INFO] [stdout]     |                                                              ^^^^^^^
[INFO] [stdout] 
[INFO] [stdout] 
[INFO] [stdout] warning: variable does not need to be mutable
[INFO] [stdout]    --> src/mod_csv/csv_operate.rs:253:9
[INFO] [stdout]     |
[INFO] [stdout] 253 |     let mut records = rdr.records().skip(1);
[INFO] [stdout]     |         ----^^^^^^^
[INFO] [stdout]     |         |
[INFO] [stdout]     |         help: remove this `mut`
[INFO] [stdout]     |
[INFO] [stdout]     = note: `#[warn(unused_mut)]` on by default
[INFO] [stdout] 
[INFO] [stdout] 
[INFO] [stdout] warning: function `copy_file_to_target` is never used
[INFO] [stdout]    --> src/mod_csv/csv_operate.rs:300:4
[INFO] [stdout]     |
[INFO] [stdout] 300 | fn copy_file_to_target(current_path: &PathBuf, target_path: &PathBuf) -> std::io::Result<()> {
[INFO] [stdout]     |    ^^^^^^^^^^^^^^^^^^^
[INFO] [stdout]     |
[INFO] [stdout]     = note: `#[warn(dead_code)]` on by default
[INFO] [stdout] 
[INFO] [stdout] 
[INFO] [stdout] warning: function `move_file_to_target_path` is never used
[INFO] [stdout]    --> src/mod_csv/csv_operate.rs:324:10
[INFO] [stdout]     |
[INFO] [stdout] 324 | async fn move_file_to_target_path(
[INFO] [stdout]     |          ^^^^^^^^^^^^^^^^^^^^^^^^
[INFO] [stdout] 
[INFO] [stdout] 
[INFO] [stdout] warning: field `signals` is never read
[INFO] [stdout]   --> src/mod_csv/writer.rs:51:9
[INFO] [stdout]    |
[INFO] [stdout] 40 | pub struct Signal {
[INFO] [stdout]    |            ------ field in this struct
[INFO] [stdout] ...
[INFO] [stdout] 51 |     pub signals: Vec<f32>
[INFO] [stdout]    |         ^^^^^^^
[INFO] [stdout]    |
[INFO] [stdout]    = note: `Signal` has derived impls for the traits `Debug` and `Clone`, but these are intentionally ignored during dead code analysis
[INFO] [stdout] 
[INFO] [stdout] 
[INFO] [stdout] warning: structure field `EMG1` should have a snake case name
[INFO] [stdout]   --> src/mod_csv/csv_operate.rs:23:5
[INFO] [stdout]    |
[INFO] [stdout] 23 |     EMG1: f32,
[INFO] [stdout]    |     ^^^^ help: convert the identifier to snake case: `emg1`
[INFO] [stdout]    |
[INFO] [stdout]    = note: `#[warn(non_snake_case)]` on by default
[INFO] [stdout] 
[INFO] [stdout] 
[INFO] [stdout] warning: structure field `EMG2` should have a snake case name
[INFO] [stdout]   --> src/mod_csv/csv_operate.rs:24:5
[INFO] [stdout]    |
[INFO] [stdout] 24 |     EMG2: f32,
[INFO] [stdout]    |     ^^^^ help: convert the identifier to snake case: `emg2`
[INFO] [stdout] 
[INFO] [stdout] 
[INFO] [stderr]    Compiling crate_file_dyzs_16 v0.1.5 (/opt/rustwide/workdir)
[INFO] [stdout] warning: structure field `EMG3` should have a snake case name
[INFO] [stdout]   --> src/mod_csv/csv_operate.rs:25:5
[INFO] [stdout]    |
[INFO] [stdout] 25 |     EMG3: f32,
[INFO] [stdout]    |     ^^^^ help: convert the identifier to snake case: `emg3`
[INFO] [stdout] 
[INFO] [stdout] 
[INFO] [stdout] warning: structure field `EMG4` should have a snake case name
[INFO] [stdout]   --> src/mod_csv/csv_operate.rs:26:5
[INFO] [stdout]    |
[INFO] [stdout] 26 |     EMG4: f32,
[INFO] [stdout]    |     ^^^^ help: convert the identifier to snake case: `emg4`
[INFO] [stdout] 
[INFO] [stdout] 
[INFO] [stdout] warning: structure field `EMG5` should have a snake case name
[INFO] [stdout]   --> src/mod_csv/csv_operate.rs:27:5
[INFO] [stdout]    |
[INFO] [stdout] 27 |     EMG5: f32,
[INFO] [stdout]    |     ^^^^ help: convert the identifier to snake case: `emg5`
[INFO] [stdout] 
[INFO] [stdout] 
[INFO] [stdout] warning: structure field `EMG6` should have a snake case name
[INFO] [stdout]   --> src/mod_csv/csv_operate.rs:28:5
[INFO] [stdout]    |
[INFO] [stdout] 28 |     EMG6: f32,
[INFO] [stdout]    |     ^^^^ help: convert the identifier to snake case: `emg6`
[INFO] [stdout] 
[INFO] [stdout] 
[INFO] [stdout] warning: structure field `EMG7` should have a snake case name
[INFO] [stdout]   --> src/mod_csv/csv_operate.rs:29:5
[INFO] [stdout]    |
[INFO] [stdout] 29 |     EMG7: f32,
[INFO] [stdout]    |     ^^^^ help: convert the identifier to snake case: `emg7`
[INFO] [stdout] 
[INFO] [stdout] 
[INFO] [stdout] warning: structure field `EMG8` should have a snake case name
[INFO] [stdout]   --> src/mod_csv/csv_operate.rs:30:5
[INFO] [stdout]    |
[INFO] [stdout] 30 |     EMG8: f32,
[INFO] [stdout]    |     ^^^^ help: convert the identifier to snake case: `emg8`
[INFO] [stdout] 
[INFO] [stdout] 
[INFO] [stdout] warning: structure field `EMG9` should have a snake case name
[INFO] [stdout]   --> src/mod_csv/csv_operate.rs:31:5
[INFO] [stdout]    |
[INFO] [stdout] 31 |     EMG9: f32,
[INFO] [stdout]    |     ^^^^ help: convert the identifier to snake case: `emg9`
[INFO] [stdout] 
[INFO] [stdout] 
[INFO] [stdout] warning: structure field `EMG10` should have a snake case name
[INFO] [stdout]   --> src/mod_csv/csv_operate.rs:32:5
[INFO] [stdout]    |
[INFO] [stdout] 32 |     EMG10: f32,
[INFO] [stdout]    |     ^^^^^ help: convert the identifier to snake case: `emg10`
[INFO] [stdout] 
[INFO] [stdout] 
[INFO] [stdout] warning: structure field `EMG11` should have a snake case name
[INFO] [stdout]   --> src/mod_csv/csv_operate.rs:33:5
[INFO] [stdout]    |
[INFO] [stdout] 33 |     EMG11: f32,
[INFO] [stdout]    |     ^^^^^ help: convert the identifier to snake case: `emg11`
[INFO] [stdout] 
[INFO] [stdout] 
[INFO] [stdout] warning: structure field `EMG12` should have a snake case name
[INFO] [stdout]   --> src/mod_csv/csv_operate.rs:34:5
[INFO] [stdout]    |
[INFO] [stdout] 34 |     EMG12: f32,
[INFO] [stdout]    |     ^^^^^ help: convert the identifier to snake case: `emg12`
[INFO] [stdout] 
[INFO] [stdout] 
[INFO] [stdout] warning: structure field `EMG13` should have a snake case name
[INFO] [stdout]   --> src/mod_csv/csv_operate.rs:35:5
[INFO] [stdout]    |
[INFO] [stdout] 35 |     EMG13: f32,
[INFO] [stdout]    |     ^^^^^ help: convert the identifier to snake case: `emg13`
[INFO] [stdout] 
[INFO] [stdout] 
[INFO] [stdout] warning: structure field `EMG14` should have a snake case name
[INFO] [stdout]   --> src/mod_csv/csv_operate.rs:36:5
[INFO] [stdout]    |
[INFO] [stdout] 36 |     EMG14: f32,
[INFO] [stdout]    |     ^^^^^ help: convert the identifier to snake case: `emg14`
[INFO] [stdout] 
[INFO] [stdout] 
[INFO] [stdout] warning: structure field `EMG15` should have a snake case name
[INFO] [stdout]   --> src/mod_csv/csv_operate.rs:37:5
[INFO] [stdout]    |
[INFO] [stdout] 37 |     EMG15: f32,
[INFO] [stdout]    |     ^^^^^ help: convert the identifier to snake case: `emg15`
[INFO] [stdout] 
[INFO] [stdout] 
[INFO] [stdout] warning: structure field `EMG16` should have a snake case name
[INFO] [stdout]   --> src/mod_csv/csv_operate.rs:38:5
[INFO] [stdout]    |
[INFO] [stdout] 38 |     EMG16: f32,
[INFO] [stdout]    |     ^^^^^ help: convert the identifier to snake case: `emg16`
[INFO] [stdout] 
[INFO] [stdout] 
[INFO] [stdout] warning: unused import: `serde_json::json`
[INFO] [stdout]  --> src/mod_json/json_operate.rs:1:5
[INFO] [stdout]   |
[INFO] [stdout] 1 | use serde_json::json;
[INFO] [stdout]   |     ^^^^^^^^^^^^^^^^
[INFO] [stdout]   |
[INFO] [stdout]   = note: `#[warn(unused_imports)]` on by default
[INFO] [stdout] 
[INFO] [stdout] 
[INFO] [stdout] warning: unused imports: `Deserialize` and `Serialize`
[INFO] [stdout]  --> src/mod_asc/asc_operate.rs:1:13
[INFO] [stdout]   |
[INFO] [stdout] 1 | use serde::{Deserialize, Serialize};
[INFO] [stdout]   |             ^^^^^^^^^^^  ^^^^^^^^^
[INFO] [stdout] 
[INFO] [stdout] 
[INFO] [stdout] warning: unused import: `std::io::Read`
[INFO] [stdout]   --> src/mod_asc/asc_operate.rs:56:9
[INFO] [stdout]    |
[INFO] [stdout] 56 |     use std::io::Read;
[INFO] [stdout]    |         ^^^^^^^^^^^^^
[INFO] [stdout] 
[INFO] [stdout] 
[INFO] [stdout] warning: unused import: `tokio::io::AsyncReadExt`
[INFO] [stdout]   --> src/mod_asc/asc_operate.rs:57:9
[INFO] [stdout]    |
[INFO] [stdout] 57 |     use tokio::io::AsyncReadExt;
[INFO] [stdout]    |         ^^^^^^^^^^^^^^^^^^^^^^^
[INFO] [stdout] 
[INFO] [stdout] 
[INFO] [stdout] warning: use of deprecated associated function `chrono::NaiveDate::from_ymd`: use `from_ymd_opt()` instead
[INFO] [stdout]    --> src/mod_csv/csv_operate.rs:279:41
[INFO] [stdout]     |
[INFO] [stdout] 279 |     let start_date = chrono::NaiveDate::from_ymd(2024, 8, 1).and_hms(12, 0, 0);
[INFO] [stdout]     |                                         ^^^^^^^^
[INFO] [stdout]     |
[INFO] [stdout]     = note: `#[warn(deprecated)]` on by default
[INFO] [stdout] 
[INFO] [stdout] 
[INFO] [stdout] warning: use of deprecated method `chrono::NaiveDate::and_hms`: use `and_hms_opt()` instead
[INFO] [stdout]    --> src/mod_csv/csv_operate.rs:279:62
[INFO] [stdout]     |
[INFO] [stdout] 279 |     let start_date = chrono::NaiveDate::from_ymd(2024, 8, 1).and_hms(12, 0, 0);
[INFO] [stdout]     |                                                              ^^^^^^^
[INFO] [stdout] 
[INFO] [stdout] 
[INFO] [stdout] warning: use of deprecated associated function `chrono::NaiveDate::from_ymd`: use `from_ymd_opt()` instead
[INFO] [stdout]    --> src/mod_csv/writer.rs:188:37
[INFO] [stdout]     |
[INFO] [stdout] 188 |         let start_date = NaiveDate::from_ymd(2024, 8, 1).and_hms(12, 0, 0);
[INFO] [stdout]     |                                     ^^^^^^^^
[INFO] [stdout] 
[INFO] [stdout] 
[INFO] [stdout] warning: use of deprecated method `chrono::NaiveDate::and_hms`: use `and_hms_opt()` instead
[INFO] [stdout]    --> src/mod_csv/writer.rs:188:58
[INFO] [stdout]     |
[INFO] [stdout] 188 |         let start_date = NaiveDate::from_ymd(2024, 8, 1).and_hms(12, 0, 0);
[INFO] [stdout]     |                                                          ^^^^^^^
[INFO] [stdout] 
[INFO] [stdout] 
[INFO] [stdout] warning: variable does not need to be mutable
[INFO] [stdout]    --> src/mod_csv/csv_operate.rs:253:9
[INFO] [stdout]     |
[INFO] [stdout] 253 |     let mut records = rdr.records().skip(1);
[INFO] [stdout]     |         ----^^^^^^^
[INFO] [stdout]     |         |
[INFO] [stdout]     |         help: remove this `mut`
[INFO] [stdout]     |
[INFO] [stdout]     = note: `#[warn(unused_mut)]` on by default
[INFO] [stdout] 
[INFO] [stdout] 
[INFO] [stdout] warning: function `copy_file_to_target` is never used
[INFO] [stdout]    --> src/mod_csv/csv_operate.rs:300:4
[INFO] [stdout]     |
[INFO] [stdout] 300 | fn copy_file_to_target(current_path: &PathBuf, target_path: &PathBuf) -> std::io::Result<()> {
[INFO] [stdout]     |    ^^^^^^^^^^^^^^^^^^^
[INFO] [stdout]     |
[INFO] [stdout]     = note: `#[warn(dead_code)]` on by default
[INFO] [stdout] 
[INFO] [stdout] 
[INFO] [stdout] warning: function `move_file_to_target_path` is never used
[INFO] [stdout]    --> src/mod_csv/csv_operate.rs:324:10
[INFO] [stdout]     |
[INFO] [stdout] 324 | async fn move_file_to_target_path(
[INFO] [stdout]     |          ^^^^^^^^^^^^^^^^^^^^^^^^
[INFO] [stdout] 
[INFO] [stdout] 
[INFO] [stdout] warning: field `signals` is never read
[INFO] [stdout]   --> src/mod_csv/writer.rs:51:9
[INFO] [stdout]    |
[INFO] [stdout] 40 | pub struct Signal {
[INFO] [stdout]    |            ------ field in this struct
[INFO] [stdout] ...
[INFO] [stdout] 51 |     pub signals: Vec<f32>
[INFO] [stdout]    |         ^^^^^^^
[INFO] [stdout]    |
[INFO] [stdout]    = note: `Signal` has derived impls for the traits `Debug` and `Clone`, but these are intentionally ignored during dead code analysis
[INFO] [stdout] 
[INFO] [stdout] 
[INFO] [stdout] warning: structure field `EMG1` should have a snake case name
[INFO] [stdout]   --> src/mod_csv/csv_operate.rs:23:5
[INFO] [stdout]    |
[INFO] [stdout] 23 |     EMG1: f32,
[INFO] [stdout]    |     ^^^^ help: convert the identifier to snake case: `emg1`
[INFO] [stdout]    |
[INFO] [stdout]    = note: `#[warn(non_snake_case)]` on by default
[INFO] [stdout] 
[INFO] [stdout] 
[INFO] [stdout] warning: structure field `EMG2` should have a snake case name
[INFO] [stdout]   --> src/mod_csv/csv_operate.rs:24:5
[INFO] [stdout]    |
[INFO] [stdout] 24 |     EMG2: f32,
[INFO] [stdout]    |     ^^^^ help: convert the identifier to snake case: `emg2`
[INFO] [stdout] 
[INFO] [stdout] 
[INFO] [stdout] warning: structure field `EMG3` should have a snake case name
[INFO] [stdout]   --> src/mod_csv/csv_operate.rs:25:5
[INFO] [stdout]    |
[INFO] [stdout] 25 |     EMG3: f32,
[INFO] [stdout]    |     ^^^^ help: convert the identifier to snake case: `emg3`
[INFO] [stdout] 
[INFO] [stdout] 
[INFO] [stdout] warning: structure field `EMG4` should have a snake case name
[INFO] [stdout]   --> src/mod_csv/csv_operate.rs:26:5
[INFO] [stdout]    |
[INFO] [stdout] 26 |     EMG4: f32,
[INFO] [stdout]    |     ^^^^ help: convert the identifier to snake case: `emg4`
[INFO] [stdout] 
[INFO] [stdout] 
[INFO] [stdout] warning: structure field `EMG5` should have a snake case name
[INFO] [stdout]   --> src/mod_csv/csv_operate.rs:27:5
[INFO] [stdout]    |
[INFO] [stdout] 27 |     EMG5: f32,
[INFO] [stdout]    |     ^^^^ help: convert the identifier to snake case: `emg5`
[INFO] [stdout] 
[INFO] [stdout] 
[INFO] [stdout] warning: structure field `EMG6` should have a snake case name
[INFO] [stdout]   --> src/mod_csv/csv_operate.rs:28:5
[INFO] [stdout]    |
[INFO] [stdout] 28 |     EMG6: f32,
[INFO] [stdout]    |     ^^^^ help: convert the identifier to snake case: `emg6`
[INFO] [stdout] 
[INFO] [stdout] 
[INFO] [stdout] warning: structure field `EMG7` should have a snake case name
[INFO] [stdout]   --> src/mod_csv/csv_operate.rs:29:5
[INFO] [stdout]    |
[INFO] [stdout] 29 |     EMG7: f32,
[INFO] [stdout]    |     ^^^^ help: convert the identifier to snake case: `emg7`
[INFO] [stdout] 
[INFO] [stdout] 
[INFO] [stdout] warning: structure field `EMG8` should have a snake case name
[INFO] [stdout]   --> src/mod_csv/csv_operate.rs:30:5
[INFO] [stdout]    |
[INFO] [stdout] 30 |     EMG8: f32,
[INFO] [stdout]    |     ^^^^ help: convert the identifier to snake case: `emg8`
[INFO] [stdout] 
[INFO] [stdout] 
[INFO] [stdout] warning: structure field `EMG9` should have a snake case name
[INFO] [stdout]   --> src/mod_csv/csv_operate.rs:31:5
[INFO] [stdout]    |
[INFO] [stdout] 31 |     EMG9: f32,
[INFO] [stdout]    |     ^^^^ help: convert the identifier to snake case: `emg9`
[INFO] [stdout] 
[INFO] [stdout] 
[INFO] [stdout] warning: structure field `EMG10` should have a snake case name
[INFO] [stdout]   --> src/mod_csv/csv_operate.rs:32:5
[INFO] [stdout]    |
[INFO] [stdout] 32 |     EMG10: f32,
[INFO] [stdout]    |     ^^^^^ help: convert the identifier to snake case: `emg10`
[INFO] [stdout] 
[INFO] [stdout] 
[INFO] [stdout] warning: structure field `EMG11` should have a snake case name
[INFO] [stdout]   --> src/mod_csv/csv_operate.rs:33:5
[INFO] [stdout]    |
[INFO] [stdout] 33 |     EMG11: f32,
[INFO] [stdout]    |     ^^^^^ help: convert the identifier to snake case: `emg11`
[INFO] [stdout] 
[INFO] [stdout] 
[INFO] [stdout] warning: structure field `EMG12` should have a snake case name
[INFO] [stdout]   --> src/mod_csv/csv_operate.rs:34:5
[INFO] [stdout]    |
[INFO] [stdout] 34 |     EMG12: f32,
[INFO] [stdout]    |     ^^^^^ help: convert the identifier to snake case: `emg12`
[INFO] [stdout] 
[INFO] [stdout] 
[INFO] [stdout] warning: structure field `EMG13` should have a snake case name
[INFO] [stdout]   --> src/mod_csv/csv_operate.rs:35:5
[INFO] [stdout]    |
[INFO] [stdout] 35 |     EMG13: f32,
[INFO] [stdout]    |     ^^^^^ help: convert the identifier to snake case: `emg13`
[INFO] [stdout] 
[INFO] [stdout] 
[INFO] [stdout] warning: structure field `EMG14` should have a snake case name
[INFO] [stdout]   --> src/mod_csv/csv_operate.rs:36:5
[INFO] [stdout]    |
[INFO] [stdout] 36 |     EMG14: f32,
[INFO] [stdout]    |     ^^^^^ help: convert the identifier to snake case: `emg14`
[INFO] [stdout] 
[INFO] [stdout] 
[INFO] [stdout] warning: structure field `EMG15` should have a snake case name
[INFO] [stdout]   --> src/mod_csv/csv_operate.rs:37:5
[INFO] [stdout]    |
[INFO] [stdout] 37 |     EMG15: f32,
[INFO] [stdout]    |     ^^^^^ help: convert the identifier to snake case: `emg15`
[INFO] [stdout] 
[INFO] [stdout] 
[INFO] [stdout] warning: structure field `EMG16` should have a snake case name
[INFO] [stdout]   --> src/mod_csv/csv_operate.rs:38:5
[INFO] [stdout]    |
[INFO] [stdout] 38 |     EMG16: f32,
[INFO] [stdout]    |     ^^^^^ help: convert the identifier to snake case: `emg16`
[INFO] [stdout] 
[INFO] [stdout] 
[INFO] [stderr]     Finished `test` profile [unoptimized + debuginfo] target(s) in 1.99s
[INFO] running `Command { std: "docker" "inspect" "fe61f07729e03b7ad15d33fb17d25568f1119ca61698eb187436038db8b55067", kill_on_drop: false }`
[INFO] running `Command { std: "docker" "rm" "-f" "fe61f07729e03b7ad15d33fb17d25568f1119ca61698eb187436038db8b55067", kill_on_drop: false }`
[INFO] [stdout] fe61f07729e03b7ad15d33fb17d25568f1119ca61698eb187436038db8b55067
[INFO] running `Command { std: "docker" "create" "-v" "/var/lib/crater-agent-workspace/builds/worker-5-tc1/target:/opt/rustwide/target:rw,Z" "-v" "/var/lib/crater-agent-workspace/builds/worker-5-tc1/source:/opt/rustwide/workdir:ro,Z" "-v" "/var/lib/crater-agent-workspace/cargo-home:/opt/rustwide/cargo-home:ro,Z" "-v" "/var/lib/crater-agent-workspace/rustup-home:/opt/rustwide/rustup-home:ro,Z" "-e" "SOURCE_DIR=/opt/rustwide/workdir" "-e" "CARGO_TARGET_DIR=/opt/rustwide/target" "-e" "CARGO_INCREMENTAL=0" "-e" "RUST_BACKTRACE=full" "-e" "RUSTFLAGS=--cap-lints=warn" "-e" "RUSTDOCFLAGS=--cap-lints=warn" "-e" "CARGO_HOME=/opt/rustwide/cargo-home" "-e" "RUSTUP_HOME=/opt/rustwide/rustup-home" "-w" "/opt/rustwide/workdir" "-m" "1610612736" "--user" "0:0" "--network" "none" "ghcr.io/rust-lang/crates-build-env/linux@sha256:f3a9d4ad9d972b27faf3965f35b62e55ba32bbce8f20bc8fe909558a86702fde" "/opt/rustwide/cargo-home/bin/cargo" "+1.83.0" "test" "--frozen", kill_on_drop: false }`
[INFO] [stdout] 2b5b393e727f97c97fa1e53c1c0f84ec020f18cd20d6a61c91722978b65d25d5
[INFO] running `Command { std: "docker" "start" "-a" "2b5b393e727f97c97fa1e53c1c0f84ec020f18cd20d6a61c91722978b65d25d5", kill_on_drop: false }`
[INFO] [stderr] warning: unused import: `ResearchData`
[INFO] [stderr]  --> src/mod_csv/csv_operate.rs:2:37
[INFO] [stderr]   |
[INFO] [stderr] 2 | use crate_usb_dyzs_16::{ParsedData, ResearchData, SerialData};
[INFO] [stderr]   |                                     ^^^^^^^^^^^^
[INFO] [stderr]   |
[INFO] [stderr]   = note: `#[warn(unused_imports)]` on by default
[INFO] [stderr] 
[INFO] [stderr] warning: unused import: `serde_json::json`
[INFO] [stderr]  --> src/mod_json/json_operate.rs:1:5
[INFO] [stderr]   |
[INFO] [stderr] 1 | use serde_json::json;
[INFO] [stderr]   |     ^^^^^^^^^^^^^^^^
[INFO] [stderr] 
[INFO] [stderr] warning: unused imports: `Deserialize` and `Serialize`
[INFO] [stderr]  --> src/mod_asc/asc_operate.rs:1:13
[INFO] [stderr]   |
[INFO] [stderr] 1 | use serde::{Deserialize, Serialize};
[INFO] [stderr]   |             ^^^^^^^^^^^  ^^^^^^^^^
[INFO] [stderr] 
[INFO] [stderr] warning: use of deprecated associated function `chrono::NaiveDate::from_ymd`: use `from_ymd_opt()` instead
[INFO] [stderr]    --> src/mod_csv/csv_operate.rs:279:41
[INFO] [stderr]     |
[INFO] [stderr] 279 |     let start_date = chrono::NaiveDate::from_ymd(2024, 8, 1).and_hms(12, 0, 0);
[INFO] [stderr]     |                                         ^^^^^^^^
[INFO] [stderr]     |
[INFO] [stderr]     = note: `#[warn(deprecated)]` on by default
[INFO] [stderr] 
[INFO] [stderr] warning: use of deprecated method `chrono::NaiveDate::and_hms`: use `and_hms_opt()` instead
[INFO] [stderr]    --> src/mod_csv/csv_operate.rs:279:62
[INFO] [stderr]     |
[INFO] [stderr] 279 |     let start_date = chrono::NaiveDate::from_ymd(2024, 8, 1).and_hms(12, 0, 0);
[INFO] [stderr]     |                                                              ^^^^^^^
[INFO] [stderr] 
[INFO] [stderr] warning: variable does not need to be mutable
[INFO] [stderr]    --> src/mod_csv/csv_operate.rs:253:9
[INFO] [stderr]     |
[INFO] [stderr] 253 |     let mut records = rdr.records().skip(1);
[INFO] [stderr]     |         ----^^^^^^^
[INFO] [stderr]     |         |
[INFO] [stderr]     |         help: remove this `mut`
[INFO] [stderr]     |
[INFO] [stderr]     = note: `#[warn(unused_mut)]` on by default
[INFO] [stderr] 
[INFO] [stderr] warning: function `copy_file_to_target` is never used
[INFO] [stderr]    --> src/mod_csv/csv_operate.rs:300:4
[INFO] [stderr]     |
[INFO] [stderr] 300 | fn copy_file_to_target(current_path: &PathBuf, target_path: &PathBuf) -> std::io::Result<()> {
[INFO] [stderr]     |    ^^^^^^^^^^^^^^^^^^^
[INFO] [stderr]     |
[INFO] [stderr]     = note: `#[warn(dead_code)]` on by default
[INFO] [stderr] 
[INFO] [stderr] warning: function `move_file_to_target_path` is never used
[INFO] [stderr]    --> src/mod_csv/csv_operate.rs:324:10
[INFO] [stderr]     |
[INFO] [stderr] 324 | async fn move_file_to_target_path(
[INFO] [stderr]     |          ^^^^^^^^^^^^^^^^^^^^^^^^
[INFO] [stderr] 
[INFO] [stderr] warning: field `signals` is never read
[INFO] [stderr]   --> src/mod_csv/writer.rs:51:9
[INFO] [stderr]    |
[INFO] [stderr] 40 | pub struct Signal {
[INFO] [stderr]    |            ------ field in this struct
[INFO] [stderr] ...
[INFO] [stderr] 51 |     pub signals: Vec<f32>
[INFO] [stderr]    |         ^^^^^^^
[INFO] [stderr]    |
[INFO] [stderr]    = note: `Signal` has derived impls for the traits `Debug` and `Clone`, but these are intentionally ignored during dead code analysis
[INFO] [stderr] 
[INFO] [stderr] warning: structure field `EMG1` should have a snake case name
[INFO] [stderr]   --> src/mod_csv/csv_operate.rs:23:5
[INFO] [stderr]    |
[INFO] [stderr] 23 |     EMG1: f32,
[INFO] [stderr]    |     ^^^^ help: convert the identifier to snake case: `emg1`
[INFO] [stderr]    |
[INFO] [stderr]    = note: `#[warn(non_snake_case)]` on by default
[INFO] [stderr] 
[INFO] [stderr] warning: structure field `EMG2` should have a snake case name
[INFO] [stderr]   --> src/mod_csv/csv_operate.rs:24:5
[INFO] [stderr]    |
[INFO] [stderr] 24 |     EMG2: f32,
[INFO] [stderr]    |     ^^^^ help: convert the identifier to snake case: `emg2`
[INFO] [stderr] 
[INFO] [stderr] warning: structure field `EMG3` should have a snake case name
[INFO] [stderr]   --> src/mod_csv/csv_operate.rs:25:5
[INFO] [stderr]    |
[INFO] [stderr] 25 |     EMG3: f32,
[INFO] [stderr]    |     ^^^^ help: convert the identifier to snake case: `emg3`
[INFO] [stderr] 
[INFO] [stderr] warning: structure field `EMG4` should have a snake case name
[INFO] [stderr]   --> src/mod_csv/csv_operate.rs:26:5
[INFO] [stderr]    |
[INFO] [stderr] 26 |     EMG4: f32,
[INFO] [stderr]    |     ^^^^ help: convert the identifier to snake case: `emg4`
[INFO] [stderr] 
[INFO] [stderr] warning: structure field `EMG5` should have a snake case name
[INFO] [stderr]   --> src/mod_csv/csv_operate.rs:27:5
[INFO] [stderr]    |
[INFO] [stderr] 27 |     EMG5: f32,
[INFO] [stderr]    |     ^^^^ help: convert the identifier to snake case: `emg5`
[INFO] [stderr] 
[INFO] [stderr] warning: structure field `EMG6` should have a snake case name
[INFO] [stderr]   --> src/mod_csv/csv_operate.rs:28:5
[INFO] [stderr]    |
[INFO] [stderr] 28 |     EMG6: f32,
[INFO] [stderr]    |     ^^^^ help: convert the identifier to snake case: `emg6`
[INFO] [stderr] 
[INFO] [stderr] warning: structure field `EMG7` should have a snake case name
[INFO] [stderr]   --> src/mod_csv/csv_operate.rs:29:5
[INFO] [stderr]    |
[INFO] [stderr] 29 |     EMG7: f32,
[INFO] [stderr]    |     ^^^^ help: convert the identifier to snake case: `emg7`
[INFO] [stderr] 
[INFO] [stderr] warning: structure field `EMG8` should have a snake case name
[INFO] [stderr]   --> src/mod_csv/csv_operate.rs:30:5
[INFO] [stderr]    |
[INFO] [stderr] 30 |     EMG8: f32,
[INFO] [stderr]    |     ^^^^ help: convert the identifier to snake case: `emg8`
[INFO] [stderr] 
[INFO] [stderr] warning: structure field `EMG9` should have a snake case name
[INFO] [stderr]   --> src/mod_csv/csv_operate.rs:31:5
[INFO] [stderr]    |
[INFO] [stderr] 31 |     EMG9: f32,
[INFO] [stderr]    |     ^^^^ help: convert the identifier to snake case: `emg9`
[INFO] [stderr] 
[INFO] [stderr] warning: structure field `EMG10` should have a snake case name
[INFO] [stderr]   --> src/mod_csv/csv_operate.rs:32:5
[INFO] [stderr]    |
[INFO] [stderr] 32 |     EMG10: f32,
[INFO] [stderr]    |     ^^^^^ help: convert the identifier to snake case: `emg10`
[INFO] [stderr] 
[INFO] [stderr] warning: structure field `EMG11` should have a snake case name
[INFO] [stderr]   --> src/mod_csv/csv_operate.rs:33:5
[INFO] [stderr]    |
[INFO] [stderr] 33 |     EMG11: f32,
[INFO] [stderr]    |     ^^^^^ help: convert the identifier to snake case: `emg11`
[INFO] [stderr] 
[INFO] [stderr] warning: structure field `EMG12` should have a snake case name
[INFO] [stderr]   --> src/mod_csv/csv_operate.rs:34:5
[INFO] [stderr]    |
[INFO] [stderr] 34 |     EMG12: f32,
[INFO] [stderr]    |     ^^^^^ help: convert the identifier to snake case: `emg12`
[INFO] [stderr] 
[INFO] [stderr] warning: structure field `EMG13` should have a snake case name
[INFO] [stderr]   --> src/mod_csv/csv_operate.rs:35:5
[INFO] [stderr]    |
[INFO] [stderr] 35 |     EMG13: f32,
[INFO] [stderr]    |     ^^^^^ help: convert the identifier to snake case: `emg13`
[INFO] [stderr] 
[INFO] [stderr] warning: structure field `EMG14` should have a snake case name
[INFO] [stderr]   --> src/mod_csv/csv_operate.rs:36:5
[INFO] [stderr]    |
[INFO] [stderr] 36 |     EMG14: f32,
[INFO] [stderr]    |     ^^^^^ help: convert the identifier to snake case: `emg14`
[INFO] [stderr] 
[INFO] [stderr] warning: structure field `EMG15` should have a snake case name
[INFO] [stderr]   --> src/mod_csv/csv_operate.rs:37:5
[INFO] [stderr]    |
[INFO] [stderr] 37 |     EMG15: f32,
[INFO] [stderr]    |     ^^^^^ help: convert the identifier to snake case: `emg15`
[INFO] [stderr] 
[INFO] [stderr] warning: structure field `EMG16` should have a snake case name
[INFO] [stderr]   --> src/mod_csv/csv_operate.rs:38:5
[INFO] [stderr]    |
[INFO] [stderr] 38 |     EMG16: f32,
[INFO] [stderr]    |     ^^^^^ help: convert the identifier to snake case: `emg16`
[INFO] [stderr] 
[INFO] [stderr] warning: unused import: `serde_json::json`
[INFO] [stderr]  --> src/mod_json/json_operate.rs:1:5
[INFO] [stderr]   |
[INFO] [stderr] 1 | use serde_json::json;
[INFO] [stderr]   |     ^^^^^^^^^^^^^^^^
[INFO] [stderr]   |
[INFO] [stderr]   = note: `#[warn(unused_imports)]` on by default
[INFO] [stderr] 
[INFO] [stderr] warning: unused import: `std::io::Read`
[INFO] [stderr]   --> src/mod_asc/asc_operate.rs:56:9
[INFO] [stderr]    |
[INFO] [stderr] 56 |     use std::io::Read;
[INFO] [stderr]    |         ^^^^^^^^^^^^^
[INFO] [stderr] 
[INFO] [stderr] warning: unused import: `tokio::io::AsyncReadExt`
[INFO] [stderr]   --> src/mod_asc/asc_operate.rs:57:9
[INFO] [stderr]    |
[INFO] [stderr] 57 |     use tokio::io::AsyncReadExt;
[INFO] [stderr]    |         ^^^^^^^^^^^^^^^^^^^^^^^
[INFO] [stderr] 
[INFO] [stderr] warning: use of deprecated associated function `chrono::NaiveDate::from_ymd`: use `from_ymd_opt()` instead
[INFO] [stderr]    --> src/mod_csv/writer.rs:188:37
[INFO] [stderr]     |
[INFO] [stderr] 188 |         let start_date = NaiveDate::from_ymd(2024, 8, 1).and_hms(12, 0, 0);
[INFO] [stderr]     |                                     ^^^^^^^^
[INFO] [stderr] 
[INFO] [stderr] warning: use of deprecated method `chrono::NaiveDate::and_hms`: use `and_hms_opt()` instead
[INFO] [stderr]    --> src/mod_csv/writer.rs:188:58
[INFO] [stderr]     |
[INFO] [stderr] 188 |         let start_date = NaiveDate::from_ymd(2024, 8, 1).and_hms(12, 0, 0);
[INFO] [stderr]     |                                                          ^^^^^^^
[INFO] [stderr] 
[INFO] [stderr] warning: `crate_file_dyzs_16` (lib) generated 25 warnings (run `cargo fix --lib -p crate_file_dyzs_16` to apply 4 suggestions)
[INFO] [stderr] warning: `crate_file_dyzs_16` (lib test) generated 28 warnings (23 duplicates) (run `cargo fix --lib -p crate_file_dyzs_16 --tests` to apply 3 suggestions)
[INFO] [stderr]     Finished `test` profile [unoptimized + debuginfo] target(s) in 0.07s
[INFO] [stderr]      Running unittests src/lib.rs (/opt/rustwide/target/debug/deps/crate_file_dyzs_16-f573fe056d23df13)
[INFO] [stdout] 
[INFO] [stdout] running 4 tests
[INFO] [stdout] test mod_asc::asc_operate::tests::test_write_serial_data ... FAILED
[INFO] [stdout] test mod_csv::writer::tests::test_write_edf ... FAILED
[INFO] [stdout] test mod_csv::csv_operate::tests::test_write_to_csv1 ... FAILED
[INFO] [stdout] test mod_csv::csv_operate::tests::test_write_to_csv ... FAILED
[INFO] [stdout] 
[INFO] [stdout] failures:
[INFO] [stdout] 
[INFO] [stdout] ---- mod_asc::asc_operate::tests::test_write_serial_data stdout ----
[INFO] [stdout] thread 'mod_asc::asc_operate::tests::test_write_serial_data' panicked at src/mod_asc/asc_operate.rs:62:61:
[INFO] [stdout] called `Result::unwrap()` on an `Err` value: Os { code: 30, kind: ReadOnlyFilesystem, message: "Read-only file system" }
[INFO] [stdout] stack backtrace:
[INFO] [stdout]    0:     0x65317391526a - std::backtrace_rs::backtrace::libunwind::trace::h5a5b8284f2d0c266
[INFO] [stdout]                                at /rustc/90b35a6239c3d8bdabc530a6a0816f7ff89a0aaf/library/std/src/../../backtrace/src/backtrace/libunwind.rs:116:5
[INFO] [stdout]    1:     0x65317391526a - std::backtrace_rs::backtrace::trace_unsynchronized::h76d4f1c9b0b875e3
[INFO] [stdout]                                at /rustc/90b35a6239c3d8bdabc530a6a0816f7ff89a0aaf/library/std/src/../../backtrace/src/backtrace/mod.rs:66:5
[INFO] [stdout]    2:     0x65317391526a - std::sys::backtrace::_print_fmt::hc4546b8364a537c6
[INFO] [stdout]                                at /rustc/90b35a6239c3d8bdabc530a6a0816f7ff89a0aaf/library/std/src/sys/backtrace.rs:66:9
[INFO] [stdout]    3:     0x65317391526a - <std::sys::backtrace::BacktraceLock::print::DisplayBacktrace as core::fmt::Display>::fmt::h5b6bd5631a6d1f6b
[INFO] [stdout]                                at /rustc/90b35a6239c3d8bdabc530a6a0816f7ff89a0aaf/library/std/src/sys/backtrace.rs:39:26
[INFO] [stdout]    4:     0x65317393c5b3 - core::fmt::rt::Argument::fmt::h270f6602a2b96f62
[INFO] [stdout]                                at /rustc/90b35a6239c3d8bdabc530a6a0816f7ff89a0aaf/library/core/src/fmt/rt.rs:177:76
[INFO] [stdout]    5:     0x65317393c5b3 - core::fmt::write::h7550c97b06c86515
[INFO] [stdout]                                at /rustc/90b35a6239c3d8bdabc530a6a0816f7ff89a0aaf/library/core/src/fmt/mod.rs:1186:21
[INFO] [stdout]    6:     0x653173912093 - std::io::Write::write_fmt::h509ff860e5956e5e
[INFO] [stdout]                                at /rustc/90b35a6239c3d8bdabc530a6a0816f7ff89a0aaf/library/std/src/io/mod.rs:1839:15
[INFO] [stdout]    7:     0x6531739150b2 - std::sys::backtrace::BacktraceLock::print::h2395ccd2c84ba3aa
[INFO] [stdout]                                at /rustc/90b35a6239c3d8bdabc530a6a0816f7ff89a0aaf/library/std/src/sys/backtrace.rs:42:9
[INFO] [stdout]    8:     0x6531739166ca - std::panicking::default_hook::{{closure}}::he19d4c7230e07961
[INFO] [stdout]                                at /rustc/90b35a6239c3d8bdabc530a6a0816f7ff89a0aaf/library/std/src/panicking.rs:268:22
[INFO] [stdout]    9:     0x6531739164d4 - std::panicking::default_hook::hf614597d3c67bbdb
[INFO] [stdout]                                at /rustc/90b35a6239c3d8bdabc530a6a0816f7ff89a0aaf/library/std/src/panicking.rs:292:9
[INFO] [stdout]   10:     0x6531737f5349 - <alloc::boxed::Box<F,A> as core::ops::function::Fn<Args>>::call::h39b51ce4599c23d1
[INFO] [stdout]                                at /rustc/90b35a6239c3d8bdabc530a6a0816f7ff89a0aaf/library/alloc/src/boxed.rs:2468:9
[INFO] [stdout]   11:     0x6531737f5349 - test::test_main::{{closure}}::he977ae839a582784
[INFO] [stdout]                                at /rustc/90b35a6239c3d8bdabc530a6a0816f7ff89a0aaf/library/test/src/lib.rs:133:21
[INFO] [stdout]   12:     0x653173916d68 - <alloc::boxed::Box<F,A> as core::ops::function::Fn<Args>>::call::h9455091b6b06f9fb
[INFO] [stdout]                                at /rustc/90b35a6239c3d8bdabc530a6a0816f7ff89a0aaf/library/alloc/src/boxed.rs:2468:9
[INFO] [stdout]   13:     0x653173916d68 - std::panicking::rust_panic_with_hook::h8942133a8b252070
[INFO] [stdout]                                at /rustc/90b35a6239c3d8bdabc530a6a0816f7ff89a0aaf/library/std/src/panicking.rs:809:13
[INFO] [stdout]   14:     0x653173916b2a - std::panicking::begin_panic_handler::{{closure}}::hb5f5963570096b29
[INFO] [stdout]                                at /rustc/90b35a6239c3d8bdabc530a6a0816f7ff89a0aaf/library/std/src/panicking.rs:674:13
[INFO] [stdout]   15:     0x653173915749 - std::sys::backtrace::__rust_end_short_backtrace::h6208cedc1922feda
[INFO] [stdout]                                at /rustc/90b35a6239c3d8bdabc530a6a0816f7ff89a0aaf/library/std/src/sys/backtrace.rs:170:18
[INFO] [stdout]   16:     0x6531739167bc - rust_begin_unwind
[INFO] [stdout]                                at /rustc/90b35a6239c3d8bdabc530a6a0816f7ff89a0aaf/library/std/src/panicking.rs:665:5
[INFO] [stdout]   17:     0x65317378c200 - core::panicking::panic_fmt::h0c3082644d1bf418
[INFO] [stdout]                                at /rustc/90b35a6239c3d8bdabc530a6a0816f7ff89a0aaf/library/core/src/panicking.rs:74:14
[INFO] [stdout]   18:     0x65317378c6a6 - core::result::unwrap_failed::hd20b4aa073bda1e2
[INFO] [stdout]                                at /rustc/90b35a6239c3d8bdabc530a6a0816f7ff89a0aaf/library/core/src/result.rs:1700:5
[INFO] [stdout]   19:     0x6531737b5459 - core::result::Result<T,E>::unwrap::h90a6cbab602feb3e
[INFO] [stdout]                                at /rustc/90b35a6239c3d8bdabc530a6a0816f7ff89a0aaf/library/core/src/result.rs:1104:23
[INFO] [stderr] error: test failed, to rerun pass `--lib`
[INFO] [stdout]   20:     0x6531737b5459 - crate_file_dyzs_16::mod_asc::asc_operate::tests::test_write_serial_data::{{closure}}::hba8201d82b05177f
[INFO] [stdout]                                at /opt/rustwide/workdir/src/mod_asc/asc_operate.rs:62:22
[INFO] [stdout]   21:     0x6531737b9002 - <core::pin::Pin<P> as core::future::future::Future>::poll::h510cdb5b66544ba4
[INFO] [stdout]                                at /rustc/90b35a6239c3d8bdabc530a6a0816f7ff89a0aaf/library/core/src/future/future.rs:123:9
[INFO] [stdout]   22:     0x6531737b903d - <core::pin::Pin<P> as core::future::future::Future>::poll::hc1660d4fa10cfcba
[INFO] [stdout]                                at /rustc/90b35a6239c3d8bdabc530a6a0816f7ff89a0aaf/library/core/src/future/future.rs:123:9
[INFO] [stdout]   23:     0x6531737b23ef - tokio::runtime::scheduler::current_thread::CoreGuard::block_on::{{closure}}::{{closure}}::{{closure}}::h67c3eb48218aed29
[INFO] [stdout]                                at /opt/rustwide/cargo-home/registry/src/index.crates.io-6f17d22bba15001f/tokio-1.42.0/src/runtime/scheduler/current_thread/mod.rs:729:57
[INFO] [stdout]   24:     0x6531737b2335 - tokio::runtime::coop::with_budget::hbcd82738e1a2c259
[INFO] [stdout]                                at /opt/rustwide/cargo-home/registry/src/index.crates.io-6f17d22bba15001f/tokio-1.42.0/src/runtime/coop.rs:107:5
[INFO] [stdout]   25:     0x6531737b2335 - tokio::runtime::coop::budget::h0337d2260d202e51
[INFO] [stdout]                                at /opt/rustwide/cargo-home/registry/src/index.crates.io-6f17d22bba15001f/tokio-1.42.0/src/runtime/coop.rs:73:5
[INFO] [stdout]   26:     0x6531737b2335 - tokio::runtime::scheduler::current_thread::CoreGuard::block_on::{{closure}}::{{closure}}::ha60dcfc348bd212d
[INFO] [stdout]                                at /opt/rustwide/cargo-home/registry/src/index.crates.io-6f17d22bba15001f/tokio-1.42.0/src/runtime/scheduler/current_thread/mod.rs:729:25
[INFO] [stdout]   27:     0x6531737afc80 - tokio::runtime::scheduler::current_thread::Context::enter::h8e90f4db57d73852
[INFO] [stdout]                                at /opt/rustwide/cargo-home/registry/src/index.crates.io-6f17d22bba15001f/tokio-1.42.0/src/runtime/scheduler/current_thread/mod.rs:428:19
[INFO] [stdout]   28:     0x6531737b113e - tokio::runtime::scheduler::current_thread::CoreGuard::block_on::{{closure}}::h63c21f3ac4d9262b
[INFO] [stdout]                                at /opt/rustwide/cargo-home/registry/src/index.crates.io-6f17d22bba15001f/tokio-1.42.0/src/runtime/scheduler/current_thread/mod.rs:728:36
[INFO] [stdout]   29:     0x6531737b0e54 - tokio::runtime::scheduler::current_thread::CoreGuard::enter::{{closure}}::hc6b2c78ac6c60483
[INFO] [stdout]                                at /opt/rustwide/cargo-home/registry/src/index.crates.io-6f17d22bba15001f/tokio-1.42.0/src/runtime/scheduler/current_thread/mod.rs:807:68
[INFO] [stdout]   30:     0x653173790d0b - tokio::runtime::context::scoped::Scoped<T>::set::h09133c054b848576
[INFO] [stdout]                                at /opt/rustwide/cargo-home/registry/src/index.crates.io-6f17d22bba15001f/tokio-1.42.0/src/runtime/context/scoped.rs:40:9
[INFO] [stdout]   31:     0x653173797159 - tokio::runtime::context::set_scheduler::{{closure}}::h41960b05a9c33c13
[INFO] [stdout]                                at /opt/rustwide/cargo-home/registry/src/index.crates.io-6f17d22bba15001f/tokio-1.42.0/src/runtime/context.rs:180:26
[INFO] [stdout]   32:     0x6531737acd5d - std::thread::local::LocalKey<T>::try_with::h478c0ccdda7d8614
[INFO] [stdout]                                at /rustc/90b35a6239c3d8bdabc530a6a0816f7ff89a0aaf/library/std/src/thread/local.rs:283:12
[INFO] [stdout]   33:     0x6531737aca0a - std::thread::local::LocalKey<T>::with::heb1fb8ad5ebd8776
[INFO] [stdout]                                at /rustc/90b35a6239c3d8bdabc530a6a0816f7ff89a0aaf/library/std/src/thread/local.rs:260:9
[INFO] [stdout]   34:     0x6531737970cd - tokio::runtime::context::set_scheduler::h6a4c002420f8b090
[INFO] [stdout]                                at /opt/rustwide/cargo-home/registry/src/index.crates.io-6f17d22bba15001f/tokio-1.42.0/src/runtime/context.rs:180:9
[INFO] [stdout]   35:     0x6531737b0be0 - tokio::runtime::scheduler::current_thread::CoreGuard::enter::hfd9b49c7c3c09a66
[INFO] [stdout]                                at /opt/rustwide/cargo-home/registry/src/index.crates.io-6f17d22bba15001f/tokio-1.42.0/src/runtime/scheduler/current_thread/mod.rs:807:27
[INFO] [stdout]   36:     0x6531737b0e73 - tokio::runtime::scheduler::current_thread::CoreGuard::block_on::h1eaee48203c5d176
[INFO] [stdout]                                at /opt/rustwide/cargo-home/registry/src/index.crates.io-6f17d22bba15001f/tokio-1.42.0/src/runtime/scheduler/current_thread/mod.rs:716:19
[INFO] [stdout]   37:     0x6531737af0ea - tokio::runtime::scheduler::current_thread::CurrentThread::block_on::{{closure}}::hf74ddad0ff7df82c
[INFO] [stdout]                                at /opt/rustwide/cargo-home/registry/src/index.crates.io-6f17d22bba15001f/tokio-1.42.0/src/runtime/scheduler/current_thread/mod.rs:196:28
[INFO] [stdout]   38:     0x653173791376 - tokio::runtime::context::runtime::enter_runtime::h8a8ace8e5e3cd5e5
[INFO] [stdout]                                at /opt/rustwide/cargo-home/registry/src/index.crates.io-6f17d22bba15001f/tokio-1.42.0/src/runtime/context/runtime.rs:65:16
[INFO] [stdout]   39:     0x6531737ae961 - tokio::runtime::scheduler::current_thread::CurrentThread::block_on::h5a698a9f4d961f5c
[INFO] [stdout]                                at /opt/rustwide/cargo-home/registry/src/index.crates.io-6f17d22bba15001f/tokio-1.42.0/src/runtime/scheduler/current_thread/mod.rs:184:9
[INFO] [stdout]   40:     0x653173791dc3 - tokio::runtime::runtime::Runtime::block_on_inner::h60e14ad97f6f2488
[INFO] [stdout]                                at /opt/rustwide/cargo-home/registry/src/index.crates.io-6f17d22bba15001f/tokio-1.42.0/src/runtime/runtime.rs:368:47
[INFO] [stdout]   41:     0x6531737920c7 - tokio::runtime::runtime::Runtime::block_on::h2c7813ad779588c9
[INFO] [stdout]                                at /opt/rustwide/cargo-home/registry/src/index.crates.io-6f17d22bba15001f/tokio-1.42.0/src/runtime/runtime.rs:342:13
[INFO] [stdout]   42:     0x6531737b50de - crate_file_dyzs_16::mod_asc::asc_operate::tests::test_write_serial_data::haee09ed4357010f2
[INFO] [stdout]                                at /opt/rustwide/workdir/src/mod_asc/asc_operate.rs:90:9
[INFO] [stdout]   43:     0x6531737b4f87 - crate_file_dyzs_16::mod_asc::asc_operate::tests::test_write_serial_data::{{closure}}::h21388bb9fbdcea0a
[INFO] [stdout]                                at /opt/rustwide/workdir/src/mod_asc/asc_operate.rs:60:38
[INFO] [stdout]   44:     0x6531737a87c6 - core::ops::function::FnOnce::call_once::h3ece7776ab638e1f
[INFO] [stdout]                                at /rustc/90b35a6239c3d8bdabc530a6a0816f7ff89a0aaf/library/core/src/ops/function.rs:250:5
[INFO] [stdout]   45:     0x6531737f9d0b - core::ops::function::FnOnce::call_once::h109cf8051a59b34e
[INFO] [stdout]                                at /rustc/90b35a6239c3d8bdabc530a6a0816f7ff89a0aaf/library/core/src/ops/function.rs:250:5
[INFO] [stdout]   46:     0x6531737f9d0b - test::__rust_begin_short_backtrace::hf4fff89d377446ba
[INFO] [stdout]                                at /rustc/90b35a6239c3d8bdabc530a6a0816f7ff89a0aaf/library/test/src/lib.rs:621:18
[INFO] [stdout]   47:     0x6531737f9547 - test::run_test_in_process::{{closure}}::h0e39181dd7ee5a43
[INFO] [stdout]                                at /rustc/90b35a6239c3d8bdabc530a6a0816f7ff89a0aaf/library/test/src/lib.rs:644:60
[INFO] [stdout]   48:     0x6531737f9547 - <core::panic::unwind_safe::AssertUnwindSafe<F> as core::ops::function::FnOnce<()>>::call_once::hc5a66a30f0bdfd1f
[INFO] [stdout]                                at /rustc/90b35a6239c3d8bdabc530a6a0816f7ff89a0aaf/library/core/src/panic/unwind_safe.rs:272:9
[INFO] [stdout]   49:     0x6531737f9547 - std::panicking::try::do_call::h873b7cf639554a5e
[INFO] [stdout]                                at /rustc/90b35a6239c3d8bdabc530a6a0816f7ff89a0aaf/library/std/src/panicking.rs:557:40
[INFO] [stdout]   50:     0x6531737f9547 - std::panicking::try::hdb19862fad9c8bd1
[INFO] [stdout]                                at /rustc/90b35a6239c3d8bdabc530a6a0816f7ff89a0aaf/library/std/src/panicking.rs:520:19
[INFO] [stdout]   51:     0x6531737f9547 - std::panic::catch_unwind::h281fe732d236d260
[INFO] [stdout]                                at /rustc/90b35a6239c3d8bdabc530a6a0816f7ff89a0aaf/library/std/src/panic.rs:358:14
[INFO] [stdout]   52:     0x6531737f9547 - test::run_test_in_process::h949b6df8457ed338
[INFO] [stdout]                                at /rustc/90b35a6239c3d8bdabc530a6a0816f7ff89a0aaf/library/test/src/lib.rs:644:27
[INFO] [stdout]   53:     0x6531737f9547 - test::run_test::{{closure}}::h52c556a6d4740e10
[INFO] [stdout]                                at /rustc/90b35a6239c3d8bdabc530a6a0816f7ff89a0aaf/library/test/src/lib.rs:565:43
[INFO] [stdout]   54:     0x6531737be824 - test::run_test::{{closure}}::h4237f6381c45ccb9
[INFO] [stdout]                                at /rustc/90b35a6239c3d8bdabc530a6a0816f7ff89a0aaf/library/test/src/lib.rs:595:41
[INFO] [stdout]   55:     0x6531737be824 - std::sys::backtrace::__rust_begin_short_backtrace::h505c97a579eca628
[INFO] [stdout]                                at /rustc/90b35a6239c3d8bdabc530a6a0816f7ff89a0aaf/library/std/src/sys/backtrace.rs:154:18
[INFO] [stdout]   56:     0x6531737c1eee - std::thread::Builder::spawn_unchecked_::{{closure}}::{{closure}}::h9e86b2e2bc107ea3
[INFO] [stdout]                                at /rustc/90b35a6239c3d8bdabc530a6a0816f7ff89a0aaf/library/std/src/thread/mod.rs:538:17
[INFO] [stdout]   57:     0x6531737c1eee - <core::panic::unwind_safe::AssertUnwindSafe<F> as core::ops::function::FnOnce<()>>::call_once::h8b06ddb275ff4a25
[INFO] [stdout]                                at /rustc/90b35a6239c3d8bdabc530a6a0816f7ff89a0aaf/library/core/src/panic/unwind_safe.rs:272:9
[INFO] [stdout]   58:     0x6531737c1eee - std::panicking::try::do_call::hb26ecd7cd9a9355d
[INFO] [stdout]                                at /rustc/90b35a6239c3d8bdabc530a6a0816f7ff89a0aaf/library/std/src/panicking.rs:557:40
[INFO] [stdout]   59:     0x6531737c1eee - std::panicking::try::h8ddeca9d705f9069
[INFO] [stdout]                                at /rustc/90b35a6239c3d8bdabc530a6a0816f7ff89a0aaf/library/std/src/panicking.rs:520:19
[INFO] [stdout]   60:     0x6531737c1eee - std::panic::catch_unwind::h49e1c33078844c46
[INFO] [stdout]                                at /rustc/90b35a6239c3d8bdabc530a6a0816f7ff89a0aaf/library/std/src/panic.rs:358:14
[INFO] [stdout]   61:     0x6531737c1eee - std::thread::Builder::spawn_unchecked_::{{closure}}::h6073db6ff56ad35d
[INFO] [stdout]                                at /rustc/90b35a6239c3d8bdabc530a6a0816f7ff89a0aaf/library/std/src/thread/mod.rs:537:30
[INFO] [stdout]   62:     0x6531737c1eee - core::ops::function::FnOnce::call_once{{vtable.shim}}::h2c5a5f3779c774f1
[INFO] [stdout]                                at /rustc/90b35a6239c3d8bdabc530a6a0816f7ff89a0aaf/library/core/src/ops/function.rs:250:5
[INFO] [stdout]   63:     0x65317391b0cb - <alloc::boxed::Box<F,A> as core::ops::function::FnOnce<Args>>::call_once::hf75717d9f28faebf
[INFO] [stdout]                                at /rustc/90b35a6239c3d8bdabc530a6a0816f7ff89a0aaf/library/alloc/src/boxed.rs:2454:9
[INFO] [stdout]   64:     0x65317391b0cb - <alloc::boxed::Box<F,A> as core::ops::function::FnOnce<Args>>::call_once::h7bd883a5f3c5f3c1
[INFO] [stdout]                                at /rustc/90b35a6239c3d8bdabc530a6a0816f7ff89a0aaf/library/alloc/src/boxed.rs:2454:9
[INFO] [stdout]   65:     0x65317391b0cb - std::sys::pal::unix::thread::Thread::new::thread_start::hcc78f3943333fa94
[INFO] [stdout]                                at /rustc/90b35a6239c3d8bdabc530a6a0816f7ff89a0aaf/library/std/src/sys/pal/unix/thread.rs:105:17
[INFO] [stdout]   66:     0x73f5e238fac3 - <unknown>
[INFO] [stdout]   67:     0x73f5e2420a04 - clone
[INFO] [stdout]   68:                0x0 - <unknown>
[INFO] [stdout] 
[INFO] [stdout] ---- mod_csv::writer::tests::test_write_edf stdout ----
[INFO] [stdout] thread 'mod_csv::writer::tests::test_write_edf' panicked at src/mod_csv/writer.rs:201:9:
[INFO] [stdout] assertion failed: result.is_ok()
[INFO] [stdout] stack backtrace:
[INFO] [stdout]    0:     0x65317391526a - std::backtrace_rs::backtrace::libunwind::trace::h5a5b8284f2d0c266
[INFO] [stdout]                                at /rustc/90b35a6239c3d8bdabc530a6a0816f7ff89a0aaf/library/std/src/../../backtrace/src/backtrace/libunwind.rs:116:5
[INFO] [stdout]    1:     0x65317391526a - std::backtrace_rs::backtrace::trace_unsynchronized::h76d4f1c9b0b875e3
[INFO] [stdout]                                at /rustc/90b35a6239c3d8bdabc530a6a0816f7ff89a0aaf/library/std/src/../../backtrace/src/backtrace/mod.rs:66:5
[INFO] [stdout]    2:     0x65317391526a - std::sys::backtrace::_print_fmt::hc4546b8364a537c6
[INFO] [stdout]                                at /rustc/90b35a6239c3d8bdabc530a6a0816f7ff89a0aaf/library/std/src/sys/backtrace.rs:66:9
[INFO] [stdout]    3:     0x65317391526a - <std::sys::backtrace::BacktraceLock::print::DisplayBacktrace as core::fmt::Display>::fmt::h5b6bd5631a6d1f6b
[INFO] [stdout]                                at /rustc/90b35a6239c3d8bdabc530a6a0816f7ff89a0aaf/library/std/src/sys/backtrace.rs:39:26
[INFO] [stdout]    4:     0x65317393c5b3 - core::fmt::rt::Argument::fmt::h270f6602a2b96f62
[INFO] [stdout]                                at /rustc/90b35a6239c3d8bdabc530a6a0816f7ff89a0aaf/library/core/src/fmt/rt.rs:177:76
[INFO] [stdout]    5:     0x65317393c5b3 - core::fmt::write::h7550c97b06c86515
[INFO] [stdout]                                at /rustc/90b35a6239c3d8bdabc530a6a0816f7ff89a0aaf/library/core/src/fmt/mod.rs:1186:21
[INFO] [stdout]    6:     0x653173912093 - std::io::Write::write_fmt::h509ff860e5956e5e
[INFO] [stdout]                                at /rustc/90b35a6239c3d8bdabc530a6a0816f7ff89a0aaf/library/std/src/io/mod.rs:1839:15
[INFO] [stdout]    7:     0x6531739150b2 - std::sys::backtrace::BacktraceLock::print::h2395ccd2c84ba3aa
[INFO] [stdout]                                at /rustc/90b35a6239c3d8bdabc530a6a0816f7ff89a0aaf/library/std/src/sys/backtrace.rs:42:9
[INFO] [stdout]    8:     0x6531739166ca - std::panicking::default_hook::{{closure}}::he19d4c7230e07961
[INFO] [stdout]                                at /rustc/90b35a6239c3d8bdabc530a6a0816f7ff89a0aaf/library/std/src/panicking.rs:268:22
[INFO] [stdout]    9:     0x6531739164d4 - std::panicking::default_hook::hf614597d3c67bbdb
[INFO] [stdout]                                at /rustc/90b35a6239c3d8bdabc530a6a0816f7ff89a0aaf/library/std/src/panicking.rs:292:9
[INFO] [stdout]   10:     0x6531737f5349 - <alloc::boxed::Box<F,A> as core::ops::function::Fn<Args>>::call::h39b51ce4599c23d1
[INFO] [stdout]                                at /rustc/90b35a6239c3d8bdabc530a6a0816f7ff89a0aaf/library/alloc/src/boxed.rs:2468:9
[INFO] [stdout]   11:     0x6531737f5349 - test::test_main::{{closure}}::he977ae839a582784
[INFO] [stdout]                                at /rustc/90b35a6239c3d8bdabc530a6a0816f7ff89a0aaf/library/test/src/lib.rs:133:21
[INFO] [stdout]   12:     0x653173916d68 - <alloc::boxed::Box<F,A> as core::ops::function::Fn<Args>>::call::h9455091b6b06f9fb
[INFO] [stdout]                                at /rustc/90b35a6239c3d8bdabc530a6a0816f7ff89a0aaf/library/alloc/src/boxed.rs:2468:9
[INFO] [stdout]   13:     0x653173916d68 - std::panicking::rust_panic_with_hook::h8942133a8b252070
[INFO] [stdout]                                at /rustc/90b35a6239c3d8bdabc530a6a0816f7ff89a0aaf/library/std/src/panicking.rs:809:13
[INFO] [stdout]   14:     0x653173916af6 - std::panicking::begin_panic_handler::{{closure}}::hb5f5963570096b29
[INFO] [stdout]                                at /rustc/90b35a6239c3d8bdabc530a6a0816f7ff89a0aaf/library/std/src/panicking.rs:667:13
[INFO] [stdout]   15:     0x653173915749 - std::sys::backtrace::__rust_end_short_backtrace::h6208cedc1922feda
[INFO] [stdout]                                at /rustc/90b35a6239c3d8bdabc530a6a0816f7ff89a0aaf/library/std/src/sys/backtrace.rs:170:18
[INFO] [stdout]   16:     0x6531739167bc - rust_begin_unwind
[INFO] [stdout]                                at /rustc/90b35a6239c3d8bdabc530a6a0816f7ff89a0aaf/library/std/src/panicking.rs:665:5
[INFO] [stdout]   17:     0x65317378c200 - core::panicking::panic_fmt::h0c3082644d1bf418
[INFO] [stdout]                                at /rustc/90b35a6239c3d8bdabc530a6a0816f7ff89a0aaf/library/core/src/panicking.rs:74:14
[INFO] [stdout]   18:     0x65317378c28c - core::panicking::panic::h957f98c65a3b3074
[INFO] [stdout]                                at /rustc/90b35a6239c3d8bdabc530a6a0816f7ff89a0aaf/library/core/src/panicking.rs:148:5
[INFO] [stdout]   19:     0x6531737a1bc5 - crate_file_dyzs_16::mod_csv::writer::tests::test_write_edf::hcd5e4f92fdff50b2
[INFO] [stdout]                                at /opt/rustwide/workdir/src/mod_csv/writer.rs:201:9
[INFO] [stdout]   20:     0x6531737a1087 - crate_file_dyzs_16::mod_csv::writer::tests::test_write_edf::{{closure}}::h89969b6dc3f906de
[INFO] [stdout]                                at /opt/rustwide/workdir/src/mod_csv/writer.rs:187:24
[INFO] [stdout]   21:     0x6531737a8956 - core::ops::function::FnOnce::call_once::h919f5942ffa10ec6
[INFO] [stdout]                                at /rustc/90b35a6239c3d8bdabc530a6a0816f7ff89a0aaf/library/core/src/ops/function.rs:250:5
[INFO] [stdout]   22:     0x6531737f9d0b - core::ops::function::FnOnce::call_once::h109cf8051a59b34e
[INFO] [stdout]                                at /rustc/90b35a6239c3d8bdabc530a6a0816f7ff89a0aaf/library/core/src/ops/function.rs:250:5
[INFO] [stdout]   23:     0x6531737f9d0b - test::__rust_begin_short_backtrace::hf4fff89d377446ba
[INFO] [stdout]                                at /rustc/90b35a6239c3d8bdabc530a6a0816f7ff89a0aaf/library/test/src/lib.rs:621:18
[INFO] [stdout]   24:     0x6531737f9547 - test::run_test_in_process::{{closure}}::h0e39181dd7ee5a43
[INFO] [stdout]                                at /rustc/90b35a6239c3d8bdabc530a6a0816f7ff89a0aaf/library/test/src/lib.rs:644:60
[INFO] [stdout]   25:     0x6531737f9547 - <core::panic::unwind_safe::AssertUnwindSafe<F> as core::ops::function::FnOnce<()>>::call_once::hc5a66a30f0bdfd1f
[INFO] [stdout]                                at /rustc/90b35a6239c3d8bdabc530a6a0816f7ff89a0aaf/library/core/src/panic/unwind_safe.rs:272:9
[INFO] [stdout]   26:     0x6531737f9547 - std::panicking::try::do_call::h873b7cf639554a5e
[INFO] [stdout]                                at /rustc/90b35a6239c3d8bdabc530a6a0816f7ff89a0aaf/library/std/src/panicking.rs:557:40
[INFO] [stdout]   27:     0x6531737f9547 - std::panicking::try::hdb19862fad9c8bd1
[INFO] [stdout]                                at /rustc/90b35a6239c3d8bdabc530a6a0816f7ff89a0aaf/library/std/src/panicking.rs:520:19
[INFO] [stdout]   28:     0x6531737f9547 - std::panic::catch_unwind::h281fe732d236d260
[INFO] [stdout]                                at /rustc/90b35a6239c3d8bdabc530a6a0816f7ff89a0aaf/library/std/src/panic.rs:358:14
[INFO] [stdout]   29:     0x6531737f9547 - test::run_test_in_process::h949b6df8457ed338
[INFO] [stdout]                                at /rustc/90b35a6239c3d8bdabc530a6a0816f7ff89a0aaf/library/test/src/lib.rs:644:27
[INFO] [stdout]   30:     0x6531737f9547 - test::run_test::{{closure}}::h52c556a6d4740e10
[INFO] [stdout]                                at /rustc/90b35a6239c3d8bdabc530a6a0816f7ff89a0aaf/library/test/src/lib.rs:565:43
[INFO] [stdout]   31:     0x6531737be824 - test::run_test::{{closure}}::h4237f6381c45ccb9
[INFO] [stdout]                                at /rustc/90b35a6239c3d8bdabc530a6a0816f7ff89a0aaf/library/test/src/lib.rs:595:41
[INFO] [stdout]   32:     0x6531737be824 - std::sys::backtrace::__rust_begin_short_backtrace::h505c97a579eca628
[INFO] [stdout]                                at /rustc/90b35a6239c3d8bdabc530a6a0816f7ff89a0aaf/library/std/src/sys/backtrace.rs:154:18
[INFO] [stdout]   33:     0x6531737c1eee - std::thread::Builder::spawn_unchecked_::{{closure}}::{{closure}}::h9e86b2e2bc107ea3
[INFO] [stdout]                                at /rustc/90b35a6239c3d8bdabc530a6a0816f7ff89a0aaf/library/std/src/thread/mod.rs:538:17
[INFO] [stdout]   34:     0x6531737c1eee - <core::panic::unwind_safe::AssertUnwindSafe<F> as core::ops::function::FnOnce<()>>::call_once::h8b06ddb275ff4a25
[INFO] [stdout]                                at /rustc/90b35a6239c3d8bdabc530a6a0816f7ff89a0aaf/library/core/src/panic/unwind_safe.rs:272:9
[INFO] [stdout]   35:     0x6531737c1eee - std::panicking::try::do_call::hb26ecd7cd9a9355d
[INFO] [stdout]                                at /rustc/90b35a6239c3d8bdabc530a6a0816f7ff89a0aaf/library/std/src/panicking.rs:557:40
[INFO] [stdout]   36:     0x6531737c1eee - std::panicking::try::h8ddeca9d705f9069
[INFO] [stdout]                                at /rustc/90b35a6239c3d8bdabc530a6a0816f7ff89a0aaf/library/std/src/panicking.rs:520:19
[INFO] [stdout]   37:     0x6531737c1eee - std::panic::catch_unwind::h49e1c33078844c46
[INFO] [stdout]                                at /rustc/90b35a6239c3d8bdabc530a6a0816f7ff89a0aaf/library/std/src/panic.rs:358:14
[INFO] [stdout]   38:     0x6531737c1eee - std::thread::Builder::spawn_unchecked_::{{closure}}::h6073db6ff56ad35d
[INFO] [stdout]                                at /rustc/90b35a6239c3d8bdabc530a6a0816f7ff89a0aaf/library/std/src/thread/mod.rs:537:30
[INFO] [stdout]   39:     0x6531737c1eee - core::ops::function::FnOnce::call_once{{vtable.shim}}::h2c5a5f3779c774f1
[INFO] [stdout]                                at /rustc/90b35a6239c3d8bdabc530a6a0816f7ff89a0aaf/library/core/src/ops/function.rs:250:5
[INFO] [stdout]   40:     0x65317391b0cb - <alloc::boxed::Box<F,A> as core::ops::function::FnOnce<Args>>::call_once::hf75717d9f28faebf
[INFO] [stdout]                                at /rustc/90b35a6239c3d8bdabc530a6a0816f7ff89a0aaf/library/alloc/src/boxed.rs:2454:9
[INFO] [stdout]   41:     0x65317391b0cb - <alloc::boxed::Box<F,A> as core::ops::function::FnOnce<Args>>::call_once::h7bd883a5f3c5f3c1
[INFO] [stdout]                                at /rustc/90b35a6239c3d8bdabc530a6a0816f7ff89a0aaf/library/alloc/src/boxed.rs:2454:9
[INFO] [stdout]   42:     0x65317391b0cb - std::sys::pal::unix::thread::Thread::new::thread_start::hcc78f3943333fa94
[INFO] [stdout]                                at /rustc/90b35a6239c3d8bdabc530a6a0816f7ff89a0aaf/library/std/src/sys/pal/unix/thread.rs:105:17
[INFO] [stdout]   43:     0x73f5e238fac3 - <unknown>
[INFO] [stdout]   44:     0x73f5e2420a04 - clone
[INFO] [stdout]   45:                0x0 - <unknown>
[INFO] [stdout] 
[INFO] [stdout] ---- mod_csv::csv_operate::tests::test_write_to_csv1 stdout ----
[INFO] [stdout] thread 'mod_csv::csv_operate::tests::test_write_to_csv1' panicked at src/mod_csv/csv_operate.rs:316:44:
[INFO] [stdout] called `Result::unwrap()` on an `Err` value: NotPresent
[INFO] [stdout] stack backtrace:
[INFO] [stdout]    0:     0x65317391526a - std::backtrace_rs::backtrace::libunwind::trace::h5a5b8284f2d0c266
[INFO] [stdout]                                at /rustc/90b35a6239c3d8bdabc530a6a0816f7ff89a0aaf/library/std/src/../../backtrace/src/backtrace/libunwind.rs:116:5
[INFO] [stdout]    1:     0x65317391526a - std::backtrace_rs::backtrace::trace_unsynchronized::h76d4f1c9b0b875e3
[INFO] [stdout]                                at /rustc/90b35a6239c3d8bdabc530a6a0816f7ff89a0aaf/library/std/src/../../backtrace/src/backtrace/mod.rs:66:5
[INFO] [stdout]    2:     0x65317391526a - std::sys::backtrace::_print_fmt::hc4546b8364a537c6
[INFO] [stdout]                                at /rustc/90b35a6239c3d8bdabc530a6a0816f7ff89a0aaf/library/std/src/sys/backtrace.rs:66:9
[INFO] [stdout]    3:     0x65317391526a - <std::sys::backtrace::BacktraceLock::print::DisplayBacktrace as core::fmt::Display>::fmt::h5b6bd5631a6d1f6b
[INFO] [stdout]                                at /rustc/90b35a6239c3d8bdabc530a6a0816f7ff89a0aaf/library/std/src/sys/backtrace.rs:39:26
[INFO] [stdout]    4:     0x65317393c5b3 - core::fmt::rt::Argument::fmt::h270f6602a2b96f62
[INFO] [stdout]                                at /rustc/90b35a6239c3d8bdabc530a6a0816f7ff89a0aaf/library/core/src/fmt/rt.rs:177:76
[INFO] [stdout]    5:     0x65317393c5b3 - core::fmt::write::h7550c97b06c86515
[INFO] [stdout]                                at /rustc/90b35a6239c3d8bdabc530a6a0816f7ff89a0aaf/library/core/src/fmt/mod.rs:1186:21
[INFO] [stdout]    6:     0x653173912093 - std::io::Write::write_fmt::h509ff860e5956e5e
[INFO] [stdout]                                at /rustc/90b35a6239c3d8bdabc530a6a0816f7ff89a0aaf/library/std/src/io/mod.rs:1839:15
[INFO] [stdout]    7:     0x6531739150b2 - std::sys::backtrace::BacktraceLock::print::h2395ccd2c84ba3aa
[INFO] [stdout]                                at /rustc/90b35a6239c3d8bdabc530a6a0816f7ff89a0aaf/library/std/src/sys/backtrace.rs:42:9
[INFO] [stdout]    8:     0x6531739166ca - std::panicking::default_hook::{{closure}}::he19d4c7230e07961
[INFO] [stdout]                                at /rustc/90b35a6239c3d8bdabc530a6a0816f7ff89a0aaf/library/std/src/panicking.rs:268:22
[INFO] [stdout]    9:     0x6531739164d4 - std::panicking::default_hook::hf614597d3c67bbdb
[INFO] [stdout]                                at /rustc/90b35a6239c3d8bdabc530a6a0816f7ff89a0aaf/library/std/src/panicking.rs:292:9
[INFO] [stdout]   10:     0x6531737f5349 - <alloc::boxed::Box<F,A> as core::ops::function::Fn<Args>>::call::h39b51ce4599c23d1
[INFO] [stdout]                                at /rustc/90b35a6239c3d8bdabc530a6a0816f7ff89a0aaf/library/alloc/src/boxed.rs:2468:9
[INFO] [stdout]   11:     0x6531737f5349 - test::test_main::{{closure}}::he977ae839a582784
[INFO] [stdout]                                at /rustc/90b35a6239c3d8bdabc530a6a0816f7ff89a0aaf/library/test/src/lib.rs:133:21
[INFO] [stdout]   12:     0x653173916d68 - <alloc::boxed::Box<F,A> as core::ops::function::Fn<Args>>::call::h9455091b6b06f9fb
[INFO] [stdout]                                at /rustc/90b35a6239c3d8bdabc530a6a0816f7ff89a0aaf/library/alloc/src/boxed.rs:2468:9
[INFO] [stdout]   13:     0x653173916d68 - std::panicking::rust_panic_with_hook::h8942133a8b252070
[INFO] [stdout]                                at /rustc/90b35a6239c3d8bdabc530a6a0816f7ff89a0aaf/library/std/src/panicking.rs:809:13
[INFO] [stdout]   14:     0x653173916b2a - std::panicking::begin_panic_handler::{{closure}}::hb5f5963570096b29
[INFO] [stdout]                                at /rustc/90b35a6239c3d8bdabc530a6a0816f7ff89a0aaf/library/std/src/panicking.rs:674:13
[INFO] [stdout]   15:     0x653173915749 - std::sys::backtrace::__rust_end_short_backtrace::h6208cedc1922feda
[INFO] [stdout]                                at /rustc/90b35a6239c3d8bdabc530a6a0816f7ff89a0aaf/library/std/src/sys/backtrace.rs:170:18
[INFO] [stdout]   16:     0x6531739167bc - rust_begin_unwind
[INFO] [stdout]                                at /rustc/90b35a6239c3d8bdabc530a6a0816f7ff89a0aaf/library/std/src/panicking.rs:665:5
[INFO] [stdout]   17:     0x65317378c200 - core::panicking::panic_fmt::h0c3082644d1bf418
[INFO] [stdout]                                at /rustc/90b35a6239c3d8bdabc530a6a0816f7ff89a0aaf/library/core/src/panicking.rs:74:14
[INFO] [stdout]   18:     0x65317378c6a6 - core::result::unwrap_failed::hd20b4aa073bda1e2
[INFO] [stdout]                                at /rustc/90b35a6239c3d8bdabc530a6a0816f7ff89a0aaf/library/core/src/result.rs:1700:5
[INFO] [stdout]   19:     0x65317379dcef - core::result::Result<T,E>::unwrap::hd2cbfce8a3bb2479
[INFO] [stdout]                                at /rustc/90b35a6239c3d8bdabc530a6a0816f7ff89a0aaf/library/core/src/result.rs:1104:23
[INFO] [stdout]   20:     0x65317379dcef - crate_file_dyzs_16::mod_csv::csv_operate::construct_csv_path::ha36996adbb0c3a86
[INFO] [stdout]                                at /opt/rustwide/workdir/src/mod_csv/csv_operate.rs:316:19
[INFO] [stdout]   21:     0x65317379d1a8 - crate_file_dyzs_16::mod_csv::csv_operate::CsvWriter::new::h2269fdfa21e4643b
[INFO] [stdout]                                at /opt/rustwide/workdir/src/mod_csv/csv_operate.rs:143:25
[INFO] [stdout]   22:     0x6531737a7334 - crate_file_dyzs_16::mod_csv::csv_operate::tests::test_write_to_csv1::{{closure}}::h233caf768ee8ef87
[INFO] [stdout]                                at /opt/rustwide/workdir/src/mod_csv/csv_operate.rs:384:26
[INFO] [stdout]   23:     0x6531737b9002 - <core::pin::Pin<P> as core::future::future::Future>::poll::h510cdb5b66544ba4
[INFO] [stdout]                                at /rustc/90b35a6239c3d8bdabc530a6a0816f7ff89a0aaf/library/core/src/future/future.rs:123:9
[INFO] [stdout]   24:     0x6531737b903d - <core::pin::Pin<P> as core::future::future::Future>::poll::hc1660d4fa10cfcba
[INFO] [stdout]                                at /rustc/90b35a6239c3d8bdabc530a6a0816f7ff89a0aaf/library/core/src/future/future.rs:123:9
[INFO] [stdout]   25:     0x6531737b23ef - tokio::runtime::scheduler::current_thread::CoreGuard::block_on::{{closure}}::{{closure}}::{{closure}}::h67c3eb48218aed29
[INFO] [stdout]                                at /opt/rustwide/cargo-home/registry/src/index.crates.io-6f17d22bba15001f/tokio-1.42.0/src/runtime/scheduler/current_thread/mod.rs:729:57
[INFO] [stdout]   26:     0x6531737b2335 - tokio::runtime::coop::with_budget::hbcd82738e1a2c259
[INFO] [stdout]                                at /opt/rustwide/cargo-home/registry/src/index.crates.io-6f17d22bba15001f/tokio-1.42.0/src/runtime/coop.rs:107:5
[INFO] [stdout]   27:     0x6531737b2335 - tokio::runtime::coop::budget::h0337d2260d202e51
[INFO] [stdout]                                at /opt/rustwide/cargo-home/registry/src/index.crates.io-6f17d22bba15001f/tokio-1.42.0/src/runtime/coop.rs:73:5
[INFO] [stdout]   28:     0x6531737b2335 - tokio::runtime::scheduler::current_thread::CoreGuard::block_on::{{closure}}::{{closure}}::ha60dcfc348bd212d
[INFO] [stdout]                                at /opt/rustwide/cargo-home/registry/src/index.crates.io-6f17d22bba15001f/tokio-1.42.0/src/runtime/scheduler/current_thread/mod.rs:729:25
[INFO] [stdout]   29:     0x6531737afc80 - tokio::runtime::scheduler::current_thread::Context::enter::h8e90f4db57d73852
[INFO] [stdout]                                at /opt/rustwide/cargo-home/registry/src/index.crates.io-6f17d22bba15001f/tokio-1.42.0/src/runtime/scheduler/current_thread/mod.rs:428:19
[INFO] [stdout]   30:     0x6531737b113e - tokio::runtime::scheduler::current_thread::CoreGuard::block_on::{{closure}}::h63c21f3ac4d9262b
[INFO] [stdout]                                at /opt/rustwide/cargo-home/registry/src/index.crates.io-6f17d22bba15001f/tokio-1.42.0/src/runtime/scheduler/current_thread/mod.rs:728:36
[INFO] [stdout]   31:     0x6531737b0e54 - tokio::runtime::scheduler::current_thread::CoreGuard::enter::{{closure}}::hc6b2c78ac6c60483
[INFO] [stdout]                                at /opt/rustwide/cargo-home/registry/src/index.crates.io-6f17d22bba15001f/tokio-1.42.0/src/runtime/scheduler/current_thread/mod.rs:807:68
[INFO] [stdout]   32:     0x653173790d0b - tokio::runtime::context::scoped::Scoped<T>::set::h09133c054b848576
[INFO] [stdout]                                at /opt/rustwide/cargo-home/registry/src/index.crates.io-6f17d22bba15001f/tokio-1.42.0/src/runtime/context/scoped.rs:40:9
[INFO] [stdout]   33:     0x653173797159 - tokio::runtime::context::set_scheduler::{{closure}}::h41960b05a9c33c13
[INFO] [stdout]                                at /opt/rustwide/cargo-home/registry/src/index.crates.io-6f17d22bba15001f/tokio-1.42.0/src/runtime/context.rs:180:26
[INFO] [stdout]   34:     0x6531737acd5d - std::thread::local::LocalKey<T>::try_with::h478c0ccdda7d8614
[INFO] [stdout]                                at /rustc/90b35a6239c3d8bdabc530a6a0816f7ff89a0aaf/library/std/src/thread/local.rs:283:12
[INFO] [stdout]   35:     0x6531737aca0a - std::thread::local::LocalKey<T>::with::heb1fb8ad5ebd8776
[INFO] [stdout]                                at /rustc/90b35a6239c3d8bdabc530a6a0816f7ff89a0aaf/library/std/src/thread/local.rs:260:9
[INFO] [stdout]   36:     0x6531737970cd - tokio::runtime::context::set_scheduler::h6a4c002420f8b090
[INFO] [stdout]                                at /opt/rustwide/cargo-home/registry/src/index.crates.io-6f17d22bba15001f/tokio-1.42.0/src/runtime/context.rs:180:9
[INFO] [stdout]   37:     0x6531737b0be0 - tokio::runtime::scheduler::current_thread::CoreGuard::enter::hfd9b49c7c3c09a66
[INFO] [stdout]                                at /opt/rustwide/cargo-home/registry/src/index.crates.io-6f17d22bba15001f/tokio-1.42.0/src/runtime/scheduler/current_thread/mod.rs:807:27
[INFO] [stdout]   38:     0x6531737b0e73 - tokio::runtime::scheduler::current_thread::CoreGuard::block_on::h1eaee48203c5d176
[INFO] [stdout]                                at /opt/rustwide/cargo-home/registry/src/index.crates.io-6f17d22bba15001f/tokio-1.42.0/src/runtime/scheduler/current_thread/mod.rs:716:19
[INFO] [stdout]   39:     0x6531737af0ea - tokio::runtime::scheduler::current_thread::CurrentThread::block_on::{{closure}}::hf74ddad0ff7df82c
[INFO] [stdout]                                at /opt/rustwide/cargo-home/registry/src/index.crates.io-6f17d22bba15001f/tokio-1.42.0/src/runtime/scheduler/current_thread/mod.rs:196:28
[INFO] [stdout]   40:     0x653173791376 - tokio::runtime::context::runtime::enter_runtime::h8a8ace8e5e3cd5e5
[INFO] [stdout]                                at /opt/rustwide/cargo-home/registry/src/index.crates.io-6f17d22bba15001f/tokio-1.42.0/src/runtime/context/runtime.rs:65:16
[INFO] [stdout]   41:     0x6531737ae961 - tokio::runtime::scheduler::current_thread::CurrentThread::block_on::h5a698a9f4d961f5c
[INFO] [stdout]                                at /opt/rustwide/cargo-home/registry/src/index.crates.io-6f17d22bba15001f/tokio-1.42.0/src/runtime/scheduler/current_thread/mod.rs:184:9
[INFO] [stdout]   42:     0x653173791dc3 - tokio::runtime::runtime::Runtime::block_on_inner::h60e14ad97f6f2488
[INFO] [stdout]                                at /opt/rustwide/cargo-home/registry/src/index.crates.io-6f17d22bba15001f/tokio-1.42.0/src/runtime/runtime.rs:368:47
[INFO] [stdout]   43:     0x6531737920c7 - tokio::runtime::runtime::Runtime::block_on::h2c7813ad779588c9
[INFO] [stdout]                                at /opt/rustwide/cargo-home/registry/src/index.crates.io-6f17d22bba15001f/tokio-1.42.0/src/runtime/runtime.rs:342:13
[INFO] [stdout]   44:     0x6531737a7251 - crate_file_dyzs_16::mod_csv::csv_operate::tests::test_write_to_csv1::hc41efeb821f23dd4
[INFO] [stdout]                                at /opt/rustwide/workdir/src/mod_csv/csv_operate.rs:412:9
[INFO] [stdout]   45:     0x6531737a70f7 - crate_file_dyzs_16::mod_csv::csv_operate::tests::test_write_to_csv1::{{closure}}::h728b3f77701a656c
[INFO] [stdout]                                at /opt/rustwide/workdir/src/mod_csv/csv_operate.rs:383:34
[INFO] [stdout]   46:     0x6531737a8996 - core::ops::function::FnOnce::call_once::hbf757b85a5d411ae
[INFO] [stdout]                                at /rustc/90b35a6239c3d8bdabc530a6a0816f7ff89a0aaf/library/core/src/ops/function.rs:250:5
[INFO] [stdout]   47:     0x6531737f9d0b - core::ops::function::FnOnce::call_once::h109cf8051a59b34e
[INFO] [stdout]                                at /rustc/90b35a6239c3d8bdabc530a6a0816f7ff89a0aaf/library/core/src/ops/function.rs:250:5
[INFO] [stdout]   48:     0x6531737f9d0b - test::__rust_begin_short_backtrace::hf4fff89d377446ba
[INFO] [stdout]                                at /rustc/90b35a6239c3d8bdabc530a6a0816f7ff89a0aaf/library/test/src/lib.rs:621:18
[INFO] [stdout]   49:     0x6531737f9547 - test::run_test_in_process::{{closure}}::h0e39181dd7ee5a43
[INFO] [stdout]                                at /rustc/90b35a6239c3d8bdabc530a6a0816f7ff89a0aaf/library/test/src/lib.rs:644:60
[INFO] [stdout]   50:     0x6531737f9547 - <core::panic::unwind_safe::AssertUnwindSafe<F> as core::ops::function::FnOnce<()>>::call_once::hc5a66a30f0bdfd1f
[INFO] [stdout]                                at /rustc/90b35a6239c3d8bdabc530a6a0816f7ff89a0aaf/library/core/src/panic/unwind_safe.rs:272:9
[INFO] [stdout]   51:     0x6531737f9547 - std::panicking::try::do_call::h873b7cf639554a5e
[INFO] [stdout]                                at /rustc/90b35a6239c3d8bdabc530a6a0816f7ff89a0aaf/library/std/src/panicking.rs:557:40
[INFO] [stdout]   52:     0x6531737f9547 - std::panicking::try::hdb19862fad9c8bd1
[INFO] [stdout]                                at /rustc/90b35a6239c3d8bdabc530a6a0816f7ff89a0aaf/library/std/src/panicking.rs:520:19
[INFO] [stdout]   53:     0x6531737f9547 - std::panic::catch_unwind::h281fe732d236d260
[INFO] [stdout]                                at /rustc/90b35a6239c3d8bdabc530a6a0816f7ff89a0aaf/library/std/src/panic.rs:358:14
[INFO] [stdout]   54:     0x6531737f9547 - test::run_test_in_process::h949b6df8457ed338
[INFO] [stdout]                                at /rustc/90b35a6239c3d8bdabc530a6a0816f7ff89a0aaf/library/test/src/lib.rs:644:27
[INFO] [stdout]   55:     0x6531737f9547 - test::run_test::{{closure}}::h52c556a6d4740e10
[INFO] [stdout]                                at /rustc/90b35a6239c3d8bdabc530a6a0816f7ff89a0aaf/library/test/src/lib.rs:565:43
[INFO] [stdout]   56:     0x6531737be824 - test::run_test::{{closure}}::h4237f6381c45ccb9
[INFO] [stdout]                                at /rustc/90b35a6239c3d8bdabc530a6a0816f7ff89a0aaf/library/test/src/lib.rs:595:41
[INFO] [stdout]   57:     0x6531737be824 - std::sys::backtrace::__rust_begin_short_backtrace::h505c97a579eca628
[INFO] [stdout]                                at /rustc/90b35a6239c3d8bdabc530a6a0816f7ff89a0aaf/library/std/src/sys/backtrace.rs:154:18
[INFO] [stdout]   58:     0x6531737c1eee - std::thread::Builder::spawn_unchecked_::{{closure}}::{{closure}}::h9e86b2e2bc107ea3
[INFO] [stdout]                                at /rustc/90b35a6239c3d8bdabc530a6a0816f7ff89a0aaf/library/std/src/thread/mod.rs:538:17
[INFO] [stdout]   59:     0x6531737c1eee - <core::panic::unwind_safe::AssertUnwindSafe<F> as core::ops::function::FnOnce<()>>::call_once::h8b06ddb275ff4a25
[INFO] [stdout]                                at /rustc/90b35a6239c3d8bdabc530a6a0816f7ff89a0aaf/library/core/src/panic/unwind_safe.rs:272:9
[INFO] [stdout]   60:     0x6531737c1eee - std::panicking::try::do_call::hb26ecd7cd9a9355d
[INFO] [stdout]                                at /rustc/90b35a6239c3d8bdabc530a6a0816f7ff89a0aaf/library/std/src/panicking.rs:557:40
[INFO] [stdout]   61:     0x6531737c1eee - std::panicking::try::h8ddeca9d705f9069
[INFO] [stdout]                                at /rustc/90b35a6239c3d8bdabc530a6a0816f7ff89a0aaf/library/std/src/panicking.rs:520:19
[INFO] [stdout]   62:     0x6531737c1eee - std::panic::catch_unwind::h49e1c33078844c46
[INFO] [stdout]                                at /rustc/90b35a6239c3d8bdabc530a6a0816f7ff89a0aaf/library/std/src/panic.rs:358:14
[INFO] [stdout]   63:     0x6531737c1eee - std::thread::Builder::spawn_unchecked_::{{closure}}::h6073db6ff56ad35d
[INFO] [stdout]                                at /rustc/90b35a6239c3d8bdabc530a6a0816f7ff89a0aaf/library/std/src/thread/mod.rs:537:30
[INFO] [stdout]   64:     0x6531737c1eee - core::ops::function::FnOnce::call_once{{vtable.shim}}::h2c5a5f3779c774f1
[INFO] [stdout]                                at /rustc/90b35a6239c3d8bdabc530a6a0816f7ff89a0aaf/library/core/src/ops/function.rs:250:5
[INFO] [stdout]   65:     0x65317391b0cb - <alloc::boxed::Box<F,A> as core::ops::function::FnOnce<Args>>::call_once::hf75717d9f28faebf
[INFO] [stdout]                                at /rustc/90b35a6239c3d8bdabc530a6a0816f7ff89a0aaf/library/alloc/src/boxed.rs:2454:9
[INFO] [stdout]   66:     0x65317391b0cb - <alloc::boxed::Box<F,A> as core::ops::function::FnOnce<Args>>::call_once::h7bd883a5f3c5f3c1
[INFO] [stdout]                                at /rustc/90b35a6239c3d8bdabc530a6a0816f7ff89a0aaf/library/alloc/src/boxed.rs:2454:9
[INFO] [stdout]   67:     0x65317391b0cb - std::sys::pal::unix::thread::Thread::new::thread_start::hcc78f3943333fa94
[INFO] [stdout]                                at /rustc/90b35a6239c3d8bdabc530a6a0816f7ff89a0aaf/library/std/src/sys/pal/unix/thread.rs:105:17
[INFO] [stdout]   68:     0x73f5e238fac3 - <unknown>
[INFO] [stdout]   69:     0x73f5e2420a04 - clone
[INFO] [stdout]   70:                0x0 - <unknown>
[INFO] [stdout] 
[INFO] [stdout] ---- mod_csv::csv_operate::tests::test_write_to_csv stdout ----
[INFO] [stdout] thread 'mod_csv::csv_operate::tests::test_write_to_csv' panicked at src/mod_csv/csv_operate.rs:379:9:
[INFO] [stdout] assertion failed: write_to_csv("output.csv", &serial_datas).is_ok()
[INFO] [stdout] stack backtrace:
[INFO] [stdout]    0:     0x65317391526a - std::backtrace_rs::backtrace::libunwind::trace::h5a5b8284f2d0c266
[INFO] [stdout]                                at /rustc/90b35a6239c3d8bdabc530a6a0816f7ff89a0aaf/library/std/src/../../backtrace/src/backtrace/libunwind.rs:116:5
[INFO] [stdout]    1:     0x65317391526a - std::backtrace_rs::backtrace::trace_unsynchronized::h76d4f1c9b0b875e3
[INFO] [stdout]                                at /rustc/90b35a6239c3d8bdabc530a6a0816f7ff89a0aaf/library/std/src/../../backtrace/src/backtrace/mod.rs:66:5
[INFO] [stdout]    2:     0x65317391526a - std::sys::backtrace::_print_fmt::hc4546b8364a537c6
[INFO] [stdout]                                at /rustc/90b35a6239c3d8bdabc530a6a0816f7ff89a0aaf/library/std/src/sys/backtrace.rs:66:9
[INFO] [stdout]    3:     0x65317391526a - <std::sys::backtrace::BacktraceLock::print::DisplayBacktrace as core::fmt::Display>::fmt::h5b6bd5631a6d1f6b
[INFO] [stdout]                                at /rustc/90b35a6239c3d8bdabc530a6a0816f7ff89a0aaf/library/std/src/sys/backtrace.rs:39:26
[INFO] [stdout]    4:     0x65317393c5b3 - core::fmt::rt::Argument::fmt::h270f6602a2b96f62
[INFO] [stdout]                                at /rustc/90b35a6239c3d8bdabc530a6a0816f7ff89a0aaf/library/core/src/fmt/rt.rs:177:76
[INFO] [stdout]    5:     0x65317393c5b3 - core::fmt::write::h7550c97b06c86515
[INFO] [stdout]                                at /rustc/90b35a6239c3d8bdabc530a6a0816f7ff89a0aaf/library/core/src/fmt/mod.rs:1186:21
[INFO] [stdout]    6:     0x653173912093 - std::io::Write::write_fmt::h509ff860e5956e5e
[INFO] [stdout]                                at /rustc/90b35a6239c3d8bdabc530a6a0816f7ff89a0aaf/library/std/src/io/mod.rs:1839:15
[INFO] [stdout]    7:     0x6531739150b2 - std::sys::backtrace::BacktraceLock::print::h2395ccd2c84ba3aa
[INFO] [stdout]                                at /rustc/90b35a6239c3d8bdabc530a6a0816f7ff89a0aaf/library/std/src/sys/backtrace.rs:42:9
[INFO] [stdout]    8:     0x6531739166ca - std::panicking::default_hook::{{closure}}::he19d4c7230e07961
[INFO] [stdout]                                at /rustc/90b35a6239c3d8bdabc530a6a0816f7ff89a0aaf/library/std/src/panicking.rs:268:22
[INFO] [stdout]    9:     0x6531739164d4 - std::panicking::default_hook::hf614597d3c67bbdb
[INFO] [stdout]                                at /rustc/90b35a6239c3d8bdabc530a6a0816f7ff89a0aaf/library/std/src/panicking.rs:292:9
[INFO] [stdout]   10:     0x6531737f5349 - <alloc::boxed::Box<F,A> as core::ops::function::Fn<Args>>::call::h39b51ce4599c23d1
[INFO] [stdout]                                at /rustc/90b35a6239c3d8bdabc530a6a0816f7ff89a0aaf/library/alloc/src/boxed.rs:2468:9
[INFO] [stdout]   11:     0x6531737f5349 - test::test_main::{{closure}}::he977ae839a582784
[INFO] [stdout]                                at /rustc/90b35a6239c3d8bdabc530a6a0816f7ff89a0aaf/library/test/src/lib.rs:133:21
[INFO] [stdout]   12:     0x653173916d68 - <alloc::boxed::Box<F,A> as core::ops::function::Fn<Args>>::call::h9455091b6b06f9fb
[INFO] [stdout]                                at /rustc/90b35a6239c3d8bdabc530a6a0816f7ff89a0aaf/library/alloc/src/boxed.rs:2468:9
[INFO] [stdout]   13:     0x653173916d68 - std::panicking::rust_panic_with_hook::h8942133a8b252070
[INFO] [stdout]                                at /rustc/90b35a6239c3d8bdabc530a6a0816f7ff89a0aaf/library/std/src/panicking.rs:809:13
[INFO] [stdout]   14:     0x653173916af6 - std::panicking::begin_panic_handler::{{closure}}::hb5f5963570096b29
[INFO] [stdout]                                at /rustc/90b35a6239c3d8bdabc530a6a0816f7ff89a0aaf/library/std/src/panicking.rs:667:13
[INFO] [stdout]   15:     0x653173915749 - std::sys::backtrace::__rust_end_short_backtrace::h6208cedc1922feda
[INFO] [stdout]                                at /rustc/90b35a6239c3d8bdabc530a6a0816f7ff89a0aaf/library/std/src/sys/backtrace.rs:170:18
[INFO] [stdout]   16:     0x6531739167bc - rust_begin_unwind
[INFO] [stdout]                                at /rustc/90b35a6239c3d8bdabc530a6a0816f7ff89a0aaf/library/std/src/panicking.rs:665:5
[INFO] [stdout]   17:     0x65317378c200 - core::panicking::panic_fmt::h0c3082644d1bf418
[INFO] [stdout]                                at /rustc/90b35a6239c3d8bdabc530a6a0816f7ff89a0aaf/library/core/src/panicking.rs:74:14
[INFO] [stdout]   18:     0x65317378c28c - core::panicking::panic::h957f98c65a3b3074
[INFO] [stdout]                                at /rustc/90b35a6239c3d8bdabc530a6a0816f7ff89a0aaf/library/core/src/panicking.rs:148:5
[INFO] [stdout]   19:     0x6531737a70a9 - crate_file_dyzs_16::mod_csv::csv_operate::tests::test_write_to_csv::h01fa6e48cbc02bcc
[INFO] [stdout]                                at /opt/rustwide/workdir/src/mod_csv/csv_operate.rs:379:9
[INFO] [stdout]   20:     0x6531737a6d77 - crate_file_dyzs_16::mod_csv::csv_operate::tests::test_write_to_csv::{{closure}}::he707c8674042723f
[INFO] [stdout]                                at /opt/rustwide/workdir/src/mod_csv/csv_operate.rs:362:27
[INFO] [stdout]   21:     0x6531737a8ad6 - core::ops::function::FnOnce::call_once::hfa070b79f549c8bd
[INFO] [stdout]                                at /rustc/90b35a6239c3d8bdabc530a6a0816f7ff89a0aaf/library/core/src/ops/function.rs:250:5
[INFO] [stdout]   22:     0x6531737f9d0b - core::ops::function::FnOnce::call_once::h109cf8051a59b34e
[INFO] [stdout]                                at /rustc/90b35a6239c3d8bdabc530a6a0816f7ff89a0aaf/library/core/src/ops/function.rs:250:5
[INFO] [stdout]   23:     0x6531737f9d0b - test::__rust_begin_short_backtrace::hf4fff89d377446ba
[INFO] [stdout]                                at /rustc/90b35a6239c3d8bdabc530a6a0816f7ff89a0aaf/library/test/src/lib.rs:621:18
[INFO] [stdout]   24:     0x6531737f9547 - test::run_test_in_process::{{closure}}::h0e39181dd7ee5a43
[INFO] [stdout]                                at /rustc/90b35a6239c3d8bdabc530a6a0816f7ff89a0aaf/library/test/src/lib.rs:644:60
[INFO] [stdout]   25:     0x6531737f9547 - <core::panic::unwind_safe::AssertUnwindSafe<F> as core::ops::function::FnOnce<()>>::call_once::hc5a66a30f0bdfd1f
[INFO] [stdout]                                at /rustc/90b35a6239c3d8bdabc530a6a0816f7ff89a0aaf/library/core/src/panic/unwind_safe.rs:272:9
[INFO] [stdout]   26:     0x6531737f9547 - std::panicking::try::do_call::h873b7cf639554a5e
[INFO] [stdout]                                at /rustc/90b35a6239c3d8bdabc530a6a0816f7ff89a0aaf/library/std/src/panicking.rs:557:40
[INFO] [stdout]   27:     0x6531737f9547 - std::panicking::try::hdb19862fad9c8bd1
[INFO] [stdout]                                at /rustc/90b35a6239c3d8bdabc530a6a0816f7ff89a0aaf/library/std/src/panicking.rs:520:19
[INFO] [stdout]   28:     0x6531737f9547 - std::panic::catch_unwind::h281fe732d236d260
[INFO] [stdout]                                at /rustc/90b35a6239c3d8bdabc530a6a0816f7ff89a0aaf/library/std/src/panic.rs:358:14
[INFO] [stdout]   29:     0x6531737f9547 - test::run_test_in_process::h949b6df8457ed338
[INFO] [stdout]                                at /rustc/90b35a6239c3d8bdabc530a6a0816f7ff89a0aaf/library/test/src/lib.rs:644:27
[INFO] [stdout]   30:     0x6531737f9547 - test::run_test::{{closure}}::h52c556a6d4740e10
[INFO] [stdout]                                at /rustc/90b35a6239c3d8bdabc530a6a0816f7ff89a0aaf/library/test/src/lib.rs:565:43
[INFO] [stdout]   31:     0x6531737be824 - test::run_test::{{closure}}::h4237f6381c45ccb9
[INFO] [stdout]                                at /rustc/90b35a6239c3d8bdabc530a6a0816f7ff89a0aaf/library/test/src/lib.rs:595:41
[INFO] [stdout]   32:     0x6531737be824 - std::sys::backtrace::__rust_begin_short_backtrace::h505c97a579eca628
[INFO] [stdout]                                at /rustc/90b35a6239c3d8bdabc530a6a0816f7ff89a0aaf/library/std/src/sys/backtrace.rs:154:18
[INFO] [stdout]   33:     0x6531737c1eee - std::thread::Builder::spawn_unchecked_::{{closure}}::{{closure}}::h9e86b2e2bc107ea3
[INFO] [stdout]                                at /rustc/90b35a6239c3d8bdabc530a6a0816f7ff89a0aaf/library/std/src/thread/mod.rs:538:17
[INFO] [stdout]   34:     0x6531737c1eee - <core::panic::unwind_safe::AssertUnwindSafe<F> as core::ops::function::FnOnce<()>>::call_once::h8b06ddb275ff4a25
[INFO] [stdout]                                at /rustc/90b35a6239c3d8bdabc530a6a0816f7ff89a0aaf/library/core/src/panic/unwind_safe.rs:272:9
[INFO] [stdout]   35:     0x6531737c1eee - std::panicking::try::do_call::hb26ecd7cd9a9355d
[INFO] [stdout]                                at /rustc/90b35a6239c3d8bdabc530a6a0816f7ff89a0aaf/library/std/src/panicking.rs:557:40
[INFO] [stdout]   36:     0x6531737c1eee - std::panicking::try::h8ddeca9d705f9069
[INFO] [stdout]                                at /rustc/90b35a6239c3d8bdabc530a6a0816f7ff89a0aaf/library/std/src/panicking.rs:520:19
[INFO] [stdout]   37:     0x6531737c1eee - std::panic::catch_unwind::h49e1c33078844c46
[INFO] [stdout]                                at /rustc/90b35a6239c3d8bdabc530a6a0816f7ff89a0aaf/library/std/src/panic.rs:358:14
[INFO] [stdout]   38:     0x6531737c1eee - std::thread::Builder::spawn_unchecked_::{{closure}}::h6073db6ff56ad35d
[INFO] [stdout]                                at /rustc/90b35a6239c3d8bdabc530a6a0816f7ff89a0aaf/library/std/src/thread/mod.rs:537:30
[INFO] [stdout]   39:     0x6531737c1eee - core::ops::function::FnOnce::call_once{{vtable.shim}}::h2c5a5f3779c774f1
[INFO] [stdout]                                at /rustc/90b35a6239c3d8bdabc530a6a0816f7ff89a0aaf/library/core/src/ops/function.rs:250:5
[INFO] [stdout]   40:     0x65317391b0cb - <alloc::boxed::Box<F,A> as core::ops::function::FnOnce<Args>>::call_once::hf75717d9f28faebf
[INFO] [stdout]                                at /rustc/90b35a6239c3d8bdabc530a6a0816f7ff89a0aaf/library/alloc/src/boxed.rs:2454:9
[INFO] [stdout]   41:     0x65317391b0cb - <alloc::boxed::Box<F,A> as core::ops::function::FnOnce<Args>>::call_once::h7bd883a5f3c5f3c1
[INFO] [stdout]                                at /rustc/90b35a6239c3d8bdabc530a6a0816f7ff89a0aaf/library/alloc/src/boxed.rs:2454:9
[INFO] [stdout]   42:     0x65317391b0cb - std::sys::pal::unix::thread::Thread::new::thread_start::hcc78f3943333fa94
[INFO] [stdout]                                at /rustc/90b35a6239c3d8bdabc530a6a0816f7ff89a0aaf/library/std/src/sys/pal/unix/thread.rs:105:17
[INFO] [stdout]   43:     0x73f5e238fac3 - <unknown>
[INFO] [stdout]   44:     0x73f5e2420a04 - clone
[INFO] [stdout]   45:                0x0 - <unknown>
[INFO] [stdout] 
[INFO] [stdout] 
[INFO] [stdout] failures:
[INFO] [stdout]     mod_asc::asc_operate::tests::test_write_serial_data
[INFO] [stdout]     mod_csv::csv_operate::tests::test_write_to_csv
[INFO] [stdout]     mod_csv::csv_operate::tests::test_write_to_csv1
[INFO] [stdout]     mod_csv::writer::tests::test_write_edf
[INFO] [stdout] 
[INFO] [stdout] test result: FAILED. 0 passed; 4 failed; 0 ignored; 0 measured; 0 filtered out; finished in 0.05s
[INFO] [stdout] 
[INFO] running `Command { std: "docker" "inspect" "2b5b393e727f97c97fa1e53c1c0f84ec020f18cd20d6a61c91722978b65d25d5", kill_on_drop: false }`
[INFO] running `Command { std: "docker" "rm" "-f" "2b5b393e727f97c97fa1e53c1c0f84ec020f18cd20d6a61c91722978b65d25d5", kill_on_drop: false }`
[INFO] [stdout] 2b5b393e727f97c97fa1e53c1c0f84ec020f18cd20d6a61c91722978b65d25d5
