[INFO] fetching crate crate-test-bolt 0.1.0...
[INFO] testing crate-test-bolt-0.1.0 against 1.83.0 for beta-1.84.0-4-retry
[INFO] extracting crate crate-test-bolt 0.1.0 into /workspace/builds/worker-0-tc1/source
[INFO] validating manifest of crates.io crate crate-test-bolt 0.1.0 on toolchain 1.83.0
[INFO] running `Command { std: CARGO_HOME="/workspace/cargo-home" RUSTUP_HOME="/workspace/rustup-home" "/workspace/cargo-home/bin/cargo" "+1.83.0" "metadata" "--manifest-path" "Cargo.toml" "--no-deps", kill_on_drop: false }`
[INFO] started tweaking crates.io crate crate-test-bolt 0.1.0
[INFO] finished tweaking crates.io crate crate-test-bolt 0.1.0
[INFO] tweaked toml for crates.io crate crate-test-bolt 0.1.0 written to /workspace/builds/worker-0-tc1/source/Cargo.toml
[INFO] running `Command { std: CARGO_HOME="/workspace/cargo-home" RUSTUP_HOME="/workspace/rustup-home" "/workspace/cargo-home/bin/cargo" "+1.83.0" "generate-lockfile" "--manifest-path" "Cargo.toml", kill_on_drop: false }`
[INFO] running `Command { std: CARGO_HOME="/workspace/cargo-home" RUSTUP_HOME="/workspace/rustup-home" "/workspace/cargo-home/bin/cargo" "+1.83.0" "fetch" "--manifest-path" "Cargo.toml", kill_on_drop: false }`
[INFO] running `Command { std: "docker" "create" "-v" "/var/lib/crater-agent-workspace/builds/worker-0-tc1/target:/opt/rustwide/target:rw,Z" "-v" "/var/lib/crater-agent-workspace/builds/worker-0-tc1/source:/opt/rustwide/workdir:ro,Z" "-v" "/var/lib/crater-agent-workspace/cargo-home:/opt/rustwide/cargo-home:ro,Z" "-v" "/var/lib/crater-agent-workspace/rustup-home:/opt/rustwide/rustup-home:ro,Z" "-e" "SOURCE_DIR=/opt/rustwide/workdir" "-e" "CARGO_TARGET_DIR=/opt/rustwide/target" "-e" "CARGO_HOME=/opt/rustwide/cargo-home" "-e" "RUSTUP_HOME=/opt/rustwide/rustup-home" "-w" "/opt/rustwide/workdir" "-m" "1610612736" "--user" "0:0" "--network" "none" "ghcr.io/rust-lang/crates-build-env/linux@sha256:f3a9d4ad9d972b27faf3965f35b62e55ba32bbce8f20bc8fe909558a86702fde" "/opt/rustwide/cargo-home/bin/cargo" "+1.83.0" "metadata" "--no-deps" "--format-version=1", kill_on_drop: false }`
[INFO] [stdout] 53f5e8048068af3ca8502e07efc7e2bdab756dc45210eef27d780e356e91144a
[INFO] running `Command { std: "docker" "start" "-a" "53f5e8048068af3ca8502e07efc7e2bdab756dc45210eef27d780e356e91144a", kill_on_drop: false }`
[INFO] running `Command { std: "docker" "inspect" "53f5e8048068af3ca8502e07efc7e2bdab756dc45210eef27d780e356e91144a", kill_on_drop: false }`
[INFO] running `Command { std: "docker" "rm" "-f" "53f5e8048068af3ca8502e07efc7e2bdab756dc45210eef27d780e356e91144a", kill_on_drop: false }`
[INFO] [stdout] 53f5e8048068af3ca8502e07efc7e2bdab756dc45210eef27d780e356e91144a
[INFO] running `Command { std: "docker" "create" "-v" "/var/lib/crater-agent-workspace/builds/worker-0-tc1/target:/opt/rustwide/target:rw,Z" "-v" "/var/lib/crater-agent-workspace/builds/worker-0-tc1/source:/opt/rustwide/workdir:ro,Z" "-v" "/var/lib/crater-agent-workspace/cargo-home:/opt/rustwide/cargo-home:ro,Z" "-v" "/var/lib/crater-agent-workspace/rustup-home:/opt/rustwide/rustup-home:ro,Z" "-e" "SOURCE_DIR=/opt/rustwide/workdir" "-e" "CARGO_TARGET_DIR=/opt/rustwide/target" "-e" "CARGO_INCREMENTAL=0" "-e" "RUST_BACKTRACE=full" "-e" "RUSTFLAGS=--cap-lints=warn" "-e" "RUSTDOCFLAGS=--cap-lints=warn" "-e" "CARGO_HOME=/opt/rustwide/cargo-home" "-e" "RUSTUP_HOME=/opt/rustwide/rustup-home" "-w" "/opt/rustwide/workdir" "-m" "1610612736" "--user" "0:0" "--network" "none" "ghcr.io/rust-lang/crates-build-env/linux@sha256:f3a9d4ad9d972b27faf3965f35b62e55ba32bbce8f20bc8fe909558a86702fde" "/opt/rustwide/cargo-home/bin/cargo" "+1.83.0" "build" "--frozen" "--message-format=json", kill_on_drop: false }`
[INFO] [stdout] 2c9e4b027e004eae78e265f352e1171fac875da5eb6385463bd0bf94b443b8cf
[INFO] running `Command { std: "docker" "start" "-a" "2c9e4b027e004eae78e265f352e1171fac875da5eb6385463bd0bf94b443b8cf", kill_on_drop: false }`
[INFO] [stderr]    Compiling crate-test-bolt v0.1.0 (/opt/rustwide/workdir)
[INFO] [stderr]     Finished `dev` profile [unoptimized + debuginfo] target(s) in 0.05s
[INFO] running `Command { std: "docker" "inspect" "2c9e4b027e004eae78e265f352e1171fac875da5eb6385463bd0bf94b443b8cf", kill_on_drop: false }`
[INFO] running `Command { std: "docker" "rm" "-f" "2c9e4b027e004eae78e265f352e1171fac875da5eb6385463bd0bf94b443b8cf", kill_on_drop: false }`
[INFO] [stdout] 2c9e4b027e004eae78e265f352e1171fac875da5eb6385463bd0bf94b443b8cf
[INFO] running `Command { std: "docker" "create" "-v" "/var/lib/crater-agent-workspace/builds/worker-0-tc1/target:/opt/rustwide/target:rw,Z" "-v" "/var/lib/crater-agent-workspace/builds/worker-0-tc1/source:/opt/rustwide/workdir:ro,Z" "-v" "/var/lib/crater-agent-workspace/cargo-home:/opt/rustwide/cargo-home:ro,Z" "-v" "/var/lib/crater-agent-workspace/rustup-home:/opt/rustwide/rustup-home:ro,Z" "-e" "SOURCE_DIR=/opt/rustwide/workdir" "-e" "CARGO_TARGET_DIR=/opt/rustwide/target" "-e" "CARGO_INCREMENTAL=0" "-e" "RUST_BACKTRACE=full" "-e" "RUSTFLAGS=--cap-lints=warn" "-e" "RUSTDOCFLAGS=--cap-lints=warn" "-e" "CARGO_HOME=/opt/rustwide/cargo-home" "-e" "RUSTUP_HOME=/opt/rustwide/rustup-home" "-w" "/opt/rustwide/workdir" "-m" "1610612736" "--user" "0:0" "--network" "none" "ghcr.io/rust-lang/crates-build-env/linux@sha256:f3a9d4ad9d972b27faf3965f35b62e55ba32bbce8f20bc8fe909558a86702fde" "/opt/rustwide/cargo-home/bin/cargo" "+1.83.0" "test" "--frozen" "--no-run" "--message-format=json", kill_on_drop: false }`
[INFO] [stdout] 5dcaf39e6c4a4ff4d8f9d678a072ce1945df3aa65da9c8a09b03ffb7caf7835b
[INFO] running `Command { std: "docker" "start" "-a" "5dcaf39e6c4a4ff4d8f9d678a072ce1945df3aa65da9c8a09b03ffb7caf7835b", kill_on_drop: false }`
[INFO] [stderr]    Compiling crate-test-bolt v0.1.0 (/opt/rustwide/workdir)
[INFO] [stderr]     Finished `test` profile [unoptimized + debuginfo] target(s) in 0.41s
[INFO] running `Command { std: "docker" "inspect" "5dcaf39e6c4a4ff4d8f9d678a072ce1945df3aa65da9c8a09b03ffb7caf7835b", kill_on_drop: false }`
[INFO] running `Command { std: "docker" "rm" "-f" "5dcaf39e6c4a4ff4d8f9d678a072ce1945df3aa65da9c8a09b03ffb7caf7835b", kill_on_drop: false }`
[INFO] [stdout] 5dcaf39e6c4a4ff4d8f9d678a072ce1945df3aa65da9c8a09b03ffb7caf7835b
[INFO] running `Command { std: "docker" "create" "-v" "/var/lib/crater-agent-workspace/builds/worker-0-tc1/target:/opt/rustwide/target:rw,Z" "-v" "/var/lib/crater-agent-workspace/builds/worker-0-tc1/source:/opt/rustwide/workdir:ro,Z" "-v" "/var/lib/crater-agent-workspace/cargo-home:/opt/rustwide/cargo-home:ro,Z" "-v" "/var/lib/crater-agent-workspace/rustup-home:/opt/rustwide/rustup-home:ro,Z" "-e" "SOURCE_DIR=/opt/rustwide/workdir" "-e" "CARGO_TARGET_DIR=/opt/rustwide/target" "-e" "CARGO_INCREMENTAL=0" "-e" "RUST_BACKTRACE=full" "-e" "RUSTFLAGS=--cap-lints=warn" "-e" "RUSTDOCFLAGS=--cap-lints=warn" "-e" "CARGO_HOME=/opt/rustwide/cargo-home" "-e" "RUSTUP_HOME=/opt/rustwide/rustup-home" "-w" "/opt/rustwide/workdir" "-m" "1610612736" "--user" "0:0" "--network" "none" "ghcr.io/rust-lang/crates-build-env/linux@sha256:f3a9d4ad9d972b27faf3965f35b62e55ba32bbce8f20bc8fe909558a86702fde" "/opt/rustwide/cargo-home/bin/cargo" "+1.83.0" "test" "--frozen", kill_on_drop: false }`
[INFO] [stdout] f952ada2a7e3e5f9682cd3b05ce4b53b809dc436b720bb146edd15e9ef753568
[INFO] running `Command { std: "docker" "start" "-a" "f952ada2a7e3e5f9682cd3b05ce4b53b809dc436b720bb146edd15e9ef753568", kill_on_drop: false }`
[INFO] [stderr]     Finished `test` profile [unoptimized + debuginfo] target(s) in 0.01s
[INFO] [stderr]      Running unittests src/lib.rs (/opt/rustwide/target/debug/deps/crate_test_bolt-4d0bff3dcc69ea5d)
[INFO] [stdout] 
[INFO] [stdout] running 1 test
[INFO] [stdout] test tests::it_works ... ok
[INFO] [stdout] 
[INFO] [stdout] test result: ok. 1 passed; 0 failed; 0 ignored; 0 measured; 0 filtered out; finished in 0.00s
[INFO] [stdout] 
[INFO] [stderr]    Doc-tests crate_test_bolt
[INFO] [stdout] 
[INFO] [stdout] running 1 test
[INFO] [stdout] test src/lib.rs - add (line 8) ... FAILED
[INFO] [stdout] 
[INFO] [stdout] failures:
[INFO] [stdout] 
[INFO] [stdout] ---- src/lib.rs - add (line 8) stdout ----
[INFO] [stdout] error[E0425]: cannot find value `arg` in this scope
[INFO] [stdout]  --> src/lib.rs:9:30
[INFO] [stdout]   |
[INFO] [stdout] 3 | let answer = crate_test::add(arg, 2);
[INFO] [stdout]   |                              ^^^ not found in this scope
[INFO] [stdout] 
[INFO] [stdout] error[E0433]: failed to resolve: use of undeclared crate or module `crate_test`
[INFO] [stdout]  --> src/lib.rs:9:14
[INFO] [stdout]   |
[INFO] [stdout] 3 | let answer = crate_test::add(arg, 2);
[INFO] [stdout]   |              ^^^^^^^^^^ use of undeclared crate or module `crate_test`
[INFO] [stdout] 
[INFO] [stdout] error: aborting due to 2 previous errors
[INFO] [stdout] 
[INFO] [stdout] Some errors have detailed explanations: E0425, E0433.
[INFO] [stdout] For more information about an error, try `rustc --explain E0425`.
[INFO] [stdout] Couldn't compile the test.
[INFO] [stdout] 
[INFO] [stdout] failures:
[INFO] [stdout]     src/lib.rs - add (line 8)
[INFO] [stdout] 
[INFO] [stdout] test result: FAILED. 0 passed; 1 failed; 0 ignored; 0 measured; 0 filtered out; finished in 0.06s
[INFO] [stdout] 
[INFO] [stderr] error: doctest failed, to rerun pass `--doc`
[INFO] running `Command { std: "docker" "inspect" "f952ada2a7e3e5f9682cd3b05ce4b53b809dc436b720bb146edd15e9ef753568", kill_on_drop: false }`
[INFO] running `Command { std: "docker" "rm" "-f" "f952ada2a7e3e5f9682cd3b05ce4b53b809dc436b720bb146edd15e9ef753568", kill_on_drop: false }`
[INFO] [stdout] f952ada2a7e3e5f9682cd3b05ce4b53b809dc436b720bb146edd15e9ef753568
