[INFO] fetching crate crabslab-derive 0.4.3...
[INFO] testing crabslab-derive-0.4.3 against 1.83.0 for beta-1.84.0-4-retry
[INFO] extracting crate crabslab-derive 0.4.3 into /workspace/builds/worker-3-tc1/source
[INFO] validating manifest of crates.io crate crabslab-derive 0.4.3 on toolchain 1.83.0
[INFO] running `Command { std: CARGO_HOME="/workspace/cargo-home" RUSTUP_HOME="/workspace/rustup-home" "/workspace/cargo-home/bin/cargo" "+1.83.0" "metadata" "--manifest-path" "Cargo.toml" "--no-deps", kill_on_drop: false }`
[INFO] started tweaking crates.io crate crabslab-derive 0.4.3
[INFO] finished tweaking crates.io crate crabslab-derive 0.4.3
[INFO] tweaked toml for crates.io crate crabslab-derive 0.4.3 written to /workspace/builds/worker-3-tc1/source/Cargo.toml
[INFO] running `Command { std: CARGO_HOME="/workspace/cargo-home" RUSTUP_HOME="/workspace/rustup-home" "/workspace/cargo-home/bin/cargo" "+1.83.0" "generate-lockfile" "--manifest-path" "Cargo.toml", kill_on_drop: false }`
[INFO] [stderr]     Updating crates.io index
[INFO] [stderr]      Locking 4 packages to latest compatible versions
[INFO] running `Command { std: CARGO_HOME="/workspace/cargo-home" RUSTUP_HOME="/workspace/rustup-home" "/workspace/cargo-home/bin/cargo" "+1.83.0" "fetch" "--manifest-path" "Cargo.toml", kill_on_drop: false }`
[INFO] running `Command { std: "docker" "create" "-v" "/var/lib/crater-agent-workspace/builds/worker-3-tc1/target:/opt/rustwide/target:rw,Z" "-v" "/var/lib/crater-agent-workspace/builds/worker-3-tc1/source:/opt/rustwide/workdir:ro,Z" "-v" "/var/lib/crater-agent-workspace/cargo-home:/opt/rustwide/cargo-home:ro,Z" "-v" "/var/lib/crater-agent-workspace/rustup-home:/opt/rustwide/rustup-home:ro,Z" "-e" "SOURCE_DIR=/opt/rustwide/workdir" "-e" "CARGO_TARGET_DIR=/opt/rustwide/target" "-e" "CARGO_HOME=/opt/rustwide/cargo-home" "-e" "RUSTUP_HOME=/opt/rustwide/rustup-home" "-w" "/opt/rustwide/workdir" "-m" "1610612736" "--user" "0:0" "--network" "none" "ghcr.io/rust-lang/crates-build-env/linux@sha256:f3a9d4ad9d972b27faf3965f35b62e55ba32bbce8f20bc8fe909558a86702fde" "/opt/rustwide/cargo-home/bin/cargo" "+1.83.0" "metadata" "--no-deps" "--format-version=1", kill_on_drop: false }`
[INFO] [stdout] 25f210defe5af133171a08a7b9b5f7a2e8b6010a3bf04aeb54fbcc1589293472
[INFO] running `Command { std: "docker" "start" "-a" "25f210defe5af133171a08a7b9b5f7a2e8b6010a3bf04aeb54fbcc1589293472", kill_on_drop: false }`
[INFO] running `Command { std: "docker" "inspect" "25f210defe5af133171a08a7b9b5f7a2e8b6010a3bf04aeb54fbcc1589293472", kill_on_drop: false }`
[INFO] running `Command { std: "docker" "rm" "-f" "25f210defe5af133171a08a7b9b5f7a2e8b6010a3bf04aeb54fbcc1589293472", kill_on_drop: false }`
[INFO] [stdout] 25f210defe5af133171a08a7b9b5f7a2e8b6010a3bf04aeb54fbcc1589293472
[INFO] running `Command { std: "docker" "create" "-v" "/var/lib/crater-agent-workspace/builds/worker-3-tc1/target:/opt/rustwide/target:rw,Z" "-v" "/var/lib/crater-agent-workspace/builds/worker-3-tc1/source:/opt/rustwide/workdir:ro,Z" "-v" "/var/lib/crater-agent-workspace/cargo-home:/opt/rustwide/cargo-home:ro,Z" "-v" "/var/lib/crater-agent-workspace/rustup-home:/opt/rustwide/rustup-home:ro,Z" "-e" "SOURCE_DIR=/opt/rustwide/workdir" "-e" "CARGO_TARGET_DIR=/opt/rustwide/target" "-e" "CARGO_INCREMENTAL=0" "-e" "RUST_BACKTRACE=full" "-e" "RUSTFLAGS=--cap-lints=warn" "-e" "RUSTDOCFLAGS=--cap-lints=warn" "-e" "CARGO_HOME=/opt/rustwide/cargo-home" "-e" "RUSTUP_HOME=/opt/rustwide/rustup-home" "-w" "/opt/rustwide/workdir" "-m" "1610612736" "--user" "0:0" "--network" "none" "ghcr.io/rust-lang/crates-build-env/linux@sha256:f3a9d4ad9d972b27faf3965f35b62e55ba32bbce8f20bc8fe909558a86702fde" "/opt/rustwide/cargo-home/bin/cargo" "+1.83.0" "build" "--frozen" "--message-format=json", kill_on_drop: false }`
[INFO] [stdout] 603360e2f3b9c5ab9b4088adc748203dc4cc67ec84f588821a08d2812d115f47
[INFO] running `Command { std: "docker" "start" "-a" "603360e2f3b9c5ab9b4088adc748203dc4cc67ec84f588821a08d2812d115f47", kill_on_drop: false }`
[INFO] [stderr]    Compiling proc-macro2 v1.0.92
[INFO] [stderr]    Compiling unicode-ident v1.0.14
[INFO] [stderr]    Compiling quote v1.0.37
[INFO] [stderr]    Compiling syn v2.0.90
[INFO] [stderr]    Compiling crabslab-derive v0.4.3 (/opt/rustwide/workdir)
[INFO] [stderr]     Finished `dev` profile [unoptimized + debuginfo] target(s) in 7.89s
[INFO] running `Command { std: "docker" "inspect" "603360e2f3b9c5ab9b4088adc748203dc4cc67ec84f588821a08d2812d115f47", kill_on_drop: false }`
[INFO] running `Command { std: "docker" "rm" "-f" "603360e2f3b9c5ab9b4088adc748203dc4cc67ec84f588821a08d2812d115f47", kill_on_drop: false }`
[INFO] [stdout] 603360e2f3b9c5ab9b4088adc748203dc4cc67ec84f588821a08d2812d115f47
[INFO] running `Command { std: "docker" "create" "-v" "/var/lib/crater-agent-workspace/builds/worker-3-tc1/target:/opt/rustwide/target:rw,Z" "-v" "/var/lib/crater-agent-workspace/builds/worker-3-tc1/source:/opt/rustwide/workdir:ro,Z" "-v" "/var/lib/crater-agent-workspace/cargo-home:/opt/rustwide/cargo-home:ro,Z" "-v" "/var/lib/crater-agent-workspace/rustup-home:/opt/rustwide/rustup-home:ro,Z" "-e" "SOURCE_DIR=/opt/rustwide/workdir" "-e" "CARGO_TARGET_DIR=/opt/rustwide/target" "-e" "CARGO_INCREMENTAL=0" "-e" "RUST_BACKTRACE=full" "-e" "RUSTFLAGS=--cap-lints=warn" "-e" "RUSTDOCFLAGS=--cap-lints=warn" "-e" "CARGO_HOME=/opt/rustwide/cargo-home" "-e" "RUSTUP_HOME=/opt/rustwide/rustup-home" "-w" "/opt/rustwide/workdir" "-m" "1610612736" "--user" "0:0" "--network" "none" "ghcr.io/rust-lang/crates-build-env/linux@sha256:f3a9d4ad9d972b27faf3965f35b62e55ba32bbce8f20bc8fe909558a86702fde" "/opt/rustwide/cargo-home/bin/cargo" "+1.83.0" "test" "--frozen" "--no-run" "--message-format=json", kill_on_drop: false }`
[INFO] [stdout] 50d7520ee2766f8612f7373046fb5bb04ab1b78c0637c74e960af66c4fe8d17d
[INFO] running `Command { std: "docker" "start" "-a" "50d7520ee2766f8612f7373046fb5bb04ab1b78c0637c74e960af66c4fe8d17d", kill_on_drop: false }`
[INFO] [stderr]    Compiling crabslab-derive v0.4.3 (/opt/rustwide/workdir)
[INFO] [stderr]     Finished `test` profile [unoptimized + debuginfo] target(s) in 1.43s
[INFO] running `Command { std: "docker" "inspect" "50d7520ee2766f8612f7373046fb5bb04ab1b78c0637c74e960af66c4fe8d17d", kill_on_drop: false }`
[INFO] running `Command { std: "docker" "rm" "-f" "50d7520ee2766f8612f7373046fb5bb04ab1b78c0637c74e960af66c4fe8d17d", kill_on_drop: false }`
[INFO] [stdout] 50d7520ee2766f8612f7373046fb5bb04ab1b78c0637c74e960af66c4fe8d17d
[INFO] running `Command { std: "docker" "create" "-v" "/var/lib/crater-agent-workspace/builds/worker-3-tc1/target:/opt/rustwide/target:rw,Z" "-v" "/var/lib/crater-agent-workspace/builds/worker-3-tc1/source:/opt/rustwide/workdir:ro,Z" "-v" "/var/lib/crater-agent-workspace/cargo-home:/opt/rustwide/cargo-home:ro,Z" "-v" "/var/lib/crater-agent-workspace/rustup-home:/opt/rustwide/rustup-home:ro,Z" "-e" "SOURCE_DIR=/opt/rustwide/workdir" "-e" "CARGO_TARGET_DIR=/opt/rustwide/target" "-e" "CARGO_INCREMENTAL=0" "-e" "RUST_BACKTRACE=full" "-e" "RUSTFLAGS=--cap-lints=warn" "-e" "RUSTDOCFLAGS=--cap-lints=warn" "-e" "CARGO_HOME=/opt/rustwide/cargo-home" "-e" "RUSTUP_HOME=/opt/rustwide/rustup-home" "-w" "/opt/rustwide/workdir" "-m" "1610612736" "--user" "0:0" "--network" "none" "ghcr.io/rust-lang/crates-build-env/linux@sha256:f3a9d4ad9d972b27faf3965f35b62e55ba32bbce8f20bc8fe909558a86702fde" "/opt/rustwide/cargo-home/bin/cargo" "+1.83.0" "test" "--frozen", kill_on_drop: false }`
[INFO] [stdout] 9e4dfc3e37b2b4230ead6d5ddb1257c5836c433f3c27ff7c66032cc4f6a6e454
[INFO] running `Command { std: "docker" "start" "-a" "9e4dfc3e37b2b4230ead6d5ddb1257c5836c433f3c27ff7c66032cc4f6a6e454", kill_on_drop: false }`
[INFO] [stderr]     Finished `test` profile [unoptimized + debuginfo] target(s) in 0.04s
[INFO] [stderr]      Running unittests src/lib.rs (/opt/rustwide/target/debug/deps/crabslab_derive-74c3bfa519e109c4)
[INFO] [stdout] 
[INFO] [stdout] running 0 tests
[INFO] [stdout] 
[INFO] [stdout] test result: ok. 0 passed; 0 failed; 0 ignored; 0 measured; 0 filtered out; finished in 0.00s
[INFO] [stdout] 
[INFO] [stderr]    Doc-tests crabslab_derive
[INFO] [stdout] 
[INFO] [stdout] running 2 tests
[INFO] [stdout] test src/lib.rs - derive_from_slab (line 142) ... FAILED
[INFO] [stdout] test src/lib.rs - derive_from_slab (line 166) ... FAILED
[INFO] [stdout] 
[INFO] [stdout] failures:
[INFO] [stdout] 
[INFO] [stdout] ---- src/lib.rs - derive_from_slab (line 142) stdout ----
[INFO] [stdout] error[E0432]: unresolved import `crabslab`
[INFO] [stdout]  --> src/lib.rs:143:5
[INFO] [stdout]   |
[INFO] [stdout] 3 | use crabslab::{CpuSlab, GrowableSlab, Id, Slab, SlabItem};
[INFO] [stdout]   |     ^^^^^^^^ use of undeclared crate or module `crabslab`
[INFO] [stdout] 
[INFO] [stdout] error: aborting due to 1 previous error
[INFO] [stdout] 
[INFO] [stdout] For more information about this error, try `rustc --explain E0432`.
[INFO] [stdout] Couldn't compile the test.
[INFO] [stdout] ---- src/lib.rs - derive_from_slab (line 166) stdout ----
[INFO] [stdout] error[E0432]: unresolved import `crabslab`
[INFO] [stdout]  --> src/lib.rs:167:5
[INFO] [stdout]   |
[INFO] [stdout] 3 | use crabslab::{CpuSlab, GrowableSlab, Slab, SlabItem};
[INFO] [stdout]   |     ^^^^^^^^ use of undeclared crate or module `crabslab`
[INFO] [stdout] 
[INFO] [stdout] error[E0599]: no variant or associated item named `SLAB_SIZE` found for enum `Baz` in the current scope
[INFO] [stdout]   --> src/lib.rs:186:20
[INFO] [stdout]    |
[INFO] [stdout] 11 | enum Baz {
[INFO] [stdout]    | -------- variant or associated item `SLAB_SIZE` not found for this enum
[INFO] [stdout] ...
[INFO] [stdout] 22 | assert_eq!(3, Baz::SLAB_SIZE);
[INFO] [stdout]    |                    ^^^^^^^^^ variant or associated item not found in `Baz`
[INFO] [stdout] 
[INFO] [stdout] error: aborting due to 2 previous errors
[INFO] [stdout] 
[INFO] [stdout] Some errors have detailed explanations: E0432, E0599.
[INFO] [stdout] For more information about an error, try `rustc --explain E0432`.
[INFO] [stdout] Couldn't compile the test.
[INFO] [stdout] 
[INFO] [stdout] failures:
[INFO] [stdout]     src/lib.rs - derive_from_slab (line 142)
[INFO] [stdout]     src/lib.rs - derive_from_slab (line 166)
[INFO] [stdout] 
[INFO] [stdout] test result: FAILED. 0 passed; 2 failed; 0 ignored; 0 measured; 0 filtered out; finished in 0.15s
[INFO] [stdout] 
[INFO] [stderr] error: doctest failed, to rerun pass `--doc`
[INFO] running `Command { std: "docker" "inspect" "9e4dfc3e37b2b4230ead6d5ddb1257c5836c433f3c27ff7c66032cc4f6a6e454", kill_on_drop: false }`
[INFO] running `Command { std: "docker" "rm" "-f" "9e4dfc3e37b2b4230ead6d5ddb1257c5836c433f3c27ff7c66032cc4f6a6e454", kill_on_drop: false }`
[INFO] [stdout] 9e4dfc3e37b2b4230ead6d5ddb1257c5836c433f3c27ff7c66032cc4f6a6e454
