[INFO] fetching crate crabler 0.1.28...
[INFO] testing crabler-0.1.28 against beta-2024-12-08 for beta-1.84.0-4-retry
[INFO] extracting crate crabler 0.1.28 into /workspace/builds/worker-2-tc2/source
[INFO] validating manifest of crates.io crate crabler 0.1.28 on toolchain beta-2024-12-08
[INFO] running `Command { std: CARGO_HOME="/workspace/cargo-home" RUSTUP_HOME="/workspace/rustup-home" "/workspace/cargo-home/bin/cargo" "+beta-2024-12-08" "metadata" "--manifest-path" "Cargo.toml" "--no-deps", kill_on_drop: false }`
[INFO] started tweaking crates.io crate crabler 0.1.28
[INFO] finished tweaking crates.io crate crabler 0.1.28
[INFO] tweaked toml for crates.io crate crabler 0.1.28 written to /workspace/builds/worker-2-tc2/source/Cargo.toml
[INFO] running `Command { std: CARGO_HOME="/workspace/cargo-home" RUSTUP_HOME="/workspace/rustup-home" "/workspace/cargo-home/bin/cargo" "+beta-2024-12-08" "generate-lockfile" "--manifest-path" "Cargo.toml", kill_on_drop: false }`
[INFO] [stderr]     Updating crates.io index
[INFO] [stderr]      Locking 269 packages to latest compatible versions
[INFO] [stderr]       Adding subtle v2.4.1 (available: v2.6.1)
[INFO] [stderr]       Adding thiserror v1.0.69 (available: v2.0.7)
[INFO] running `Command { std: CARGO_HOME="/workspace/cargo-home" RUSTUP_HOME="/workspace/rustup-home" "/workspace/cargo-home/bin/cargo" "+beta-2024-12-08" "fetch" "--manifest-path" "Cargo.toml", kill_on_drop: false }`
[INFO] running `Command { std: "docker" "create" "-v" "/var/lib/crater-agent-workspace/builds/worker-2-tc2/target:/opt/rustwide/target:rw,Z" "-v" "/var/lib/crater-agent-workspace/builds/worker-2-tc2/source:/opt/rustwide/workdir:ro,Z" "-v" "/var/lib/crater-agent-workspace/cargo-home:/opt/rustwide/cargo-home:ro,Z" "-v" "/var/lib/crater-agent-workspace/rustup-home:/opt/rustwide/rustup-home:ro,Z" "-e" "SOURCE_DIR=/opt/rustwide/workdir" "-e" "CARGO_TARGET_DIR=/opt/rustwide/target" "-e" "CARGO_HOME=/opt/rustwide/cargo-home" "-e" "RUSTUP_HOME=/opt/rustwide/rustup-home" "-w" "/opt/rustwide/workdir" "-m" "1610612736" "--user" "0:0" "--network" "none" "ghcr.io/rust-lang/crates-build-env/linux@sha256:f3a9d4ad9d972b27faf3965f35b62e55ba32bbce8f20bc8fe909558a86702fde" "/opt/rustwide/cargo-home/bin/cargo" "+beta-2024-12-08" "metadata" "--no-deps" "--format-version=1", kill_on_drop: false }`
[INFO] [stdout] b6be2a735b6b99a2e7e65320180db9ab2f797b623734b36658aa3f04fe9d6b8a
[INFO] running `Command { std: "docker" "start" "-a" "b6be2a735b6b99a2e7e65320180db9ab2f797b623734b36658aa3f04fe9d6b8a", kill_on_drop: false }`
[INFO] running `Command { std: "docker" "inspect" "b6be2a735b6b99a2e7e65320180db9ab2f797b623734b36658aa3f04fe9d6b8a", kill_on_drop: false }`
[INFO] running `Command { std: "docker" "rm" "-f" "b6be2a735b6b99a2e7e65320180db9ab2f797b623734b36658aa3f04fe9d6b8a", kill_on_drop: false }`
[INFO] [stdout] b6be2a735b6b99a2e7e65320180db9ab2f797b623734b36658aa3f04fe9d6b8a
[INFO] running `Command { std: "docker" "create" "-v" "/var/lib/crater-agent-workspace/builds/worker-2-tc2/target:/opt/rustwide/target:rw,Z" "-v" "/var/lib/crater-agent-workspace/builds/worker-2-tc2/source:/opt/rustwide/workdir:ro,Z" "-v" "/var/lib/crater-agent-workspace/cargo-home:/opt/rustwide/cargo-home:ro,Z" "-v" "/var/lib/crater-agent-workspace/rustup-home:/opt/rustwide/rustup-home:ro,Z" "-e" "SOURCE_DIR=/opt/rustwide/workdir" "-e" "CARGO_TARGET_DIR=/opt/rustwide/target" "-e" "CARGO_INCREMENTAL=0" "-e" "RUST_BACKTRACE=full" "-e" "RUSTFLAGS=--cap-lints=warn" "-e" "RUSTDOCFLAGS=--cap-lints=warn" "-e" "CARGO_HOME=/opt/rustwide/cargo-home" "-e" "RUSTUP_HOME=/opt/rustwide/rustup-home" "-w" "/opt/rustwide/workdir" "-m" "1610612736" "--user" "0:0" "--network" "none" "ghcr.io/rust-lang/crates-build-env/linux@sha256:f3a9d4ad9d972b27faf3965f35b62e55ba32bbce8f20bc8fe909558a86702fde" "/opt/rustwide/cargo-home/bin/cargo" "+beta-2024-12-08" "build" "--frozen" "--message-format=json", kill_on_drop: false }`
[INFO] [stdout] 47e1034009cd1ab74d38af24d849e4988c090487258a39796435ea6cd4d2b82b
[INFO] running `Command { std: "docker" "start" "-a" "47e1034009cd1ab74d38af24d849e4988c090487258a39796435ea6cd4d2b82b", kill_on_drop: false }`
[INFO] [stderr]    Compiling proc-macro2 v1.0.92
[INFO] [stderr]    Compiling unicode-ident v1.0.14
[INFO] [stderr]    Compiling version_check v0.9.5
[INFO] [stderr]    Compiling serde v1.0.216
[INFO] [stderr]    Compiling cfg-if v1.0.0
[INFO] [stderr]    Compiling libc v0.2.168
[INFO] [stderr]    Compiling typeid v1.0.2
[INFO] [stderr]    Compiling autocfg v1.4.0
[INFO] [stderr]    Compiling once_cell v1.20.2
[INFO] [stderr]    Compiling pin-project-lite v0.2.15
[INFO] [stderr]    Compiling typenum v1.17.0
[INFO] [stderr]    Compiling futures-core v0.3.31
[INFO] [stderr]    Compiling crossbeam-utils v0.8.20
[INFO] [stderr]    Compiling byteorder v1.5.0
[INFO] [stderr]    Compiling syn v1.0.109
[INFO] [stderr]    Compiling shlex v1.3.0
[INFO] [stderr]    Compiling memchr v2.7.4
[INFO] [stderr]    Compiling futures-io v0.3.31
[INFO] [stderr]    Compiling cc v1.2.4
[INFO] [stderr]    Compiling parking v2.2.1
[INFO] [stderr]    Compiling fastrand v2.3.0
[INFO] [stderr]    Compiling stable_deref_trait v1.2.0
[INFO] [stderr]    Compiling smallvec v1.13.2
[INFO] [stderr]    Compiling bitflags v2.6.0
[INFO] [stderr]    Compiling pkg-config v0.3.31
[INFO] [stderr]    Compiling rustix v0.38.42
[INFO] [stderr]    Compiling itoa v1.0.14
[INFO] [stderr]    Compiling linux-raw-sys v0.4.14
[INFO] [stderr]    Compiling vcpkg v0.2.15
[INFO] [stderr]    Compiling siphasher v0.3.11
[INFO] [stderr]    Compiling generic-array v0.14.7
[INFO] [stderr]    Compiling ryu v1.0.18
[INFO] [stderr]    Compiling scopeguard v1.2.0
[INFO] [stderr]    Compiling slab v0.4.9
[INFO] [stderr]    Compiling lock_api v0.4.12
[INFO] [stderr]    Compiling serde_json v1.0.133
[INFO] [stderr]    Compiling phf_shared v0.10.0
[INFO] [stderr]    Compiling tracing-core v0.1.33
[INFO] [stderr]    Compiling writeable v0.5.5
[INFO] [stderr]    Compiling litemap v0.7.4
[INFO] [stderr]    Compiling concurrent-queue v2.5.0
[INFO] [stderr]    Compiling quote v1.0.37
[INFO] [stderr]    Compiling subtle v2.4.1
[INFO] [stderr]    Compiling futures-lite v2.5.0
[INFO] [stderr]    Compiling icu_locid_transform_data v1.5.0
[INFO] [stderr]    Compiling opaque-debug v0.3.1
[INFO] [stderr]    Compiling event-listener v5.3.1
[INFO] [stderr]    Compiling standback v0.2.17
[INFO] [stderr]    Compiling wasm-bindgen-shared v0.2.99
[INFO] [stderr]    Compiling parking_lot_core v0.9.10
[INFO] [stderr]    Compiling syn v2.0.90
[INFO] [stderr]    Compiling icu_properties_data v1.5.0
[INFO] [stderr]    Compiling proc-macro-hack v0.5.20+deprecated
[INFO] [stderr]    Compiling event-listener-strategy v0.5.3
[INFO] [stderr]    Compiling percent-encoding v2.3.1
[INFO] [stderr]    Compiling utf8_iter v1.0.4
[INFO] [stderr]    Compiling getrandom v0.1.16
[INFO] [stderr]    Compiling async-lock v3.4.0
[INFO] [stderr]    Compiling new_debug_unreachable v1.0.6
[INFO] [stderr]    Compiling icu_normalizer_data v1.5.0
[INFO] [stderr]    Compiling utf16_iter v1.0.5
[INFO] [stderr]    Compiling write16 v1.0.0
[INFO] [stderr]    Compiling unicase v2.8.0
[INFO] [stderr]    Compiling async-task v4.7.1
[INFO] [stderr]    Compiling futures-sink v0.3.31
[INFO] [stderr]    Compiling async-channel v2.3.1
[INFO] [stderr]    Compiling const_fn v0.4.10
[INFO] [stderr]    Compiling event-listener v2.5.3
[INFO] [stderr]    Compiling atomic-waker v1.1.2
[INFO] [stderr]    Compiling bumpalo v3.16.0
[INFO] [stderr]    Compiling cpuid-bool v0.2.0
[INFO] [stderr]    Compiling mac v0.1.1
[INFO] [stderr]    Compiling pin-utils v0.1.0
[INFO] [stderr]    Compiling futf v0.1.5
[INFO] [stderr]    Compiling async-channel v1.9.0
[INFO] [stderr]    Compiling piper v0.2.4
[INFO] [stderr]    Compiling cipher v0.2.5
[INFO] [stderr]    Compiling universal-hash v0.4.1
[INFO] [stderr]    Compiling digest v0.9.0
[INFO] [stderr]    Compiling crypto-mac v0.10.1
[INFO] [stderr]    Compiling form_urlencoded v1.2.1
[INFO] [stderr]    Compiling aes-soft v0.6.4
[INFO] [stderr]    Compiling polyval v0.4.5
[INFO] [stderr]    Compiling time v0.2.27
[INFO] [stderr]    Compiling semver v1.0.24
[INFO] [stderr]    Compiling utf-8 v0.7.6
[INFO] [stderr]    Compiling camino v1.1.9
[INFO] [stderr]    Compiling precomputed-hash v0.1.1
[INFO] [stderr]    Compiling thiserror v1.0.69
[INFO] [stderr]    Compiling ghash v0.3.1
[INFO] [stderr]    Compiling tendril v0.4.3
[INFO] [stderr]    Compiling aes v0.6.0
[INFO] [stderr]    Compiling hmac v0.10.1
[INFO] [stderr]    Compiling ctr v0.6.0
[INFO] [stderr]    Compiling aead v0.3.2
[INFO] [stderr]    Compiling block-buffer v0.9.0
[INFO] [stderr]    Compiling getrandom v0.2.15
[INFO] [stderr]    Compiling signal-hook-registry v1.4.2
[INFO] [stderr]    Compiling libnghttp2-sys v0.1.10+1.61.0
[INFO] [stderr]    Compiling openssl-sys v0.9.104
[INFO] [stderr]    Compiling libz-sys v1.1.20
[INFO] [stderr]    Compiling curl-sys v0.4.78+curl-8.11.0
[INFO] [stderr]    Compiling rand_core v0.6.4
[INFO] [stderr]    Compiling async-executor v1.13.1
[INFO] [stderr]    Compiling blocking v1.6.1
[INFO] [stderr]    Compiling parking_lot v0.12.3
[INFO] [stderr]    Compiling rand_core v0.5.1
[INFO] [stderr]    Compiling phf v0.10.1
[INFO] [stderr]    Compiling error-chain v0.12.4
[INFO] [stderr]    Compiling cookie v0.14.4
[INFO] [stderr]    Compiling pulldown-cmark v0.9.6
[INFO] [stderr]    Compiling curl v0.4.47
[INFO] [stderr]    Compiling anyhow v1.0.94
[INFO] [stderr]    Compiling waker-fn v1.2.0
[INFO] [stderr]    Compiling fastrand v1.9.0
[INFO] [stderr]    Compiling cpufeatures v0.2.16
[INFO] [stderr]    Compiling wasm-bindgen v0.2.99
[INFO] [stderr]    Compiling sha2 v0.9.9
[INFO] [stderr]    Compiling aes-gcm v0.8.0
[INFO] [stderr]    Compiling socket2 v0.5.8
[INFO] [stderr]    Compiling hkdf v0.10.0
[INFO] [stderr]    Compiling futures-channel v0.3.31
[INFO] [stderr]    Compiling futures-lite v1.13.0
[INFO] [stderr]    Compiling spinning_top v0.2.5
[INFO] [stderr]    Compiling proc-macro-error-attr v0.4.12
[INFO] [stderr]    Compiling openssl-probe v0.1.5
[INFO] [stderr]    Compiling bytes v1.9.0
[INFO] [stderr]    Compiling base64 v0.13.1
[INFO] [stderr]    Compiling http-types v2.12.0
[INFO] [stderr]    Compiling futures-task v0.3.31
[INFO] [stderr]    Compiling same-file v1.0.6
[INFO] [stderr]    Compiling isahc v0.9.14
[INFO] [stderr]    Compiling fnv v1.0.7
[INFO] [stderr]    Compiling walkdir v2.5.0
[INFO] [stderr]    Compiling flume v0.9.2
[INFO] [stderr]    Compiling sluice v0.5.5
[INFO] [stderr]    Compiling mime_guess v2.0.5
[INFO] [stderr]    Compiling proc-macro-error v0.4.12
[INFO] [stderr]    Compiling bytes v0.5.6
[INFO] [stderr]    Compiling bytecount v0.6.8
[INFO] [stderr]    Compiling glob v0.3.1
[INFO] [stderr]    Compiling infer v0.2.3
[INFO] [stderr]    Compiling mime v0.3.17
[INFO] [stderr]    Compiling http v0.2.12
[INFO] [stderr]    Compiling encoding_rs v0.8.35
[INFO] [stderr]    Compiling syn-mid v0.5.4
[INFO] [stderr]    Compiling synstructure v0.13.1
[INFO] [stderr]    Compiling time-macros-impl v0.1.2
[INFO] [stderr]    Compiling html5ever v0.26.0
[INFO] [stderr]    Compiling async-attributes v1.1.2
[INFO] [stderr]    Compiling tempfile v3.14.0
[INFO] [stderr]    Compiling serde_derive v1.0.216
[INFO] [stderr]    Compiling zerocopy-derive v0.7.35
[INFO] [stderr]    Compiling zerofrom-derive v0.1.5
[INFO] [stderr]    Compiling yoke-derive v0.7.5
[INFO] [stderr]    Compiling zerovec-derive v0.10.3
[INFO] [stderr]    Compiling displaydoc v0.2.5
[INFO] [stderr]    Compiling tracing-attributes v0.1.28
[INFO] [stderr]    Compiling icu_provider_macros v1.5.0
[INFO] [stderr]    Compiling pin-project-internal v1.1.7
[INFO] [stderr]    Compiling thiserror-impl v1.0.69
[INFO] [stderr]    Compiling futures-macro v0.3.31
[INFO] [stderr]    Compiling async-trait v0.1.83
[INFO] [stderr]    Compiling crabler_derive v0.1.8
[INFO] [stderr]    Compiling time-macros v0.1.1
[INFO] [stderr]    Compiling zerocopy v0.7.35
[INFO] [stderr]    Compiling pin-project v1.1.7
[INFO] [stderr]    Compiling zerofrom v0.1.5
[INFO] [stderr]    Compiling yoke v0.7.5
[INFO] [stderr]    Compiling futures-util v0.3.31
[INFO] [stderr]    Compiling zerovec v0.10.4
[INFO] [stderr]    Compiling ppv-lite86 v0.2.20
[INFO] [stderr]    Compiling rand_chacha v0.3.1
[INFO] [stderr]    Compiling rand_chacha v0.2.2
[INFO] [stderr]    Compiling rand v0.7.3
[INFO] [stderr]    Compiling rand v0.8.5
[INFO] [stderr]    Compiling tinystr v0.7.6
[INFO] [stderr]    Compiling icu_collections v1.5.0
[INFO] [stderr]    Compiling icu_locid v1.5.0
[INFO] [stderr]    Compiling phf_generator v0.10.0
[INFO] [stderr]    Compiling phf_codegen v0.10.0
[INFO] [stderr]    Compiling string_cache_codegen v0.5.2
[INFO] [stderr]    Compiling icu_provider v1.5.0
[INFO] [stderr]    Compiling markup5ever v0.11.0
[INFO] [stderr]    Compiling icu_locid_transform v1.5.0
[INFO] [stderr]    Compiling futures-executor v0.3.31
[INFO] [stderr]    Compiling icu_properties v1.5.1
[INFO] [stderr]    Compiling futures v0.3.31
[INFO] [stderr]    Compiling erased-serde v0.4.5
[INFO] [stderr]    Compiling serde_fmt v1.0.3
[INFO] [stderr]    Compiling string_cache v0.8.7
[INFO] [stderr]    Compiling cargo-platform v0.1.9
[INFO] [stderr]    Compiling serde_qs v0.8.5
[INFO] [stderr]    Compiling serde_urlencoded v0.7.1
[INFO] [stderr]    Compiling value-bag-serde1 v1.10.0
[INFO] [stderr]    Compiling value-bag v1.10.0
[INFO] [stderr]    Compiling cargo_metadata v0.14.2
[INFO] [stderr]    Compiling icu_normalizer v1.5.0
[INFO] [stderr]    Compiling log v0.4.22
[INFO] [stderr]    Compiling tracing v0.1.41
[INFO] [stderr]    Compiling wasm-bindgen-backend v0.2.99
[INFO] [stderr]    Compiling kv-log-macro v1.0.7
[INFO] [stderr]    Compiling femme v2.2.1
[INFO] [stderr]    Compiling idna_adapter v1.2.0
[INFO] [stderr]    Compiling idna v1.0.3
[INFO] [stderr]    Compiling polling v3.7.4
[INFO] [stderr]    Compiling tracing-futures v0.2.5
[INFO] [stderr]    Compiling url v2.5.4
[INFO] [stderr]    Compiling xml5ever v0.17.0
[INFO] [stderr]    Compiling async-io v2.4.0
[INFO] [stderr]    Compiling skeptic v0.13.7
[INFO] [stderr]    Compiling markup5ever_arcdom v0.1.2
[INFO] [stderr]    Compiling wasm-bindgen-macro-support v0.2.99
[INFO] [stderr]    Compiling crabquery v0.1.9
[INFO] [stderr]    Compiling async-signal v0.2.10
[INFO] [stderr]    Compiling async-global-executor v2.4.1
[INFO] [stderr]    Compiling crabler v0.1.28 (/opt/rustwide/workdir)
[INFO] [stderr]    Compiling async-process v2.3.0
[INFO] [stderr]    Compiling async-std v1.13.0
[INFO] [stderr]    Compiling wasm-bindgen-macro v0.2.99
[INFO] [stderr]    Compiling js-sys v0.3.76
[INFO] [stderr]    Compiling http-client v6.5.3
[INFO] [stderr]    Compiling web-sys v0.3.76
[INFO] [stderr]    Compiling surf v2.3.2
[INFO] [stderr]     Finished `dev` profile [unoptimized + debuginfo] target(s) in 46.70s
[INFO] running `Command { std: "docker" "inspect" "47e1034009cd1ab74d38af24d849e4988c090487258a39796435ea6cd4d2b82b", kill_on_drop: false }`
[INFO] running `Command { std: "docker" "rm" "-f" "47e1034009cd1ab74d38af24d849e4988c090487258a39796435ea6cd4d2b82b", kill_on_drop: false }`
[INFO] [stdout] 47e1034009cd1ab74d38af24d849e4988c090487258a39796435ea6cd4d2b82b
[INFO] running `Command { std: "docker" "create" "-v" "/var/lib/crater-agent-workspace/builds/worker-2-tc2/target:/opt/rustwide/target:rw,Z" "-v" "/var/lib/crater-agent-workspace/builds/worker-2-tc2/source:/opt/rustwide/workdir:ro,Z" "-v" "/var/lib/crater-agent-workspace/cargo-home:/opt/rustwide/cargo-home:ro,Z" "-v" "/var/lib/crater-agent-workspace/rustup-home:/opt/rustwide/rustup-home:ro,Z" "-e" "SOURCE_DIR=/opt/rustwide/workdir" "-e" "CARGO_TARGET_DIR=/opt/rustwide/target" "-e" "CARGO_INCREMENTAL=0" "-e" "RUST_BACKTRACE=full" "-e" "RUSTFLAGS=--cap-lints=warn" "-e" "RUSTDOCFLAGS=--cap-lints=warn" "-e" "CARGO_HOME=/opt/rustwide/cargo-home" "-e" "RUSTUP_HOME=/opt/rustwide/rustup-home" "-w" "/opt/rustwide/workdir" "-m" "1610612736" "--user" "0:0" "--network" "none" "ghcr.io/rust-lang/crates-build-env/linux@sha256:f3a9d4ad9d972b27faf3965f35b62e55ba32bbce8f20bc8fe909558a86702fde" "/opt/rustwide/cargo-home/bin/cargo" "+beta-2024-12-08" "test" "--frozen" "--no-run" "--message-format=json", kill_on_drop: false }`
[INFO] [stdout] 437668ac976ebe26081f7dc59ae27faf02f98677d4064286be3a8c928562f8d6
[INFO] running `Command { std: "docker" "start" "-a" "437668ac976ebe26081f7dc59ae27faf02f98677d4064286be3a8c928562f8d6", kill_on_drop: false }`
[INFO] [stderr]    Compiling semver v1.0.24
[INFO] [stderr]    Compiling camino v1.1.9
[INFO] [stderr]    Compiling error-chain v0.12.4
[INFO] [stderr]    Compiling pulldown-cmark v0.9.6
[INFO] [stderr]    Compiling cargo-platform v0.1.9
[INFO] [stderr]    Compiling same-file v1.0.6
[INFO] [stderr]    Compiling tempfile v3.14.0
[INFO] [stderr]    Compiling bytecount v0.6.8
[INFO] [stderr]    Compiling glob v0.3.1
[INFO] [stderr]    Compiling walkdir v2.5.0
[INFO] [stderr]    Compiling cargo_metadata v0.14.2
[INFO] [stderr]    Compiling skeptic v0.13.7
[INFO] [stderr]    Compiling crabler v0.1.28 (/opt/rustwide/workdir)
[INFO] [stderr]     Finished `test` profile [unoptimized + debuginfo] target(s) in 6.97s
[INFO] running `Command { std: "docker" "inspect" "437668ac976ebe26081f7dc59ae27faf02f98677d4064286be3a8c928562f8d6", kill_on_drop: false }`
[INFO] running `Command { std: "docker" "rm" "-f" "437668ac976ebe26081f7dc59ae27faf02f98677d4064286be3a8c928562f8d6", kill_on_drop: false }`
[INFO] [stdout] 437668ac976ebe26081f7dc59ae27faf02f98677d4064286be3a8c928562f8d6
[INFO] running `Command { std: "docker" "create" "-v" "/var/lib/crater-agent-workspace/builds/worker-2-tc2/target:/opt/rustwide/target:rw,Z" "-v" "/var/lib/crater-agent-workspace/builds/worker-2-tc2/source:/opt/rustwide/workdir:ro,Z" "-v" "/var/lib/crater-agent-workspace/cargo-home:/opt/rustwide/cargo-home:ro,Z" "-v" "/var/lib/crater-agent-workspace/rustup-home:/opt/rustwide/rustup-home:ro,Z" "-e" "SOURCE_DIR=/opt/rustwide/workdir" "-e" "CARGO_TARGET_DIR=/opt/rustwide/target" "-e" "CARGO_INCREMENTAL=0" "-e" "RUST_BACKTRACE=full" "-e" "RUSTFLAGS=--cap-lints=warn" "-e" "RUSTDOCFLAGS=--cap-lints=warn" "-e" "CARGO_HOME=/opt/rustwide/cargo-home" "-e" "RUSTUP_HOME=/opt/rustwide/rustup-home" "-w" "/opt/rustwide/workdir" "-m" "1610612736" "--user" "0:0" "--network" "none" "ghcr.io/rust-lang/crates-build-env/linux@sha256:f3a9d4ad9d972b27faf3965f35b62e55ba32bbce8f20bc8fe909558a86702fde" "/opt/rustwide/cargo-home/bin/cargo" "+beta-2024-12-08" "test" "--frozen", kill_on_drop: false }`
[INFO] [stdout] 5bc32f79cc70be01898315985e790b7c81bfdc4dea3821a41ddab389acf0e873
[INFO] running `Command { std: "docker" "start" "-a" "5bc32f79cc70be01898315985e790b7c81bfdc4dea3821a41ddab389acf0e873", kill_on_drop: false }`
[INFO] [stderr]     Finished `test` profile [unoptimized + debuginfo] target(s) in 0.25s
[INFO] [stderr]      Running unittests src/lib.rs (/opt/rustwide/target/debug/deps/crabler-d477ec7f7e70e776)
[INFO] [stdout] 
[INFO] [stdout] running 0 tests
[INFO] [stdout] 
[INFO] [stdout] test result: ok. 0 passed; 0 failed; 0 ignored; 0 measured; 0 filtered out; finished in 0.00s
[INFO] [stdout] 
[INFO] [stderr]      Running tests/readme.rs (/opt/rustwide/target/debug/deps/readme-006cf70a9896858a)
[INFO] [stdout] 
[INFO] [stdout] running 1 test
[INFO] [stdout] test readme_sect_example_line_30 ... FAILED
[INFO] [stdout] 
[INFO] [stdout] failures:
[INFO] [stdout] 
[INFO] [stdout] ---- readme_sect_example_line_30 stdout ----
[INFO] [stdout] error[E0464]: multiple candidates for `rmeta` dependency `crabler` found
[INFO] [stdout]  --> /tmp/rust-skepticQEsBxp/test.rs:2:1
[INFO] [stdout]   |
[INFO] [stdout] 2 | extern crate crabler;
[INFO] [stdout]   | ^^^^^^^^^^^^^^^^^^^^^
[INFO] [stdout]   |
[INFO] [stdout]   = note: candidate #1: /opt/rustwide/target/debug/deps/libcrabler-6e0f3e5edf234cfa.rmeta
[INFO] [stdout]   = note: candidate #2: /opt/rustwide/target/debug/deps/libcrabler-f28b9c86f660d18a.rmeta
[INFO] [stdout] 
[INFO] [stdout] error[E0432]: unresolved import `surf`
[INFO] [stdout]  --> /tmp/rust-skepticQEsBxp/test.rs:7:5
[INFO] [stdout]   |
[INFO] [stdout] 7 | use surf::Url;
[INFO] [stdout]   |     ^^^^ use of undeclared crate or module `surf`
[INFO] [stdout] 
[INFO] [stdout] error[E0433]: failed to resolve: use of undeclared crate or module `async_std`
[INFO] [stdout]   --> /tmp/rust-skepticQEsBxp/test.rs:52:3
[INFO] [stdout]    |
[INFO] [stdout] 52 | #[async_std::main]
[INFO] [stdout]    |   ^^^^^^^^^ use of undeclared crate or module `async_std`
[INFO] [stdout] 
[INFO] [stdout] error: cannot find derive macro `WebScraper` in this scope
[INFO] [stdout]  --> /tmp/rust-skepticQEsBxp/test.rs:9:10
[INFO] [stdout]   |
[INFO] [stdout] 9 | #[derive(WebScraper)]
[INFO] [stdout]   |          ^^^^^^^^^^
[INFO] [stdout] 
[INFO] [stdout] error: cannot find attribute `on_response` in this scope
[INFO] [stdout]   --> /tmp/rust-skepticQEsBxp/test.rs:10:3
[INFO] [stdout]    |
[INFO] [stdout] 10 | #[on_response(response_handler)]
[INFO] [stdout]    |   ^^^^^^^^^^^
[INFO] [stdout] 
[INFO] [stdout] error: cannot find attribute `on_html` in this scope
[INFO] [stdout]   --> /tmp/rust-skepticQEsBxp/test.rs:11:3
[INFO] [stdout]    |
[INFO] [stdout] 11 | #[on_html("a[href]", walk_handler)]
[INFO] [stdout]    |   ^^^^^^^
[INFO] [stdout] 
[INFO] [stdout] error[E0412]: cannot find type `Response` in this scope
[INFO] [stdout]   --> /tmp/rust-skepticQEsBxp/test.rs:15:48
[INFO] [stdout]    |
[INFO] [stdout] 15 |     async fn response_handler(&self, response: Response) -> Result<()> {
[INFO] [stdout]    |                                                ^^^^^^^^ not found in this scope
[INFO] [stdout] 
[INFO] [stdout] error[E0412]: cannot find type `Response` in this scope
[INFO] [stdout]   --> /tmp/rust-skepticQEsBxp/test.rs:22:48
[INFO] [stdout]    |
[INFO] [stdout] 22 |     async fn walk_handler(&self, mut response: Response, a: Element) -> Result<()> {
[INFO] [stdout]    |                                                ^^^^^^^^ not found in this scope
[INFO] [stdout] 
[INFO] [stdout] error[E0412]: cannot find type `Element` in this scope
[INFO] [stdout]   --> /tmp/rust-skepticQEsBxp/test.rs:22:61
[INFO] [stdout]    |
[INFO] [stdout] 22 |     async fn walk_handler(&self, mut response: Response, a: Element) -> Result<()> {
[INFO] [stdout]    |                                                             ^^^^^^^ not found in this scope
[INFO] [stdout] 
[INFO] [stdout] error[E0107]: enum takes 2 generic arguments but 1 generic argument was supplied
[INFO] [stdout]   --> /tmp/rust-skepticQEsBxp/test.rs:53:20
[INFO] [stdout]    |
[INFO] [stdout] 53 | async fn main() -> Result<()> {
[INFO] [stdout]    |                    ^^^^^^ -- supplied 1 generic argument
[INFO] [stdout]    |                    |
[INFO] [stdout]    |                    expected 2 generic arguments
[INFO] [stdout]    |
[INFO] [stdout] help: add missing generic argument
[INFO] [stdout]    |
[INFO] [stdout] 53 | async fn main() -> Result<(), E> {
[INFO] [stdout]    |                             +++
[INFO] [stdout] 
[INFO] [stdout] error[E0107]: enum takes 2 generic arguments but 1 generic argument was supplied
[INFO] [stdout]   --> /tmp/rust-skepticQEsBxp/test.rs:15:61
[INFO] [stdout]    |
[INFO] [stdout] 15 |     async fn response_handler(&self, response: Response) -> Result<()> {
[INFO] [stdout]    |                                                             ^^^^^^ -- supplied 1 generic argument
[INFO] [stdout]    |                                                             |
[INFO] [stdout]    |                                                             expected 2 generic arguments
[INFO] [stdout]    |
[INFO] [stdout] help: add missing generic argument
[INFO] [stdout]    |
[INFO] [stdout] 15 |     async fn response_handler(&self, response: Response) -> Result<(), E> {
[INFO] [stdout]    |                                                                      +++
[INFO] [stdout] 
[INFO] [stdout] error[E0107]: enum takes 2 generic arguments but 1 generic argument was supplied
[INFO] [stdout]   --> /tmp/rust-skepticQEsBxp/test.rs:22:73
[INFO] [stdout]    |
[INFO] [stdout] 22 |     async fn walk_handler(&self, mut response: Response, a: Element) -> Result<()> {
[INFO] [stdout]    |                                                                         ^^^^^^ -- supplied 1 generic argument
[INFO] [stdout]    |                                                                         |
[INFO] [stdout]    |                                                                         expected 2 generic arguments
[INFO] [stdout]    |
[INFO] [stdout] help: add missing generic argument
[INFO] [stdout]    |
[INFO] [stdout] 22 |     async fn walk_handler(&self, mut response: Response, a: Element) -> Result<(), E> {
[INFO] [stdout]    |                                                                                  +++
[INFO] [stdout] 
[INFO] [stdout] error[E0599]: no method named `run` found for struct `Scraper` in the current scope
[INFO] [stdout]   --> /tmp/rust-skepticQEsBxp/test.rs:57:13
[INFO] [stdout]    |
[INFO] [stdout] 12 | struct Scraper {}
[INFO] [stdout]    | -------------- method `run` not found for this struct
[INFO] [stdout] ...
[INFO] [stdout] 57 |     scraper.run(Opts::new().with_urls(vec!["https://www.rust-lang.org/"]).with_threads(20)).await
[INFO] [stdout]    |             ^^^ method not found in `Scraper`
[INFO] [stdout] 
[INFO] [stdout] error[E0433]: failed to resolve: use of undeclared type `Opts`
[INFO] [stdout]   --> /tmp/rust-skepticQEsBxp/test.rs:57:17
[INFO] [stdout]    |
[INFO] [stdout] 57 |     scraper.run(Opts::new().with_urls(vec!["https://www.rust-lang.org/"]).with_threads(20)).await
[INFO] [stdout]    |                 ^^^^ use of undeclared type `Opts`
[INFO] [stdout] 
[INFO] [stdout] error[E0752]: `main` function is not allowed to be `async`
[INFO] [stdout]   --> /tmp/rust-skepticQEsBxp/test.rs:53:1
[INFO] [stdout]    |
[INFO] [stdout] 53 | async fn main() -> Result<()> {
[INFO] [stdout]    | ^^^^^^^^^^^^^^^^^^^^^^^^^^^^^ `main` function is not allowed to be `async`
[INFO] [stdout] 
[INFO] [stdout] error: aborting due to 15 previous errors
[INFO] [stdout] 
[INFO] [stdout] Some errors have detailed explanations: E0107, E0412, E0432, E0433, E0464, E0599, E0752.
[INFO] [stdout] For more information about an error, try `rustc --explain E0107`.
[INFO] [stdout] thread 'readme_sect_example_line_30' panicked at /opt/rustwide/cargo-home/registry/src/index.crates.io-6f17d22bba15001f/skeptic-0.13.7/src/rt.rs:127:9:
[INFO] [stdout] Command failed:
[INFO] [stdout] "rustc" "/tmp/rust-skepticQEsBxp/test.rs" "--verbose" "--crate-type=bin" "--edition=2021" "-L" "/opt/rustwide/target/debug" "-L" "/opt/rustwide/target/debug/deps" "--target" "x86_64-unknown-linux-gnu" "--emit=dep-info=/tmp/rust-skepticQEsBxp/out.exe.d,metadata=/tmp/rust-skepticQEsBxp/out.exe.m"
[INFO] [stdout] stack backtrace:
[INFO] [stdout]    0:     0x63a9bb31676a - std::backtrace_rs::backtrace::libunwind::trace::h8810477743020387
[INFO] [stdout]                                at /rustc/202008a1b8de96d2e5b6bc02d379db03a877d34d/library/std/src/../../backtrace/src/backtrace/libunwind.rs:116:5
[INFO] [stdout]    1:     0x63a9bb31676a - std::backtrace_rs::backtrace::trace_unsynchronized::h3aa55355dd6c54a6
[INFO] [stdout]                                at /rustc/202008a1b8de96d2e5b6bc02d379db03a877d34d/library/std/src/../../backtrace/src/backtrace/mod.rs:66:5
[INFO] [stdout]    2:     0x63a9bb31676a - std::sys::backtrace::_print_fmt::h8588b0f62410823f
[INFO] [stdout]                                at /rustc/202008a1b8de96d2e5b6bc02d379db03a877d34d/library/std/src/sys/backtrace.rs:66:9
[INFO] [stdout]    3:     0x63a9bb31676a - <std::sys::backtrace::BacktraceLock::print::DisplayBacktrace as core::fmt::Display>::fmt::h98c26ac25ffe89bb
[INFO] [stdout]                                at /rustc/202008a1b8de96d2e5b6bc02d379db03a877d34d/library/std/src/sys/backtrace.rs:39:26
[INFO] [stdout]    4:     0x63a9bb33dfb3 - core::fmt::rt::Argument::fmt::hf95377f4aebd453b
[INFO] [stdout]                                at /rustc/202008a1b8de96d2e5b6bc02d379db03a877d34d/library/core/src/fmt/rt.rs:177:76
[INFO] [stdout]    5:     0x63a9bb33dfb3 - core::fmt::write::h0dd5f6e2238c7982
[INFO] [stdout]                                at /rustc/202008a1b8de96d2e5b6bc02d379db03a877d34d/library/core/src/fmt/mod.rs:1189:21
[INFO] [stdout]    6:     0x63a9bb313503 - std::io::Write::write_fmt::h03bb0ca26e6faf8c
[INFO] [stdout]                                at /rustc/202008a1b8de96d2e5b6bc02d379db03a877d34d/library/std/src/io/mod.rs:1884:15
[INFO] [stdout]    7:     0x63a9bb3165b2 - std::sys::backtrace::BacktraceLock::print::h5c19c1c038ee186d
[INFO] [stdout]                                at /rustc/202008a1b8de96d2e5b6bc02d379db03a877d34d/library/std/src/sys/backtrace.rs:42:9
[INFO] [stdout]    8:     0x63a9bb317c6d - std::panicking::default_hook::{{closure}}::h77172f079a1fcb13
[INFO] [stdout]                                at /rustc/202008a1b8de96d2e5b6bc02d379db03a877d34d/library/std/src/panicking.rs:268:22
[INFO] [stdout]    9:     0x63a9bb317a77 - std::panicking::default_hook::he5f8e3b203ccddba
[INFO] [stdout]                                at /rustc/202008a1b8de96d2e5b6bc02d379db03a877d34d/library/std/src/panicking.rs:292:9
[INFO] [stdout]   10:     0x63a9bb20eb07 - <alloc::boxed::Box<F,A> as core::ops::function::Fn<Args>>::call::h7a3c7b4a1ae77f2f
[INFO] [stdout]                                at /rustc/202008a1b8de96d2e5b6bc02d379db03a877d34d/library/alloc/src/boxed.rs:1986:9
[INFO] [stdout]   11:     0x63a9bb20eb07 - test::test_main::{{closure}}::hf0d3b69ae9b353d1
[INFO] [stdout]                                at /rustc/202008a1b8de96d2e5b6bc02d379db03a877d34d/library/test/src/lib.rs:134:21
[INFO] [stdout]   12:     0x63a9bb318318 - <alloc::boxed::Box<F,A> as core::ops::function::Fn<Args>>::call::h6332e82e7b189abd
[INFO] [stdout]                                at /rustc/202008a1b8de96d2e5b6bc02d379db03a877d34d/library/alloc/src/boxed.rs:1986:9
[INFO] [stdout]   13:     0x63a9bb318318 - std::panicking::rust_panic_with_hook::h53863d4e9018df39
[INFO] [stdout]                                at /rustc/202008a1b8de96d2e5b6bc02d379db03a877d34d/library/std/src/panicking.rs:809:13
[INFO] [stdout]   14:     0x63a9bb3180da - std::panicking::begin_panic_handler::{{closure}}::h67280e6fa0757873
[INFO] [stdout]                                at /rustc/202008a1b8de96d2e5b6bc02d379db03a877d34d/library/std/src/panicking.rs:674:13
[INFO] [stdout]   15:     0x63a9bb316c49 - std::sys::backtrace::__rust_end_short_backtrace::h1dac3f54d6fbbeb2
[INFO] [stdout]                                at /rustc/202008a1b8de96d2e5b6bc02d379db03a877d34d/library/std/src/sys/backtrace.rs:170:18
[INFO] [stdout]   16:     0x63a9bb317d6c - rust_begin_unwind
[INFO] [stdout]                                at /rustc/202008a1b8de96d2e5b6bc02d379db03a877d34d/library/std/src/panicking.rs:665:5
[INFO] [stdout]   17:     0x63a9bb1d41a0 - core::panicking::panic_fmt::h6792bd1b2bf01041
[INFO] [stdout]                                at /rustc/202008a1b8de96d2e5b6bc02d379db03a877d34d/library/core/src/panicking.rs:76:14
[INFO] [stdout]   18:     0x63a9bb21c1d1 - skeptic::rt::interpret_output::h3c9bd9d9725d2ad7
[INFO] [stdout]                                at /opt/rustwide/cargo-home/registry/src/index.crates.io-6f17d22bba15001f/skeptic-0.13.7/src/rt.rs:127:9
[INFO] [stdout]   19:     0x63a9bb21b187 - skeptic::rt::handle_test::h9507dcb2ae628df1
[INFO] [stdout]                                at /opt/rustwide/cargo-home/registry/src/index.crates.io-6f17d22bba15001f/skeptic-0.13.7/src/rt.rs:111:5
[INFO] [stdout]   20:     0x63a9bb21a3e6 - skeptic::rt::compile_test::hddcbda6209020145
[INFO] [stdout]                                at /opt/rustwide/cargo-home/registry/src/index.crates.io-6f17d22bba15001f/skeptic-0.13.7/src/rt.rs:15:5
[INFO] [stdout]   21:     0x63a9bb1d522e - readme::readme_sect_example_line_30::h82d88b51cd6fe822
[INFO] [stdout]                                at /opt/rustwide/target/debug/build/crabler-c0eb6e6358d831cd/out/skeptic-tests.rs:62:5
[INFO] [stdout]   22:     0x63a9bb1d5147 - readme::readme_sect_example_line_30::{{closure}}::h20d59dc2a1ba18e3
[INFO] [stdout]                                at /opt/rustwide/target/debug/build/crabler-c0eb6e6358d831cd/out/skeptic-tests.rs:2:41
[INFO] [stdout]   23:     0x63a9bb1d4be6 - core::ops::function::FnOnce::call_once::h645880add519823c
[INFO] [stdout]                                at /rustc/202008a1b8de96d2e5b6bc02d379db03a877d34d/library/core/src/ops/function.rs:250:5
[INFO] [stdout]   24:     0x63a9bb21362b - core::ops::function::FnOnce::call_once::h871bf86719ec9aa4
[INFO] [stdout]                                at /rustc/202008a1b8de96d2e5b6bc02d379db03a877d34d/library/core/src/ops/function.rs:250:5
[INFO] [stdout]   25:     0x63a9bb21362b - test::__rust_begin_short_backtrace::h2167df1e2b7d76fd
[INFO] [stdout]                                at /rustc/202008a1b8de96d2e5b6bc02d379db03a877d34d/library/test/src/lib.rs:632:18
[INFO] [stdout]   26:     0x63a9bb213018 - test::run_test_in_process::{{closure}}::h15d92f75a3adfb79
[INFO] [stdout]                                at /rustc/202008a1b8de96d2e5b6bc02d379db03a877d34d/library/test/src/lib.rs:655:60
[INFO] [stdout]   27:     0x63a9bb213018 - <core::panic::unwind_safe::AssertUnwindSafe<F> as core::ops::function::FnOnce<()>>::call_once::hb6c8955835a8dbbb
[INFO] [stdout]                                at /rustc/202008a1b8de96d2e5b6bc02d379db03a877d34d/library/core/src/panic/unwind_safe.rs:272:9
[INFO] [stdout]   28:     0x63a9bb213018 - std::panicking::try::do_call::hc79d0fc888a0bd30
[INFO] [stdout]                                at /rustc/202008a1b8de96d2e5b6bc02d379db03a877d34d/library/std/src/panicking.rs:557:40
[INFO] [stdout]   29:     0x63a9bb213018 - std::panicking::try::hb8a7878e3a8589d6
[INFO] [stdout]                                at /rustc/202008a1b8de96d2e5b6bc02d379db03a877d34d/library/std/src/panicking.rs:520:19
[INFO] [stdout]   30:     0x63a9bb213018 - std::panic::catch_unwind::hb8e4600ff0ff5cfa
[INFO] [stdout]                                at /rustc/202008a1b8de96d2e5b6bc02d379db03a877d34d/library/std/src/panic.rs:358:14
[INFO] [stdout]   31:     0x63a9bb213018 - test::run_test_in_process::hc2900b0b18688dd6
[INFO] [stdout]                                at /rustc/202008a1b8de96d2e5b6bc02d379db03a877d34d/library/test/src/lib.rs:655:27
[INFO] [stdout]   32:     0x63a9bb213018 - test::run_test::{{closure}}::hac2a9cb07be3d48d
[INFO] [stdout]                                at /rustc/202008a1b8de96d2e5b6bc02d379db03a877d34d/library/test/src/lib.rs:576:43
[INFO] [stdout]   33:     0x63a9bb1d6aba - test::run_test::{{closure}}::h4a5b729e66a38cd8
[INFO] [stdout]                                at /rustc/202008a1b8de96d2e5b6bc02d379db03a877d34d/library/test/src/lib.rs:606:41
[INFO] [stdout]   34:     0x63a9bb1d6aba - std::sys::backtrace::__rust_begin_short_backtrace::h0496fb742492f573
[INFO] [stdout]                                at /rustc/202008a1b8de96d2e5b6bc02d379db03a877d34d/library/std/src/sys/backtrace.rs:154:18
[INFO] [stdout]   35:     0x63a9bb1da434 - std::thread::Builder::spawn_unchecked_::{{closure}}::{{closure}}::hbb6d257c550a54bd
[INFO] [stdout]                                at /rustc/202008a1b8de96d2e5b6bc02d379db03a877d34d/library/std/src/thread/mod.rs:561:17
[INFO] [stdout]   36:     0x63a9bb1da434 - <core::panic::unwind_safe::AssertUnwindSafe<F> as core::ops::function::FnOnce<()>>::call_once::h46696fe4a6832328
[INFO] [stdout]                                at /rustc/202008a1b8de96d2e5b6bc02d379db03a877d34d/library/core/src/panic/unwind_safe.rs:272:9
[INFO] [stdout]   37:     0x63a9bb1da434 - std::panicking::try::do_call::h2625a51b667bfb64
[INFO] [stdout]                                at /rustc/202008a1b8de96d2e5b6bc02d379db03a877d34d/library/std/src/panicking.rs:557:40
[INFO] [stdout]   38:     0x63a9bb1da434 - std::panicking::try::hb956a59a1973aa4c
[INFO] [stdout]                                at /rustc/202008a1b8de96d2e5b6bc02d379db03a877d34d/library/std/src/panicking.rs:520:19
[INFO] [stdout]   39:     0x63a9bb1da434 - std::panic::catch_unwind::h64f3b9d1067ef6a0
[INFO] [stdout]                                at /rustc/202008a1b8de96d2e5b6bc02d379db03a877d34d/library/std/src/panic.rs:358:14
[INFO] [stdout]   40:     0x63a9bb1da434 - std::thread::Builder::spawn_unchecked_::{{closure}}::h42b2841295b6c0b2
[INFO] [stdout]                                at /rustc/202008a1b8de96d2e5b6bc02d379db03a877d34d/library/std/src/thread/mod.rs:559:30
[INFO] [stdout]   41:     0x63a9bb1da434 - core::ops::function::FnOnce::call_once{{vtable.shim}}::h6127de71b8124639
[INFO] [stdout]                                at /rustc/202008a1b8de96d2e5b6bc02d379db03a877d34d/library/core/src/ops/function.rs:250:5
[INFO] [stdout]   42:     0x63a9bb31da5b - <alloc::boxed::Box<F,A> as core::ops::function::FnOnce<Args>>::call_once::h42f0ba71002a1b2c
[INFO] [stdout]                                at /rustc/202008a1b8de96d2e5b6bc02d379db03a877d34d/library/alloc/src/boxed.rs:1972:9
[INFO] [stdout]   43:     0x63a9bb31da5b - <alloc::boxed::Box<F,A> as core::ops::function::FnOnce<Args>>::call_once::had9e47d7a3dcecb8
[INFO] [stdout]                                at /rustc/202008a1b8de96d2e5b6bc02d379db03a877d34d/library/alloc/src/boxed.rs:1972:9
[INFO] [stdout]   44:     0x63a9bb31da5b - std::sys::pal::unix::thread::Thread::new::thread_start::h48cf765408f6f5f2
[INFO] [stdout]                                at /rustc/202008a1b8de96d2e5b6bc02d379db03a877d34d/library/std/src/sys/pal/unix/thread.rs:105:17
[INFO] [stdout]   45:     0x75fef05e6ac3 - <unknown>
[INFO] [stdout]   46:     0x75fef0677a04 - clone
[INFO] [stdout]   47:                0x0 - <unknown>
[INFO] [stdout] 
[INFO] [stdout] 
[INFO] [stdout] failures:
[INFO] [stdout]     readme_sect_example_line_30
[INFO] [stdout] 
[INFO] [stdout] test result: FAILED. 0 passed; 1 failed; 0 ignored; 0 measured; 0 filtered out; finished in 0.81s
[INFO] [stdout] 
[INFO] [stderr] error: test failed, to rerun pass `--test readme`
[INFO] running `Command { std: "docker" "inspect" "5bc32f79cc70be01898315985e790b7c81bfdc4dea3821a41ddab389acf0e873", kill_on_drop: false }`
[INFO] running `Command { std: "docker" "rm" "-f" "5bc32f79cc70be01898315985e790b7c81bfdc4dea3821a41ddab389acf0e873", kill_on_drop: false }`
[INFO] [stdout] 5bc32f79cc70be01898315985e790b7c81bfdc4dea3821a41ddab389acf0e873
