[INFO] fetching crate costoflife 0.3.2...
[INFO] testing costoflife-0.3.2 against 1.83.0 for beta-1.84.0-4-retry
[INFO] extracting crate costoflife 0.3.2 into /workspace/builds/worker-6-tc1/source
[INFO] validating manifest of crates.io crate costoflife 0.3.2 on toolchain 1.83.0
[INFO] running `Command { std: CARGO_HOME="/workspace/cargo-home" RUSTUP_HOME="/workspace/rustup-home" "/workspace/cargo-home/bin/cargo" "+1.83.0" "metadata" "--manifest-path" "Cargo.toml" "--no-deps", kill_on_drop: false }`
[INFO] started tweaking crates.io crate costoflife 0.3.2
[INFO] finished tweaking crates.io crate costoflife 0.3.2
[INFO] tweaked toml for crates.io crate costoflife 0.3.2 written to /workspace/builds/worker-6-tc1/source/Cargo.toml
[INFO] crate crates.io crate costoflife 0.3.2 already has a lockfile, it will not be regenerated
[INFO] running `Command { std: CARGO_HOME="/workspace/cargo-home" RUSTUP_HOME="/workspace/rustup-home" "/workspace/cargo-home/bin/cargo" "+1.83.0" "fetch" "--manifest-path" "Cargo.toml", kill_on_drop: false }`
[INFO] [stderr]     Updating crates.io index
[INFO] [stderr]  Downloading crates ...
[INFO] [stderr]   Downloaded wasm-bindgen-test v0.3.30
[INFO] [stderr]   Downloaded wasm-bindgen-test-macro v0.3.30
[INFO] [stderr]   Downloaded triple_accel v0.3.4
[INFO] [stderr]   Downloaded simsearch v0.2.3
[INFO] [stderr]   Downloaded dialoguer v0.10.0
[INFO] running `Command { std: "docker" "create" "-v" "/var/lib/crater-agent-workspace/builds/worker-6-tc1/target:/opt/rustwide/target:rw,Z" "-v" "/var/lib/crater-agent-workspace/builds/worker-6-tc1/source:/opt/rustwide/workdir:ro,Z" "-v" "/var/lib/crater-agent-workspace/cargo-home:/opt/rustwide/cargo-home:ro,Z" "-v" "/var/lib/crater-agent-workspace/rustup-home:/opt/rustwide/rustup-home:ro,Z" "-e" "SOURCE_DIR=/opt/rustwide/workdir" "-e" "CARGO_TARGET_DIR=/opt/rustwide/target" "-e" "CARGO_HOME=/opt/rustwide/cargo-home" "-e" "RUSTUP_HOME=/opt/rustwide/rustup-home" "-w" "/opt/rustwide/workdir" "-m" "1610612736" "--user" "0:0" "--network" "none" "ghcr.io/rust-lang/crates-build-env/linux@sha256:f3a9d4ad9d972b27faf3965f35b62e55ba32bbce8f20bc8fe909558a86702fde" "/opt/rustwide/cargo-home/bin/cargo" "+1.83.0" "metadata" "--no-deps" "--format-version=1", kill_on_drop: false }`
[INFO] [stdout] 5777601422a93cdce19e71c207e5d8fa2ec0dca9ea3acbae17f5edaab268c394
[INFO] running `Command { std: "docker" "start" "-a" "5777601422a93cdce19e71c207e5d8fa2ec0dca9ea3acbae17f5edaab268c394", kill_on_drop: false }`
[INFO] running `Command { std: "docker" "inspect" "5777601422a93cdce19e71c207e5d8fa2ec0dca9ea3acbae17f5edaab268c394", kill_on_drop: false }`
[INFO] running `Command { std: "docker" "rm" "-f" "5777601422a93cdce19e71c207e5d8fa2ec0dca9ea3acbae17f5edaab268c394", kill_on_drop: false }`
[INFO] [stdout] 5777601422a93cdce19e71c207e5d8fa2ec0dca9ea3acbae17f5edaab268c394
[INFO] running `Command { std: "docker" "create" "-v" "/var/lib/crater-agent-workspace/builds/worker-6-tc1/target:/opt/rustwide/target:rw,Z" "-v" "/var/lib/crater-agent-workspace/builds/worker-6-tc1/source:/opt/rustwide/workdir:ro,Z" "-v" "/var/lib/crater-agent-workspace/cargo-home:/opt/rustwide/cargo-home:ro,Z" "-v" "/var/lib/crater-agent-workspace/rustup-home:/opt/rustwide/rustup-home:ro,Z" "-e" "SOURCE_DIR=/opt/rustwide/workdir" "-e" "CARGO_TARGET_DIR=/opt/rustwide/target" "-e" "CARGO_INCREMENTAL=0" "-e" "RUST_BACKTRACE=full" "-e" "RUSTFLAGS=--cap-lints=warn" "-e" "RUSTDOCFLAGS=--cap-lints=warn" "-e" "CARGO_HOME=/opt/rustwide/cargo-home" "-e" "RUSTUP_HOME=/opt/rustwide/rustup-home" "-w" "/opt/rustwide/workdir" "-m" "1610612736" "--user" "0:0" "--network" "none" "ghcr.io/rust-lang/crates-build-env/linux@sha256:f3a9d4ad9d972b27faf3965f35b62e55ba32bbce8f20bc8fe909558a86702fde" "/opt/rustwide/cargo-home/bin/cargo" "+1.83.0" "build" "--frozen" "--message-format=json", kill_on_drop: false }`
[INFO] [stdout] 3ca393b148b067ca8a12929a20c0df80371f692162787060eb63ecd3f6245cf1
[INFO] running `Command { std: "docker" "start" "-a" "3ca393b148b067ca8a12929a20c0df80371f692162787060eb63ecd3f6245cf1", kill_on_drop: false }`
[INFO] [stderr]    Compiling autocfg v1.1.0
[INFO] [stderr]    Compiling libc v0.2.125
[INFO] [stderr]    Compiling cfg-if v1.0.0
[INFO] [stderr]    Compiling proc-macro2 v1.0.37
[INFO] [stderr]    Compiling typenum v1.15.0
[INFO] [stderr]    Compiling version_check v0.9.4
[INFO] [stderr]    Compiling unicode-xid v0.2.2
[INFO] [stderr]    Compiling log v0.4.16
[INFO] [stderr]    Compiling wasm-bindgen-shared v0.2.80
[INFO] [stderr]    Compiling memchr v2.5.0
[INFO] [stderr]    Compiling syn v1.0.92
[INFO] [stderr]    Compiling bumpalo v3.9.1
[INFO] [stderr]    Compiling lazy_static v1.4.0
[INFO] [stderr]    Compiling cc v1.0.73
[INFO] [stderr]    Compiling regex-syntax v0.6.25
[INFO] [stderr]    Compiling unicode-width v0.1.9
[INFO] [stderr]    Compiling wasm-bindgen v0.2.80
[INFO] [stderr]    Compiling strsim v0.10.0
[INFO] [stderr]    Compiling os_str_bytes v6.0.0
[INFO] [stderr]    Compiling subtle v2.4.1
[INFO] [stderr]    Compiling num-traits v0.2.14
[INFO] [stderr]    Compiling num-integer v0.1.45
[INFO] [stderr]    Compiling num-bigint v0.4.3
[INFO] [stderr]    Compiling indexmap v1.8.1
[INFO] [stderr]    Compiling fastrand v1.7.0
[INFO] [stderr]    Compiling hashbrown v0.11.2
[INFO] [stderr]    Compiling generic-array v0.14.5
[INFO] [stderr]    Compiling once_cell v1.10.0
[INFO] [stderr]    Compiling aho-corasick v0.7.18
[INFO] [stderr]    Compiling remove_dir_all v0.5.3
[INFO] [stderr]    Compiling clap_lex v0.2.0
[INFO] [stderr]    Compiling zeroize v1.5.5
[INFO] [stderr]    Compiling termcolor v1.1.3
[INFO] [stderr]    Compiling bitflags v1.3.2
[INFO] [stderr]    Compiling constant_time_eq v0.1.5
[INFO] [stderr]    Compiling deunicode v0.4.3
[INFO] [stderr]    Compiling textwrap v0.15.0
[INFO] [stderr]    Compiling arrayref v0.3.6
[INFO] [stderr]    Compiling arrayvec v0.7.2
[INFO] [stderr]    Compiling triple_accel v0.3.4
[INFO] [stderr]    Compiling pad v0.1.6
[INFO] [stderr]    Compiling quote v1.0.18
[INFO] [stderr]    Compiling slug v0.1.4
[INFO] [stderr]    Compiling terminal_size v0.1.17
[INFO] [stderr]    Compiling dirs-sys-next v0.1.2
[INFO] [stderr]    Compiling tempfile v3.3.0
[INFO] [stderr]    Compiling time v0.1.44
[INFO] [stderr]    Compiling atty v0.2.14
[INFO] [stderr]    Compiling clap v3.1.14
[INFO] [stderr]    Compiling blake3 v1.3.1
[INFO] [stderr]    Compiling directories-next v2.0.0
[INFO] [stderr]    Compiling chrono v0.4.19
[INFO] [stderr]    Compiling crypto-common v0.1.3
[INFO] [stderr]    Compiling block-buffer v0.10.2
[INFO] [stderr]    Compiling regex v1.5.5
[INFO] [stderr]    Compiling digest v0.10.3
[INFO] [stderr]    Compiling simsearch v0.2.3
[INFO] [stderr]    Compiling bigdecimal v0.3.0
[INFO] [stderr]    Compiling console v0.15.0
[INFO] [stderr]    Compiling dialoguer v0.10.0
[INFO] [stderr]    Compiling wasm-bindgen-backend v0.2.80
[INFO] [stderr]    Compiling wasm-bindgen-macro-support v0.2.80
[INFO] [stderr]    Compiling wasm-bindgen-macro v0.2.80
[INFO] [stderr]    Compiling costoflife v0.3.2 (/opt/rustwide/workdir)
[INFO] [stdout] warning: unused import: `std::str::FromStr`
[INFO] [stdout]  --> src/ledger.rs:9:5
[INFO] [stdout]   |
[INFO] [stdout] 9 | use std::str::FromStr;
[INFO] [stdout]   |     ^^^^^^^^^^^^^^^^^
[INFO] [stdout]   |
[INFO] [stdout]   = note: `#[warn(unused_imports)]` on by default
[INFO] [stdout] 
[INFO] [stdout] 
[INFO] [stdout] warning: unused import: `Password`
[INFO] [stdout]  --> src/interaction.rs:3:55
[INFO] [stdout]   |
[INFO] [stdout] 3 | use dialoguer::{theme::ColorfulTheme, Confirm, Input, Password, Select};
[INFO] [stdout]   |                                                       ^^^^^^^^
[INFO] [stdout] 
[INFO] [stdout] 
[INFO] [stdout] warning: unreachable statement
[INFO] [stdout]    --> src/interaction.rs:128:5
[INFO] [stdout]     |
[INFO] [stdout] 120 | /     loop {
[INFO] [stdout] 121 | |         let v = input("how much does it cost?", NonEmpty);
[INFO] [stdout] 122 | |         amount = match parse_amount(&v) {
[INFO] [stdout] 123 | |             Some(a) => a,
[INFO] [stdout] 124 | |             None => continue,
[INFO] [stdout] 125 | |         }
[INFO] [stdout] 126 | |     }
[INFO] [stdout]     | |_____- any code following this expression is unreachable
[INFO] [stdout] 127 |       // tags
[INFO] [stdout] 128 |       let mut tags: Vec<String> = Vec::new();
[INFO] [stdout]     |       ^^^^^^^^^^^^^^^^^^^^^^^^^^^^^^^^^^^^^^^ unreachable statement
[INFO] [stdout]     |
[INFO] [stdout]     = note: `#[warn(unreachable_code)]` on by default
[INFO] [stdout] 
[INFO] [stdout] 
[INFO] [stdout] warning: unused variable: `name`
[INFO] [stdout]    --> src/interaction.rs:117:9
[INFO] [stdout]     |
[INFO] [stdout] 117 |     let name = input("What it is it about?", NonEmpty);
[INFO] [stdout]     |         ^^^^ help: if this is intentional, prefix it with an underscore: `_name`
[INFO] [stdout]     |
[INFO] [stdout]     = note: `#[warn(unused_variables)]` on by default
[INFO] [stdout] 
[INFO] [stdout] 
[INFO] [stdout] warning: variable `amount` is assigned to, but never used
[INFO] [stdout]    --> src/interaction.rs:119:13
[INFO] [stdout]     |
[INFO] [stdout] 119 |     let mut amount = parse_amount("0.0").unwrap();
[INFO] [stdout]     |             ^^^^^^
[INFO] [stdout]     |
[INFO] [stdout]     = note: consider using `_amount` instead
[INFO] [stdout] 
[INFO] [stdout] 
[INFO] [stdout] warning: value assigned to `amount` is never read
[INFO] [stdout]    --> src/interaction.rs:122:9
[INFO] [stdout]     |
[INFO] [stdout] 122 |         amount = match parse_amount(&v) {
[INFO] [stdout]     |         ^^^^^^
[INFO] [stdout]     |
[INFO] [stdout]     = help: maybe it is overwritten before being read?
[INFO] [stdout]     = note: `#[warn(unused_assignments)]` on by default
[INFO] [stdout] 
[INFO] [stdout] 
[INFO] [stdout] warning: unused variable: `starts_on`
[INFO] [stdout]    --> src/interaction.rs:132:9
[INFO] [stdout]     |
[INFO] [stdout] 132 |     let starts_on = today();
[INFO] [stdout]     |         ^^^^^^^^^ help: if this is intentional, prefix it with an underscore: `_starts_on`
[INFO] [stdout] 
[INFO] [stdout] 
[INFO] [stdout] warning: method `size` is never used
[INFO] [stdout]    --> src/ledger.rs:154:12
[INFO] [stdout]     |
[INFO] [stdout] 17  | impl DataStore {
[INFO] [stdout]     | -------------- method in this implementation
[INFO] [stdout] ...
[INFO] [stdout] 154 |     pub fn size(&self, on: Option<NaiveDate>) -> usize {
[INFO] [stdout]     |            ^^^^
[INFO] [stdout]     |
[INFO] [stdout]     = note: `#[warn(dead_code)]` on by default
[INFO] [stdout] 
[INFO] [stdout] 
[INFO] [stdout] warning: variants `Yes` and `No` are never constructed
[INFO] [stdout]   --> src/interaction.rs:10:5
[INFO] [stdout]    |
[INFO] [stdout] 9  | pub enum PolarAnswer {
[INFO] [stdout]    |          ----------- variants in this enum
[INFO] [stdout] 10 |     Yes,
[INFO] [stdout]    |     ^^^
[INFO] [stdout] 11 |     No,
[INFO] [stdout]    |     ^^
[INFO] [stdout] 
[INFO] [stdout] 
[INFO] [stdout] warning: associated items `to_bool` and `from_bool` are never used
[INFO] [stdout]   --> src/interaction.rs:15:12
[INFO] [stdout]    |
[INFO] [stdout] 14 | impl PolarAnswer {
[INFO] [stdout]    | ---------------- associated items in this implementation
[INFO] [stdout] 15 |     pub fn to_bool(&self) -> bool {
[INFO] [stdout]    |            ^^^^^^^
[INFO] [stdout] ...
[INFO] [stdout] 22 |     pub fn from_bool(v: bool) -> PolarAnswer {
[INFO] [stdout]    |            ^^^^^^^^^
[INFO] [stdout] 
[INFO] [stdout] 
[INFO] [stdout] warning: variants `NonEmpty` and `Empty` are never constructed
[INFO] [stdout]   --> src/interaction.rs:32:5
[INFO] [stdout]    |
[INFO] [stdout] 31 | pub enum Feat {
[INFO] [stdout]    |          ---- variants in this enum
[INFO] [stdout] 32 |     NonEmpty,
[INFO] [stdout]    |     ^^^^^^^^
[INFO] [stdout] 33 |     Empty,
[INFO] [stdout]    |     ^^^^^
[INFO] [stdout] 
[INFO] [stdout] 
[INFO] [stdout] warning: method `to_bool` is never used
[INFO] [stdout]   --> src/interaction.rs:37:8
[INFO] [stdout]    |
[INFO] [stdout] 36 | impl Feat {
[INFO] [stdout]    | --------- method in this implementation
[INFO] [stdout] 37 |     fn to_bool(&self) -> bool {
[INFO] [stdout]    |        ^^^^^^^
[INFO] [stdout] 
[INFO] [stdout] 
[INFO] [stdout] warning: function `confirm` is never used
[INFO] [stdout]   --> src/interaction.rs:46:8
[INFO] [stdout]    |
[INFO] [stdout] 46 | pub fn confirm(q: &str, def: PolarAnswer) -> PolarAnswer {
[INFO] [stdout]    |        ^^^^^^^
[INFO] [stdout] 
[INFO] [stdout] 
[INFO] [stdout] warning: function `input` is never used
[INFO] [stdout]   --> src/interaction.rs:57:8
[INFO] [stdout]    |
[INFO] [stdout] 57 | pub fn input(q: &str, empty: Feat) -> String {
[INFO] [stdout]    |        ^^^^^
[INFO] [stdout] 
[INFO] [stdout] 
[INFO] [stdout] warning: function `select_opt` is never used
[INFO] [stdout]   --> src/interaction.rs:66:8
[INFO] [stdout]    |
[INFO] [stdout] 66 | pub fn select_opt<'a, T: ?Sized>(q: &str, opts: Vec<(&'a str, &'a T)>) -> Option<&'a T> {
[INFO] [stdout]    |        ^^^^^^^^^^
[INFO] [stdout] 
[INFO] [stdout] 
[INFO] [stdout] warning: function `select` is never used
[INFO] [stdout]   --> src/interaction.rs:85:8
[INFO] [stdout]    |
[INFO] [stdout] 85 | pub fn select<'a, T: ?Sized>(q: &str, opts: Vec<(&'a str, &'a T)>) -> &'a T {
[INFO] [stdout]    |        ^^^^^^
[INFO] [stdout] 
[INFO] [stdout] 
[INFO] [stdout] warning: function `menu` is never used
[INFO] [stdout]    --> src/interaction.rs:101:8
[INFO] [stdout]     |
[INFO] [stdout] 101 | pub fn menu() -> Option<String> {
[INFO] [stdout]     |        ^^^^
[INFO] [stdout] 
[INFO] [stdout] 
[INFO] [stdout] warning: function `new_tx` is never used
[INFO] [stdout]    --> src/interaction.rs:116:8
[INFO] [stdout]     |
[INFO] [stdout] 116 | pub fn new_tx() -> Result<TxRecord, CostOfLifeError> {
[INFO] [stdout]     |        ^^^^^^
[INFO] [stdout] 
[INFO] [stdout] 
[INFO] [stderr]     Finished `dev` profile [unoptimized + debuginfo] target(s) in 26.89s
[INFO] [stderr] warning: the following packages contain code that will be rejected by a future version of Rust: wasm-bindgen v0.2.80
[INFO] [stderr] note: to see what the problems were, use the option `--future-incompat-report`, or run `cargo report future-incompatibilities --id 1`
[INFO] running `Command { std: "docker" "inspect" "3ca393b148b067ca8a12929a20c0df80371f692162787060eb63ecd3f6245cf1", kill_on_drop: false }`
[INFO] running `Command { std: "docker" "rm" "-f" "3ca393b148b067ca8a12929a20c0df80371f692162787060eb63ecd3f6245cf1", kill_on_drop: false }`
[INFO] [stdout] 3ca393b148b067ca8a12929a20c0df80371f692162787060eb63ecd3f6245cf1
[INFO] running `Command { std: "docker" "create" "-v" "/var/lib/crater-agent-workspace/builds/worker-6-tc1/target:/opt/rustwide/target:rw,Z" "-v" "/var/lib/crater-agent-workspace/builds/worker-6-tc1/source:/opt/rustwide/workdir:ro,Z" "-v" "/var/lib/crater-agent-workspace/cargo-home:/opt/rustwide/cargo-home:ro,Z" "-v" "/var/lib/crater-agent-workspace/rustup-home:/opt/rustwide/rustup-home:ro,Z" "-e" "SOURCE_DIR=/opt/rustwide/workdir" "-e" "CARGO_TARGET_DIR=/opt/rustwide/target" "-e" "CARGO_INCREMENTAL=0" "-e" "RUST_BACKTRACE=full" "-e" "RUSTFLAGS=--cap-lints=warn" "-e" "RUSTDOCFLAGS=--cap-lints=warn" "-e" "CARGO_HOME=/opt/rustwide/cargo-home" "-e" "RUSTUP_HOME=/opt/rustwide/rustup-home" "-w" "/opt/rustwide/workdir" "-m" "1610612736" "--user" "0:0" "--network" "none" "ghcr.io/rust-lang/crates-build-env/linux@sha256:f3a9d4ad9d972b27faf3965f35b62e55ba32bbce8f20bc8fe909558a86702fde" "/opt/rustwide/cargo-home/bin/cargo" "+1.83.0" "test" "--frozen" "--no-run" "--message-format=json", kill_on_drop: false }`
[INFO] [stdout] 2479190787b6f399be12df545f885e133213cde5257b54ba5d71db4aa88044ac
[INFO] running `Command { std: "docker" "start" "-a" "2479190787b6f399be12df545f885e133213cde5257b54ba5d71db4aa88044ac", kill_on_drop: false }`
[INFO] [stderr]    Compiling wasm-bindgen-test-macro v0.3.30
[INFO] [stderr]    Compiling scoped-tls v1.0.0
[INFO] [stderr]    Compiling js-sys v0.3.57
[INFO] [stderr]    Compiling console_error_panic_hook v0.1.7
[INFO] [stderr]    Compiling wasm-bindgen-futures v0.4.30
[INFO] [stderr]    Compiling wasm-bindgen-test v0.3.30
[INFO] [stderr]    Compiling costoflife v0.3.2 (/opt/rustwide/workdir)
[INFO] [stdout] warning: unused import: `Password`
[INFO] [stdout]  --> src/interaction.rs:3:55
[INFO] [stdout]   |
[INFO] [stdout] 3 | use dialoguer::{theme::ColorfulTheme, Confirm, Input, Password, Select};
[INFO] [stdout]   |                                                       ^^^^^^^^
[INFO] [stdout]   |
[INFO] [stdout]   = note: `#[warn(unused_imports)]` on by default
[INFO] [stdout] 
[INFO] [stdout] 
[INFO] [stdout] warning: unreachable statement
[INFO] [stdout]    --> src/interaction.rs:128:5
[INFO] [stdout]     |
[INFO] [stdout] 120 | /     loop {
[INFO] [stdout] 121 | |         let v = input("how much does it cost?", NonEmpty);
[INFO] [stdout] 122 | |         amount = match parse_amount(&v) {
[INFO] [stdout] 123 | |             Some(a) => a,
[INFO] [stdout] 124 | |             None => continue,
[INFO] [stdout] 125 | |         }
[INFO] [stdout] 126 | |     }
[INFO] [stdout]     | |_____- any code following this expression is unreachable
[INFO] [stdout] 127 |       // tags
[INFO] [stdout] 128 |       let mut tags: Vec<String> = Vec::new();
[INFO] [stdout]     |       ^^^^^^^^^^^^^^^^^^^^^^^^^^^^^^^^^^^^^^^ unreachable statement
[INFO] [stdout]     |
[INFO] [stdout]     = note: `#[warn(unreachable_code)]` on by default
[INFO] [stdout] 
[INFO] [stdout] 
[INFO] [stdout] warning: unused variable: `name`
[INFO] [stdout]    --> src/interaction.rs:117:9
[INFO] [stdout]     |
[INFO] [stdout] 117 |     let name = input("What it is it about?", NonEmpty);
[INFO] [stdout]     |         ^^^^ help: if this is intentional, prefix it with an underscore: `_name`
[INFO] [stdout]     |
[INFO] [stdout]     = note: `#[warn(unused_variables)]` on by default
[INFO] [stdout] 
[INFO] [stdout] 
[INFO] [stdout] warning: variable `amount` is assigned to, but never used
[INFO] [stdout]    --> src/interaction.rs:119:13
[INFO] [stdout]     |
[INFO] [stdout] 119 |     let mut amount = parse_amount("0.0").unwrap();
[INFO] [stdout]     |             ^^^^^^
[INFO] [stdout]     |
[INFO] [stdout]     = note: consider using `_amount` instead
[INFO] [stdout] 
[INFO] [stdout] 
[INFO] [stdout] warning: value assigned to `amount` is never read
[INFO] [stdout]    --> src/interaction.rs:122:9
[INFO] [stdout]     |
[INFO] [stdout] 122 |         amount = match parse_amount(&v) {
[INFO] [stdout]     |         ^^^^^^
[INFO] [stdout]     |
[INFO] [stdout]     = help: maybe it is overwritten before being read?
[INFO] [stdout]     = note: `#[warn(unused_assignments)]` on by default
[INFO] [stdout] 
[INFO] [stdout] 
[INFO] [stdout] warning: unused variable: `starts_on`
[INFO] [stdout]    --> src/interaction.rs:132:9
[INFO] [stdout]     |
[INFO] [stdout] 132 |     let starts_on = today();
[INFO] [stdout]     |         ^^^^^^^^^ help: if this is intentional, prefix it with an underscore: `_starts_on`
[INFO] [stdout] 
[INFO] [stdout] 
[INFO] [stdout] warning: variants `Yes` and `No` are never constructed
[INFO] [stdout]   --> src/interaction.rs:10:5
[INFO] [stdout]    |
[INFO] [stdout] 9  | pub enum PolarAnswer {
[INFO] [stdout]    |          ----------- variants in this enum
[INFO] [stdout] 10 |     Yes,
[INFO] [stdout]    |     ^^^
[INFO] [stdout] 11 |     No,
[INFO] [stdout]    |     ^^
[INFO] [stdout]    |
[INFO] [stdout]    = note: `#[warn(dead_code)]` on by default
[INFO] [stdout] 
[INFO] [stdout] 
[INFO] [stdout] warning: associated items `to_bool` and `from_bool` are never used
[INFO] [stdout]   --> src/interaction.rs:15:12
[INFO] [stdout]    |
[INFO] [stdout] 14 | impl PolarAnswer {
[INFO] [stdout]    | ---------------- associated items in this implementation
[INFO] [stdout] 15 |     pub fn to_bool(&self) -> bool {
[INFO] [stdout]    |            ^^^^^^^
[INFO] [stdout] ...
[INFO] [stdout] 22 |     pub fn from_bool(v: bool) -> PolarAnswer {
[INFO] [stdout]    |            ^^^^^^^^^
[INFO] [stdout] 
[INFO] [stdout] 
[INFO] [stdout] warning: variants `NonEmpty` and `Empty` are never constructed
[INFO] [stdout]   --> src/interaction.rs:32:5
[INFO] [stdout]    |
[INFO] [stdout] 31 | pub enum Feat {
[INFO] [stdout]    |          ---- variants in this enum
[INFO] [stdout] 32 |     NonEmpty,
[INFO] [stdout]    |     ^^^^^^^^
[INFO] [stdout] 33 |     Empty,
[INFO] [stdout]    |     ^^^^^
[INFO] [stdout] 
[INFO] [stdout] 
[INFO] [stdout] warning: method `to_bool` is never used
[INFO] [stdout]   --> src/interaction.rs:37:8
[INFO] [stdout]    |
[INFO] [stdout] 36 | impl Feat {
[INFO] [stdout]    | --------- method in this implementation
[INFO] [stdout] 37 |     fn to_bool(&self) -> bool {
[INFO] [stdout]    |        ^^^^^^^
[INFO] [stdout] 
[INFO] [stdout] 
[INFO] [stdout] warning: function `confirm` is never used
[INFO] [stdout]   --> src/interaction.rs:46:8
[INFO] [stdout]    |
[INFO] [stdout] 46 | pub fn confirm(q: &str, def: PolarAnswer) -> PolarAnswer {
[INFO] [stdout]    |        ^^^^^^^
[INFO] [stdout] 
[INFO] [stdout] 
[INFO] [stdout] warning: function `input` is never used
[INFO] [stdout]   --> src/interaction.rs:57:8
[INFO] [stdout]    |
[INFO] [stdout] 57 | pub fn input(q: &str, empty: Feat) -> String {
[INFO] [stdout]    |        ^^^^^
[INFO] [stdout] 
[INFO] [stdout] 
[INFO] [stdout] warning: function `select_opt` is never used
[INFO] [stdout]   --> src/interaction.rs:66:8
[INFO] [stdout]    |
[INFO] [stdout] 66 | pub fn select_opt<'a, T: ?Sized>(q: &str, opts: Vec<(&'a str, &'a T)>) -> Option<&'a T> {
[INFO] [stdout]    |        ^^^^^^^^^^
[INFO] [stdout] 
[INFO] [stdout] 
[INFO] [stdout] warning: function `select` is never used
[INFO] [stdout]   --> src/interaction.rs:85:8
[INFO] [stdout]    |
[INFO] [stdout] 85 | pub fn select<'a, T: ?Sized>(q: &str, opts: Vec<(&'a str, &'a T)>) -> &'a T {
[INFO] [stdout]    |        ^^^^^^
[INFO] [stdout] 
[INFO] [stdout] 
[INFO] [stdout] warning: function `menu` is never used
[INFO] [stdout]    --> src/interaction.rs:101:8
[INFO] [stdout]     |
[INFO] [stdout] 101 | pub fn menu() -> Option<String> {
[INFO] [stdout]     |        ^^^^
[INFO] [stdout] 
[INFO] [stdout] 
[INFO] [stdout] warning: function `new_tx` is never used
[INFO] [stdout]    --> src/interaction.rs:116:8
[INFO] [stdout]     |
[INFO] [stdout] 116 | pub fn new_tx() -> Result<TxRecord, CostOfLifeError> {
[INFO] [stdout]     |        ^^^^^^
[INFO] [stdout] 
[INFO] [stdout] 
[INFO] [stderr]     Finished `test` profile [unoptimized + debuginfo] target(s) in 6.06s
[INFO] [stderr] warning: the following packages contain code that will be rejected by a future version of Rust: wasm-bindgen v0.2.80
[INFO] [stderr] note: to see what the problems were, use the option `--future-incompat-report`, or run `cargo report future-incompatibilities --id 1`
[INFO] running `Command { std: "docker" "inspect" "2479190787b6f399be12df545f885e133213cde5257b54ba5d71db4aa88044ac", kill_on_drop: false }`
[INFO] running `Command { std: "docker" "rm" "-f" "2479190787b6f399be12df545f885e133213cde5257b54ba5d71db4aa88044ac", kill_on_drop: false }`
[INFO] [stdout] 2479190787b6f399be12df545f885e133213cde5257b54ba5d71db4aa88044ac
[INFO] running `Command { std: "docker" "create" "-v" "/var/lib/crater-agent-workspace/builds/worker-6-tc1/target:/opt/rustwide/target:rw,Z" "-v" "/var/lib/crater-agent-workspace/builds/worker-6-tc1/source:/opt/rustwide/workdir:ro,Z" "-v" "/var/lib/crater-agent-workspace/cargo-home:/opt/rustwide/cargo-home:ro,Z" "-v" "/var/lib/crater-agent-workspace/rustup-home:/opt/rustwide/rustup-home:ro,Z" "-e" "SOURCE_DIR=/opt/rustwide/workdir" "-e" "CARGO_TARGET_DIR=/opt/rustwide/target" "-e" "CARGO_INCREMENTAL=0" "-e" "RUST_BACKTRACE=full" "-e" "RUSTFLAGS=--cap-lints=warn" "-e" "RUSTDOCFLAGS=--cap-lints=warn" "-e" "CARGO_HOME=/opt/rustwide/cargo-home" "-e" "RUSTUP_HOME=/opt/rustwide/rustup-home" "-w" "/opt/rustwide/workdir" "-m" "1610612736" "--user" "0:0" "--network" "none" "ghcr.io/rust-lang/crates-build-env/linux@sha256:f3a9d4ad9d972b27faf3965f35b62e55ba32bbce8f20bc8fe909558a86702fde" "/opt/rustwide/cargo-home/bin/cargo" "+1.83.0" "test" "--frozen", kill_on_drop: false }`
[INFO] [stdout] 1af30d6318c8d5003cbc167dd35ff428c14daeeebc7cfb4f6b6a111cca1a7f69
[INFO] running `Command { std: "docker" "start" "-a" "1af30d6318c8d5003cbc167dd35ff428c14daeeebc7cfb4f6b6a111cca1a7f69", kill_on_drop: false }`
[INFO] [stderr] warning: unused import: `Password`
[INFO] [stderr]  --> src/interaction.rs:3:55
[INFO] [stderr]   |
[INFO] [stderr] 3 | use dialoguer::{theme::ColorfulTheme, Confirm, Input, Password, Select};
[INFO] [stderr]   |                                                       ^^^^^^^^
[INFO] [stderr]   |
[INFO] [stderr]   = note: `#[warn(unused_imports)]` on by default
[INFO] [stderr] 
[INFO] [stderr] warning: unreachable statement
[INFO] [stderr]    --> src/interaction.rs:128:5
[INFO] [stderr]     |
[INFO] [stderr] 120 | /     loop {
[INFO] [stderr] 121 | |         let v = input("how much does it cost?", NonEmpty);
[INFO] [stderr] 122 | |         amount = match parse_amount(&v) {
[INFO] [stderr] 123 | |             Some(a) => a,
[INFO] [stderr] 124 | |             None => continue,
[INFO] [stderr] 125 | |         }
[INFO] [stderr] 126 | |     }
[INFO] [stderr]     | |_____- any code following this expression is unreachable
[INFO] [stderr] 127 |       // tags
[INFO] [stderr] 128 |       let mut tags: Vec<String> = Vec::new();
[INFO] [stderr]     |       ^^^^^^^^^^^^^^^^^^^^^^^^^^^^^^^^^^^^^^^ unreachable statement
[INFO] [stderr]     |
[INFO] [stderr]     = note: `#[warn(unreachable_code)]` on by default
[INFO] [stderr] 
[INFO] [stderr] warning: unused variable: `name`
[INFO] [stderr]    --> src/interaction.rs:117:9
[INFO] [stderr]     |
[INFO] [stderr] 117 |     let name = input("What it is it about?", NonEmpty);
[INFO] [stderr]     |         ^^^^ help: if this is intentional, prefix it with an underscore: `_name`
[INFO] [stderr]     |
[INFO] [stderr]     = note: `#[warn(unused_variables)]` on by default
[INFO] [stderr] 
[INFO] [stderr] warning: variable `amount` is assigned to, but never used
[INFO] [stderr]    --> src/interaction.rs:119:13
[INFO] [stderr]     |
[INFO] [stderr] 119 |     let mut amount = parse_amount("0.0").unwrap();
[INFO] [stderr]     |             ^^^^^^
[INFO] [stderr]     |
[INFO] [stderr]     = note: consider using `_amount` instead
[INFO] [stderr] 
[INFO] [stderr] warning: value assigned to `amount` is never read
[INFO] [stderr]    --> src/interaction.rs:122:9
[INFO] [stderr]     |
[INFO] [stderr] 122 |         amount = match parse_amount(&v) {
[INFO] [stderr]     |         ^^^^^^
[INFO] [stderr]     |
[INFO] [stderr]     = help: maybe it is overwritten before being read?
[INFO] [stderr]     = note: `#[warn(unused_assignments)]` on by default
[INFO] [stderr] 
[INFO] [stderr] warning: unused variable: `starts_on`
[INFO] [stderr]    --> src/interaction.rs:132:9
[INFO] [stderr]     |
[INFO] [stderr] 132 |     let starts_on = today();
[INFO] [stderr]     |         ^^^^^^^^^ help: if this is intentional, prefix it with an underscore: `_starts_on`
[INFO] [stderr] 
[INFO] [stderr] warning: variants `Yes` and `No` are never constructed
[INFO] [stderr]   --> src/interaction.rs:10:5
[INFO] [stderr]    |
[INFO] [stderr] 9  | pub enum PolarAnswer {
[INFO] [stderr]    |          ----------- variants in this enum
[INFO] [stderr] 10 |     Yes,
[INFO] [stderr]    |     ^^^
[INFO] [stderr] 11 |     No,
[INFO] [stderr]    |     ^^
[INFO] [stderr]    |
[INFO] [stderr]    = note: `#[warn(dead_code)]` on by default
[INFO] [stderr] 
[INFO] [stderr] warning: associated items `to_bool` and `from_bool` are never used
[INFO] [stderr]   --> src/interaction.rs:15:12
[INFO] [stderr]    |
[INFO] [stderr] 14 | impl PolarAnswer {
[INFO] [stderr]    | ---------------- associated items in this implementation
[INFO] [stderr] 15 |     pub fn to_bool(&self) -> bool {
[INFO] [stderr]    |            ^^^^^^^
[INFO] [stderr] ...
[INFO] [stderr] 22 |     pub fn from_bool(v: bool) -> PolarAnswer {
[INFO] [stderr]    |            ^^^^^^^^^
[INFO] [stderr] 
[INFO] [stderr] warning: variants `NonEmpty` and `Empty` are never constructed
[INFO] [stderr]   --> src/interaction.rs:32:5
[INFO] [stderr]    |
[INFO] [stderr] 31 | pub enum Feat {
[INFO] [stderr]    |          ---- variants in this enum
[INFO] [stderr] 32 |     NonEmpty,
[INFO] [stderr]    |     ^^^^^^^^
[INFO] [stderr] 33 |     Empty,
[INFO] [stderr]    |     ^^^^^
[INFO] [stderr] 
[INFO] [stderr] warning: method `to_bool` is never used
[INFO] [stderr]   --> src/interaction.rs:37:8
[INFO] [stderr]    |
[INFO] [stderr] 36 | impl Feat {
[INFO] [stderr]    | --------- method in this implementation
[INFO] [stderr] 37 |     fn to_bool(&self) -> bool {
[INFO] [stderr]    |        ^^^^^^^
[INFO] [stderr] 
[INFO] [stderr] warning: function `confirm` is never used
[INFO] [stderr]   --> src/interaction.rs:46:8
[INFO] [stderr]    |
[INFO] [stderr] 46 | pub fn confirm(q: &str, def: PolarAnswer) -> PolarAnswer {
[INFO] [stderr]    |        ^^^^^^^
[INFO] [stderr] 
[INFO] [stderr] warning: function `input` is never used
[INFO] [stderr]   --> src/interaction.rs:57:8
[INFO] [stderr]    |
[INFO] [stderr] 57 | pub fn input(q: &str, empty: Feat) -> String {
[INFO] [stderr]    |        ^^^^^
[INFO] [stderr] 
[INFO] [stderr] warning: function `select_opt` is never used
[INFO] [stderr]   --> src/interaction.rs:66:8
[INFO] [stderr]    |
[INFO] [stderr] 66 | pub fn select_opt<'a, T: ?Sized>(q: &str, opts: Vec<(&'a str, &'a T)>) -> Option<&'a T> {
[INFO] [stderr]    |        ^^^^^^^^^^
[INFO] [stderr] 
[INFO] [stderr] warning: function `select` is never used
[INFO] [stderr]   --> src/interaction.rs:85:8
[INFO] [stderr]    |
[INFO] [stderr] 85 | pub fn select<'a, T: ?Sized>(q: &str, opts: Vec<(&'a str, &'a T)>) -> &'a T {
[INFO] [stderr]    |        ^^^^^^
[INFO] [stderr] 
[INFO] [stderr] warning: function `menu` is never used
[INFO] [stderr]    --> src/interaction.rs:101:8
[INFO] [stderr]     |
[INFO] [stderr] 101 | pub fn menu() -> Option<String> {
[INFO] [stderr]     |        ^^^^
[INFO] [stderr] 
[INFO] [stderr] warning: function `new_tx` is never used
[INFO] [stderr]    --> src/interaction.rs:116:8
[INFO] [stderr]     |
[INFO] [stderr] 116 | pub fn new_tx() -> Result<TxRecord, CostOfLifeError> {
[INFO] [stderr]     |        ^^^^^^
[INFO] [stderr] 
[INFO] [stderr] warning: `costoflife` (bin "costoflife" test) generated 16 warnings (run `cargo fix --bin "costoflife" --tests` to apply 1 suggestion)
[INFO] [stderr]     Finished `test` profile [unoptimized + debuginfo] target(s) in 0.09s
[INFO] [stderr] warning: the following packages contain code that will be rejected by a future version of Rust: wasm-bindgen v0.2.80
[INFO] [stderr] note: to see what the problems were, use the option `--future-incompat-report`, or run `cargo report future-incompatibilities --id 1`
[INFO] [stderr]      Running unittests src/lib.rs (/opt/rustwide/target/debug/deps/costoflife-4956422bcb441238)
[INFO] [stdout] 
[INFO] [stdout] running 7 tests
[INFO] [stdout] test wasm_tests::test_greetings ... ok
[INFO] [stdout] test utils::tests::test_parsers ... ok
[INFO] [stdout] test tests::test_lifetime ... ok
[INFO] [stdout] test wasm_tests::test_per_diem ... ok
[INFO] [stdout] test tests::test_extract ... ok
[INFO] [stdout] test tests::test_costoflife ... FAILED
[INFO] [stdout] test tests::test_tx ... FAILED
[INFO] [stdout] 
[INFO] [stdout] failures:
[INFO] [stdout] 
[INFO] [stdout] ---- tests::test_costoflife stdout ----
[INFO] [stdout] thread 'tests::test_costoflife' panicked at src/lib.rs:437:51:
[INFO] [stdout] called `Option::unwrap()` on a `None` value
[INFO] [stdout] stack backtrace:
[INFO] [stdout]    0:     0x5e3fbe4ded1a - std::backtrace_rs::backtrace::libunwind::trace::h5a5b8284f2d0c266
[INFO] [stdout]                                at /rustc/90b35a6239c3d8bdabc530a6a0816f7ff89a0aaf/library/std/src/../../backtrace/src/backtrace/libunwind.rs:116:5
[INFO] [stdout]    1:     0x5e3fbe4ded1a - std::backtrace_rs::backtrace::trace_unsynchronized::h76d4f1c9b0b875e3
[INFO] [stdout]                                at /rustc/90b35a6239c3d8bdabc530a6a0816f7ff89a0aaf/library/std/src/../../backtrace/src/backtrace/mod.rs:66:5
[INFO] [stdout]    2:     0x5e3fbe4ded1a - std::sys::backtrace::_print_fmt::hc4546b8364a537c6
[INFO] [stdout]                                at /rustc/90b35a6239c3d8bdabc530a6a0816f7ff89a0aaf/library/std/src/sys/backtrace.rs:66:9
[INFO] [stdout]    3:     0x5e3fbe4ded1a - <std::sys::backtrace::BacktraceLock::print::DisplayBacktrace as core::fmt::Display>::fmt::h5b6bd5631a6d1f6b
[INFO] [stdout]                                at /rustc/90b35a6239c3d8bdabc530a6a0816f7ff89a0aaf/library/std/src/sys/backtrace.rs:39:26
[INFO] [stdout]    4:     0x5e3fbe5050c3 - core::fmt::rt::Argument::fmt::h270f6602a2b96f62
[INFO] [stdout]                                at /rustc/90b35a6239c3d8bdabc530a6a0816f7ff89a0aaf/library/core/src/fmt/rt.rs:177:76
[INFO] [stdout]    5:     0x5e3fbe5050c3 - core::fmt::write::h7550c97b06c86515
[INFO] [stdout]                                at /rustc/90b35a6239c3d8bdabc530a6a0816f7ff89a0aaf/library/core/src/fmt/mod.rs:1186:21
[INFO] [stdout]    6:     0x5e3fbe4dbee3 - std::io::Write::write_fmt::h509ff860e5956e5e
[INFO] [stdout]                                at /rustc/90b35a6239c3d8bdabc530a6a0816f7ff89a0aaf/library/std/src/io/mod.rs:1839:15
[INFO] [stdout]    7:     0x5e3fbe4deb62 - std::sys::backtrace::BacktraceLock::print::h2395ccd2c84ba3aa
[INFO] [stdout]                                at /rustc/90b35a6239c3d8bdabc530a6a0816f7ff89a0aaf/library/std/src/sys/backtrace.rs:42:9
[INFO] [stdout]    8:     0x5e3fbe4e017a - std::panicking::default_hook::{{closure}}::he19d4c7230e07961
[INFO] [stdout]                                at /rustc/90b35a6239c3d8bdabc530a6a0816f7ff89a0aaf/library/std/src/panicking.rs:268:22
[INFO] [stdout]    9:     0x5e3fbe4dff84 - std::panicking::default_hook::hf614597d3c67bbdb
[INFO] [stdout]                                at /rustc/90b35a6239c3d8bdabc530a6a0816f7ff89a0aaf/library/std/src/panicking.rs:292:9
[INFO] [stdout]   10:     0x5e3fbe2fca79 - <alloc::boxed::Box<F,A> as core::ops::function::Fn<Args>>::call::h39b51ce4599c23d1
[INFO] [stdout]                                at /rustc/90b35a6239c3d8bdabc530a6a0816f7ff89a0aaf/library/alloc/src/boxed.rs:2468:9
[INFO] [stdout]   11:     0x5e3fbe2fca79 - test::test_main::{{closure}}::he977ae839a582784
[INFO] [stdout]                                at /rustc/90b35a6239c3d8bdabc530a6a0816f7ff89a0aaf/library/test/src/lib.rs:133:21
[INFO] [stdout]   12:     0x5e3fbe4e0818 - <alloc::boxed::Box<F,A> as core::ops::function::Fn<Args>>::call::h9455091b6b06f9fb
[INFO] [stdout]                                at /rustc/90b35a6239c3d8bdabc530a6a0816f7ff89a0aaf/library/alloc/src/boxed.rs:2468:9
[INFO] [stdout]   13:     0x5e3fbe4e0818 - std::panicking::rust_panic_with_hook::h8942133a8b252070
[INFO] [stdout]                                at /rustc/90b35a6239c3d8bdabc530a6a0816f7ff89a0aaf/library/std/src/panicking.rs:809:13
[INFO] [stdout]   14:     0x5e3fbe4e05a6 - std::panicking::begin_panic_handler::{{closure}}::hb5f5963570096b29
[INFO] [stdout]                                at /rustc/90b35a6239c3d8bdabc530a6a0816f7ff89a0aaf/library/std/src/panicking.rs:667:13
[INFO] [stdout]   15:     0x5e3fbe4df1f9 - std::sys::backtrace::__rust_end_short_backtrace::h6208cedc1922feda
[INFO] [stdout]                                at /rustc/90b35a6239c3d8bdabc530a6a0816f7ff89a0aaf/library/std/src/sys/backtrace.rs:170:18
[INFO] [stdout]   16:     0x5e3fbe4e026c - rust_begin_unwind
[INFO] [stdout]                                at /rustc/90b35a6239c3d8bdabc530a6a0816f7ff89a0aaf/library/std/src/panicking.rs:665:5
[INFO] [stdout]   17:     0x5e3fbe290130 - core::panicking::panic_fmt::h0c3082644d1bf418
[INFO] [stdout]                                at /rustc/90b35a6239c3d8bdabc530a6a0816f7ff89a0aaf/library/core/src/panicking.rs:74:14
[INFO] [stdout]   18:     0x5e3fbe2901bc - core::panicking::panic::h957f98c65a3b3074
[INFO] [stdout]                                at /rustc/90b35a6239c3d8bdabc530a6a0816f7ff89a0aaf/library/core/src/panicking.rs:148:5
[INFO] [stdout]   19:     0x5e3fbe2900a9 - core::option::unwrap_failed::h098b0d47c83374d6
[INFO] [stdout]                                at /rustc/90b35a6239c3d8bdabc530a6a0816f7ff89a0aaf/library/core/src/option.rs:2012:5
[INFO] [stdout]   20:     0x5e3fbe29edc3 - core::option::Option<T>::unwrap::h3353d0f3111a6edf
[INFO] [stdout]                                at /rustc/90b35a6239c3d8bdabc530a6a0816f7ff89a0aaf/library/core/src/option.rs:972:21
[INFO] [stdout]   21:     0x5e3fbe29edc3 - costoflife::TxRecord::from::{{closure}}::hb0276a303192677b
[INFO] [stdout]                                at /opt/rustwide/workdir/src/lib.rs:437:49
[INFO] [stdout]   22:     0x5e3fbe2ae23c - core::option::Option<T>::map::h8be35d067145f6b5
[INFO] [stdout]                                at /rustc/90b35a6239c3d8bdabc530a6a0816f7ff89a0aaf/library/core/src/option.rs:1113:29
[INFO] [stdout]   23:     0x5e3fbe29e7d5 - costoflife::TxRecord::from::h450d68234a131c75
[INFO] [stdout]                                at /opt/rustwide/workdir/src/lib.rs:437:18
[INFO] [stdout]   24:     0x5e3fbe29e4c8 - costoflife::TxRecord::new::hacc4a9fbfffe94fc
[INFO] [stdout]                                at /opt/rustwide/workdir/src/lib.rs:375:9
[INFO] [stdout]   25:     0x5e3fbe2b6ca4 - costoflife::tests::test_costoflife::h4c6fe942d4007a93
[INFO] [stdout]                                at /opt/rustwide/workdir/src/lib.rs:941:13
[INFO] [stdout]   26:     0x5e3fbe2b6c47 - costoflife::tests::test_costoflife::{{closure}}::hc31c86a51a5fceef
[INFO] [stdout]                                at /opt/rustwide/workdir/src/lib.rs:938:25
[INFO] [stdout]   27:     0x5e3fbe297e96 - core::ops::function::FnOnce::call_once::hcfd4f3206e61f18f
[INFO] [stdout]                                at /rustc/90b35a6239c3d8bdabc530a6a0816f7ff89a0aaf/library/core/src/ops/function.rs:250:5
[INFO] [stdout]   28:     0x5e3fbe30143b - core::ops::function::FnOnce::call_once::h109cf8051a59b34e
[INFO] [stdout]                                at /rustc/90b35a6239c3d8bdabc530a6a0816f7ff89a0aaf/library/core/src/ops/function.rs:250:5
[INFO] [stdout]   29:     0x5e3fbe30143b - test::__rust_begin_short_backtrace::hf4fff89d377446ba
[INFO] [stdout]                                at /rustc/90b35a6239c3d8bdabc530a6a0816f7ff89a0aaf/library/test/src/lib.rs:621:18
[INFO] [stdout]   30:     0x5e3fbe300c77 - test::run_test_in_process::{{closure}}::h0e39181dd7ee5a43
[INFO] [stdout]                                at /rustc/90b35a6239c3d8bdabc530a6a0816f7ff89a0aaf/library/test/src/lib.rs:644:60
[INFO] [stdout]   31:     0x5e3fbe300c77 - <core::panic::unwind_safe::AssertUnwindSafe<F> as core::ops::function::FnOnce<()>>::call_once::hc5a66a30f0bdfd1f
[INFO] [stdout]                                at /rustc/90b35a6239c3d8bdabc530a6a0816f7ff89a0aaf/library/core/src/panic/unwind_safe.rs:272:9
[INFO] [stdout]   32:     0x5e3fbe300c77 - std::panicking::try::do_call::h873b7cf639554a5e
[INFO] [stdout]                                at /rustc/90b35a6239c3d8bdabc530a6a0816f7ff89a0aaf/library/std/src/panicking.rs:557:40
[INFO] [stdout]   33:     0x5e3fbe300c77 - std::panicking::try::hdb19862fad9c8bd1
[INFO] [stdout]                                at /rustc/90b35a6239c3d8bdabc530a6a0816f7ff89a0aaf/library/std/src/panicking.rs:520:19
[INFO] [stdout]   34:     0x5e3fbe300c77 - std::panic::catch_unwind::h281fe732d236d260
[INFO] [stdout]                                at /rustc/90b35a6239c3d8bdabc530a6a0816f7ff89a0aaf/library/std/src/panic.rs:358:14
[INFO] [stdout]   35:     0x5e3fbe300c77 - test::run_test_in_process::h949b6df8457ed338
[INFO] [stdout]                                at /rustc/90b35a6239c3d8bdabc530a6a0816f7ff89a0aaf/library/test/src/lib.rs:644:27
[INFO] [stdout]   36:     0x5e3fbe300c77 - test::run_test::{{closure}}::h52c556a6d4740e10
[INFO] [stdout]                                at /rustc/90b35a6239c3d8bdabc530a6a0816f7ff89a0aaf/library/test/src/lib.rs:565:43
[INFO] [stdout]   37:     0x5e3fbe2c5f54 - test::run_test::{{closure}}::h4237f6381c45ccb9
[INFO] [stdout]                                at /rustc/90b35a6239c3d8bdabc530a6a0816f7ff89a0aaf/library/test/src/lib.rs:595:41
[INFO] [stdout]   38:     0x5e3fbe2c5f54 - std::sys::backtrace::__rust_begin_short_backtrace::h505c97a579eca628
[INFO] [stdout]                                at /rustc/90b35a6239c3d8bdabc530a6a0816f7ff89a0aaf/library/std/src/sys/backtrace.rs:154:18
[INFO] [stdout]   39:     0x5e3fbe2c961e - std::thread::Builder::spawn_unchecked_::{{closure}}::{{closure}}::h9e86b2e2bc107ea3
[INFO] [stdout]                                at /rustc/90b35a6239c3d8bdabc530a6a0816f7ff89a0aaf/library/std/src/thread/mod.rs:538:17
[INFO] [stdout]   40:     0x5e3fbe2c961e - <core::panic::unwind_safe::AssertUnwindSafe<F> as core::ops::function::FnOnce<()>>::call_once::h8b06ddb275ff4a25
[INFO] [stdout]                                at /rustc/90b35a6239c3d8bdabc530a6a0816f7ff89a0aaf/library/core/src/panic/unwind_safe.rs:272:9
[INFO] [stdout]   41:     0x5e3fbe2c961e - std::panicking::try::do_call::hb26ecd7cd9a9355d
[INFO] [stdout]                                at /rustc/90b35a6239c3d8bdabc530a6a0816f7ff89a0aaf/library/std/src/panicking.rs:557:40
[INFO] [stdout]   42:     0x5e3fbe2c961e - std::panicking::try::h8ddeca9d705f9069
[INFO] [stdout]                                at /rustc/90b35a6239c3d8bdabc530a6a0816f7ff89a0aaf/library/std/src/panicking.rs:520:19
[INFO] [stdout]   43:     0x5e3fbe2c961e - std::panic::catch_unwind::h49e1c33078844c46
[INFO] [stdout]                                at /rustc/90b35a6239c3d8bdabc530a6a0816f7ff89a0aaf/library/std/src/panic.rs:358:14
[INFO] [stdout]   44:     0x5e3fbe2c961e - std::thread::Builder::spawn_unchecked_::{{closure}}::h6073db6ff56ad35d
[INFO] [stdout]                                at /rustc/90b35a6239c3d8bdabc530a6a0816f7ff89a0aaf/library/std/src/thread/mod.rs:537:30
[INFO] [stdout]   45:     0x5e3fbe2c961e - core::ops::function::FnOnce::call_once{{vtable.shim}}::h2c5a5f3779c774f1
[INFO] [stdout]                                at /rustc/90b35a6239c3d8bdabc530a6a0816f7ff89a0aaf/library/core/src/ops/function.rs:250:5
[INFO] [stdout]   46:     0x5e3fbe4e457b - <alloc::boxed::Box<F,A> as core::ops::function::FnOnce<Args>>::call_once::hf75717d9f28faebf
[INFO] [stdout]                                at /rustc/90b35a6239c3d8bdabc530a6a0816f7ff89a0aaf/library/alloc/src/boxed.rs:2454:9
[INFO] [stdout]   47:     0x5e3fbe4e457b - <alloc::boxed::Box<F,A> as core::ops::function::FnOnce<Args>>::call_once::h7bd883a5f3c5f3c1
[INFO] [stdout]                                at /rustc/90b35a6239c3d8bdabc530a6a0816f7ff89a0aaf/library/alloc/src/boxed.rs:2454:9
[INFO] [stdout]   48:     0x5e3fbe4e457b - std::sys::pal::unix::thread::Thread::new::thread_start::hcc78f3943333fa94
[INFO] [stdout]                                at /rustc/90b35a6239c3d8bdabc530a6a0816f7ff89a0aaf/library/std/src/sys/pal/unix/thread.rs:105:17
[INFO] [stdout]   49:     0x7b62108b2ac3 - <unknown>
[INFO] [stdout]   50:     0x7b6210943a04 - clone
[INFO] [stdout]   51:                0x0 - <unknown>
[INFO] [stdout] 
[INFO] [stdout] ---- tests::test_tx stdout ----
[INFO] [stdout] thread 'tests::test_tx' panicked at src/lib.rs:437:51:
[INFO] [stdout] called `Option::unwrap()` on a `None` value
[INFO] [stdout] stack backtrace:
[INFO] [stdout]    0:     0x5e3fbe4ded1a - std::backtrace_rs::backtrace::libunwind::trace::h5a5b8284f2d0c266
[INFO] [stdout]                                at /rustc/90b35a6239c3d8bdabc530a6a0816f7ff89a0aaf/library/std/src/../../backtrace/src/backtrace/libunwind.rs:116:5
[INFO] [stdout]    1:     0x5e3fbe4ded1a - std::backtrace_rs::backtrace::trace_unsynchronized::h76d4f1c9b0b875e3
[INFO] [stdout]                                at /rustc/90b35a6239c3d8bdabc530a6a0816f7ff89a0aaf/library/std/src/../../backtrace/src/backtrace/mod.rs:66:5
[INFO] [stdout]    2:     0x5e3fbe4ded1a - std::sys::backtrace::_print_fmt::hc4546b8364a537c6
[INFO] [stdout]                                at /rustc/90b35a6239c3d8bdabc530a6a0816f7ff89a0aaf/library/std/src/sys/backtrace.rs:66:9
[INFO] [stdout]    3:     0x5e3fbe4ded1a - <std::sys::backtrace::BacktraceLock::print::DisplayBacktrace as core::fmt::Display>::fmt::h5b6bd5631a6d1f6b
[INFO] [stdout]                                at /rustc/90b35a6239c3d8bdabc530a6a0816f7ff89a0aaf/library/std/src/sys/backtrace.rs:39:26
[INFO] [stdout]    4:     0x5e3fbe5050c3 - core::fmt::rt::Argument::fmt::h270f6602a2b96f62
[INFO] [stdout]                                at /rustc/90b35a6239c3d8bdabc530a6a0816f7ff89a0aaf/library/core/src/fmt/rt.rs:177:76
[INFO] [stdout]    5:     0x5e3fbe5050c3 - core::fmt::write::h7550c97b06c86515
[INFO] [stdout]                                at /rustc/90b35a6239c3d8bdabc530a6a0816f7ff89a0aaf/library/core/src/fmt/mod.rs:1186:21
[INFO] [stdout]    6:     0x5e3fbe4dbee3 - std::io::Write::write_fmt::h509ff860e5956e5e
[INFO] [stdout]                                at /rustc/90b35a6239c3d8bdabc530a6a0816f7ff89a0aaf/library/std/src/io/mod.rs:1839:15
[INFO] [stdout]    7:     0x5e3fbe4deb62 - std::sys::backtrace::BacktraceLock::print::h2395ccd2c84ba3aa
[INFO] [stdout]                                at /rustc/90b35a6239c3d8bdabc530a6a0816f7ff89a0aaf/library/std/src/sys/backtrace.rs:42:9
[INFO] [stdout]    8:     0x5e3fbe4e017a - std::panicking::default_hook::{{closure}}::he19d4c7230e07961
[INFO] [stdout]                                at /rustc/90b35a6239c3d8bdabc530a6a0816f7ff89a0aaf/library/std/src/panicking.rs:268:22
[INFO] [stdout]    9:     0x5e3fbe4dff84 - std::panicking::default_hook::hf614597d3c67bbdb
[INFO] [stdout]                                at /rustc/90b35a6239c3d8bdabc530a6a0816f7ff89a0aaf/library/std/src/panicking.rs:292:9
[INFO] [stdout]   10:     0x5e3fbe2fca79 - <alloc::boxed::Box<F,A> as core::ops::function::Fn<Args>>::call::h39b51ce4599c23d1
[INFO] [stdout]                                at /rustc/90b35a6239c3d8bdabc530a6a0816f7ff89a0aaf/library/alloc/src/boxed.rs:2468:9
[INFO] [stdout]   11:     0x5e3fbe2fca79 - test::test_main::{{closure}}::he977ae839a582784
[INFO] [stdout]                                at /rustc/90b35a6239c3d8bdabc530a6a0816f7ff89a0aaf/library/test/src/lib.rs:133:21
[INFO] [stdout]   12:     0x5e3fbe4e0818 - <alloc::boxed::Box<F,A> as core::ops::function::Fn<Args>>::call::h9455091b6b06f9fb
[INFO] [stdout]                                at /rustc/90b35a6239c3d8bdabc530a6a0816f7ff89a0aaf/library/alloc/src/boxed.rs:2468:9
[INFO] [stdout]   13:     0x5e3fbe4e0818 - std::panicking::rust_panic_with_hook::h8942133a8b252070
[INFO] [stdout]                                at /rustc/90b35a6239c3d8bdabc530a6a0816f7ff89a0aaf/library/std/src/panicking.rs:809:13
[INFO] [stdout]   14:     0x5e3fbe4e05a6 - std::panicking::begin_panic_handler::{{closure}}::hb5f5963570096b29
[INFO] [stdout]                                at /rustc/90b35a6239c3d8bdabc530a6a0816f7ff89a0aaf/library/std/src/panicking.rs:667:13
[INFO] [stdout]   15:     0x5e3fbe4df1f9 - std::sys::backtrace::__rust_end_short_backtrace::h6208cedc1922feda
[INFO] [stdout]                                at /rustc/90b35a6239c3d8bdabc530a6a0816f7ff89a0aaf/library/std/src/sys/backtrace.rs:170:18
[INFO] [stdout]   16:     0x5e3fbe4e026c - rust_begin_unwind
[INFO] [stdout]                                at /rustc/90b35a6239c3d8bdabc530a6a0816f7ff89a0aaf/library/std/src/panicking.rs:665:5
[INFO] [stdout]   17:     0x5e3fbe290130 - core::panicking::panic_fmt::h0c3082644d1bf418
[INFO] [stdout]                                at /rustc/90b35a6239c3d8bdabc530a6a0816f7ff89a0aaf/library/core/src/panicking.rs:74:14
[INFO] [stdout]   18:     0x5e3fbe2901bc - core::panicking::panic::h957f98c65a3b3074
[INFO] [stdout]                                at /rustc/90b35a6239c3d8bdabc530a6a0816f7ff89a0aaf/library/core/src/panicking.rs:148:5
[INFO] [stdout]   19:     0x5e3fbe2900a9 - core::option::unwrap_failed::h098b0d47c83374d6
[INFO] [stdout]                                at /rustc/90b35a6239c3d8bdabc530a6a0816f7ff89a0aaf/library/core/src/option.rs:2012:5
[INFO] [stdout]   20:     0x5e3fbe29edc3 - core::option::Option<T>::unwrap::h3353d0f3111a6edf
[INFO] [stdout]                                at /rustc/90b35a6239c3d8bdabc530a6a0816f7ff89a0aaf/library/core/src/option.rs:972:21
[INFO] [stdout]   21:     0x5e3fbe29edc3 - costoflife::TxRecord::from::{{closure}}::hb0276a303192677b
[INFO] [stdout]                                at /opt/rustwide/workdir/src/lib.rs:437:49
[INFO] [stdout]   22:     0x5e3fbe2ae23c - core::option::Option<T>::map::h8be35d067145f6b5
[INFO] [stdout]                                at /rustc/90b35a6239c3d8bdabc530a6a0816f7ff89a0aaf/library/core/src/option.rs:1113:29
[INFO] [stdout]   23:     0x5e3fbe29e7d5 - costoflife::TxRecord::from::h450d68234a131c75
[INFO] [stdout]                                at /opt/rustwide/workdir/src/lib.rs:437:18
[INFO] [stdout]   24:     0x5e3fbe2b2b86 - costoflife::tests::test_tx::ha50407b02383addc
[INFO] [stdout]                                at /opt/rustwide/workdir/src/lib.rs:643:17
[INFO] [stdout]   25:     0x5e3fbe2b1077 - costoflife::tests::test_tx::{{closure}}::h454e94ac9cb13e7f
[INFO] [stdout]                                at /opt/rustwide/workdir/src/lib.rs:549:17
[INFO] [stdout]   26:     0x5e3fbe297d86 - core::ops::function::FnOnce::call_once::hb75c68901ee21173
[INFO] [stdout]                                at /rustc/90b35a6239c3d8bdabc530a6a0816f7ff89a0aaf/library/core/src/ops/function.rs:250:5
[INFO] [stdout]   27:     0x5e3fbe30143b - core::ops::function::FnOnce::call_once::h109cf8051a59b34e
[INFO] [stdout]                                at /rustc/90b35a6239c3d8bdabc530a6a0816f7ff89a0aaf/library/core/src/ops/function.rs:250:5
[INFO] [stdout]   28:     0x5e3fbe30143b - test::__rust_begin_short_backtrace::hf4fff89d377446ba
[INFO] [stdout]                                at /rustc/90b35a6239c3d8bdabc530a6a0816f7ff89a0aaf/library/test/src/lib.rs:621:18
[INFO] [stdout]   29:     0x5e3fbe300c77 - test::run_test_in_process::{{closure}}::h0e39181dd7ee5a43
[INFO] [stdout]                                at /rustc/90b35a6239c3d8bdabc530a6a0816f7ff89a0aaf/library/test/src/lib.rs:644:60
[INFO] [stdout]   30:     0x5e3fbe300c77 - <core::panic::unwind_safe::AssertUnwindSafe<F> as core::ops::function::FnOnce<()>>::call_once::hc5a66a30f0bdfd1f
[INFO] [stdout]                                at /rustc/90b35a6239c3d8bdabc530a6a0816f7ff89a0aaf/library/core/src/panic/unwind_safe.rs:272:9
[INFO] [stdout]   31:     0x5e3fbe300c77 - std::panicking::try::do_call::h873b7cf639554a5e
[INFO] [stdout]                                at /rustc/90b35a6239c3d8bdabc530a6a0816f7ff89a0aaf/library/std/src/panicking.rs:557:40
[INFO] [stdout]   32:     0x5e3fbe300c77 - std::panicking::try::hdb19862fad9c8bd1
[INFO] [stdout]                                at /rustc/90b35a6239c3d8bdabc530a6a0816f7ff89a0aaf/library/std/src/panicking.rs:520:19
[INFO] [stdout]   33:     0x5e3fbe300c77 - std::panic::catch_unwind::h281fe732d236d260
[INFO] [stdout]                                at /rustc/90b35a6239c3d8bdabc530a6a0816f7ff89a0aaf/library/std/src/panic.rs:358:14
[INFO] [stdout]   34:     0x5e3fbe300c77 - test::run_test_in_process::h949b6df8457ed338
[INFO] [stdout]                                at /rustc/90b35a6239c3d8bdabc530a6a0816f7ff89a0aaf/library/test/src/lib.rs:644:27
[INFO] [stdout]   35:     0x5e3fbe300c77 - test::run_test::{{closure}}::h52c556a6d4740e10
[INFO] [stdout]                                at /rustc/90b35a6239c3d8bdabc530a6a0816f7ff89a0aaf/library/test/src/lib.rs:565:43
[INFO] [stdout]   36:     0x5e3fbe2c5f54 - test::run_test::{{closure}}::h4237f6381c45ccb9
[INFO] [stdout]                                at /rustc/90b35a6239c3d8bdabc530a6a0816f7ff89a0aaf/library/test/src/lib.rs:595:41
[INFO] [stdout]   37:     0x5e3fbe2c5f54 - std::sys::backtrace::__rust_begin_short_backtrace::h505c97a579eca628
[INFO] [stdout]                                at /rustc/90b35a6239c3d8bdabc530a6a0816f7ff89a0aaf/library/std/src/sys/backtrace.rs:154:18
[INFO] [stdout]   38:     0x5e3fbe2c961e - std::thread::Builder::spawn_unchecked_::{{closure}}::{{closure}}::h9e86b2e2bc107ea3
[INFO] [stdout]                                at /rustc/90b35a6239c3d8bdabc530a6a0816f7ff89a0aaf/library/std/src/thread/mod.rs:538:17
[INFO] [stdout]   39:     0x5e3fbe2c961e - <core::panic::unwind_safe::AssertUnwindSafe<F> as core::ops::function::FnOnce<()>>::call_once::h8b06ddb275ff4a25
[INFO] [stdout]                                at /rustc/90b35a6239c3d8bdabc530a6a0816f7ff89a0aaf/library/core/src/panic/unwind_safe.rs:272:9
[INFO] [stdout]   40:     0x5e3fbe2c961e - std::panicking::try::do_call::hb26ecd7cd9a9355d
[INFO] [stdout]                                at /rustc/90b35a6239c3d8bdabc530a6a0816f7ff89a0aaf/library/std/src/panicking.rs:557:40
[INFO] [stdout]   41:     0x5e3fbe2c961e - std::panicking::try::h8ddeca9d705f9069
[INFO] [stdout]                                at /rustc/90b35a6239c3d8bdabc530a6a0816f7ff89a0aaf/library/std/src/panicking.rs:520:19
[INFO] [stdout]   42:     0x5e3fbe2c961e - std::panic::catch_unwind::h49e1c33078844c46
[INFO] [stdout]                                at /rustc/90b35a6239c3d8bdabc530a6a0816f7ff89a0aaf/library/std/src/panic.rs:358:14
[INFO] [stdout]   43:     0x5e3fbe2c961e - std::thread::Builder::spawn_unchecked_::{{closure}}::h6073db6ff56ad35d
[INFO] [stdout]                                at /rustc/90b35a6239c3d8bdabc530a6a0816f7ff89a0aaf/library/std/src/thread/mod.rs:537:30
[INFO] [stdout]   44:     0x5e3fbe2c961e - core::ops::function::FnOnce::call_once{{vtable.shim}}::h2c5a5f3779c774f1
[INFO] [stdout]                                at /rustc/90b35a6239c3d8bdabc530a6a0816f7ff89a0aaf/library/core/src/ops/function.rs:250:5
[INFO] [stdout]   45:     0x5e3fbe4e457b - <alloc::boxed::Box<F,A> as core::ops::function::FnOnce<Args>>::call_once::hf75717d9f28faebf
[INFO] [stdout]                                at /rustc/90b35a6239c3d8bdabc530a6a0816f7ff89a0aaf/library/alloc/src/boxed.rs:2454:9
[INFO] [stdout]   46:     0x5e3fbe4e457b - <alloc::boxed::Box<F,A> as core::ops::function::FnOnce<Args>>::call_once::h7bd883a5f3c5f3c1
[INFO] [stdout]                                at /rustc/90b35a6239c3d8bdabc530a6a0816f7ff89a0aaf/library/alloc/src/boxed.rs:2454:9
[INFO] [stdout]   47:     0x5e3fbe4e457b - std::sys::pal::unix::thread::Thread::new::thread_start::hcc78f3943333fa94
[INFO] [stdout]                                at /rustc/90b35a6239c3d8bdabc530a6a0816f7ff89a0aaf/library/std/src/sys/pal/unix/thread.rs:105:17
[INFO] [stdout]   48:     0x7b62108b2ac3 - <unknown>
[INFO] [stdout]   49:     0x7b6210943a04 - clone
[INFO] [stdout]   50:                0x0 - <unknown>
[INFO] [stdout] 
[INFO] [stdout] 
[INFO] [stdout] failures:
[INFO] [stdout]     tests::test_costoflife
[INFO] [stdout]     tests::test_tx
[INFO] [stdout] 
[INFO] [stdout] test result: FAILED. 5 passed; 2 failed; 0 ignored; 0 measured; 0 filtered out; finished in 0.10s
[INFO] [stdout] 
[INFO] [stderr] error: test failed, to rerun pass `--lib`
[INFO] running `Command { std: "docker" "inspect" "1af30d6318c8d5003cbc167dd35ff428c14daeeebc7cfb4f6b6a111cca1a7f69", kill_on_drop: false }`
[INFO] running `Command { std: "docker" "rm" "-f" "1af30d6318c8d5003cbc167dd35ff428c14daeeebc7cfb4f6b6a111cca1a7f69", kill_on_drop: false }`
[INFO] [stdout] 1af30d6318c8d5003cbc167dd35ff428c14daeeebc7cfb4f6b6a111cca1a7f69
