[INFO] fetching crate cookie_parser 1.0.1...
[INFO] testing cookie_parser-1.0.1 against 1.83.0 for beta-1.84.0-4-retry
[INFO] extracting crate cookie_parser 1.0.1 into /workspace/builds/worker-4-tc1/source
[INFO] validating manifest of crates.io crate cookie_parser 1.0.1 on toolchain 1.83.0
[INFO] running `Command { std: CARGO_HOME="/workspace/cargo-home" RUSTUP_HOME="/workspace/rustup-home" "/workspace/cargo-home/bin/cargo" "+1.83.0" "metadata" "--manifest-path" "Cargo.toml" "--no-deps", kill_on_drop: false }`
[INFO] started tweaking crates.io crate cookie_parser 1.0.1
[INFO] removed 0 missing tests
[INFO] finished tweaking crates.io crate cookie_parser 1.0.1
[INFO] tweaked toml for crates.io crate cookie_parser 1.0.1 written to /workspace/builds/worker-4-tc1/source/Cargo.toml
[INFO] crate crates.io crate cookie_parser 1.0.1 already has a lockfile, it will not be regenerated
[INFO] running `Command { std: CARGO_HOME="/workspace/cargo-home" RUSTUP_HOME="/workspace/rustup-home" "/workspace/cargo-home/bin/cargo" "+1.83.0" "fetch" "--manifest-path" "Cargo.toml", kill_on_drop: false }`
[INFO] running `Command { std: "docker" "create" "-v" "/var/lib/crater-agent-workspace/builds/worker-4-tc1/target:/opt/rustwide/target:rw,Z" "-v" "/var/lib/crater-agent-workspace/builds/worker-4-tc1/source:/opt/rustwide/workdir:ro,Z" "-v" "/var/lib/crater-agent-workspace/cargo-home:/opt/rustwide/cargo-home:ro,Z" "-v" "/var/lib/crater-agent-workspace/rustup-home:/opt/rustwide/rustup-home:ro,Z" "-e" "SOURCE_DIR=/opt/rustwide/workdir" "-e" "CARGO_TARGET_DIR=/opt/rustwide/target" "-e" "CARGO_HOME=/opt/rustwide/cargo-home" "-e" "RUSTUP_HOME=/opt/rustwide/rustup-home" "-w" "/opt/rustwide/workdir" "-m" "1610612736" "--user" "0:0" "--network" "none" "ghcr.io/rust-lang/crates-build-env/linux@sha256:f3a9d4ad9d972b27faf3965f35b62e55ba32bbce8f20bc8fe909558a86702fde" "/opt/rustwide/cargo-home/bin/cargo" "+1.83.0" "metadata" "--no-deps" "--format-version=1", kill_on_drop: false }`
[INFO] [stdout] 66124fa8ebbf50133ec62db0a60e1c61a813563a6ddef283c44b7370796f1bd6
[INFO] running `Command { std: "docker" "start" "-a" "66124fa8ebbf50133ec62db0a60e1c61a813563a6ddef283c44b7370796f1bd6", kill_on_drop: false }`
[INFO] running `Command { std: "docker" "inspect" "66124fa8ebbf50133ec62db0a60e1c61a813563a6ddef283c44b7370796f1bd6", kill_on_drop: false }`
[INFO] running `Command { std: "docker" "rm" "-f" "66124fa8ebbf50133ec62db0a60e1c61a813563a6ddef283c44b7370796f1bd6", kill_on_drop: false }`
[INFO] [stdout] 66124fa8ebbf50133ec62db0a60e1c61a813563a6ddef283c44b7370796f1bd6
[INFO] running `Command { std: "docker" "create" "-v" "/var/lib/crater-agent-workspace/builds/worker-4-tc1/target:/opt/rustwide/target:rw,Z" "-v" "/var/lib/crater-agent-workspace/builds/worker-4-tc1/source:/opt/rustwide/workdir:ro,Z" "-v" "/var/lib/crater-agent-workspace/cargo-home:/opt/rustwide/cargo-home:ro,Z" "-v" "/var/lib/crater-agent-workspace/rustup-home:/opt/rustwide/rustup-home:ro,Z" "-e" "SOURCE_DIR=/opt/rustwide/workdir" "-e" "CARGO_TARGET_DIR=/opt/rustwide/target" "-e" "CARGO_INCREMENTAL=0" "-e" "RUST_BACKTRACE=full" "-e" "RUSTFLAGS=--cap-lints=warn" "-e" "RUSTDOCFLAGS=--cap-lints=warn" "-e" "CARGO_HOME=/opt/rustwide/cargo-home" "-e" "RUSTUP_HOME=/opt/rustwide/rustup-home" "-w" "/opt/rustwide/workdir" "-m" "1610612736" "--user" "0:0" "--network" "none" "ghcr.io/rust-lang/crates-build-env/linux@sha256:f3a9d4ad9d972b27faf3965f35b62e55ba32bbce8f20bc8fe909558a86702fde" "/opt/rustwide/cargo-home/bin/cargo" "+1.83.0" "build" "--frozen" "--message-format=json", kill_on_drop: false }`
[INFO] [stdout] 1cadd18c1801ff93dbae2d0404bf4e0c6a05deaf288db0284c6e0cb38f640306
[INFO] running `Command { std: "docker" "start" "-a" "1cadd18c1801ff93dbae2d0404bf4e0c6a05deaf288db0284c6e0cb38f640306", kill_on_drop: false }`
[INFO] [stderr]    Compiling proc-macro2 v1.0.89
[INFO] [stderr]    Compiling utf8parse v0.2.2
[INFO] [stderr]    Compiling ucd-trie v0.1.7
[INFO] [stderr]    Compiling colorchoice v1.0.3
[INFO] [stderr]    Compiling is_terminal_polyfill v1.70.1
[INFO] [stderr]    Compiling anstyle v1.0.10
[INFO] [stderr]    Compiling anstyle-query v1.1.2
[INFO] [stderr]    Compiling once_cell v1.20.2
[INFO] [stderr]    Compiling strsim v0.11.1
[INFO] [stderr]    Compiling clap_lex v0.7.3
[INFO] [stderr]    Compiling thiserror v2.0.3
[INFO] [stderr]    Compiling heck v0.5.0
[INFO] [stderr]    Compiling anstyle-parse v0.2.6
[INFO] [stderr]    Compiling anstream v0.6.18
[INFO] [stderr]    Compiling clap_builder v4.5.21
[INFO] [stderr]    Compiling quote v1.0.37
[INFO] [stderr]    Compiling syn v2.0.87
[INFO] [stderr]    Compiling thiserror-impl v1.0.69
[INFO] [stderr]    Compiling clap_derive v4.5.18
[INFO] [stderr]    Compiling thiserror-impl v2.0.3
[INFO] [stderr]    Compiling thiserror v1.0.69
[INFO] [stderr]    Compiling pest v2.7.14
[INFO] [stderr]    Compiling clap v4.5.21
[INFO] [stderr]    Compiling pest_meta v2.7.14
[INFO] [stderr]    Compiling pest_generator v2.7.14
[INFO] [stderr]    Compiling pest_derive v2.7.14
[INFO] [stderr]    Compiling cookie_parser v1.0.1 (/opt/rustwide/workdir)
[INFO] [stderr]     Finished `dev` profile [unoptimized + debuginfo] target(s) in 15.83s
[INFO] running `Command { std: "docker" "inspect" "1cadd18c1801ff93dbae2d0404bf4e0c6a05deaf288db0284c6e0cb38f640306", kill_on_drop: false }`
[INFO] running `Command { std: "docker" "rm" "-f" "1cadd18c1801ff93dbae2d0404bf4e0c6a05deaf288db0284c6e0cb38f640306", kill_on_drop: false }`
[INFO] [stdout] 1cadd18c1801ff93dbae2d0404bf4e0c6a05deaf288db0284c6e0cb38f640306
[INFO] running `Command { std: "docker" "create" "-v" "/var/lib/crater-agent-workspace/builds/worker-4-tc1/target:/opt/rustwide/target:rw,Z" "-v" "/var/lib/crater-agent-workspace/builds/worker-4-tc1/source:/opt/rustwide/workdir:ro,Z" "-v" "/var/lib/crater-agent-workspace/cargo-home:/opt/rustwide/cargo-home:ro,Z" "-v" "/var/lib/crater-agent-workspace/rustup-home:/opt/rustwide/rustup-home:ro,Z" "-e" "SOURCE_DIR=/opt/rustwide/workdir" "-e" "CARGO_TARGET_DIR=/opt/rustwide/target" "-e" "CARGO_INCREMENTAL=0" "-e" "RUST_BACKTRACE=full" "-e" "RUSTFLAGS=--cap-lints=warn" "-e" "RUSTDOCFLAGS=--cap-lints=warn" "-e" "CARGO_HOME=/opt/rustwide/cargo-home" "-e" "RUSTUP_HOME=/opt/rustwide/rustup-home" "-w" "/opt/rustwide/workdir" "-m" "1610612736" "--user" "0:0" "--network" "none" "ghcr.io/rust-lang/crates-build-env/linux@sha256:f3a9d4ad9d972b27faf3965f35b62e55ba32bbce8f20bc8fe909558a86702fde" "/opt/rustwide/cargo-home/bin/cargo" "+1.83.0" "test" "--frozen" "--no-run" "--message-format=json", kill_on_drop: false }`
[INFO] [stdout] dd73b45d3b4fc80a44dbe528f138d562a21e0c85f1b87446632f655f6ca9be31
[INFO] running `Command { std: "docker" "start" "-a" "dd73b45d3b4fc80a44dbe528f138d562a21e0c85f1b87446632f655f6ca9be31", kill_on_drop: false }`
[INFO] [stderr]    Compiling cookie_parser v1.0.1 (/opt/rustwide/workdir)
[INFO] [stderr]     Finished `test` profile [unoptimized + debuginfo] target(s) in 0.77s
[INFO] running `Command { std: "docker" "inspect" "dd73b45d3b4fc80a44dbe528f138d562a21e0c85f1b87446632f655f6ca9be31", kill_on_drop: false }`
[INFO] running `Command { std: "docker" "rm" "-f" "dd73b45d3b4fc80a44dbe528f138d562a21e0c85f1b87446632f655f6ca9be31", kill_on_drop: false }`
[INFO] [stdout] dd73b45d3b4fc80a44dbe528f138d562a21e0c85f1b87446632f655f6ca9be31
[INFO] running `Command { std: "docker" "create" "-v" "/var/lib/crater-agent-workspace/builds/worker-4-tc1/target:/opt/rustwide/target:rw,Z" "-v" "/var/lib/crater-agent-workspace/builds/worker-4-tc1/source:/opt/rustwide/workdir:ro,Z" "-v" "/var/lib/crater-agent-workspace/cargo-home:/opt/rustwide/cargo-home:ro,Z" "-v" "/var/lib/crater-agent-workspace/rustup-home:/opt/rustwide/rustup-home:ro,Z" "-e" "SOURCE_DIR=/opt/rustwide/workdir" "-e" "CARGO_TARGET_DIR=/opt/rustwide/target" "-e" "CARGO_INCREMENTAL=0" "-e" "RUST_BACKTRACE=full" "-e" "RUSTFLAGS=--cap-lints=warn" "-e" "RUSTDOCFLAGS=--cap-lints=warn" "-e" "CARGO_HOME=/opt/rustwide/cargo-home" "-e" "RUSTUP_HOME=/opt/rustwide/rustup-home" "-w" "/opt/rustwide/workdir" "-m" "1610612736" "--user" "0:0" "--network" "none" "ghcr.io/rust-lang/crates-build-env/linux@sha256:f3a9d4ad9d972b27faf3965f35b62e55ba32bbce8f20bc8fe909558a86702fde" "/opt/rustwide/cargo-home/bin/cargo" "+1.83.0" "test" "--frozen", kill_on_drop: false }`
[INFO] [stdout] 3fd5646f266fe9111f616dc27255db2257f47b64038351c1506a55ce122e96f8
[INFO] running `Command { std: "docker" "start" "-a" "3fd5646f266fe9111f616dc27255db2257f47b64038351c1506a55ce122e96f8", kill_on_drop: false }`
[INFO] [stderr]     Finished `test` profile [unoptimized + debuginfo] target(s) in 0.05s
[INFO] [stderr]      Running unittests src/lib.rs (/opt/rustwide/target/debug/deps/cookie_parser-b21c82e3bae9431b)
[INFO] [stdout] 
[INFO] [stderr]      Running unittests src/main.rs (/opt/rustwide/target/debug/deps/cookie_parser-bbc2bd26a4bee3c9)
[INFO] [stdout] running 0 tests
[INFO] [stdout] 
[INFO] [stdout] test result: ok. 0 passed; 0 failed; 0 ignored; 0 measured; 0 filtered out; finished in 0.00s
[INFO] [stdout] 
[INFO] [stdout] 
[INFO] [stdout] running 0 tests
[INFO] [stdout] 
[INFO] [stdout] test result: ok. 0 passed; 0 failed; 0 ignored; 0 measured; 0 filtered out; finished in 0.00s
[INFO] [stdout] 
[INFO] [stderr]      Running tests/grammar_tests.rs (/opt/rustwide/target/debug/deps/grammar_tests-2d156e2960d4f94b)
[INFO] [stdout] 
[INFO] [stdout] running 17 tests
[INFO] [stdout] test tests::test_parse_cookie_delimiter_in_cookie_name ... ok
[INFO] [stdout] test tests::test_parse_cookie_empty_cookie_name ... ok
[INFO] [stdout] test tests::test_parse_cookie_delimiter_in_cookie_value ... ok
[INFO] [stdout] test tests::test_parse_cookie_no_cookie_value ... ok
[INFO] [stdout] test tests::test_parse_cookie_string_single_cookie ... ok
[INFO] [stdout] test tests::test_parse_cookie_no_space_between_cookies ... ok
[INFO] [stdout] test tests::test_parse_cookie_string_multiple_cookies ... ok
[INFO] [stdout] test tests::test_parse_set_cookie_domain ... ok
[INFO] [stdout] test tests::test_parse_set_cookie_expires ... ok
[INFO] [stdout] test tests::test_parse_set_cookie_http_only ... ok
[INFO] [stdout] test tests::test_parse_set_cookie_extensions ... ok
[INFO] [stdout] test tests::test_parse_set_cookie_max_age ... ok
[INFO] [stdout] test tests::test_parse_set_cookie_secure ... ok
[INFO] [stdout] test tests::test_parse_set_cookie_mixed ... ok
[INFO] [stdout] test tests::test_parse_set_cookie_path ... ok
[INFO] [stdout] test tests::test_parse_set_cookie_without_attributes ... ok
[INFO] [stdout] test tests::test_parse_cookie_ending_with_delimiter ... ok
[INFO] [stdout] 
[INFO] [stdout] test result: ok. 17 passed; 0 failed; 0 ignored; 0 measured; 0 filtered out; finished in 0.02s
[INFO] [stdout] 
[INFO] [stderr]    Doc-tests cookie_parser
[INFO] [stdout] 
[INFO] [stdout] running 6 tests
[INFO] [stdout] test src/../doc.md - (line 21) ... FAILED
[INFO] [stdout] test src/../doc.md - (line 35) ... FAILED
[INFO] [stdout] test src/../doc.md - (line 98) ... FAILED
[INFO] [stdout] test src/../doc.md - (line 90) ... FAILED
[INFO] [stdout] test src/../doc.md - (line 73) ... FAILED
[INFO] [stdout] test src/../doc.md - (line 62) ... ok
[INFO] [stdout] 
[INFO] [stdout] failures:
[INFO] [stdout] 
[INFO] [stdout] ---- src/../doc.md - (line 21) stdout ----
[INFO] [stdout] error[E0277]: the `?` operator can only be used in a function that returns `Result` or `Option` (or another type that implements `FromResidual`)
[INFO] [stdout]  --> src/../doc.md:26:71
[INFO] [stdout]   |
[INFO] [stdout] 6 | fn main() {
[INFO] [stdout]   | --------- this function should return `Result` or `Option` to accept `?`
[INFO] [stdout] 7 |     let cookies = parse_cookie_string("session=abc123; user=john_doe")?;
[INFO] [stdout]   |                                                                       ^ cannot use the `?` operator in a function that returns `()`
[INFO] [stdout]   |
[INFO] [stdout]   = help: the trait `FromResidual<Result<Infallible, CookieParseError>>` is not implemented for `()`
[INFO] [stdout] help: consider adding return type
[INFO] [stdout]   |
[INFO] [stdout] 6 | fn main() -> Result<(), Box<dyn std::error::Error>> {
[INFO] [stdout]   |           +++++++++++++++++++++++++++++++++++++++++
[INFO] [stdout] 
[INFO] [stdout] error: aborting due to 1 previous error
[INFO] [stdout] 
[INFO] [stdout] For more information about this error, try `rustc --explain E0277`.
[INFO] [stdout] Couldn't compile the test.
[INFO] [stdout] ---- src/../doc.md - (line 35) stdout ----
[INFO] [stdout] error[E0277]: the `?` operator can only be used in a function that returns `Result` or `Option` (or another type that implements `FromResidual`)
[INFO] [stdout]  --> src/../doc.md:42:6
[INFO] [stdout]   |
[INFO] [stdout] 6 | fn main() {
[INFO] [stdout]   | --------- this function should return `Result` or `Option` to accept `?`
[INFO] [stdout] ...
[INFO] [stdout] 9 |     )?;
[INFO] [stdout]   |      ^ cannot use the `?` operator in a function that returns `()`
[INFO] [stdout]   |
[INFO] [stdout]   = help: the trait `FromResidual<Result<Infallible, CookieParseError>>` is not implemented for `()`
[INFO] [stdout] help: consider adding return type
[INFO] [stdout]   |
[INFO] [stdout] 6 | fn main() -> Result<(), Box<dyn std::error::Error>> {
[INFO] [stdout]   |           +++++++++++++++++++++++++++++++++++++++++
[INFO] [stdout] 
[INFO] [stdout] error: aborting due to 1 previous error
[INFO] [stdout] 
[INFO] [stdout] For more information about this error, try `rustc --explain E0277`.
[INFO] [stdout] Couldn't compile the test.
[INFO] [stdout] ---- src/../doc.md - (line 98) stdout ----
[INFO] [stdout] error: expected one of `!`, `+`, `::`, `where`, or `{`, found `}`
[INFO] [stdout]  --> src/../doc.md:100:1
[INFO] [stdout]   |
[INFO] [stdout] 3 | pub fn parse_set_cookie(input: &str) -> Result<SetCookie, CookieParseError>
[INFO] [stdout]   |        ---------------- while parsing this `fn`                            - expected one of `!`, `+`, `::`, `where`, or `{`
[INFO] [stdout] 4 | } _doctest_main_src____doc_md_98_0() }
[INFO] [stdout]   | ^ unexpected token
[INFO] [stdout] 
[INFO] [stdout] error: free function without a body
[INFO] [stdout]  --> src/../doc.md:99:1
[INFO] [stdout]   |
[INFO] [stdout] 3 | pub fn parse_set_cookie(input: &str) -> Result<SetCookie, CookieParseError>
[INFO] [stdout]   | ^^^^^^^^^^^^^^^^^^^^^^^^^^^^^^^^^^^^^^^^^^^^^^^^^^^^^^^^^^^^^^^^^^^^^^^^^^^- help: provide a definition for the function: `{ <body> }`
[INFO] [stdout] 
[INFO] [stdout] error[E0412]: cannot find type `SetCookie` in this scope
[INFO] [stdout]  --> src/../doc.md:99:48
[INFO] [stdout]   |
[INFO] [stdout] 3 | pub fn parse_set_cookie(input: &str) -> Result<SetCookie, CookieParseError>
[INFO] [stdout]   |                                                ^^^^^^^^^ not found in this scope
[INFO] [stdout]   |
[INFO] [stdout] help: consider importing this struct
[INFO] [stdout]   |
[INFO] [stdout] 2 + use cookie_parser::SetCookie;
[INFO] [stdout]   |
[INFO] [stdout] 
[INFO] [stdout] error[E0412]: cannot find type `CookieParseError` in this scope
[INFO] [stdout]  --> src/../doc.md:99:59
[INFO] [stdout]   |
[INFO] [stdout] 3 | pub fn parse_set_cookie(input: &str) -> Result<SetCookie, CookieParseError>
[INFO] [stdout]   |                                                           ^^^^^^^^^^^^^^^^ not found in this scope
[INFO] [stdout]   |
[INFO] [stdout] help: consider importing this enum
[INFO] [stdout]   |
[INFO] [stdout] 2 + use cookie_parser::CookieParseError;
[INFO] [stdout]   |
[INFO] [stdout] 
[INFO] [stdout] error: aborting due to 4 previous errors
[INFO] [stdout] 
[INFO] [stdout] For more information about this error, try `rustc --explain E0412`.
[INFO] [stdout] Couldn't compile the test.
[INFO] [stdout] ---- src/../doc.md - (line 90) stdout ----
[INFO] [stdout] error: expected one of `!`, `+`, `::`, `where`, or `{`, found `}`
[INFO] [stdout]  --> src/../doc.md:92:1
[INFO] [stdout]   |
[INFO] [stdout] 3 | pub fn parse_cookie_string(input: &str) -> Result<Vec<CookiePair>, CookieParseError>
[INFO] [stdout]   |        ------------------- while parsing this `fn`                                  - expected one of `!`, `+`, `::`, `where`, or `{`
[INFO] [stdout] 4 | } _doctest_main_src____doc_md_90_0() }
[INFO] [stdout]   | ^ unexpected token
[INFO] [stdout] 
[INFO] [stdout] error: free function without a body
[INFO] [stdout]  --> src/../doc.md:91:1
[INFO] [stdout]   |
[INFO] [stdout] 3 | pub fn parse_cookie_string(input: &str) -> Result<Vec<CookiePair>, CookieParseError>
[INFO] [stdout]   | ^^^^^^^^^^^^^^^^^^^^^^^^^^^^^^^^^^^^^^^^^^^^^^^^^^^^^^^^^^^^^^^^^^^^^^^^^^^^^^^^^^^^- help: provide a definition for the function: `{ <body> }`
[INFO] [stdout] 
[INFO] [stdout] error[E0412]: cannot find type `CookiePair` in this scope
[INFO] [stdout]  --> src/../doc.md:91:55
[INFO] [stdout]   |
[INFO] [stdout] 3 | pub fn parse_cookie_string(input: &str) -> Result<Vec<CookiePair>, CookieParseError>
[INFO] [stdout]   |                                                       ^^^^^^^^^^ not found in this scope
[INFO] [stdout]   |
[INFO] [stdout] help: consider importing this struct
[INFO] [stdout]   |
[INFO] [stdout] 2 + use cookie_parser::CookiePair;
[INFO] [stdout]   |
[INFO] [stdout] 
[INFO] [stdout] error[E0412]: cannot find type `CookieParseError` in this scope
[INFO] [stdout]  --> src/../doc.md:91:68
[INFO] [stdout]   |
[INFO] [stdout] 3 | pub fn parse_cookie_string(input: &str) -> Result<Vec<CookiePair>, CookieParseError>
[INFO] [stdout]   |                                                                    ^^^^^^^^^^^^^^^^ not found in this scope
[INFO] [stdout]   |
[INFO] [stdout] help: consider importing this enum
[INFO] [stdout]   |
[INFO] [stdout] 2 + use cookie_parser::CookieParseError;
[INFO] [stdout]   |
[INFO] [stdout] 
[INFO] [stdout] error: aborting due to 4 previous errors
[INFO] [stdout] 
[INFO] [stdout] For more information about this error, try `rustc --explain E0412`.
[INFO] [stdout] Couldn't compile the test.
[INFO] [stdout] ---- src/../doc.md - (line 73) stdout ----
[INFO] [stdout] error[E0412]: cannot find type `CookiePair` in this scope
[INFO] [stdout]  --> src/../doc.md:75:15
[INFO] [stdout]   |
[INFO] [stdout] 4 |     pub pair: CookiePair,
[INFO] [stdout]   |               ^^^^^^^^^^ not found in this scope
[INFO] [stdout]   |
[INFO] [stdout] help: consider importing this struct
[INFO] [stdout]   |
[INFO] [stdout] 2 + use cookie_parser::CookiePair;
[INFO] [stdout]   |
[INFO] [stdout] 
[INFO] [stdout] error: aborting due to 1 previous error
[INFO] [stdout] 
[INFO] [stdout] For more information about this error, try `rustc --explain E0412`.
[INFO] [stdout] Couldn't compile the test.
[INFO] [stdout] 
[INFO] [stdout] failures:
[INFO] [stdout]     src/../doc.md - (line 21)
[INFO] [stdout]     src/../doc.md - (line 35)
[INFO] [stdout]     src/../doc.md - (line 73)
[INFO] [stdout]     src/../doc.md - (line 90)
[INFO] [stdout]     src/../doc.md - (line 98)
[INFO] [stdout] 
[INFO] [stdout] test result: FAILED. 1 passed; 5 failed; 0 ignored; 0 measured; 0 filtered out; finished in 0.29s
[INFO] [stdout] 
[INFO] [stderr] error: doctest failed, to rerun pass `--doc`
[INFO] running `Command { std: "docker" "inspect" "3fd5646f266fe9111f616dc27255db2257f47b64038351c1506a55ce122e96f8", kill_on_drop: false }`
[INFO] running `Command { std: "docker" "rm" "-f" "3fd5646f266fe9111f616dc27255db2257f47b64038351c1506a55ce122e96f8", kill_on_drop: false }`
[INFO] [stdout] 3fd5646f266fe9111f616dc27255db2257f47b64038351c1506a55ce122e96f8
