[INFO] fetching crate conventional_commits_linter_lib 0.5.1...
[INFO] testing conventional_commits_linter_lib-0.5.1 against 1.83.0 for beta-1.84.0-4-retry
[INFO] extracting crate conventional_commits_linter_lib 0.5.1 into /workspace/builds/worker-4-tc1/source
[INFO] validating manifest of crates.io crate conventional_commits_linter_lib 0.5.1 on toolchain 1.83.0
[INFO] running `Command { std: CARGO_HOME="/workspace/cargo-home" RUSTUP_HOME="/workspace/rustup-home" "/workspace/cargo-home/bin/cargo" "+1.83.0" "metadata" "--manifest-path" "Cargo.toml" "--no-deps", kill_on_drop: false }`
[INFO] started tweaking crates.io crate conventional_commits_linter_lib 0.5.1
[INFO] finished tweaking crates.io crate conventional_commits_linter_lib 0.5.1
[INFO] tweaked toml for crates.io crate conventional_commits_linter_lib 0.5.1 written to /workspace/builds/worker-4-tc1/source/Cargo.toml
[INFO] running `Command { std: CARGO_HOME="/workspace/cargo-home" RUSTUP_HOME="/workspace/rustup-home" "/workspace/cargo-home/bin/cargo" "+1.83.0" "generate-lockfile" "--manifest-path" "Cargo.toml", kill_on_drop: false }`
[INFO] [stderr]     Updating crates.io index
[INFO] [stderr]      Locking 111 packages to latest compatible versions
[INFO] [stderr]       Adding git2 v0.17.2 (available: v0.19.0)
[INFO] [stderr]       Adding rstest v0.18.2 (available: v0.23.0)
[INFO] [stderr]       Adding rstest_reuse v0.6.0 (available: v0.7.0)
[INFO] [stderr]       Adding strum v0.25.0 (available: v0.26.3)
[INFO] [stderr]       Adding strum_macros v0.25.3 (available: v0.26.4)
[INFO] running `Command { std: CARGO_HOME="/workspace/cargo-home" RUSTUP_HOME="/workspace/rustup-home" "/workspace/cargo-home/bin/cargo" "+1.83.0" "fetch" "--manifest-path" "Cargo.toml", kill_on_drop: false }`
[INFO] running `Command { std: "docker" "create" "-v" "/var/lib/crater-agent-workspace/builds/worker-4-tc1/target:/opt/rustwide/target:rw,Z" "-v" "/var/lib/crater-agent-workspace/builds/worker-4-tc1/source:/opt/rustwide/workdir:ro,Z" "-v" "/var/lib/crater-agent-workspace/cargo-home:/opt/rustwide/cargo-home:ro,Z" "-v" "/var/lib/crater-agent-workspace/rustup-home:/opt/rustwide/rustup-home:ro,Z" "-e" "SOURCE_DIR=/opt/rustwide/workdir" "-e" "CARGO_TARGET_DIR=/opt/rustwide/target" "-e" "CARGO_HOME=/opt/rustwide/cargo-home" "-e" "RUSTUP_HOME=/opt/rustwide/rustup-home" "-w" "/opt/rustwide/workdir" "-m" "1610612736" "--user" "0:0" "--network" "none" "ghcr.io/rust-lang/crates-build-env/linux@sha256:f3a9d4ad9d972b27faf3965f35b62e55ba32bbce8f20bc8fe909558a86702fde" "/opt/rustwide/cargo-home/bin/cargo" "+1.83.0" "metadata" "--no-deps" "--format-version=1", kill_on_drop: false }`
[INFO] [stdout] 6e86e9a8c34bb508a0e5f45aef435efae7cfe6c81754aa0cbecb59010bc58230
[INFO] running `Command { std: "docker" "start" "-a" "6e86e9a8c34bb508a0e5f45aef435efae7cfe6c81754aa0cbecb59010bc58230", kill_on_drop: false }`
[INFO] running `Command { std: "docker" "inspect" "6e86e9a8c34bb508a0e5f45aef435efae7cfe6c81754aa0cbecb59010bc58230", kill_on_drop: false }`
[INFO] running `Command { std: "docker" "rm" "-f" "6e86e9a8c34bb508a0e5f45aef435efae7cfe6c81754aa0cbecb59010bc58230", kill_on_drop: false }`
[INFO] [stdout] 6e86e9a8c34bb508a0e5f45aef435efae7cfe6c81754aa0cbecb59010bc58230
[INFO] running `Command { std: "docker" "create" "-v" "/var/lib/crater-agent-workspace/builds/worker-4-tc1/target:/opt/rustwide/target:rw,Z" "-v" "/var/lib/crater-agent-workspace/builds/worker-4-tc1/source:/opt/rustwide/workdir:ro,Z" "-v" "/var/lib/crater-agent-workspace/cargo-home:/opt/rustwide/cargo-home:ro,Z" "-v" "/var/lib/crater-agent-workspace/rustup-home:/opt/rustwide/rustup-home:ro,Z" "-e" "SOURCE_DIR=/opt/rustwide/workdir" "-e" "CARGO_TARGET_DIR=/opt/rustwide/target" "-e" "CARGO_INCREMENTAL=0" "-e" "RUST_BACKTRACE=full" "-e" "RUSTFLAGS=--cap-lints=warn" "-e" "RUSTDOCFLAGS=--cap-lints=warn" "-e" "CARGO_HOME=/opt/rustwide/cargo-home" "-e" "RUSTUP_HOME=/opt/rustwide/rustup-home" "-w" "/opt/rustwide/workdir" "-m" "1610612736" "--user" "0:0" "--network" "none" "ghcr.io/rust-lang/crates-build-env/linux@sha256:f3a9d4ad9d972b27faf3965f35b62e55ba32bbce8f20bc8fe909558a86702fde" "/opt/rustwide/cargo-home/bin/cargo" "+1.83.0" "build" "--frozen" "--message-format=json", kill_on_drop: false }`
[INFO] [stdout] c1a86987d988edbe485d406c938c0de65455efe87baa1ea96e76c567368328ae
[INFO] running `Command { std: "docker" "start" "-a" "c1a86987d988edbe485d406c938c0de65455efe87baa1ea96e76c567368328ae", kill_on_drop: false }`
[INFO] [stderr]    Compiling proc-macro2 v1.0.92
[INFO] [stderr]    Compiling unicode-ident v1.0.14
[INFO] [stderr]    Compiling stable_deref_trait v1.2.0
[INFO] [stderr]    Compiling libc v0.2.168
[INFO] [stderr]    Compiling litemap v0.7.4
[INFO] [stderr]    Compiling writeable v0.5.5
[INFO] [stderr]    Compiling shlex v1.3.0
[INFO] [stderr]    Compiling pkg-config v0.3.31
[INFO] [stderr]    Compiling icu_locid_transform_data v1.5.0
[INFO] [stderr]    Compiling icu_properties_data v1.5.0
[INFO] [stderr]    Compiling vcpkg v0.2.15
[INFO] [stderr]    Compiling icu_normalizer_data v1.5.0
[INFO] [stderr]    Compiling write16 v1.0.0
[INFO] [stderr]    Compiling smallvec v1.13.2
[INFO] [stderr]    Compiling utf8_iter v1.0.4
[INFO] [stderr]    Compiling utf16_iter v1.0.5
[INFO] [stderr]    Compiling memchr v2.7.4
[INFO] [stderr]    Compiling percent-encoding v2.3.1
[INFO] [stderr]    Compiling rustversion v1.0.18
[INFO] [stderr]    Compiling serde v1.0.216
[INFO] [stderr]    Compiling serde_json v1.0.133
[INFO] [stderr]    Compiling regex-syntax v0.8.5
[INFO] [stderr]    Compiling bitflags v1.3.2
[INFO] [stderr]    Compiling log v0.4.22
[INFO] [stderr]    Compiling itoa v1.0.14
[INFO] [stderr]    Compiling ryu v1.0.18
[INFO] [stderr]    Compiling heck v0.4.1
[INFO] [stderr]    Compiling form_urlencoded v1.2.1
[INFO] [stderr]    Compiling lazy_static v1.5.0
[INFO] [stderr]    Compiling strum v0.25.0
[INFO] [stderr]    Compiling ansi_term v0.12.1
[INFO] [stderr]    Compiling aho-corasick v1.1.3
[INFO] [stderr]    Compiling quote v1.0.37
[INFO] [stderr]    Compiling syn v2.0.90
[INFO] [stderr]    Compiling jobserver v0.1.32
[INFO] [stderr]    Compiling cc v1.2.4
[INFO] [stderr]    Compiling regex-automata v0.4.9
[INFO] [stderr]    Compiling libz-sys v1.1.20
[INFO] [stderr]    Compiling libgit2-sys v0.15.2+1.6.4
[INFO] [stderr]    Compiling synstructure v0.13.1
[INFO] [stderr]    Compiling regex v1.11.1
[INFO] [stderr]    Compiling zerofrom-derive v0.1.5
[INFO] [stderr]    Compiling yoke-derive v0.7.5
[INFO] [stderr]    Compiling zerovec-derive v0.10.3
[INFO] [stderr]    Compiling displaydoc v0.2.5
[INFO] [stderr]    Compiling icu_provider_macros v1.5.0
[INFO] [stderr]    Compiling serde_derive v1.0.216
[INFO] [stderr]    Compiling strum_macros v0.25.3
[INFO] [stderr]    Compiling zerofrom v0.1.5
[INFO] [stderr]    Compiling yoke v0.7.5
[INFO] [stderr]    Compiling zerovec v0.10.4
[INFO] [stderr]    Compiling tinystr v0.7.6
[INFO] [stderr]    Compiling icu_collections v1.5.0
[INFO] [stderr]    Compiling icu_locid v1.5.0
[INFO] [stderr]    Compiling icu_provider v1.5.0
[INFO] [stderr]    Compiling icu_locid_transform v1.5.0
[INFO] [stderr]    Compiling icu_properties v1.5.1
[INFO] [stderr]    Compiling icu_normalizer v1.5.0
[INFO] [stderr]    Compiling idna_adapter v1.2.0
[INFO] [stderr]    Compiling idna v1.0.3
[INFO] [stderr]    Compiling url v2.5.4
[INFO] [stderr]    Compiling git2 v0.17.2
[INFO] [stderr]    Compiling conventional_commits_linter_lib v0.5.1 (/opt/rustwide/workdir)
[INFO] [stderr]     Finished `dev` profile [unoptimized + debuginfo] target(s) in 28.27s
[INFO] running `Command { std: "docker" "inspect" "c1a86987d988edbe485d406c938c0de65455efe87baa1ea96e76c567368328ae", kill_on_drop: false }`
[INFO] running `Command { std: "docker" "rm" "-f" "c1a86987d988edbe485d406c938c0de65455efe87baa1ea96e76c567368328ae", kill_on_drop: false }`
[INFO] [stdout] c1a86987d988edbe485d406c938c0de65455efe87baa1ea96e76c567368328ae
[INFO] running `Command { std: "docker" "create" "-v" "/var/lib/crater-agent-workspace/builds/worker-4-tc1/target:/opt/rustwide/target:rw,Z" "-v" "/var/lib/crater-agent-workspace/builds/worker-4-tc1/source:/opt/rustwide/workdir:ro,Z" "-v" "/var/lib/crater-agent-workspace/cargo-home:/opt/rustwide/cargo-home:ro,Z" "-v" "/var/lib/crater-agent-workspace/rustup-home:/opt/rustwide/rustup-home:ro,Z" "-e" "SOURCE_DIR=/opt/rustwide/workdir" "-e" "CARGO_TARGET_DIR=/opt/rustwide/target" "-e" "CARGO_INCREMENTAL=0" "-e" "RUST_BACKTRACE=full" "-e" "RUSTFLAGS=--cap-lints=warn" "-e" "RUSTDOCFLAGS=--cap-lints=warn" "-e" "CARGO_HOME=/opt/rustwide/cargo-home" "-e" "RUSTUP_HOME=/opt/rustwide/rustup-home" "-w" "/opt/rustwide/workdir" "-m" "1610612736" "--user" "0:0" "--network" "none" "ghcr.io/rust-lang/crates-build-env/linux@sha256:f3a9d4ad9d972b27faf3965f35b62e55ba32bbce8f20bc8fe909558a86702fde" "/opt/rustwide/cargo-home/bin/cargo" "+1.83.0" "test" "--frozen" "--no-run" "--message-format=json", kill_on_drop: false }`
[INFO] [stdout] c5918ed8f3e7e5d07c07f829e3b3548ba7251d7e56f53dbf0d4127e820cd344c
[INFO] running `Command { std: "docker" "start" "-a" "c5918ed8f3e7e5d07c07f829e3b3548ba7251d7e56f53dbf0d4127e820cd344c", kill_on_drop: false }`
[INFO] [stderr]    Compiling syn v2.0.90
[INFO] [stderr]    Compiling semver v1.0.24
[INFO] [stderr]    Compiling memchr v2.7.4
[INFO] [stderr]    Compiling autocfg v1.4.0
[INFO] [stderr]    Compiling cfg-if v1.0.0
[INFO] [stderr]    Compiling futures-sink v0.3.31
[INFO] [stderr]    Compiling byteorder v1.5.0
[INFO] [stderr]    Compiling futures-core v0.3.31
[INFO] [stderr]    Compiling pin-project-lite v0.2.15
[INFO] [stderr]    Compiling futures-task v0.3.31
[INFO] [stderr]    Compiling pin-utils v0.1.0
[INFO] [stderr]    Compiling futures-io v0.3.31
[INFO] [stderr]    Compiling relative-path v1.9.3
[INFO] [stderr]    Compiling glob v0.3.1
[INFO] [stderr]    Compiling console v0.15.8
[INFO] [stderr]    Compiling getrandom v0.2.15
[INFO] [stderr]    Compiling similar v2.6.0
[INFO] [stderr]    Compiling linked-hash-map v0.5.6
[INFO] [stderr]    Compiling futures-timer v3.0.3
[INFO] [stderr]    Compiling futures-channel v0.3.31
[INFO] [stderr]    Compiling rand_core v0.6.4
[INFO] [stderr]    Compiling slab v0.4.9
[INFO] [stderr]    Compiling rustc_version v0.4.1
[INFO] [stderr]    Compiling aho-corasick v1.1.3
[INFO] [stderr]    Compiling rstest_macros v0.18.2
[INFO] [stderr]    Compiling rstest_reuse v0.6.0
[INFO] [stderr]    Compiling insta v1.41.1
[INFO] [stderr]    Compiling regex-automata v0.4.9
[INFO] [stderr]    Compiling synstructure v0.13.1
[INFO] [stderr]    Compiling regex v1.11.1
[INFO] [stderr]    Compiling zerofrom-derive v0.1.5
[INFO] [stderr]    Compiling yoke-derive v0.7.5
[INFO] [stderr]    Compiling zerovec-derive v0.10.3
[INFO] [stderr]    Compiling displaydoc v0.2.5
[INFO] [stderr]    Compiling icu_provider_macros v1.5.0
[INFO] [stderr]    Compiling zerocopy-derive v0.7.35
[INFO] [stderr]    Compiling futures-macro v0.3.31
[INFO] [stderr]    Compiling serde_derive v1.0.216
[INFO] [stderr]    Compiling strum_macros v0.25.3
[INFO] [stderr]    Compiling zerocopy v0.7.35
[INFO] [stderr]    Compiling futures-util v0.3.31
[INFO] [stderr]    Compiling zerofrom v0.1.5
[INFO] [stderr]    Compiling yoke v0.7.5
[INFO] [stderr]    Compiling ppv-lite86 v0.2.20
[INFO] [stderr]    Compiling zerovec v0.10.4
[INFO] [stderr]    Compiling rand_chacha v0.3.1
[INFO] [stderr]    Compiling rand v0.8.5
[INFO] [stderr]    Compiling tinystr v0.7.6
[INFO] [stderr]    Compiling icu_collections v1.5.0
[INFO] [stderr]    Compiling icu_locid v1.5.0
[INFO] [stderr]    Compiling serde v1.0.216
[INFO] [stderr]    Compiling icu_provider v1.5.0
[INFO] [stderr]    Compiling icu_locid_transform v1.5.0
[INFO] [stderr]    Compiling futures-executor v0.3.31
[INFO] [stderr]    Compiling futures v0.3.31
[INFO] [stderr]    Compiling rstest v0.18.2
[INFO] [stderr]    Compiling icu_properties v1.5.1
[INFO] [stderr]    Compiling serde_json v1.0.133
[INFO] [stderr]    Compiling icu_normalizer v1.5.0
[INFO] [stderr]    Compiling idna_adapter v1.2.0
[INFO] [stderr]    Compiling idna v1.0.3
[INFO] [stderr]    Compiling url v2.5.4
[INFO] [stderr]    Compiling git2 v0.17.2
[INFO] [stderr]    Compiling conventional_commits_linter_lib v0.5.1 (/opt/rustwide/workdir)
[INFO] [stdout] warning: missing documentation for a struct
[INFO] [stdout]   --> src/commits/mod.rs:21:1
[INFO] [stdout]    |
[INFO] [stdout] 21 | pub struct Commits {
[INFO] [stdout]    | ^^^^^^^^^^^^^^^^^^
[INFO] [stdout]    |
[INFO] [stdout] note: the lint level is defined here
[INFO] [stdout]   --> src/lib.rs:2:9
[INFO] [stdout]    |
[INFO] [stdout] 2  | #![deny(missing_docs)]
[INFO] [stdout]    |         ^^^^^^^^^^^^
[INFO] [stdout] 
[INFO] [stdout] 
[INFO] [stderr]     Finished `test` profile [unoptimized + debuginfo] target(s) in 38.46s
[INFO] running `Command { std: "docker" "inspect" "c5918ed8f3e7e5d07c07f829e3b3548ba7251d7e56f53dbf0d4127e820cd344c", kill_on_drop: false }`
[INFO] running `Command { std: "docker" "rm" "-f" "c5918ed8f3e7e5d07c07f829e3b3548ba7251d7e56f53dbf0d4127e820cd344c", kill_on_drop: false }`
[INFO] [stdout] c5918ed8f3e7e5d07c07f829e3b3548ba7251d7e56f53dbf0d4127e820cd344c
[INFO] running `Command { std: "docker" "create" "-v" "/var/lib/crater-agent-workspace/builds/worker-4-tc1/target:/opt/rustwide/target:rw,Z" "-v" "/var/lib/crater-agent-workspace/builds/worker-4-tc1/source:/opt/rustwide/workdir:ro,Z" "-v" "/var/lib/crater-agent-workspace/cargo-home:/opt/rustwide/cargo-home:ro,Z" "-v" "/var/lib/crater-agent-workspace/rustup-home:/opt/rustwide/rustup-home:ro,Z" "-e" "SOURCE_DIR=/opt/rustwide/workdir" "-e" "CARGO_TARGET_DIR=/opt/rustwide/target" "-e" "CARGO_INCREMENTAL=0" "-e" "RUST_BACKTRACE=full" "-e" "RUSTFLAGS=--cap-lints=warn" "-e" "RUSTDOCFLAGS=--cap-lints=warn" "-e" "CARGO_HOME=/opt/rustwide/cargo-home" "-e" "RUSTUP_HOME=/opt/rustwide/rustup-home" "-w" "/opt/rustwide/workdir" "-m" "1610612736" "--user" "0:0" "--network" "none" "ghcr.io/rust-lang/crates-build-env/linux@sha256:f3a9d4ad9d972b27faf3965f35b62e55ba32bbce8f20bc8fe909558a86702fde" "/opt/rustwide/cargo-home/bin/cargo" "+1.83.0" "test" "--frozen", kill_on_drop: false }`
[INFO] [stdout] 4be9d0497a78755c6c01948bcac6e9537ce308492f739820351e8457debca059
[INFO] running `Command { std: "docker" "start" "-a" "4be9d0497a78755c6c01948bcac6e9537ce308492f739820351e8457debca059", kill_on_drop: false }`
[INFO] [stderr] warning: missing documentation for a struct
[INFO] [stderr]   --> src/commits/mod.rs:21:1
[INFO] [stderr]    |
[INFO] [stderr] 21 | pub struct Commits {
[INFO] [stderr]    | ^^^^^^^^^^^^^^^^^^
[INFO] [stderr]    |
[INFO] [stderr] note: the lint level is defined here
[INFO] [stderr]   --> src/lib.rs:2:9
[INFO] [stderr]    |
[INFO] [stderr] 2  | #![deny(missing_docs)]
[INFO] [stderr]    |         ^^^^^^^^^^^^
[INFO] [stderr] 
[INFO] [stderr] warning: `conventional_commits_linter_lib` (lib test) generated 1 warning
[INFO] [stderr]     Finished `test` profile [unoptimized + debuginfo] target(s) in 0.10s
[INFO] [stderr]      Running unittests src/lib.rs (/opt/rustwide/target/debug/deps/conventional_commits_linter_lib-9b8414130b0719a2)
[INFO] [stdout] 
[INFO] [stdout] running 98 tests
[INFO] [stdout] test commits::commit::tests::test_angular_type_conventional_commits::case_01 ... ok
[INFO] [stdout] test commits::commit::tests::test_angular_type_conventional_commits::case_08 ... ok
[INFO] [stdout] test commits::commit::tests::test_angular_type_conventional_commits::case_05 ... ok
[INFO] [stdout] test commits::commit::tests::test_angular_type_conventional_commits::case_07 ... ok
[INFO] [stdout] test commits::commit::tests::test_angular_type_conventional_commits::case_03 ... ok
[INFO] [stdout] test commits::commit::tests::test_angular_type_conventional_commits::case_06 ... ok
[INFO] [stdout] test commits::commit::tests::test_angular_type_conventional_commits::case_02 ... ok
[INFO] [stdout] test commits::commit::tests::test_angular_type_conventional_commits::case_04 ... ok
[INFO] [stdout] test commits::commit::tests::test_angular_type_conventional_commits::case_09 ... ok
[INFO] [stdout] test commits::commit::tests::test_angular_type_conventional_commits::case_10 ... ok
[INFO] [stdout] test commits::commit::tests::test_angular_type_conventional_commits::case_14 ... ok
[INFO] [stdout] test commits::commit::tests::test_angular_type_conventional_commits::case_15 ... ok
[INFO] [stdout] test commits::commit::tests::test_angular_type_conventional_commits::case_16 ... ok
[INFO] [stdout] test commits::commit::tests::test_angular_type_conventional_commits::case_17 ... ok
[INFO] [stdout] test commits::commit::tests::test_angular_type_conventional_commits::case_20 ... ok
[INFO] [stdout] test commits::commit::tests::test_angular_type_conventional_commits::case_19 ... ok
[INFO] [stdout] test commits::commit::tests::test_angular_type_conventional_commits::case_21 ... ok
[INFO] [stdout] test commits::commit::tests::test_angular_type_conventional_commits::case_18 ... ok
[INFO] [stdout] test commits::commit::tests::test_angular_type_conventional_commits::case_22 ... ok
[INFO] [stdout] test commits::commit::tests::test_angular_type_conventional_commits::case_11 ... ok
[INFO] [stdout] test commits::commit::tests::test_angular_type_conventional_commits::case_12 ... ok
[INFO] [stdout] test commits::commit::tests::test_angular_type_conventional_commits::case_13 ... ok
[INFO] [stdout] test commits::commit::tests::test_angular_type_conventional_commits_and_only_angular_type::case_01 ... ok
[INFO] [stdout] test commits::commit::tests::test_angular_type_conventional_commits_and_only_angular_type::case_02 ... ok
[INFO] [stdout] test commits::commit::tests::test_angular_type_conventional_commits_and_only_angular_type::case_05 ... ok
[INFO] [stdout] test commits::commit::tests::test_angular_type_conventional_commits_and_only_angular_type::case_04 ... ok
[INFO] [stdout] test commits::commit::tests::test_angular_type_conventional_commits_and_only_angular_type::case_07 ... ok
[INFO] [stdout] test commits::commit::tests::test_angular_type_conventional_commits_and_only_angular_type::case_11 ... ok
[INFO] [stdout] test commits::commit::tests::test_angular_type_conventional_commits_and_only_angular_type::case_03 ... ok
[INFO] [stdout] test commits::commit::tests::test_angular_type_conventional_commits_and_only_angular_type::case_10 ... ok
[INFO] [stdout] test commits::commit::tests::test_angular_type_conventional_commits_and_only_angular_type::case_06 ... ok
[INFO] [stdout] test commits::commit::tests::test_angular_type_conventional_commits_and_only_angular_type::case_12 ... ok
[INFO] [stdout] test commits::commit::tests::test_angular_type_conventional_commits_and_only_angular_type::case_08 ... ok
[INFO] [stdout] test commits::commit::tests::test_angular_type_conventional_commits_and_only_angular_type::case_09 ... ok
[INFO] [stdout] test commits::commit::tests::test_angular_type_conventional_commits_and_only_angular_type::case_13 ... ok
[INFO] [stdout] test commits::commit::tests::test_angular_type_conventional_commits_and_only_angular_type::case_15 ... ok
[INFO] [stdout] test commits::commit::tests::test_angular_type_conventional_commits_and_only_angular_type::case_14 ... ok
[INFO] [stdout] test commits::commit::tests::test_angular_type_conventional_commits_and_only_angular_type::case_17 ... ok
[INFO] [stdout] test commits::commit::tests::test_angular_type_conventional_commits_and_only_angular_type::case_20 ... ok
[INFO] [stdout] test commits::commit::tests::test_angular_type_conventional_commits_and_only_angular_type::case_21 ... ok
[INFO] [stdout] test commits::commit::tests::test_angular_type_conventional_commits_and_only_angular_type::case_16 ... ok
[INFO] [stdout] test commits::commit::tests::test_non_angular_type_conventional_commits::case_02 ... ok
[INFO] [stdout] test commits::commit::tests::test_angular_type_conventional_commits_and_only_angular_type::case_19 ... ok
[INFO] [stdout] test commits::commit::tests::test_angular_type_conventional_commits_and_only_angular_type::case_18 ... ok
[INFO] [stdout] test commits::commit::tests::test_non_angular_type_conventional_commits::case_06 ... ok
[INFO] [stdout] test commits::commit::tests::test_non_angular_type_conventional_commits::case_04 ... ok
[INFO] [stdout] test commits::commit::tests::test_non_angular_type_conventional_commits::case_07 ... ok
[INFO] [stdout] test commits::commit::tests::test_non_angular_type_conventional_commits::case_08 ... ok
[INFO] [stdout] test commits::commit::tests::test_non_angular_type_conventional_commits::case_10 ... ok
[INFO] [stdout] test commits::commit::tests::test_non_angular_type_conventional_commits::case_09 ... ok
[INFO] [stdout] test commits::commit::tests::test_non_angular_type_conventional_commits::case_11 ... ok
[INFO] [stdout] test commits::commit::tests::test_non_angular_type_conventional_commits::case_12 ... ok
[INFO] [stdout] test commits::commit::tests::test_non_angular_type_conventional_commits::case_13 ... ok
[INFO] [stdout] test commits::commit::tests::test_non_angular_type_conventional_commits::case_14 ... ok
[INFO] [stdout] test commits::commit::tests::test_non_angular_type_conventional_commits::case_03 ... ok
[INFO] [stdout] test commits::commit::tests::test_non_angular_type_conventional_commits::case_05 ... ok
[INFO] [stdout] test commits::commit::tests::test_non_angular_type_conventional_commits::case_01 ... ok
[INFO] [stdout] test commits::commit::tests::test_non_angular_type_conventional_commits::case_15 ... ok
[INFO] [stdout] test commits::commit::tests::test_angular_type_conventional_commits_and_only_angular_type::case_22 ... ok
[INFO] [stdout] test commits::commit::tests::test_non_angular_type_conventional_commits::case_16 ... ok
[INFO] [stdout] test commits::commit::tests::test_non_angular_type_conventional_commits::case_18 ... ok
[INFO] [stdout] test commits::commit::tests::test_non_angular_type_conventional_commits_and_only_angular_type::case_01 ... ok
[INFO] [stdout] test commits::commit::tests::test_non_angular_type_conventional_commits_and_only_angular_type::case_02 ... ok
[INFO] [stdout] test commits::commit::tests::test_non_angular_type_conventional_commits_and_only_angular_type::case_03 ... ok
[INFO] [stdout] test commits::commit::tests::test_non_angular_type_conventional_commits_and_only_angular_type::case_05 ... ok
[INFO] [stdout] test commits::commit::tests::test_non_angular_type_conventional_commits_and_only_angular_type::case_04 ... ok
[INFO] [stdout] test commits::commit::tests::test_non_angular_type_conventional_commits_and_only_angular_type::case_09 ... ok
[INFO] [stdout] test commits::commit::tests::test_non_angular_type_conventional_commits_and_only_angular_type::case_10 ... ok
[INFO] [stdout] test commits::commit::tests::test_non_angular_type_conventional_commits_and_only_angular_type::case_11 ... ok
[INFO] [stdout] test commits::commit::tests::test_non_angular_type_conventional_commits_and_only_angular_type::case_13 ... ok
[INFO] [stdout] test commits::commit::tests::test_non_angular_type_conventional_commits_and_only_angular_type::case_14 ... ok
[INFO] [stdout] test commits::commit::tests::test_non_angular_type_conventional_commits_and_only_angular_type::case_17 ... ok
[INFO] [stdout] test commits::commit::tests::test_non_angular_type_conventional_commits_and_only_angular_type::case_06 ... ok
[INFO] [stdout] test commits::commit::tests::test_non_angular_type_conventional_commits_and_only_angular_type::case_12 ... ok
[INFO] [stdout] test commits::commit::tests::test_non_angular_type_conventional_commits::case_17 ... ok
[INFO] [stdout] test commits::commit::tests::test_non_angular_type_conventional_commits_and_only_angular_type::case_07 ... ok
[INFO] [stdout] test commits::commit::tests::test_non_angular_type_conventional_commits_and_only_angular_type::case_08 ... ok
[INFO] [stdout] test commits::commit::tests::test_non_angular_type_conventional_commits_and_only_angular_type::case_16 ... ok
[INFO] [stdout] test commits::commit::tests::test_non_angular_type_conventional_commits_and_only_angular_type::case_15 ... ok
[INFO] [stdout] test commits::commit::tests::test_non_angular_type_conventional_commits_and_only_angular_type::case_18 ... ok
[INFO] [stdout] test commits::commit::tests::test_non_conventional_commits_fail_linting::case_4 ... ok
[INFO] [stdout] test commits::commit::tests::test_non_conventional_commits_fail_linting::case_3 ... ok
[INFO] [stdout] test commits::commit::tests::test_non_conventional_commits_fail_linting::case_2 ... ok
[INFO] [stdout] test commits::commit::tests::test_non_conventional_commits_fail_linting::case_1 ... ok
[INFO] [stdout] test linting_errors::pretty::tests::test_pretty_print_from_commit_message::case_2 ... ok
[INFO] [stdout] test linting_errors::json::tests::test_json_print_from_commit_message::case_1 ... ok
[INFO] [stdout] test linting_errors::pretty::tests::test_pretty_print_from_commit_message::case_3 ... ok
[INFO] [stdout] test linting_errors::pretty::tests::test_pretty_print_from_commit_message::case_1 ... ok
[INFO] [stdout] test linting_errors::json::tests::test_json_print_from_commit_message::case_2 ... ok
[INFO] [stdout] test linting_errors::json::tests::test_json_print_from_git::case_1 ... ok
[INFO] [stdout] test linting_errors::json::tests::test_json_print_from_commit_message::case_3 ... ok
[INFO] [stdout] test linting_errors::json::tests::test_json_print_from_git::case_2 ... ok
[INFO] [stdout] test linting_errors::pretty::tests::test_pretty_print_from_git::case_1 ... ok
[INFO] [stdout] test linting_errors::pretty::tests::test_pretty_print_from_git::case_2 ... ok
[INFO] [stdout] test commits::commit::tests::generated_tests::test_non_angular_type_commits_with_no_angular_type_only_assertion ... ok
[INFO] [stdout] test commits::commit::tests::generated_tests::test_non_angular_type_commits_with_angular_type_only_assertion ... ok
[INFO] [stdout] test commits::commit::tests::generated_tests::test_angular_type_commits_with_no_angular_type_only_assertion ... ok
[INFO] [stdout] test commits::commit::tests::generated_tests::test_angular_type_commits_with_angular_type_only_assertion ... ok
[INFO] [stdout] 
[INFO] [stdout] test result: ok. 98 passed; 0 failed; 0 ignored; 0 measured; 0 filtered out; finished in 1.60s
[INFO] [stdout] 
[INFO] [stderr]    Doc-tests conventional_commits_linter_lib
[INFO] [stdout] 
[INFO] [stdout] running 6 tests
[INFO] [stdout] test src/commits/mod.rs - commits::Commits::from_reference (line 60) ... FAILED
[INFO] [stdout] test src/commits/mod.rs - commits::Commits::from_reference (line 50) ... FAILED
[INFO] [stdout] test src/commits/mod.rs - commits::Commits::from_commit_message (line 32) ... ok
[INFO] [stdout] test src/commits/mod.rs - commits::Commits::from_commit_hash (line 86) ... FAILED
[INFO] [stdout] test src/commits/mod.rs - commits::Commits::lint (line 120) ... ok
[INFO] [stdout] test src/commits/mod.rs - commits::Commits::from_commit_hash (line 96) ... FAILED
[INFO] [stdout] 
[INFO] [stdout] failures:
[INFO] [stdout] 
[INFO] [stdout] ---- src/commits/mod.rs - commits::Commits::from_reference (line 60) stdout ----
[INFO] [stdout] Test executable failed (exit status: 101).
[INFO] [stdout] 
[INFO] [stdout] stderr:
[INFO] [stdout] thread 'main' panicked at src/commits/mod.rs:8:46:
[INFO] [stdout] called `Result::unwrap()` on an `Err` value: Error { code: -3, klass: 6, message: "could not find repository from '.'" }
[INFO] [stdout] stack backtrace:
[INFO] [stdout]    0:     0x6206f682e90a - std::backtrace_rs::backtrace::libunwind::trace::h5a5b8284f2d0c266
[INFO] [stdout]                                at /rustc/90b35a6239c3d8bdabc530a6a0816f7ff89a0aaf/library/std/src/../../backtrace/src/backtrace/libunwind.rs:116:5
[INFO] [stdout]    1:     0x6206f682e90a - std::backtrace_rs::backtrace::trace_unsynchronized::h76d4f1c9b0b875e3
[INFO] [stdout]                                at /rustc/90b35a6239c3d8bdabc530a6a0816f7ff89a0aaf/library/std/src/../../backtrace/src/backtrace/mod.rs:66:5
[INFO] [stdout]    2:     0x6206f682e90a - std::sys::backtrace::_print_fmt::hc4546b8364a537c6
[INFO] [stdout]                                at /rustc/90b35a6239c3d8bdabc530a6a0816f7ff89a0aaf/library/std/src/sys/backtrace.rs:66:9
[INFO] [stdout]    3:     0x6206f682e90a - <std::sys::backtrace::BacktraceLock::print::DisplayBacktrace as core::fmt::Display>::fmt::h5b6bd5631a6d1f6b
[INFO] [stdout]                                at /rustc/90b35a6239c3d8bdabc530a6a0816f7ff89a0aaf/library/std/src/sys/backtrace.rs:39:26
[INFO] [stdout]    4:     0x6206f684a283 - core::fmt::rt::Argument::fmt::h270f6602a2b96f62
[INFO] [stdout]                                at /rustc/90b35a6239c3d8bdabc530a6a0816f7ff89a0aaf/library/core/src/fmt/rt.rs:177:76
[INFO] [stdout]    5:     0x6206f684a283 - core::fmt::write::h7550c97b06c86515
[INFO] [stdout]                                at /rustc/90b35a6239c3d8bdabc530a6a0816f7ff89a0aaf/library/core/src/fmt/mod.rs:1186:21
[INFO] [stdout]    6:     0x6206f682c6a3 - std::io::Write::write_fmt::h7b09c64fe0be9c84
[INFO] [stdout]                                at /rustc/90b35a6239c3d8bdabc530a6a0816f7ff89a0aaf/library/std/src/io/mod.rs:1839:15
[INFO] [stdout]    7:     0x6206f682e752 - std::sys::backtrace::BacktraceLock::print::h2395ccd2c84ba3aa
[INFO] [stdout]                                at /rustc/90b35a6239c3d8bdabc530a6a0816f7ff89a0aaf/library/std/src/sys/backtrace.rs:42:9
[INFO] [stdout]    8:     0x6206f682f6fc - std::panicking::default_hook::{{closure}}::he19d4c7230e07961
[INFO] [stdout]                                at /rustc/90b35a6239c3d8bdabc530a6a0816f7ff89a0aaf/library/std/src/panicking.rs:268:22
[INFO] [stdout]    9:     0x6206f682f542 - std::panicking::default_hook::hf614597d3c67bbdb
[INFO] [stdout]                                at /rustc/90b35a6239c3d8bdabc530a6a0816f7ff89a0aaf/library/std/src/panicking.rs:295:9
[INFO] [stdout]   10:     0x6206f682fcd7 - std::panicking::rust_panic_with_hook::h8942133a8b252070
[INFO] [stdout]                                at /rustc/90b35a6239c3d8bdabc530a6a0816f7ff89a0aaf/library/std/src/panicking.rs:801:13
[INFO] [stdout]   11:     0x6206f682fb6a - std::panicking::begin_panic_handler::{{closure}}::hb5f5963570096b29
[INFO] [stdout]                                at /rustc/90b35a6239c3d8bdabc530a6a0816f7ff89a0aaf/library/std/src/panicking.rs:674:13
[INFO] [stdout]   12:     0x6206f682ede9 - std::sys::backtrace::__rust_end_short_backtrace::h6208cedc1922feda
[INFO] [stdout]                                at /rustc/90b35a6239c3d8bdabc530a6a0816f7ff89a0aaf/library/std/src/sys/backtrace.rs:170:18
[INFO] [stdout]   13:     0x6206f682f7fc - rust_begin_unwind
[INFO] [stdout]                                at /rustc/90b35a6239c3d8bdabc530a6a0816f7ff89a0aaf/library/std/src/panicking.rs:665:5
[INFO] [stdout]   14:     0x6206f6774520 - core::panicking::panic_fmt::h0c3082644d1bf418
[INFO] [stdout]                                at /rustc/90b35a6239c3d8bdabc530a6a0816f7ff89a0aaf/library/core/src/panicking.rs:74:14
[INFO] [stdout]   15:     0x6206f6774936 - core::result::unwrap_failed::hd20b4aa073bda1e2
[INFO] [stdout]                                at /rustc/90b35a6239c3d8bdabc530a6a0816f7ff89a0aaf/library/core/src/result.rs:1700:5
[INFO] [stdout]   16:     0x6206f6775461 - rust_out::main::_doctest_main_src_commits_mod_rs_60_0::h4b43caaf3a4111a5
[INFO] [stdout]   17:     0x6206f67753e6 - rust_out::main::h86d391cc11b8a827
[INFO] [stdout]   18:     0x6206f67751c3 - core::ops::function::FnOnce::call_once::hd1e0b33d350e8c2e
[INFO] [stdout]   19:     0x6206f6775126 - std::sys::backtrace::__rust_begin_short_backtrace::hb7c4fd168269da08
[INFO] [stdout]   20:     0x6206f6775109 - std::rt::lang_start::{{closure}}::h7630186e3858a44d
[INFO] [stdout]   21:     0x6206f682adde - core::ops::function::impls::<impl core::ops::function::FnOnce<A> for &F>::call_once::hfdb85f4ee94732d3
[INFO] [stdout]                                at /rustc/90b35a6239c3d8bdabc530a6a0816f7ff89a0aaf/library/core/src/ops/function.rs:284:13
[INFO] [stdout]   22:     0x6206f682adde - std::panicking::try::do_call::h6e577310f330cbef
[INFO] [stdout]                                at /rustc/90b35a6239c3d8bdabc530a6a0816f7ff89a0aaf/library/std/src/panicking.rs:557:40
[INFO] [stdout]   23:     0x6206f682adde - std::panicking::try::ha588d438267d2645
[INFO] [stdout]                                at /rustc/90b35a6239c3d8bdabc530a6a0816f7ff89a0aaf/library/std/src/panicking.rs:520:19
[INFO] [stdout]   24:     0x6206f682adde - std::panic::catch_unwind::h429fda1e025f26d9
[INFO] [stdout]                                at /rustc/90b35a6239c3d8bdabc530a6a0816f7ff89a0aaf/library/std/src/panic.rs:358:14
[INFO] [stdout]   25:     0x6206f682adde - std::rt::lang_start_internal::{{closure}}::h7b731265e841c4bf
[INFO] [stdout]                                at /rustc/90b35a6239c3d8bdabc530a6a0816f7ff89a0aaf/library/std/src/rt.rs:174:48
[INFO] [stdout]   26:     0x6206f682adde - std::panicking::try::do_call::hc0f6a675b7ae5a36
[INFO] [stdout]                                at /rustc/90b35a6239c3d8bdabc530a6a0816f7ff89a0aaf/library/std/src/panicking.rs:557:40
[INFO] [stdout]   27:     0x6206f682adde - std::panicking::try::h4c93b7ff0671f1ff
[INFO] [stdout]                                at /rustc/90b35a6239c3d8bdabc530a6a0816f7ff89a0aaf/library/std/src/panicking.rs:520:19
[INFO] [stdout]   28:     0x6206f682adde - std::panic::catch_unwind::hcc1e154961d16ce6
[INFO] [stdout]                                at /rustc/90b35a6239c3d8bdabc530a6a0816f7ff89a0aaf/library/std/src/panic.rs:358:14
[INFO] [stdout]   29:     0x6206f682adde - std::rt::lang_start_internal::h1c66660c99c8424c
[INFO] [stdout]                                at /rustc/90b35a6239c3d8bdabc530a6a0816f7ff89a0aaf/library/std/src/rt.rs:174:20
[INFO] [stdout]   30:     0x6206f67750e7 - std::rt::lang_start::hcdb31f4834f76b8c
[INFO] [stdout]   31:     0x6206f6775645 - main
[INFO] [stdout]   32:     0x7bd7e5b20d90 - <unknown>
[INFO] [stdout]   33:     0x7bd7e5b20e40 - __libc_start_main
[INFO] [stdout]   34:     0x6206f6774cf5 - _start
[INFO] [stdout]   35:                0x0 - <unknown>
[INFO] [stdout] 
[INFO] [stdout] 
[INFO] [stdout] ---- src/commits/mod.rs - commits::Commits::from_reference (line 50) stdout ----
[INFO] [stdout] Test executable failed (exit status: 101).
[INFO] [stdout] 
[INFO] [stdout] stderr:
[INFO] [stdout] thread 'main' panicked at src/commits/mod.rs:8:46:
[INFO] [stdout] called `Result::unwrap()` on an `Err` value: Error { code: -3, klass: 6, message: "could not find repository from '.'" }
[INFO] [stdout] stack backtrace:
[INFO] [stdout]    0:     0x5914db91b90a - std::backtrace_rs::backtrace::libunwind::trace::h5a5b8284f2d0c266
[INFO] [stdout]                                at /rustc/90b35a6239c3d8bdabc530a6a0816f7ff89a0aaf/library/std/src/../../backtrace/src/backtrace/libunwind.rs:116:5
[INFO] [stdout]    1:     0x5914db91b90a - std::backtrace_rs::backtrace::trace_unsynchronized::h76d4f1c9b0b875e3
[INFO] [stdout]                                at /rustc/90b35a6239c3d8bdabc530a6a0816f7ff89a0aaf/library/std/src/../../backtrace/src/backtrace/mod.rs:66:5
[INFO] [stdout]    2:     0x5914db91b90a - std::sys::backtrace::_print_fmt::hc4546b8364a537c6
[INFO] [stdout]                                at /rustc/90b35a6239c3d8bdabc530a6a0816f7ff89a0aaf/library/std/src/sys/backtrace.rs:66:9
[INFO] [stdout]    3:     0x5914db91b90a - <std::sys::backtrace::BacktraceLock::print::DisplayBacktrace as core::fmt::Display>::fmt::h5b6bd5631a6d1f6b
[INFO] [stdout]                                at /rustc/90b35a6239c3d8bdabc530a6a0816f7ff89a0aaf/library/std/src/sys/backtrace.rs:39:26
[INFO] [stdout]    4:     0x5914db937283 - core::fmt::rt::Argument::fmt::h270f6602a2b96f62
[INFO] [stdout]                                at /rustc/90b35a6239c3d8bdabc530a6a0816f7ff89a0aaf/library/core/src/fmt/rt.rs:177:76
[INFO] [stdout]    5:     0x5914db937283 - core::fmt::write::h7550c97b06c86515
[INFO] [stdout]                                at /rustc/90b35a6239c3d8bdabc530a6a0816f7ff89a0aaf/library/core/src/fmt/mod.rs:1186:21
[INFO] [stdout]    6:     0x5914db9196a3 - std::io::Write::write_fmt::h7b09c64fe0be9c84
[INFO] [stdout]                                at /rustc/90b35a6239c3d8bdabc530a6a0816f7ff89a0aaf/library/std/src/io/mod.rs:1839:15
[INFO] [stdout]    7:     0x5914db91b752 - std::sys::backtrace::BacktraceLock::print::h2395ccd2c84ba3aa
[INFO] [stdout]                                at /rustc/90b35a6239c3d8bdabc530a6a0816f7ff89a0aaf/library/std/src/sys/backtrace.rs:42:9
[INFO] [stdout]    8:     0x5914db91c6fc - std::panicking::default_hook::{{closure}}::he19d4c7230e07961
[INFO] [stdout]                                at /rustc/90b35a6239c3d8bdabc530a6a0816f7ff89a0aaf/library/std/src/panicking.rs:268:22
[INFO] [stdout]    9:     0x5914db91c542 - std::panicking::default_hook::hf614597d3c67bbdb
[INFO] [stdout]                                at /rustc/90b35a6239c3d8bdabc530a6a0816f7ff89a0aaf/library/std/src/panicking.rs:295:9
[INFO] [stdout]   10:     0x5914db91ccd7 - std::panicking::rust_panic_with_hook::h8942133a8b252070
[INFO] [stdout]                                at /rustc/90b35a6239c3d8bdabc530a6a0816f7ff89a0aaf/library/std/src/panicking.rs:801:13
[INFO] [stdout]   11:     0x5914db91cb6a - std::panicking::begin_panic_handler::{{closure}}::hb5f5963570096b29
[INFO] [stdout]                                at /rustc/90b35a6239c3d8bdabc530a6a0816f7ff89a0aaf/library/std/src/panicking.rs:674:13
[INFO] [stdout]   12:     0x5914db91bde9 - std::sys::backtrace::__rust_end_short_backtrace::h6208cedc1922feda
[INFO] [stdout]                                at /rustc/90b35a6239c3d8bdabc530a6a0816f7ff89a0aaf/library/std/src/sys/backtrace.rs:170:18
[INFO] [stdout]   13:     0x5914db91c7fc - rust_begin_unwind
[INFO] [stdout]                                at /rustc/90b35a6239c3d8bdabc530a6a0816f7ff89a0aaf/library/std/src/panicking.rs:665:5
[INFO] [stdout]   14:     0x5914db861520 - core::panicking::panic_fmt::h0c3082644d1bf418
[INFO] [stdout]                                at /rustc/90b35a6239c3d8bdabc530a6a0816f7ff89a0aaf/library/core/src/panicking.rs:74:14
[INFO] [stdout]   15:     0x5914db861936 - core::result::unwrap_failed::hd20b4aa073bda1e2
[INFO] [stdout]                                at /rustc/90b35a6239c3d8bdabc530a6a0816f7ff89a0aaf/library/core/src/result.rs:1700:5
[INFO] [stdout]   16:     0x5914db862461 - rust_out::main::_doctest_main_src_commits_mod_rs_50_0::hb294d17db4b119ae
[INFO] [stdout]   17:     0x5914db8623e6 - rust_out::main::h86d391cc11b8a827
[INFO] [stdout]   18:     0x5914db8621c3 - core::ops::function::FnOnce::call_once::hd1e0b33d350e8c2e
[INFO] [stdout]   19:     0x5914db862126 - std::sys::backtrace::__rust_begin_short_backtrace::hb7c4fd168269da08
[INFO] [stdout]   20:     0x5914db862109 - std::rt::lang_start::{{closure}}::h7630186e3858a44d
[INFO] [stdout]   21:     0x5914db917dde - core::ops::function::impls::<impl core::ops::function::FnOnce<A> for &F>::call_once::hfdb85f4ee94732d3
[INFO] [stdout]                                at /rustc/90b35a6239c3d8bdabc530a6a0816f7ff89a0aaf/library/core/src/ops/function.rs:284:13
[INFO] [stdout]   22:     0x5914db917dde - std::panicking::try::do_call::h6e577310f330cbef
[INFO] [stdout]                                at /rustc/90b35a6239c3d8bdabc530a6a0816f7ff89a0aaf/library/std/src/panicking.rs:557:40
[INFO] [stdout]   23:     0x5914db917dde - std::panicking::try::ha588d438267d2645
[INFO] [stdout]                                at /rustc/90b35a6239c3d8bdabc530a6a0816f7ff89a0aaf/library/std/src/panicking.rs:520:19
[INFO] [stdout]   24:     0x5914db917dde - std::panic::catch_unwind::h429fda1e025f26d9
[INFO] [stdout]                                at /rustc/90b35a6239c3d8bdabc530a6a0816f7ff89a0aaf/library/std/src/panic.rs:358:14
[INFO] [stdout]   25:     0x5914db917dde - std::rt::lang_start_internal::{{closure}}::h7b731265e841c4bf
[INFO] [stdout]                                at /rustc/90b35a6239c3d8bdabc530a6a0816f7ff89a0aaf/library/std/src/rt.rs:174:48
[INFO] [stdout]   26:     0x5914db917dde - std::panicking::try::do_call::hc0f6a675b7ae5a36
[INFO] [stdout]                                at /rustc/90b35a6239c3d8bdabc530a6a0816f7ff89a0aaf/library/std/src/panicking.rs:557:40
[INFO] [stdout]   27:     0x5914db917dde - std::panicking::try::h4c93b7ff0671f1ff
[INFO] [stdout]                                at /rustc/90b35a6239c3d8bdabc530a6a0816f7ff89a0aaf/library/std/src/panicking.rs:520:19
[INFO] [stdout]   28:     0x5914db917dde - std::panic::catch_unwind::hcc1e154961d16ce6
[INFO] [stdout]                                at /rustc/90b35a6239c3d8bdabc530a6a0816f7ff89a0aaf/library/std/src/panic.rs:358:14
[INFO] [stdout]   29:     0x5914db917dde - std::rt::lang_start_internal::h1c66660c99c8424c
[INFO] [stdout]                                at /rustc/90b35a6239c3d8bdabc530a6a0816f7ff89a0aaf/library/std/src/rt.rs:174:20
[INFO] [stdout]   30:     0x5914db8620e7 - std::rt::lang_start::hcdb31f4834f76b8c
[INFO] [stdout]   31:     0x5914db862645 - main
[INFO] [stdout]   32:     0x70310de60d90 - <unknown>
[INFO] [stdout]   33:     0x70310de60e40 - __libc_start_main
[INFO] [stdout]   34:     0x5914db861cf5 - _start
[INFO] [stdout]   35:                0x0 - <unknown>
[INFO] [stdout] 
[INFO] [stdout] 
[INFO] [stdout] ---- src/commits/mod.rs - commits::Commits::from_commit_hash (line 86) stdout ----
[INFO] [stdout] Test executable failed (exit status: 101).
[INFO] [stdout] 
[INFO] [stdout] stderr:
[INFO] [stdout] thread 'main' panicked at src/commits/mod.rs:8:46:
[INFO] [stdout] called `Result::unwrap()` on an `Err` value: Error { code: -3, klass: 6, message: "could not find repository from '.'" }
[INFO] [stdout] stack backtrace:
[INFO] [stdout]    0:     0x5b2358bd627a - std::backtrace_rs::backtrace::libunwind::trace::h5a5b8284f2d0c266
[INFO] [stdout]                                at /rustc/90b35a6239c3d8bdabc530a6a0816f7ff89a0aaf/library/std/src/../../backtrace/src/backtrace/libunwind.rs:116:5
[INFO] [stdout]    1:     0x5b2358bd627a - std::backtrace_rs::backtrace::trace_unsynchronized::h76d4f1c9b0b875e3
[INFO] [stdout]                                at /rustc/90b35a6239c3d8bdabc530a6a0816f7ff89a0aaf/library/std/src/../../backtrace/src/backtrace/mod.rs:66:5
[INFO] [stdout]    2:     0x5b2358bd627a - std::sys::backtrace::_print_fmt::hc4546b8364a537c6
[INFO] [stdout]                                at /rustc/90b35a6239c3d8bdabc530a6a0816f7ff89a0aaf/library/std/src/sys/backtrace.rs:66:9
[INFO] [stdout]    3:     0x5b2358bd627a - <std::sys::backtrace::BacktraceLock::print::DisplayBacktrace as core::fmt::Display>::fmt::h5b6bd5631a6d1f6b
[INFO] [stdout]                                at /rustc/90b35a6239c3d8bdabc530a6a0816f7ff89a0aaf/library/std/src/sys/backtrace.rs:39:26
[INFO] [stdout]    4:     0x5b2358bf2883 - core::fmt::rt::Argument::fmt::h270f6602a2b96f62
[INFO] [stdout]                                at /rustc/90b35a6239c3d8bdabc530a6a0816f7ff89a0aaf/library/core/src/fmt/rt.rs:177:76
[INFO] [stdout]    5:     0x5b2358bf2883 - core::fmt::write::h7550c97b06c86515
[INFO] [stdout]                                at /rustc/90b35a6239c3d8bdabc530a6a0816f7ff89a0aaf/library/core/src/fmt/mod.rs:1186:21
[INFO] [stdout]    6:     0x5b2358bd4013 - std::io::Write::write_fmt::h7b09c64fe0be9c84
[INFO] [stdout]                                at /rustc/90b35a6239c3d8bdabc530a6a0816f7ff89a0aaf/library/std/src/io/mod.rs:1839:15
[INFO] [stdout]    7:     0x5b2358bd60c2 - std::sys::backtrace::BacktraceLock::print::h2395ccd2c84ba3aa
[INFO] [stdout]                                at /rustc/90b35a6239c3d8bdabc530a6a0816f7ff89a0aaf/library/std/src/sys/backtrace.rs:42:9
[INFO] [stdout]    8:     0x5b2358bd706c - std::panicking::default_hook::{{closure}}::he19d4c7230e07961
[INFO] [stdout]                                at /rustc/90b35a6239c3d8bdabc530a6a0816f7ff89a0aaf/library/std/src/panicking.rs:268:22
[INFO] [stdout]    9:     0x5b2358bd6eb2 - std::panicking::default_hook::hf614597d3c67bbdb
[INFO] [stdout]                                at /rustc/90b35a6239c3d8bdabc530a6a0816f7ff89a0aaf/library/std/src/panicking.rs:295:9
[INFO] [stdout]   10:     0x5b2358bd7647 - std::panicking::rust_panic_with_hook::h8942133a8b252070
[INFO] [stdout]                                at /rustc/90b35a6239c3d8bdabc530a6a0816f7ff89a0aaf/library/std/src/panicking.rs:801:13
[INFO] [stdout]   11:     0x5b2358bd74da - std::panicking::begin_panic_handler::{{closure}}::hb5f5963570096b29
[INFO] [stdout]                                at /rustc/90b35a6239c3d8bdabc530a6a0816f7ff89a0aaf/library/std/src/panicking.rs:674:13
[INFO] [stdout]   12:     0x5b2358bd6759 - std::sys::backtrace::__rust_end_short_backtrace::h6208cedc1922feda
[INFO] [stdout]                                at /rustc/90b35a6239c3d8bdabc530a6a0816f7ff89a0aaf/library/std/src/sys/backtrace.rs:170:18
[INFO] [stdout]   13:     0x5b2358bd716c - rust_begin_unwind
[INFO] [stdout]                                at /rustc/90b35a6239c3d8bdabc530a6a0816f7ff89a0aaf/library/std/src/panicking.rs:665:5
[INFO] [stdout]   14:     0x5b2358b19520 - core::panicking::panic_fmt::h0c3082644d1bf418
[INFO] [stdout]                                at /rustc/90b35a6239c3d8bdabc530a6a0816f7ff89a0aaf/library/core/src/panicking.rs:74:14
[INFO] [stdout]   15:     0x5b2358b19936 - core::result::unwrap_failed::hd20b4aa073bda1e2
[INFO] [stdout]                                at /rustc/90b35a6239c3d8bdabc530a6a0816f7ff89a0aaf/library/core/src/result.rs:1700:5
[INFO] [stdout]   16:     0x5b2358b1a461 - rust_out::main::_doctest_main_src_commits_mod_rs_86_0::h6b34522aff4f6f9e
[INFO] [stdout]   17:     0x5b2358b1a3e6 - rust_out::main::h86d391cc11b8a827
[INFO] [stdout]   18:     0x5b2358b1a1c3 - core::ops::function::FnOnce::call_once::hd1e0b33d350e8c2e
[INFO] [stdout]   19:     0x5b2358b1a126 - std::sys::backtrace::__rust_begin_short_backtrace::hb7c4fd168269da08
[INFO] [stdout]   20:     0x5b2358b1a109 - std::rt::lang_start::{{closure}}::h7630186e3858a44d
[INFO] [stdout]   21:     0x5b2358bd274e - core::ops::function::impls::<impl core::ops::function::FnOnce<A> for &F>::call_once::hfdb85f4ee94732d3
[INFO] [stdout]                                at /rustc/90b35a6239c3d8bdabc530a6a0816f7ff89a0aaf/library/core/src/ops/function.rs:284:13
[INFO] [stdout]   22:     0x5b2358bd274e - std::panicking::try::do_call::h6e577310f330cbef
[INFO] [stdout]                                at /rustc/90b35a6239c3d8bdabc530a6a0816f7ff89a0aaf/library/std/src/panicking.rs:557:40
[INFO] [stdout]   23:     0x5b2358bd274e - std::panicking::try::ha588d438267d2645
[INFO] [stdout]                                at /rustc/90b35a6239c3d8bdabc530a6a0816f7ff89a0aaf/library/std/src/panicking.rs:520:19
[INFO] [stdout]   24:     0x5b2358bd274e - std::panic::catch_unwind::h429fda1e025f26d9
[INFO] [stdout]                                at /rustc/90b35a6239c3d8bdabc530a6a0816f7ff89a0aaf/library/std/src/panic.rs:358:14
[INFO] [stdout]   25:     0x5b2358bd274e - std::rt::lang_start_internal::{{closure}}::h7b731265e841c4bf
[INFO] [stdout]                                at /rustc/90b35a6239c3d8bdabc530a6a0816f7ff89a0aaf/library/std/src/rt.rs:174:48
[INFO] [stdout]   26:     0x5b2358bd274e - std::panicking::try::do_call::hc0f6a675b7ae5a36
[INFO] [stdout]                                at /rustc/90b35a6239c3d8bdabc530a6a0816f7ff89a0aaf/library/std/src/panicking.rs:557:40
[INFO] [stdout]   27:     0x5b2358bd274e - std::panicking::try::h4c93b7ff0671f1ff
[INFO] [stdout]                                at /rustc/90b35a6239c3d8bdabc530a6a0816f7ff89a0aaf/library/std/src/panicking.rs:520:19
[INFO] [stdout]   28:     0x5b2358bd274e - std::panic::catch_unwind::hcc1e154961d16ce6
[INFO] [stdout]                                at /rustc/90b35a6239c3d8bdabc530a6a0816f7ff89a0aaf/library/std/src/panic.rs:358:14
[INFO] [stdout]   29:     0x5b2358bd274e - std::rt::lang_start_internal::h1c66660c99c8424c
[INFO] [stdout]                                at /rustc/90b35a6239c3d8bdabc530a6a0816f7ff89a0aaf/library/std/src/rt.rs:174:20
[INFO] [stdout]   30:     0x5b2358b1a0e7 - std::rt::lang_start::hcdb31f4834f76b8c
[INFO] [stdout]   31:     0x5b2358b1a645 - main
[INFO] [stdout]   32:     0x7178399b4d90 - <unknown>
[INFO] [stdout]   33:     0x7178399b4e40 - __libc_start_main
[INFO] [stdout]   34:     0x5b2358b19cf5 - _start
[INFO] [stdout]   35:                0x0 - <unknown>
[INFO] [stdout] 
[INFO] [stdout] 
[INFO] [stdout] ---- src/commits/mod.rs - commits::Commits::from_commit_hash (line 96) stdout ----
[INFO] [stdout] Test executable failed (exit status: 101).
[INFO] [stdout] 
[INFO] [stdout] stderr:
[INFO] [stdout] thread 'main' panicked at src/commits/mod.rs:8:46:
[INFO] [stdout] called `Result::unwrap()` on an `Err` value: Error { code: -3, klass: 6, message: "could not find repository from '.'" }
[INFO] [stdout] stack backtrace:
[INFO] [stdout]    0:     0x640846bbb27a - std::backtrace_rs::backtrace::libunwind::trace::h5a5b8284f2d0c266
[INFO] [stdout]                                at /rustc/90b35a6239c3d8bdabc530a6a0816f7ff89a0aaf/library/std/src/../../backtrace/src/backtrace/libunwind.rs:116:5
[INFO] [stdout]    1:     0x640846bbb27a - std::backtrace_rs::backtrace::trace_unsynchronized::h76d4f1c9b0b875e3
[INFO] [stdout]                                at /rustc/90b35a6239c3d8bdabc530a6a0816f7ff89a0aaf/library/std/src/../../backtrace/src/backtrace/mod.rs:66:5
[INFO] [stdout]    2:     0x640846bbb27a - std::sys::backtrace::_print_fmt::hc4546b8364a537c6
[INFO] [stdout]                                at /rustc/90b35a6239c3d8bdabc530a6a0816f7ff89a0aaf/library/std/src/sys/backtrace.rs:66:9
[INFO] [stdout]    3:     0x640846bbb27a - <std::sys::backtrace::BacktraceLock::print::DisplayBacktrace as core::fmt::Display>::fmt::h5b6bd5631a6d1f6b
[INFO] [stdout]                                at /rustc/90b35a6239c3d8bdabc530a6a0816f7ff89a0aaf/library/std/src/sys/backtrace.rs:39:26
[INFO] [stdout]    4:     0x640846bd7883 - core::fmt::rt::Argument::fmt::h270f6602a2b96f62
[INFO] [stdout]                                at /rustc/90b35a6239c3d8bdabc530a6a0816f7ff89a0aaf/library/core/src/fmt/rt.rs:177:76
[INFO] [stdout]    5:     0x640846bd7883 - core::fmt::write::h7550c97b06c86515
[INFO] [stdout]                                at /rustc/90b35a6239c3d8bdabc530a6a0816f7ff89a0aaf/library/core/src/fmt/mod.rs:1186:21
[INFO] [stdout]    6:     0x640846bb9013 - std::io::Write::write_fmt::h7b09c64fe0be9c84
[INFO] [stdout]                                at /rustc/90b35a6239c3d8bdabc530a6a0816f7ff89a0aaf/library/std/src/io/mod.rs:1839:15
[INFO] [stdout]    7:     0x640846bbb0c2 - std::sys::backtrace::BacktraceLock::print::h2395ccd2c84ba3aa
[INFO] [stdout]                                at /rustc/90b35a6239c3d8bdabc530a6a0816f7ff89a0aaf/library/std/src/sys/backtrace.rs:42:9
[INFO] [stdout]    8:     0x640846bbc06c - std::panicking::default_hook::{{closure}}::he19d4c7230e07961
[INFO] [stdout]                                at /rustc/90b35a6239c3d8bdabc530a6a0816f7ff89a0aaf/library/std/src/panicking.rs:268:22
[INFO] [stdout]    9:     0x640846bbbeb2 - std::panicking::default_hook::hf614597d3c67bbdb
[INFO] [stdout]                                at /rustc/90b35a6239c3d8bdabc530a6a0816f7ff89a0aaf/library/std/src/panicking.rs:295:9
[INFO] [stdout]   10:     0x640846bbc647 - std::panicking::rust_panic_with_hook::h8942133a8b252070
[INFO] [stdout]                                at /rustc/90b35a6239c3d8bdabc530a6a0816f7ff89a0aaf/library/std/src/panicking.rs:801:13
[INFO] [stdout]   11:     0x640846bbc4da - std::panicking::begin_panic_handler::{{closure}}::hb5f5963570096b29
[INFO] [stdout]                                at /rustc/90b35a6239c3d8bdabc530a6a0816f7ff89a0aaf/library/std/src/panicking.rs:674:13
[INFO] [stdout]   12:     0x640846bbb759 - std::sys::backtrace::__rust_end_short_backtrace::h6208cedc1922feda
[INFO] [stdout]                                at /rustc/90b35a6239c3d8bdabc530a6a0816f7ff89a0aaf/library/std/src/sys/backtrace.rs:170:18
[INFO] [stdout]   13:     0x640846bbc16c - rust_begin_unwind
[INFO] [stdout]                                at /rustc/90b35a6239c3d8bdabc530a6a0816f7ff89a0aaf/library/std/src/panicking.rs:665:5
[INFO] [stdout]   14:     0x640846afe520 - core::panicking::panic_fmt::h0c3082644d1bf418
[INFO] [stdout]                                at /rustc/90b35a6239c3d8bdabc530a6a0816f7ff89a0aaf/library/core/src/panicking.rs:74:14
[INFO] [stdout]   15:     0x640846afe936 - core::result::unwrap_failed::hd20b4aa073bda1e2
[INFO] [stdout]                                at /rustc/90b35a6239c3d8bdabc530a6a0816f7ff89a0aaf/library/core/src/result.rs:1700:5
[INFO] [stdout]   16:     0x640846aff461 - rust_out::main::_doctest_main_src_commits_mod_rs_96_0::hf5b122930f393b66
[INFO] [stdout]   17:     0x640846aff3e6 - rust_out::main::h86d391cc11b8a827
[INFO] [stdout]   18:     0x640846aff1c3 - core::ops::function::FnOnce::call_once::hd1e0b33d350e8c2e
[INFO] [stdout]   19:     0x640846aff126 - std::sys::backtrace::__rust_begin_short_backtrace::hb7c4fd168269da08
[INFO] [stdout]   20:     0x640846aff109 - std::rt::lang_start::{{closure}}::h7630186e3858a44d
[INFO] [stdout]   21:     0x640846bb774e - core::ops::function::impls::<impl core::ops::function::FnOnce<A> for &F>::call_once::hfdb85f4ee94732d3
[INFO] [stdout]                                at /rustc/90b35a6239c3d8bdabc530a6a0816f7ff89a0aaf/library/core/src/ops/function.rs:284:13
[INFO] [stdout]   22:     0x640846bb774e - std::panicking::try::do_call::h6e577310f330cbef
[INFO] [stdout]                                at /rustc/90b35a6239c3d8bdabc530a6a0816f7ff89a0aaf/library/std/src/panicking.rs:557:40
[INFO] [stdout]   23:     0x640846bb774e - std::panicking::try::ha588d438267d2645
[INFO] [stdout]                                at /rustc/90b35a6239c3d8bdabc530a6a0816f7ff89a0aaf/library/std/src/panicking.rs:520:19
[INFO] [stdout]   24:     0x640846bb774e - std::panic::catch_unwind::h429fda1e025f26d9
[INFO] [stdout]                                at /rustc/90b35a6239c3d8bdabc530a6a0816f7ff89a0aaf/library/std/src/panic.rs:358:14
[INFO] [stdout]   25:     0x640846bb774e - std::rt::lang_start_internal::{{closure}}::h7b731265e841c4bf
[INFO] [stdout]                                at /rustc/90b35a6239c3d8bdabc530a6a0816f7ff89a0aaf/library/std/src/rt.rs:174:48
[INFO] [stdout]   26:     0x640846bb774e - std::panicking::try::do_call::hc0f6a675b7ae5a36
[INFO] [stdout]                                at /rustc/90b35a6239c3d8bdabc530a6a0816f7ff89a0aaf/library/std/src/panicking.rs:557:40
[INFO] [stdout]   27:     0x640846bb774e - std::panicking::try::h4c93b7ff0671f1ff
[INFO] [stdout]                                at /rustc/90b35a6239c3d8bdabc530a6a0816f7ff89a0aaf/library/std/src/panicking.rs:520:19
[INFO] [stdout]   28:     0x640846bb774e - std::panic::catch_unwind::hcc1e154961d16ce6
[INFO] [stdout]                                at /rustc/90b35a6239c3d8bdabc530a6a0816f7ff89a0aaf/library/std/src/panic.rs:358:14
[INFO] [stdout]   29:     0x640846bb774e - std::rt::lang_start_internal::h1c66660c99c8424c
[INFO] [stdout]                                at /rustc/90b35a6239c3d8bdabc530a6a0816f7ff89a0aaf/library/std/src/rt.rs:174:20
[INFO] [stdout]   30:     0x640846aff0e7 - std::rt::lang_start::hcdb31f4834f76b8c
[INFO] [stdout]   31:     0x640846aff645 - main
[INFO] [stdout]   32:     0x74be36edfd90 - <unknown>
[INFO] [stdout]   33:     0x74be36edfe40 - __libc_start_main
[INFO] [stdout]   34:     0x640846afecf5 - _start
[INFO] [stdout]   35:                0x0 - <unknown>
[INFO] [stdout] 
[INFO] [stdout] 
[INFO] [stdout] 
[INFO] [stdout] failures:
[INFO] [stdout]     src/commits/mod.rs - commits::Commits::from_commit_hash (line 86)
[INFO] [stdout]     src/commits/mod.rs - commits::Commits::from_commit_hash (line 96)
[INFO] [stdout]     src/commits/mod.rs - commits::Commits::from_reference (line 50)
[INFO] [stdout]     src/commits/mod.rs - commits::Commits::from_reference (line 60)
[INFO] [stdout] 
[INFO] [stdout] test result: FAILED. 2 passed; 4 failed; 0 ignored; 0 measured; 0 filtered out; finished in 3.34s
[INFO] [stdout] 
[INFO] [stderr] error: doctest failed, to rerun pass `--doc`
[INFO] running `Command { std: "docker" "inspect" "4be9d0497a78755c6c01948bcac6e9537ce308492f739820351e8457debca059", kill_on_drop: false }`
[INFO] running `Command { std: "docker" "rm" "-f" "4be9d0497a78755c6c01948bcac6e9537ce308492f739820351e8457debca059", kill_on_drop: false }`
[INFO] [stdout] 4be9d0497a78755c6c01948bcac6e9537ce308492f739820351e8457debca059
