[INFO] fetching crate conva_ai 0.0.3...
[INFO] testing conva_ai-0.0.3 against 1.83.0 for beta-1.84.0-4-retry
[INFO] extracting crate conva_ai 0.0.3 into /workspace/builds/worker-2-tc1/source
[INFO] validating manifest of crates.io crate conva_ai 0.0.3 on toolchain 1.83.0
[INFO] running `Command { std: CARGO_HOME="/workspace/cargo-home" RUSTUP_HOME="/workspace/rustup-home" "/workspace/cargo-home/bin/cargo" "+1.83.0" "metadata" "--manifest-path" "Cargo.toml" "--no-deps", kill_on_drop: false }`
[INFO] started tweaking crates.io crate conva_ai 0.0.3
[INFO] finished tweaking crates.io crate conva_ai 0.0.3
[INFO] tweaked toml for crates.io crate conva_ai 0.0.3 written to /workspace/builds/worker-2-tc1/source/Cargo.toml
[INFO] running `Command { std: CARGO_HOME="/workspace/cargo-home" RUSTUP_HOME="/workspace/rustup-home" "/workspace/cargo-home/bin/cargo" "+1.83.0" "generate-lockfile" "--manifest-path" "Cargo.toml", kill_on_drop: false }`
[INFO] [stderr]     Blocking waiting for file lock on package cache
[INFO] [stderr]     Updating crates.io index
[INFO] [stderr]     Blocking waiting for file lock on package cache
[INFO] [stderr]      Locking 185 packages to latest compatible versions
[INFO] running `Command { std: CARGO_HOME="/workspace/cargo-home" RUSTUP_HOME="/workspace/rustup-home" "/workspace/cargo-home/bin/cargo" "+1.83.0" "fetch" "--manifest-path" "Cargo.toml", kill_on_drop: false }`
[INFO] [stderr]     Blocking waiting for file lock on package cache
[INFO] [stderr]  Downloading crates ...
[INFO] [stderr]   Downloaded machine-uid v0.5.3
[INFO] [stderr]   Downloaded reqwest-eventsource v0.6.0
[INFO] running `Command { std: "docker" "create" "-v" "/var/lib/crater-agent-workspace/builds/worker-2-tc1/target:/opt/rustwide/target:rw,Z" "-v" "/var/lib/crater-agent-workspace/builds/worker-2-tc1/source:/opt/rustwide/workdir:ro,Z" "-v" "/var/lib/crater-agent-workspace/cargo-home:/opt/rustwide/cargo-home:ro,Z" "-v" "/var/lib/crater-agent-workspace/rustup-home:/opt/rustwide/rustup-home:ro,Z" "-e" "SOURCE_DIR=/opt/rustwide/workdir" "-e" "CARGO_TARGET_DIR=/opt/rustwide/target" "-e" "CARGO_HOME=/opt/rustwide/cargo-home" "-e" "RUSTUP_HOME=/opt/rustwide/rustup-home" "-w" "/opt/rustwide/workdir" "-m" "1610612736" "--user" "0:0" "--network" "none" "ghcr.io/rust-lang/crates-build-env/linux@sha256:f3a9d4ad9d972b27faf3965f35b62e55ba32bbce8f20bc8fe909558a86702fde" "/opt/rustwide/cargo-home/bin/cargo" "+1.83.0" "metadata" "--no-deps" "--format-version=1", kill_on_drop: false }`
[INFO] [stdout] 145cede7993d62651652757fb038e3eb1cea2a951c5e0961e8f46e7fbe0797f1
[INFO] running `Command { std: "docker" "start" "-a" "145cede7993d62651652757fb038e3eb1cea2a951c5e0961e8f46e7fbe0797f1", kill_on_drop: false }`
[INFO] running `Command { std: "docker" "inspect" "145cede7993d62651652757fb038e3eb1cea2a951c5e0961e8f46e7fbe0797f1", kill_on_drop: false }`
[INFO] running `Command { std: "docker" "rm" "-f" "145cede7993d62651652757fb038e3eb1cea2a951c5e0961e8f46e7fbe0797f1", kill_on_drop: false }`
[INFO] [stdout] 145cede7993d62651652757fb038e3eb1cea2a951c5e0961e8f46e7fbe0797f1
[INFO] running `Command { std: "docker" "create" "-v" "/var/lib/crater-agent-workspace/builds/worker-2-tc1/target:/opt/rustwide/target:rw,Z" "-v" "/var/lib/crater-agent-workspace/builds/worker-2-tc1/source:/opt/rustwide/workdir:ro,Z" "-v" "/var/lib/crater-agent-workspace/cargo-home:/opt/rustwide/cargo-home:ro,Z" "-v" "/var/lib/crater-agent-workspace/rustup-home:/opt/rustwide/rustup-home:ro,Z" "-e" "SOURCE_DIR=/opt/rustwide/workdir" "-e" "CARGO_TARGET_DIR=/opt/rustwide/target" "-e" "CARGO_INCREMENTAL=0" "-e" "RUST_BACKTRACE=full" "-e" "RUSTFLAGS=--cap-lints=warn" "-e" "RUSTDOCFLAGS=--cap-lints=warn" "-e" "CARGO_HOME=/opt/rustwide/cargo-home" "-e" "RUSTUP_HOME=/opt/rustwide/rustup-home" "-w" "/opt/rustwide/workdir" "-m" "1610612736" "--user" "0:0" "--network" "none" "ghcr.io/rust-lang/crates-build-env/linux@sha256:f3a9d4ad9d972b27faf3965f35b62e55ba32bbce8f20bc8fe909558a86702fde" "/opt/rustwide/cargo-home/bin/cargo" "+1.83.0" "build" "--frozen" "--message-format=json", kill_on_drop: false }`
[INFO] [stdout] 232a761fa9d198c23e5b98c57c9de2d8617b66f38d02537d0be6423d6743e3ad
[INFO] running `Command { std: "docker" "start" "-a" "232a761fa9d198c23e5b98c57c9de2d8617b66f38d02537d0be6423d6743e3ad", kill_on_drop: false }`
[INFO] [stderr]    Compiling proc-macro2 v1.0.92
[INFO] [stderr]    Compiling unicode-ident v1.0.14
[INFO] [stderr]    Compiling libc v0.2.168
[INFO] [stderr]    Compiling stable_deref_trait v1.2.0
[INFO] [stderr]    Compiling pin-project-lite v0.2.15
[INFO] [stderr]    Compiling futures-core v0.3.31
[INFO] [stderr]    Compiling cfg-if v1.0.0
[INFO] [stderr]    Compiling shlex v1.3.0
[INFO] [stderr]    Compiling bytes v1.9.0
[INFO] [stderr]    Compiling vcpkg v0.2.15
[INFO] [stderr]    Compiling autocfg v1.4.0
[INFO] [stderr]    Compiling pkg-config v0.3.31
[INFO] [stderr]    Compiling itoa v1.0.14
[INFO] [stderr]    Compiling once_cell v1.20.2
[INFO] [stderr]    Compiling writeable v0.5.5
[INFO] [stderr]    Compiling litemap v0.7.4
[INFO] [stderr]    Compiling fnv v1.0.7
[INFO] [stderr]    Compiling smallvec v1.13.2
[INFO] [stderr]    Compiling icu_locid_transform_data v1.5.0
[INFO] [stderr]    Compiling pin-utils v0.1.0
[INFO] [stderr]    Compiling icu_properties_data v1.5.0
[INFO] [stderr]    Compiling futures-task v0.3.31
[INFO] [stderr]    Compiling hashbrown v0.15.2
[INFO] [stderr]    Compiling equivalent v1.0.1
[INFO] [stderr]    Compiling openssl v0.10.68
[INFO] [stderr]    Compiling cc v1.2.4
[INFO] [stderr]    Compiling httparse v1.9.5
[INFO] [stderr]    Compiling tracing-core v0.1.33
[INFO] [stderr]    Compiling futures-sink v0.3.31
[INFO] [stderr]    Compiling foreign-types-shared v0.1.1
[INFO] [stderr]    Compiling try-lock v0.2.5
[INFO] [stderr]    Compiling icu_normalizer_data v1.5.0
[INFO] [stderr]    Compiling utf16_iter v1.0.5
[INFO] [stderr]    Compiling http v1.2.0
[INFO] [stderr]    Compiling foreign-types v0.3.2
[INFO] [stderr]    Compiling utf8_iter v1.0.4
[INFO] [stderr]    Compiling serde v1.0.216
[INFO] [stderr]    Compiling bitflags v2.6.0
[INFO] [stderr]    Compiling native-tls v0.2.12
[INFO] [stderr]    Compiling write16 v1.0.0
[INFO] [stderr]    Compiling slab v0.4.9
[INFO] [stderr]    Compiling atomic-waker v1.1.2
[INFO] [stderr]    Compiling want v0.3.1
[INFO] [stderr]    Compiling indexmap v2.7.0
[INFO] [stderr]    Compiling futures-channel v0.3.31
[INFO] [stderr]    Compiling memchr v2.7.4
[INFO] [stderr]    Compiling openssl-probe v0.1.5
[INFO] [stderr]    Compiling log v0.4.22
[INFO] [stderr]    Compiling quote v1.0.37
[INFO] [stderr]    Compiling tracing v0.1.41
[INFO] [stderr]    Compiling percent-encoding v2.3.1
[INFO] [stderr]    Compiling byteorder v1.5.0
[INFO] [stderr]    Compiling form_urlencoded v1.2.1
[INFO] [stderr]    Compiling serde_json v1.0.133
[INFO] [stderr]    Compiling ryu v1.0.18
[INFO] [stderr]    Compiling tower-service v0.3.3
[INFO] [stderr]    Compiling minimal-lexical v0.2.1
[INFO] [stderr]    Compiling rustls-pki-types v1.10.1
[INFO] [stderr]    Compiling thiserror v1.0.69
[INFO] [stderr]    Compiling encoding_rs v0.8.35
[INFO] [stderr]    Compiling sync_wrapper v1.0.2
[INFO] [stderr]    Compiling mime v0.3.17
[INFO] [stderr]    Compiling nom v7.1.3
[INFO] [stderr]    Compiling ipnet v2.10.1
[INFO] [stderr]    Compiling mio v1.0.3
[INFO] [stderr]    Compiling socket2 v0.5.8
[INFO] [stderr]    Compiling syn v2.0.90
[INFO] [stderr]    Compiling getrandom v0.2.15
[INFO] [stderr]    Compiling base64 v0.22.1
[INFO] [stderr]    Compiling futures-timer v3.0.3
[INFO] [stderr]    Compiling machine-uid v0.5.3
[INFO] [stderr]    Compiling rand_core v0.6.4
[INFO] [stderr]    Compiling rustls-pemfile v2.2.0
[INFO] [stderr]    Compiling http-body v1.0.1
[INFO] [stderr]    Compiling tokio v1.42.0
[INFO] [stderr]    Compiling openssl-sys v0.9.104
[INFO] [stderr]    Compiling eventsource-stream v0.2.3
[INFO] [stderr]    Compiling synstructure v0.13.1
[INFO] [stderr]    Compiling tokio-util v0.7.13
[INFO] [stderr]    Compiling zerofrom-derive v0.1.5
[INFO] [stderr]    Compiling yoke-derive v0.7.5
[INFO] [stderr]    Compiling zerovec-derive v0.10.3
[INFO] [stderr]    Compiling displaydoc v0.2.5
[INFO] [stderr]    Compiling icu_provider_macros v1.5.0
[INFO] [stderr]    Compiling futures-macro v0.3.31
[INFO] [stderr]    Compiling openssl-macros v0.1.1
[INFO] [stderr]    Compiling zerocopy-derive v0.7.35
[INFO] [stderr]    Compiling serde_derive v1.0.216
[INFO] [stderr]    Compiling thiserror-impl v1.0.69
[INFO] [stderr]    Compiling async-stream-impl v0.3.6
[INFO] [stderr]    Compiling uuid-macro-internal v1.11.0
[INFO] [stderr]    Compiling h2 v0.4.7
[INFO] [stderr]    Compiling async-trait v0.1.83
[INFO] [stderr]    Compiling async-stream v0.3.6
[INFO] [stderr]    Compiling zerofrom v0.1.5
[INFO] [stderr]    Compiling zerocopy v0.7.35
[INFO] [stderr]    Compiling futures-util v0.3.31
[INFO] [stderr]    Compiling yoke v0.7.5
[INFO] [stderr]    Compiling zerovec v0.10.4
[INFO] [stderr]    Compiling ppv-lite86 v0.2.20
[INFO] [stderr]    Compiling rand_chacha v0.3.1
[INFO] [stderr]    Compiling rand v0.8.5
[INFO] [stderr]    Compiling tinystr v0.7.6
[INFO] [stderr]    Compiling icu_collections v1.5.0
[INFO] [stderr]    Compiling icu_locid v1.5.0
[INFO] [stderr]    Compiling uuid v1.11.0
[INFO] [stderr]    Compiling icu_provider v1.5.0
[INFO] [stderr]    Compiling icu_locid_transform v1.5.0
[INFO] [stderr]    Compiling hyper v1.5.1
[INFO] [stderr]    Compiling http-body-util v0.1.2
[INFO] [stderr]    Compiling icu_properties v1.5.1
[INFO] [stderr]    Compiling tokio-native-tls v0.3.1
[INFO] [stderr]    Compiling hyper-util v0.1.10
[INFO] [stderr]    Compiling hyper-tls v0.6.0
[INFO] [stderr]    Compiling serde_urlencoded v0.7.1
[INFO] [stderr]    Compiling icu_normalizer v1.5.0
[INFO] [stderr]    Compiling idna_adapter v1.2.0
[INFO] [stderr]    Compiling idna v1.0.3
[INFO] [stderr]    Compiling url v2.5.4
[INFO] [stderr]    Compiling reqwest v0.12.9
[INFO] [stderr]    Compiling reqwest-eventsource v0.6.0
[INFO] [stderr]    Compiling conva_ai v0.0.3 (/opt/rustwide/workdir)
[INFO] [stderr]     Finished `dev` profile [unoptimized + debuginfo] target(s) in 50.50s
[INFO] running `Command { std: "docker" "inspect" "232a761fa9d198c23e5b98c57c9de2d8617b66f38d02537d0be6423d6743e3ad", kill_on_drop: false }`
[INFO] running `Command { std: "docker" "rm" "-f" "232a761fa9d198c23e5b98c57c9de2d8617b66f38d02537d0be6423d6743e3ad", kill_on_drop: false }`
[INFO] [stdout] 232a761fa9d198c23e5b98c57c9de2d8617b66f38d02537d0be6423d6743e3ad
[INFO] running `Command { std: "docker" "create" "-v" "/var/lib/crater-agent-workspace/builds/worker-2-tc1/target:/opt/rustwide/target:rw,Z" "-v" "/var/lib/crater-agent-workspace/builds/worker-2-tc1/source:/opt/rustwide/workdir:ro,Z" "-v" "/var/lib/crater-agent-workspace/cargo-home:/opt/rustwide/cargo-home:ro,Z" "-v" "/var/lib/crater-agent-workspace/rustup-home:/opt/rustwide/rustup-home:ro,Z" "-e" "SOURCE_DIR=/opt/rustwide/workdir" "-e" "CARGO_TARGET_DIR=/opt/rustwide/target" "-e" "CARGO_INCREMENTAL=0" "-e" "RUST_BACKTRACE=full" "-e" "RUSTFLAGS=--cap-lints=warn" "-e" "RUSTDOCFLAGS=--cap-lints=warn" "-e" "CARGO_HOME=/opt/rustwide/cargo-home" "-e" "RUSTUP_HOME=/opt/rustwide/rustup-home" "-w" "/opt/rustwide/workdir" "-m" "1610612736" "--user" "0:0" "--network" "none" "ghcr.io/rust-lang/crates-build-env/linux@sha256:f3a9d4ad9d972b27faf3965f35b62e55ba32bbce8f20bc8fe909558a86702fde" "/opt/rustwide/cargo-home/bin/cargo" "+1.83.0" "test" "--frozen" "--no-run" "--message-format=json", kill_on_drop: false }`
[INFO] [stdout] 895614780b588f827e57fe9ec416c3d043a6e94fb91103b2cd6e951e271f9ee2
[INFO] running `Command { std: "docker" "start" "-a" "895614780b588f827e57fe9ec416c3d043a6e94fb91103b2cd6e951e271f9ee2", kill_on_drop: false }`
[INFO] [stderr]    Compiling conva_ai v0.0.3 (/opt/rustwide/workdir)
[INFO] [stderr]     Finished `test` profile [unoptimized + debuginfo] target(s) in 0.86s
[INFO] running `Command { std: "docker" "inspect" "895614780b588f827e57fe9ec416c3d043a6e94fb91103b2cd6e951e271f9ee2", kill_on_drop: false }`
[INFO] running `Command { std: "docker" "rm" "-f" "895614780b588f827e57fe9ec416c3d043a6e94fb91103b2cd6e951e271f9ee2", kill_on_drop: false }`
[INFO] [stdout] 895614780b588f827e57fe9ec416c3d043a6e94fb91103b2cd6e951e271f9ee2
[INFO] running `Command { std: "docker" "create" "-v" "/var/lib/crater-agent-workspace/builds/worker-2-tc1/target:/opt/rustwide/target:rw,Z" "-v" "/var/lib/crater-agent-workspace/builds/worker-2-tc1/source:/opt/rustwide/workdir:ro,Z" "-v" "/var/lib/crater-agent-workspace/cargo-home:/opt/rustwide/cargo-home:ro,Z" "-v" "/var/lib/crater-agent-workspace/rustup-home:/opt/rustwide/rustup-home:ro,Z" "-e" "SOURCE_DIR=/opt/rustwide/workdir" "-e" "CARGO_TARGET_DIR=/opt/rustwide/target" "-e" "CARGO_INCREMENTAL=0" "-e" "RUST_BACKTRACE=full" "-e" "RUSTFLAGS=--cap-lints=warn" "-e" "RUSTDOCFLAGS=--cap-lints=warn" "-e" "CARGO_HOME=/opt/rustwide/cargo-home" "-e" "RUSTUP_HOME=/opt/rustwide/rustup-home" "-w" "/opt/rustwide/workdir" "-m" "1610612736" "--user" "0:0" "--network" "none" "ghcr.io/rust-lang/crates-build-env/linux@sha256:f3a9d4ad9d972b27faf3965f35b62e55ba32bbce8f20bc8fe909558a86702fde" "/opt/rustwide/cargo-home/bin/cargo" "+1.83.0" "test" "--frozen", kill_on_drop: false }`
[INFO] [stdout] df98d4dd72123e2f46e834aa89f745cfd9321ce5f9c2aef58705c8fe7e61cec4
[INFO] running `Command { std: "docker" "start" "-a" "df98d4dd72123e2f46e834aa89f745cfd9321ce5f9c2aef58705c8fe7e61cec4", kill_on_drop: false }`
[INFO] [stderr]     Finished `test` profile [unoptimized + debuginfo] target(s) in 0.16s
[INFO] [stderr]      Running unittests src/lib.rs (/opt/rustwide/target/debug/deps/conva_ai-dea499602376cf39)
[INFO] [stdout] 
[INFO] [stdout] running 0 tests
[INFO] [stdout] 
[INFO] [stdout] test result: ok. 0 passed; 0 failed; 0 ignored; 0 measured; 0 filtered out; finished in 0.00s
[INFO] [stdout] 
[INFO] [stderr]    Doc-tests conva_ai
[INFO] [stdout] 
[INFO] [stdout] running 7 tests
[INFO] [stdout] test src/lib.rs - BaseClient::clear_history (line 109) ... FAILED
[INFO] [stdout] test src/response.rs - response::ConvaAIResponse::to_model (line 71) ... ok
[INFO] [stdout] test src/response.rs - response::ConvaAIResponse::new (line 44) ... ok
[INFO] [stdout] test src/lib.rs - BaseClient::invoke_capability (line 134) ... ok
[INFO] [stdout] test src/lib.rs - BaseClient::init (line 28) ... ok
[INFO] [stdout] test src/lib.rs - BaseClient::use_history (line 84) ... ok
[INFO] [stdout] test src/lib.rs - BaseClient::new (line 54) ... ok
[INFO] [stdout] 
[INFO] [stdout] failures:
[INFO] [stdout] 
[INFO] [stdout] ---- src/lib.rs - BaseClient::clear_history (line 109) stdout ----
[INFO] [stdout] error: linking with `cc` failed: exit status: 1
[INFO] [stdout]   |
[INFO] [stdout]   = note: LC_ALL="C" PATH="/opt/rustwide/rustup-home/toolchains/1.83.0-x86_64-unknown-linux-gnu/lib/rustlib/x86_64-unknown-linux-gnu/bin:/opt/rustwide/cargo-home/bin:/usr/local/sbin:/usr/local/bin:/usr/sbin:/usr/bin:/sbin:/bin" VSLANG="1033" "cc" "-m64" "/tmp/rustc4tOkLI/symbols.o" "/tmp/rustdoctestWIGoAd/rust_out.rust_out.cb03291d53e4e161-cgu.0.rcgu.o" "/tmp/rustdoctestWIGoAd/rust_out.1s7umcihpz0t7nkz1uc2ifee9.rcgu.o" "-Wl,--as-needed" "-Wl,-Bstatic" "/opt/rustwide/target/debug/deps/libconva_ai-f18eb71d0163847c.rlib" "/opt/rustwide/target/debug/deps/libmachine_uid-ae62e00bf6c20513.rlib" "/opt/rustwide/target/debug/deps/libuuid-e2d22b98168c705d.rlib" "/opt/rustwide/target/debug/deps/librand-0d074e24b8b37680.rlib" "/opt/rustwide/target/debug/deps/librand_chacha-b874109eb881f5e6.rlib" "/opt/rustwide/target/debug/deps/libppv_lite86-763e155e9057c0ef.rlib" "/opt/rustwide/target/debug/deps/libzerocopy-f592a9bbb6026ca9.rlib" "/opt/rustwide/target/debug/deps/libbyteorder-d36d73da0d12e75b.rlib" "/opt/rustwide/target/debug/deps/librand_core-1f8e996801df326c.rlib" "/opt/rustwide/target/debug/deps/libgetrandom-21e7353a01032e9e.rlib" "/opt/rustwide/target/debug/deps/libeventsource_stream-a3633c3474634c1b.rlib" "/opt/rustwide/target/debug/deps/libnom-330397ad8af74e03.rlib" "/opt/rustwide/target/debug/deps/libasync_stream-13fa9d6d00a07eae.rlib" "/opt/rustwide/target/debug/deps/libreqwest-596743f1ceceaa2c.rlib" "/opt/rustwide/target/debug/deps/librustls_pemfile-8f9c60f07a26beb7.rlib" "/opt/rustwide/target/debug/deps/librustls_pki_types-8caae85d2141bc18.rlib" "/opt/rustwide/target/debug/deps/libserde_urlencoded-a9f390d2cbb55fca.rlib" "/opt/rustwide/target/debug/deps/libsync_wrapper-c7e332bcb7decfd9.rlib" "/opt/rustwide/target/debug/deps/libbase64-1d5853d8a2dd9229.rlib" "/opt/rustwide/target/debug/deps/libipnet-8bcb02e74b665020.rlib" "/opt/rustwide/target/debug/deps/libhyper_tls-593356a31e694c20.rlib" "/opt/rustwide/target/debug/deps/libtokio_native_tls-c34da77a9ecd43d5.rlib" "/opt/rustwide/target/debug/deps/libmime-566b615028bbb9d4.rlib" "/opt/rustwide/target/debug/deps/libencoding_rs-769073f1aea0b84b.rlib" "/opt/rustwide/target/debug/deps/libserde_json-77588510e7ae6575.rlib" "/opt/rustwide/target/debug/deps/libmemchr-6b84ce758acd6c63.rlib" "/opt/rustwide/target/debug/deps/libryu-bba83beca99dd7c0.rlib" "/opt/rustwide/target/debug/deps/libserde-354ff5baba8f2859.rlib" "/opt/rustwide/target/debug/deps/libnative_tls-d91069212501eb15.rlib" "/opt/rustwide/target/debug/deps/libopenssl_probe-111dcb0b3b714b0f.rlib" "/opt/rustwide/target/debug/deps/libopenssl-fd41f5ed730108b8.rlib" "/opt/rustwide/target/debug/deps/libbitflags-53c76c4f639396f9.rlib" "/opt/rustwide/target/debug/deps/libforeign_types-504d8dbdd27ff197.rlib" "/opt/rustwide/target/debug/deps/libforeign_types_shared-f6b6a54f87ce1292.rlib" "/opt/rustwide/target/debug/deps/libcfg_if-8217498f8667ada9.rlib" "/opt/rustwide/target/debug/deps/libopenssl_sys-81f5a64be671e24b.rlib" "/opt/rustwide/target/debug/deps/libhyper_util-1b0f946f78c28b16.rlib" "/opt/rustwide/target/debug/deps/libtower_service-153488c259ad6c35.rlib" "/opt/rustwide/target/debug/deps/libhyper-fd5b47f347e33816.rlib" "/opt/rustwide/target/debug/deps/libwant-3f13e9c0d2560241.rlib" "/opt/rustwide/target/debug/deps/libtry_lock-f3f4362ed4ca7e4a.rlib" "/opt/rustwide/target/debug/deps/libhttparse-63cb856626cec0ca.rlib" "/opt/rustwide/target/debug/deps/libh2-4b3512ed59120b91.rlib" "/opt/rustwide/target/debug/deps/libtracing-beb7b925bbf6e179.rlib" "/opt/rustwide/target/debug/deps/libtracing_core-9b2ef5bfdc695f2a.rlib" "/opt/rustwide/target/debug/deps/libonce_cell-6f631f2a5f71cecc.rlib" "/opt/rustwide/target/debug/deps/libindexmap-10fc62c8bb74c388.rlib" "/opt/rustwide/target/debug/deps/libequivalent-4d5cfde55792e26d.rlib" "/opt/rustwide/target/debug/deps/libhashbrown-62cdb64ce3ed52bb.rlib" "/opt/rustwide/target/debug/deps/libatomic_waker-20cf0e6ccfae60b1.rlib" "/opt/rustwide/target/debug/deps/libfutures_channel-46d54cad4c5c024e.rlib" "/opt/rustwide/target/debug/deps/libtokio_util-9de96be717141563.rlib" "/opt/rustwide/target/debug/deps/libfutures_sink-140504a081023950.rlib" "/opt/rustwide/target/debug/deps/libtokio-cdc375a3abc31c88.rlib" "/opt/rustwide/target/debug/deps/libsocket2-cca1afe887309ed0.rlib" "/opt/rustwide/target/debug/deps/libmio-c1a951770e75a1cc.rlib" "/opt/rustwide/target/debug/deps/liblibc-48c07cb418e82d02.rlib" "/opt/rustwide/target/debug/deps/libhttp_body_util-91b1034a7b30346f.rlib" "/opt/rustwide/target/debug/deps/libhttp_body-f06908e32c21ec5d.rlib" "/opt/rustwide/target/debug/deps/liblog-2579a5a2dbce8c4d.rlib" "/opt/rustwide/target/debug/deps/liburl-258d752cd2ef9bfa.rlib" "/opt/rustwide/target/debug/deps/libidna-7c1493f7a86c4d1a.rlib" "/opt/rustwide/target/debug/deps/libidna_adapter-053472015eb38eca.rlib" "/opt/rustwide/target/debug/deps/libicu_normalizer-1a8d34af072462b1.rlib" "/opt/rustwide/target/debug/deps/libicu_normalizer_data-762e61f43eae08c2.rlib" "/opt/rustwide/target/debug/deps/libwrite16-85fd16f27fd45657.rlib" "/opt/rustwide/target/debug/deps/libutf8_iter-fbf995b92c341ba3.rlib" "/opt/rustwide/target/debug/deps/libutf16_iter-83f8708e12b6535a.rlib" "/opt/rustwide/target/debug/deps/libsmallvec-09a1a6c0c4f8c0ff.rlib" "/opt/rustwide/target/debug/deps/libicu_properties-b45845e82a30f4a9.rlib" "/opt/rustwide/target/debug/deps/libicu_properties_data-52a01acc947e4a6d.rlib" "/opt/rustwide/target/debug/deps/libicu_locid_transform-82bd93924dce6459.rlib" "/opt/rustwide/target/debug/deps/libicu_locid_transform_data-38f8208716c2d35a.rlib" "/opt/rustwide/target/debug/deps/libicu_collections-e22976f9b63a588c.rlib" "/opt/rustwide/target/debug/deps/libicu_provider-0a192b6d243af1bb.rlib" "/opt/rustwide/target/debug/deps/libicu_locid-bcbf8f604ac91f2c.rlib" "/opt/rustwide/target/debug/deps/liblitemap-a0ca3b3971bb4be7.rlib" "/opt/rustwide/target/debug/deps/libtinystr-999c74bfbe7ae26f.rlib" "/opt/rustwide/target/debug/deps/libzerovec-3131d8fdac09354d.rlib" "/opt/rustwide/target/debug/deps/libwriteable-c63e282ed55b92df.rlib" "/opt/rustwide/target/debug/deps/libyoke-4bdb3c1baab42d76.rlib" "/opt/rustwide/target/debug/deps/libzerofrom-8aeedf6ab819c6db.rlib" "/opt/rustwide/target/debug/deps/libstable_deref_trait-3602560bab1848e8.rlib" "/opt/rustwide/target/debug/deps/libform_urlencoded-533db7122d3ddfc5.rlib" "/opt/rustwide/target/debug/deps/libpercent_encoding-88cba40a7181d984.rlib" "/opt/rustwide/target/debug/deps/libhttp-2ee8c6cbda2c6611.rlib" "/opt/rustwide/target/debug/deps/libitoa-e8776415c5fe0047.rlib" "/opt/rustwide/target/debug/deps/libbytes-4283fbd60d33408b.rlib" "/opt/rustwide/target/debug/deps/libfnv-b4bd047f342dff07.rlib" "/opt/rustwide/target/debug/deps/libfutures_util-e18115abc0a155cb.rlib" "/opt/rustwide/target/debug/deps/libslab-083dd68e0bc19c95.rlib" "/opt/rustwide/target/debug/deps/libpin_project_lite-be51d264b86b6c5b.rlib" "/opt/rustwide/target/debug/deps/libfutures_task-b8cf8cc4fcc89c75.rlib" "/opt/rustwide/target/debug/deps/libpin_utils-6bd6355de79f98af.rlib" "/opt/rustwide/target/debug/deps/libfutures_core-6acc1f6b4df0dd33.rlib" "/opt/rustwide/rustup-home/toolchains/1.83.0-x86_64-unknown-linux-gnu/lib/rustlib/x86_64-unknown-linux-gnu/lib/libstd-ca74a2d9c5166d9f.rlib" "/opt/rustwide/rustup-home/toolchains/1.83.0-x86_64-unknown-linux-gnu/lib/rustlib/x86_64-unknown-linux-gnu/lib/libpanic_unwind-e31ab23316ed5080.rlib" "/opt/rustwide/rustup-home/toolchains/1.83.0-x86_64-unknown-linux-gnu/lib/rustlib/x86_64-unknown-linux-gnu/lib/libobject-27dc4aa955912662.rlib" "/opt/rustwide/rustup-home/toolchains/1.83.0-x86_64-unknown-linux-gnu/lib/rustlib/x86_64-unknown-linux-gnu/lib/libmemchr-bd0d6cccce077b99.rlib" "/opt/rustwide/rustup-home/toolchains/1.83.0-x86_64-unknown-linux-gnu/lib/rustlib/x86_64-unknown-linux-gnu/lib/libaddr2line-8d001680935b5e3c.rlib" "/opt/rustwide/rustup-home/toolchains/1.83.0-x86_64-unknown-linux-gnu/lib/rustlib/x86_64-unknown-linux-gnu/lib/libgimli-ba8ce71964f984f4.rlib" "/opt/rustwide/rustup-home/toolchains/1.83.0-x86_64-unknown-linux-gnu/lib/rustlib/x86_64-unknown-linux-gnu/lib/librustc_demangle-99a73526abcec14b.rlib" "/opt/rustwide/rustup-home/toolchains/1.83.0-x86_64-unknown-linux-gnu/lib/rustlib/x86_64-unknown-linux-gnu/lib/libstd_detect-63ac0d22cff92579.rlib" "/opt/rustwide/rustup-home/toolchains/1.83.0-x86_64-unknown-linux-gnu/lib/rustlib/x86_64-unknown-linux-gnu/lib/libhashbrown-9057355c92c922d5.rlib" "/opt/rustwide/rustup-home/toolchains/1.83.0-x86_64-unknown-linux-gnu/lib/rustlib/x86_64-unknown-linux-gnu/lib/librustc_std_workspace_alloc-358be9bc1f6bab04.rlib" "/opt/rustwide/rustup-home/toolchains/1.83.0-x86_64-unknown-linux-gnu/lib/rustlib/x86_64-unknown-linux-gnu/lib/libminiz_oxide-aca15549d5bff974.rlib" "/opt/rustwide/rustup-home/toolchains/1.83.0-x86_64-unknown-linux-gnu/lib/rustlib/x86_64-unknown-linux-gnu/lib/libadler-8251d2cef7072448.rlib" "/opt/rustwide/rustup-home/toolchains/1.83.0-x86_64-unknown-linux-gnu/lib/rustlib/x86_64-unknown-linux-gnu/lib/libunwind-7d50b86011c66411.rlib" "/opt/rustwide/rustup-home/toolchains/1.83.0-x86_64-unknown-linux-gnu/lib/rustlib/x86_64-unknown-linux-gnu/lib/libcfg_if-51ea098fce5006bf.rlib" "/opt/rustwide/rustup-home/toolchains/1.83.0-x86_64-unknown-linux-gnu/lib/rustlib/x86_64-unknown-linux-gnu/lib/liblibc-5a14e0d0b712e731.rlib" "/opt/rustwide/rustup-home/toolchains/1.83.0-x86_64-unknown-linux-gnu/lib/rustlib/x86_64-unknown-linux-gnu/lib/liballoc-8b83dbf3a7b8f999.rlib" "/opt/rustwide/rustup-home/toolchains/1.83.0-x86_64-unknown-linux-gnu/lib/rustlib/x86_64-unknown-linux-gnu/lib/librustc_std_workspace_core-c6fd227bdc7b39ff.rlib" "/opt/rustwide/rustup-home/toolchains/1.83.0-x86_64-unknown-linux-gnu/lib/rustlib/x86_64-unknown-linux-gnu/lib/libcore-959d3389fa3da8a5.rlib" "/opt/rustwide/rustup-home/toolchains/1.83.0-x86_64-unknown-linux-gnu/lib/rustlib/x86_64-unknown-linux-gnu/lib/libcompiler_builtins-abe05db089cc2c62.rlib" "-Wl,-Bdynamic" "-lssl" "-lcrypto" "-lgcc_s" "-lutil" "-lrt" "-lpthread" "-lm" "-ldl" "-lc" "-Wl,--eh-frame-hdr" "-Wl,-z,noexecstack" "-L" "/opt/rustwide/rustup-home/toolchains/1.83.0-x86_64-unknown-linux-gnu/lib/rustlib/x86_64-unknown-linux-gnu/lib" "-o" "/tmp/rustdoctestWIGoAd/rust_out" "-Wl,--gc-sections" "-pie" "-Wl,-z,relro,-z,now" "-nodefaultlibs"
[INFO] [stdout]   = note: collect2: fatal error: ld terminated with signal 9 [Killed]
[INFO] [stdout]           compilation terminated.
[INFO] [stdout]           
[INFO] [stdout] 
[INFO] [stdout] error: aborting due to 1 previous error
[INFO] [stdout] 
[INFO] [stdout] Couldn't compile the test.
[INFO] [stdout] 
[INFO] [stdout] failures:
[INFO] [stdout]     src/lib.rs - BaseClient::clear_history (line 109)
[INFO] [stdout] 
[INFO] [stdout] test result: FAILED. 6 passed; 1 failed; 0 ignored; 0 measured; 0 filtered out; finished in 5.68s
[INFO] [stdout] 
[INFO] [stderr] error: doctest failed, to rerun pass `--doc`
[INFO] running `Command { std: "docker" "inspect" "df98d4dd72123e2f46e834aa89f745cfd9321ce5f9c2aef58705c8fe7e61cec4", kill_on_drop: false }`
[INFO] running `Command { std: "docker" "rm" "-f" "df98d4dd72123e2f46e834aa89f745cfd9321ce5f9c2aef58705c8fe7e61cec4", kill_on_drop: false }`
[INFO] [stdout] df98d4dd72123e2f46e834aa89f745cfd9321ce5f9c2aef58705c8fe7e61cec4
