[INFO] fetching crate constrained 0.1.0...
[INFO] testing constrained-0.1.0 against 1.83.0 for beta-1.84.0-4-retry
[INFO] extracting crate constrained 0.1.0 into /workspace/builds/worker-3-tc1/source
[INFO] validating manifest of crates.io crate constrained 0.1.0 on toolchain 1.83.0
[INFO] running `Command { std: CARGO_HOME="/workspace/cargo-home" RUSTUP_HOME="/workspace/rustup-home" "/workspace/cargo-home/bin/cargo" "+1.83.0" "metadata" "--manifest-path" "Cargo.toml" "--no-deps", kill_on_drop: false }`
[INFO] started tweaking crates.io crate constrained 0.1.0
[INFO] finished tweaking crates.io crate constrained 0.1.0
[INFO] tweaked toml for crates.io crate constrained 0.1.0 written to /workspace/builds/worker-3-tc1/source/Cargo.toml
[INFO] running `Command { std: CARGO_HOME="/workspace/cargo-home" RUSTUP_HOME="/workspace/rustup-home" "/workspace/cargo-home/bin/cargo" "+1.83.0" "generate-lockfile" "--manifest-path" "Cargo.toml", kill_on_drop: false }`
[INFO] [stderr]     Updating crates.io index
[INFO] [stderr]      Locking 21 packages to latest compatible versions
[INFO] [stderr]       Adding num v0.1.42 (available: v0.4.3)
[INFO] [stderr]       Adding rand v0.3.23 (available: v0.8.5)
[INFO] [stderr]       Adding sprs v0.3.3 (available: v0.11.2)
[INFO] running `Command { std: CARGO_HOME="/workspace/cargo-home" RUSTUP_HOME="/workspace/rustup-home" "/workspace/cargo-home/bin/cargo" "+1.83.0" "fetch" "--manifest-path" "Cargo.toml", kill_on_drop: false }`
[INFO] [stderr] warning: no edition set: defaulting to the 2015 edition while the latest is 2021
[INFO] [stderr]  Downloading crates ...
[INFO] [stderr]   Downloaded dense_mats v0.4.0
[INFO] [stderr]   Downloaded sprs v0.3.3
[INFO] running `Command { std: "docker" "create" "-v" "/var/lib/crater-agent-workspace/builds/worker-3-tc1/target:/opt/rustwide/target:rw,Z" "-v" "/var/lib/crater-agent-workspace/builds/worker-3-tc1/source:/opt/rustwide/workdir:ro,Z" "-v" "/var/lib/crater-agent-workspace/cargo-home:/opt/rustwide/cargo-home:ro,Z" "-v" "/var/lib/crater-agent-workspace/rustup-home:/opt/rustwide/rustup-home:ro,Z" "-e" "SOURCE_DIR=/opt/rustwide/workdir" "-e" "CARGO_TARGET_DIR=/opt/rustwide/target" "-e" "CARGO_HOME=/opt/rustwide/cargo-home" "-e" "RUSTUP_HOME=/opt/rustwide/rustup-home" "-w" "/opt/rustwide/workdir" "-m" "1610612736" "--user" "0:0" "--network" "none" "ghcr.io/rust-lang/crates-build-env/linux@sha256:f3a9d4ad9d972b27faf3965f35b62e55ba32bbce8f20bc8fe909558a86702fde" "/opt/rustwide/cargo-home/bin/cargo" "+1.83.0" "metadata" "--no-deps" "--format-version=1", kill_on_drop: false }`
[INFO] [stdout] dffa64b2e8d8999230bd112aeba8b285a7931fda4348b1703dee306c50a4448f
[INFO] running `Command { std: "docker" "start" "-a" "dffa64b2e8d8999230bd112aeba8b285a7931fda4348b1703dee306c50a4448f", kill_on_drop: false }`
[INFO] running `Command { std: "docker" "inspect" "dffa64b2e8d8999230bd112aeba8b285a7931fda4348b1703dee306c50a4448f", kill_on_drop: false }`
[INFO] running `Command { std: "docker" "rm" "-f" "dffa64b2e8d8999230bd112aeba8b285a7931fda4348b1703dee306c50a4448f", kill_on_drop: false }`
[INFO] [stdout] dffa64b2e8d8999230bd112aeba8b285a7931fda4348b1703dee306c50a4448f
[INFO] running `Command { std: "docker" "create" "-v" "/var/lib/crater-agent-workspace/builds/worker-3-tc1/target:/opt/rustwide/target:rw,Z" "-v" "/var/lib/crater-agent-workspace/builds/worker-3-tc1/source:/opt/rustwide/workdir:ro,Z" "-v" "/var/lib/crater-agent-workspace/cargo-home:/opt/rustwide/cargo-home:ro,Z" "-v" "/var/lib/crater-agent-workspace/rustup-home:/opt/rustwide/rustup-home:ro,Z" "-e" "SOURCE_DIR=/opt/rustwide/workdir" "-e" "CARGO_TARGET_DIR=/opt/rustwide/target" "-e" "CARGO_INCREMENTAL=0" "-e" "RUST_BACKTRACE=full" "-e" "RUSTFLAGS=--cap-lints=warn" "-e" "RUSTDOCFLAGS=--cap-lints=warn" "-e" "CARGO_HOME=/opt/rustwide/cargo-home" "-e" "RUSTUP_HOME=/opt/rustwide/rustup-home" "-w" "/opt/rustwide/workdir" "-m" "1610612736" "--user" "0:0" "--network" "none" "ghcr.io/rust-lang/crates-build-env/linux@sha256:f3a9d4ad9d972b27faf3965f35b62e55ba32bbce8f20bc8fe909558a86702fde" "/opt/rustwide/cargo-home/bin/cargo" "+1.83.0" "build" "--frozen" "--message-format=json", kill_on_drop: false }`
[INFO] [stdout] b91e289d46d63d4f145e6003bf3f0a4116cd2db9921d9633c5c67d5c3269dcec
[INFO] running `Command { std: "docker" "start" "-a" "b91e289d46d63d4f145e6003bf3f0a4116cd2db9921d9633c5c67d5c3269dcec", kill_on_drop: false }`
[INFO] [stderr] warning: no edition set: defaulting to the 2015 edition while the latest is 2021
[INFO] [stderr]    Compiling autocfg v1.4.0
[INFO] [stderr]    Compiling libc v0.2.168
[INFO] [stderr]    Compiling rustc-serialize v0.3.25
[INFO] [stderr]    Compiling num-traits v0.2.19
[INFO] [stderr]    Compiling rand v0.4.6
[INFO] [stderr]    Compiling num-integer v0.1.46
[INFO] [stderr]    Compiling num-complex v0.1.43
[INFO] [stderr]    Compiling rand v0.3.23
[INFO] [stderr]    Compiling num-bigint v0.1.44
[INFO] [stderr]    Compiling num-iter v0.1.45
[INFO] [stderr]    Compiling num-rational v0.1.42
[INFO] [stderr]    Compiling num v0.1.42
[INFO] [stderr]    Compiling dense_mats v0.4.0
[INFO] [stderr]    Compiling sprs v0.3.3
[INFO] [stderr]    Compiling constrained v0.1.0 (/opt/rustwide/workdir)
[INFO] [stdout] warning: unnecessary parentheses around method argument
[INFO] [stdout]    --> src/lib.rs:297:35
[INFO] [stdout]     |
[INFO] [stdout] 297 |     let mut lambda = N::one().max((obvalue.abs() / N::from(n).unwrap().sqrt().sqrt()));
[INFO] [stdout]     |                                   ^                                                 ^
[INFO] [stdout]     |
[INFO] [stdout]     = note: `#[warn(unused_parens)]` on by default
[INFO] [stdout] help: remove these parentheses
[INFO] [stdout]     |
[INFO] [stdout] 297 -     let mut lambda = N::one().max((obvalue.abs() / N::from(n).unwrap().sqrt().sqrt()));
[INFO] [stdout] 297 +     let mut lambda = N::one().max(obvalue.abs() / N::from(n).unwrap().sqrt().sqrt());
[INFO] [stdout]     |
[INFO] [stdout] 
[INFO] [stdout] 
[INFO] [stdout] warning: unused import: `sprs::sparse::compressed::SpMatView`
[INFO] [stdout]  --> src/lib.rs:5:5
[INFO] [stdout]   |
[INFO] [stdout] 5 | use sprs::sparse::compressed::SpMatView;
[INFO] [stdout]   |     ^^^^^^^^^^^^^^^^^^^^^^^^^^^^^^^^^^^
[INFO] [stdout]   |
[INFO] [stdout]   = note: `#[warn(unused_imports)]` on by default
[INFO] [stdout] 
[INFO] [stdout] 
[INFO] [stdout] warning: unused import: `One`
[INFO] [stdout]   --> src/lib.rs:19:11
[INFO] [stdout]    |
[INFO] [stdout] 19 | use num::{One, Zero, Float};
[INFO] [stdout]    |           ^^^
[INFO] [stdout] 
[INFO] [stdout] 
[INFO] [stdout] warning: value assigned to `lower` is never read
[INFO] [stdout]    --> src/lib.rs:373:17
[INFO] [stdout]     |
[INFO] [stdout] 373 |                 lower = zhis[iter];
[INFO] [stdout]     |                 ^^^^^
[INFO] [stdout]     |
[INFO] [stdout]     = help: maybe it is overwritten before being read?
[INFO] [stdout]     = note: `#[warn(unused_assignments)]` on by default
[INFO] [stdout] 
[INFO] [stdout] 
[INFO] [stdout] warning: trait `MatrixLike` is never used
[INFO] [stdout]   --> src/lib.rs:83:7
[INFO] [stdout]    |
[INFO] [stdout] 83 | trait MatrixLike {
[INFO] [stdout]    |       ^^^^^^^^^^
[INFO] [stdout]    |
[INFO] [stdout]    = note: `#[warn(dead_code)]` on by default
[INFO] [stdout] 
[INFO] [stdout] 
[INFO] [stdout] warning: function `from_iter` is never used
[INFO] [stdout]    --> src/lib.rs:121:4
[INFO] [stdout]     |
[INFO] [stdout] 121 | fn from_iter<N: Copy, I: Iterator<Item=(usize, N)>>(itr: I, len: Option<usize>) -> CsVecOwned<N> {
[INFO] [stdout]     |    ^^^^^^^^^
[INFO] [stdout] 
[INFO] [stdout] 
[INFO] [stderr]     Finished `dev` profile [unoptimized + debuginfo] target(s) in 8.26s
[INFO] [stderr] warning: the following packages contain code that will be rejected by a future version of Rust: num-bigint v0.1.44, num-complex v0.1.43, num-rational v0.1.42
[INFO] [stderr] note: to see what the problems were, use the option `--future-incompat-report`, or run `cargo report future-incompatibilities --id 1`
[INFO] running `Command { std: "docker" "inspect" "b91e289d46d63d4f145e6003bf3f0a4116cd2db9921d9633c5c67d5c3269dcec", kill_on_drop: false }`
[INFO] running `Command { std: "docker" "rm" "-f" "b91e289d46d63d4f145e6003bf3f0a4116cd2db9921d9633c5c67d5c3269dcec", kill_on_drop: false }`
[INFO] [stdout] b91e289d46d63d4f145e6003bf3f0a4116cd2db9921d9633c5c67d5c3269dcec
[INFO] running `Command { std: "docker" "create" "-v" "/var/lib/crater-agent-workspace/builds/worker-3-tc1/target:/opt/rustwide/target:rw,Z" "-v" "/var/lib/crater-agent-workspace/builds/worker-3-tc1/source:/opt/rustwide/workdir:ro,Z" "-v" "/var/lib/crater-agent-workspace/cargo-home:/opt/rustwide/cargo-home:ro,Z" "-v" "/var/lib/crater-agent-workspace/rustup-home:/opt/rustwide/rustup-home:ro,Z" "-e" "SOURCE_DIR=/opt/rustwide/workdir" "-e" "CARGO_TARGET_DIR=/opt/rustwide/target" "-e" "CARGO_INCREMENTAL=0" "-e" "RUST_BACKTRACE=full" "-e" "RUSTFLAGS=--cap-lints=warn" "-e" "RUSTDOCFLAGS=--cap-lints=warn" "-e" "CARGO_HOME=/opt/rustwide/cargo-home" "-e" "RUSTUP_HOME=/opt/rustwide/rustup-home" "-w" "/opt/rustwide/workdir" "-m" "1610612736" "--user" "0:0" "--network" "none" "ghcr.io/rust-lang/crates-build-env/linux@sha256:f3a9d4ad9d972b27faf3965f35b62e55ba32bbce8f20bc8fe909558a86702fde" "/opt/rustwide/cargo-home/bin/cargo" "+1.83.0" "test" "--frozen" "--no-run" "--message-format=json", kill_on_drop: false }`
[INFO] [stdout] d707df8a0b793322e0330e5b1b04f3142b9c95b85f22301cf316027c8c2247bc
[INFO] running `Command { std: "docker" "start" "-a" "d707df8a0b793322e0330e5b1b04f3142b9c95b85f22301cf316027c8c2247bc", kill_on_drop: false }`
[INFO] [stderr] warning: no edition set: defaulting to the 2015 edition while the latest is 2021
[INFO] [stderr]    Compiling constrained v0.1.0 (/opt/rustwide/workdir)
[INFO] [stdout] warning: unnecessary parentheses around method argument
[INFO] [stdout]    --> src/lib.rs:297:35
[INFO] [stdout]     |
[INFO] [stdout] 297 |     let mut lambda = N::one().max((obvalue.abs() / N::from(n).unwrap().sqrt().sqrt()));
[INFO] [stdout]     |                                   ^                                                 ^
[INFO] [stdout]     |
[INFO] [stdout]     = note: `#[warn(unused_parens)]` on by default
[INFO] [stdout] help: remove these parentheses
[INFO] [stdout]     |
[INFO] [stdout] 297 -     let mut lambda = N::one().max((obvalue.abs() / N::from(n).unwrap().sqrt().sqrt()));
[INFO] [stdout] 297 +     let mut lambda = N::one().max(obvalue.abs() / N::from(n).unwrap().sqrt().sqrt());
[INFO] [stdout]     |
[INFO] [stdout] 
[INFO] [stdout] 
[INFO] [stdout] warning: unused import: `sprs::sparse::compressed::SpMatView`
[INFO] [stdout]  --> src/lib.rs:5:5
[INFO] [stdout]   |
[INFO] [stdout] 5 | use sprs::sparse::compressed::SpMatView;
[INFO] [stdout]   |     ^^^^^^^^^^^^^^^^^^^^^^^^^^^^^^^^^^^
[INFO] [stdout]   |
[INFO] [stdout]   = note: `#[warn(unused_imports)]` on by default
[INFO] [stdout] 
[INFO] [stdout] 
[INFO] [stdout] warning: unused import: `One`
[INFO] [stdout]   --> src/lib.rs:19:11
[INFO] [stdout]    |
[INFO] [stdout] 19 | use num::{One, Zero, Float};
[INFO] [stdout]    |           ^^^
[INFO] [stdout] 
[INFO] [stdout] 
[INFO] [stdout] warning: value assigned to `lower` is never read
[INFO] [stdout]    --> src/lib.rs:373:17
[INFO] [stdout]     |
[INFO] [stdout] 373 |                 lower = zhis[iter];
[INFO] [stdout]     |                 ^^^^^
[INFO] [stdout]     |
[INFO] [stdout]     = help: maybe it is overwritten before being read?
[INFO] [stdout]     = note: `#[warn(unused_assignments)]` on by default
[INFO] [stdout] 
[INFO] [stdout] 
[INFO] [stdout] warning: trait `MatrixLike` is never used
[INFO] [stdout]   --> src/lib.rs:83:7
[INFO] [stdout]    |
[INFO] [stdout] 83 | trait MatrixLike {
[INFO] [stdout]    |       ^^^^^^^^^^
[INFO] [stdout]    |
[INFO] [stdout]    = note: `#[warn(dead_code)]` on by default
[INFO] [stdout] 
[INFO] [stdout] 
[INFO] [stdout] warning: function `from_iter` is never used
[INFO] [stdout]    --> src/lib.rs:121:4
[INFO] [stdout]     |
[INFO] [stdout] 121 | fn from_iter<N: Copy, I: Iterator<Item=(usize, N)>>(itr: I, len: Option<usize>) -> CsVecOwned<N> {
[INFO] [stdout]     |    ^^^^^^^^^
[INFO] [stdout] 
[INFO] [stdout] 
[INFO] [stdout] warning: unnecessary parentheses around method argument
[INFO] [stdout]    --> src/lib.rs:297:35
[INFO] [stdout]     |
[INFO] [stdout] 297 |     let mut lambda = N::one().max((obvalue.abs() / N::from(n).unwrap().sqrt().sqrt()));
[INFO] [stdout]     |                                   ^                                                 ^
[INFO] [stdout]     |
[INFO] [stdout]     = note: `#[warn(unused_parens)]` on by default
[INFO] [stdout] help: remove these parentheses
[INFO] [stdout]     |
[INFO] [stdout] 297 -     let mut lambda = N::one().max((obvalue.abs() / N::from(n).unwrap().sqrt().sqrt()));
[INFO] [stdout] 297 +     let mut lambda = N::one().max(obvalue.abs() / N::from(n).unwrap().sqrt().sqrt());
[INFO] [stdout]     |
[INFO] [stdout] 
[INFO] [stdout] 
[INFO] [stdout] warning: unused import: `sprs::sparse::compressed::SpMatView`
[INFO] [stdout]  --> src/lib.rs:5:5
[INFO] [stdout]   |
[INFO] [stdout] 5 | use sprs::sparse::compressed::SpMatView;
[INFO] [stdout]   |     ^^^^^^^^^^^^^^^^^^^^^^^^^^^^^^^^^^^
[INFO] [stdout]   |
[INFO] [stdout]   = note: `#[warn(unused_imports)]` on by default
[INFO] [stdout] 
[INFO] [stdout] 
[INFO] [stdout] warning: unused import: `One`
[INFO] [stdout]   --> src/lib.rs:19:11
[INFO] [stdout]    |
[INFO] [stdout] 19 | use num::{One, Zero, Float};
[INFO] [stdout]    |           ^^^
[INFO] [stdout] 
[INFO] [stdout] 
[INFO] [stdout] warning: value assigned to `lower` is never read
[INFO] [stdout]    --> src/lib.rs:373:17
[INFO] [stdout]     |
[INFO] [stdout] 373 |                 lower = zhis[iter];
[INFO] [stdout]     |                 ^^^^^
[INFO] [stdout]     |
[INFO] [stdout]     = help: maybe it is overwritten before being read?
[INFO] [stdout]     = note: `#[warn(unused_assignments)]` on by default
[INFO] [stdout] 
[INFO] [stdout] 
[INFO] [stdout] warning: trait `MatrixLike` is never used
[INFO] [stdout]   --> src/lib.rs:83:7
[INFO] [stdout]    |
[INFO] [stdout] 83 | trait MatrixLike {
[INFO] [stdout]    |       ^^^^^^^^^^
[INFO] [stdout]    |
[INFO] [stdout]    = note: `#[warn(dead_code)]` on by default
[INFO] [stdout] 
[INFO] [stdout] 
[INFO] [stdout] warning: function `from_iter` is never used
[INFO] [stdout]    --> src/lib.rs:121:4
[INFO] [stdout]     |
[INFO] [stdout] 121 | fn from_iter<N: Copy, I: Iterator<Item=(usize, N)>>(itr: I, len: Option<usize>) -> CsVecOwned<N> {
[INFO] [stdout]     |    ^^^^^^^^^
[INFO] [stdout] 
[INFO] [stdout] 
[INFO] [stderr]     Finished `test` profile [unoptimized + debuginfo] target(s) in 1.39s
[INFO] [stderr] warning: the following packages contain code that will be rejected by a future version of Rust: num-bigint v0.1.44, num-complex v0.1.43, num-rational v0.1.42
[INFO] [stderr] note: to see what the problems were, use the option `--future-incompat-report`, or run `cargo report future-incompatibilities --id 1`
[INFO] running `Command { std: "docker" "inspect" "d707df8a0b793322e0330e5b1b04f3142b9c95b85f22301cf316027c8c2247bc", kill_on_drop: false }`
[INFO] running `Command { std: "docker" "rm" "-f" "d707df8a0b793322e0330e5b1b04f3142b9c95b85f22301cf316027c8c2247bc", kill_on_drop: false }`
[INFO] [stdout] d707df8a0b793322e0330e5b1b04f3142b9c95b85f22301cf316027c8c2247bc
[INFO] running `Command { std: "docker" "create" "-v" "/var/lib/crater-agent-workspace/builds/worker-3-tc1/target:/opt/rustwide/target:rw,Z" "-v" "/var/lib/crater-agent-workspace/builds/worker-3-tc1/source:/opt/rustwide/workdir:ro,Z" "-v" "/var/lib/crater-agent-workspace/cargo-home:/opt/rustwide/cargo-home:ro,Z" "-v" "/var/lib/crater-agent-workspace/rustup-home:/opt/rustwide/rustup-home:ro,Z" "-e" "SOURCE_DIR=/opt/rustwide/workdir" "-e" "CARGO_TARGET_DIR=/opt/rustwide/target" "-e" "CARGO_INCREMENTAL=0" "-e" "RUST_BACKTRACE=full" "-e" "RUSTFLAGS=--cap-lints=warn" "-e" "RUSTDOCFLAGS=--cap-lints=warn" "-e" "CARGO_HOME=/opt/rustwide/cargo-home" "-e" "RUSTUP_HOME=/opt/rustwide/rustup-home" "-w" "/opt/rustwide/workdir" "-m" "1610612736" "--user" "0:0" "--network" "none" "ghcr.io/rust-lang/crates-build-env/linux@sha256:f3a9d4ad9d972b27faf3965f35b62e55ba32bbce8f20bc8fe909558a86702fde" "/opt/rustwide/cargo-home/bin/cargo" "+1.83.0" "test" "--frozen", kill_on_drop: false }`
[INFO] [stdout] c83a72c377b7553c2566c023658640a18cfc94e60c118cc806c2ae00753a8557
[INFO] running `Command { std: "docker" "start" "-a" "c83a72c377b7553c2566c023658640a18cfc94e60c118cc806c2ae00753a8557", kill_on_drop: false }`
[INFO] [stderr] warning: no edition set: defaulting to the 2015 edition while the latest is 2021
[INFO] [stderr] warning: unnecessary parentheses around method argument
[INFO] [stderr]    --> src/lib.rs:297:35
[INFO] [stderr]     |
[INFO] [stderr] 297 |     let mut lambda = N::one().max((obvalue.abs() / N::from(n).unwrap().sqrt().sqrt()));
[INFO] [stderr]     |                                   ^                                                 ^
[INFO] [stderr]     |
[INFO] [stderr]     = note: `#[warn(unused_parens)]` on by default
[INFO] [stderr] help: remove these parentheses
[INFO] [stderr]     |
[INFO] [stderr] 297 -     let mut lambda = N::one().max((obvalue.abs() / N::from(n).unwrap().sqrt().sqrt()));
[INFO] [stderr] 297 +     let mut lambda = N::one().max(obvalue.abs() / N::from(n).unwrap().sqrt().sqrt());
[INFO] [stderr]     |
[INFO] [stderr] 
[INFO] [stderr] warning: unused import: `sprs::sparse::compressed::SpMatView`
[INFO] [stderr]  --> src/lib.rs:5:5
[INFO] [stderr]   |
[INFO] [stderr] 5 | use sprs::sparse::compressed::SpMatView;
[INFO] [stderr]   |     ^^^^^^^^^^^^^^^^^^^^^^^^^^^^^^^^^^^
[INFO] [stderr]   |
[INFO] [stderr]   = note: `#[warn(unused_imports)]` on by default
[INFO] [stderr] 
[INFO] [stderr] warning: unused import: `One`
[INFO] [stderr]   --> src/lib.rs:19:11
[INFO] [stderr]    |
[INFO] [stderr] 19 | use num::{One, Zero, Float};
[INFO] [stderr]    |           ^^^
[INFO] [stderr] 
[INFO] [stderr] warning: value assigned to `lower` is never read
[INFO] [stderr]    --> src/lib.rs:373:17
[INFO] [stderr]     |
[INFO] [stderr] 373 |                 lower = zhis[iter];
[INFO] [stderr]     |                 ^^^^^
[INFO] [stderr]     |
[INFO] [stderr]     = help: maybe it is overwritten before being read?
[INFO] [stderr]     = note: `#[warn(unused_assignments)]` on by default
[INFO] [stderr] 
[INFO] [stderr] warning: trait `MatrixLike` is never used
[INFO] [stderr]   --> src/lib.rs:83:7
[INFO] [stderr]    |
[INFO] [stderr] 83 | trait MatrixLike {
[INFO] [stderr]    |       ^^^^^^^^^^
[INFO] [stderr]    |
[INFO] [stderr]    = note: `#[warn(dead_code)]` on by default
[INFO] [stderr] 
[INFO] [stderr] warning: function `from_iter` is never used
[INFO] [stderr]    --> src/lib.rs:121:4
[INFO] [stderr]     |
[INFO] [stderr] 121 | fn from_iter<N: Copy, I: Iterator<Item=(usize, N)>>(itr: I, len: Option<usize>) -> CsVecOwned<N> {
[INFO] [stderr]     |    ^^^^^^^^^
[INFO] [stderr] 
[INFO] [stderr] warning: `constrained` (lib) generated 6 warnings (run `cargo fix --lib -p constrained` to apply 1 suggestion)
[INFO] [stderr] warning: `constrained` (lib test) generated 6 warnings (6 duplicates)
[INFO] [stderr]     Finished `test` profile [unoptimized + debuginfo] target(s) in 0.04s
[INFO] [stderr] warning: the following packages contain code that will be rejected by a future version of Rust: num-bigint v0.1.44, num-complex v0.1.43, num-rational v0.1.42
[INFO] [stderr] note: to see what the problems were, use the option `--future-incompat-report`, or run `cargo report future-incompatibilities --id 1`
[INFO] [stdout] 
[INFO] [stderr]      Running unittests src/lib.rs (/opt/rustwide/target/debug/deps/constrained-7a29ca05ce2d48a6)
[INFO] [stdout] running 1 test
[INFO] [stdout] test it_works ... FAILED
[INFO] [stdout] 
[INFO] [stdout] failures:
[INFO] [stdout] 
[INFO] [stdout] ---- it_works stdout ----
[INFO] [stdout] Searching for a feasible point...
[INFO] [stdout] Searching for an optimal solution...
[INFO] [stdout] A (local) optimal solution has been found in 14 iterations.
[INFO] [stdout] x: [
[INFO] [stdout]     0.6666681598259416,
[INFO] [stdout]     1.3333309443087829,
[INFO] [stdout]     8.958652822967142e-7,
[INFO] [stdout]     6.271208378866203e-6,
[INFO] [stdout]     0.333332736039342,
[INFO] [stdout] ]
[INFO] [stdout] result: -8.222216647871697
[INFO] [stdout] true result: -8.222222222222221
[INFO] [stdout] error: 6.779615502508121e-7
[INFO] [stdout] thread 'it_works' panicked at src/lib.rs:421:5:
[INFO] [stdout] explicit panic
[INFO] [stdout] stack backtrace:
[INFO] [stdout]    0:     0x5bbc4af8e48a - std::backtrace_rs::backtrace::libunwind::trace::h5a5b8284f2d0c266
[INFO] [stdout]                                at /rustc/90b35a6239c3d8bdabc530a6a0816f7ff89a0aaf/library/std/src/../../backtrace/src/backtrace/libunwind.rs:116:5
[INFO] [stdout]    1:     0x5bbc4af8e48a - std::backtrace_rs::backtrace::trace_unsynchronized::h76d4f1c9b0b875e3
[INFO] [stdout]                                at /rustc/90b35a6239c3d8bdabc530a6a0816f7ff89a0aaf/library/std/src/../../backtrace/src/backtrace/mod.rs:66:5
[INFO] [stdout]    2:     0x5bbc4af8e48a - std::sys::backtrace::_print_fmt::hc4546b8364a537c6
[INFO] [stdout]                                at /rustc/90b35a6239c3d8bdabc530a6a0816f7ff89a0aaf/library/std/src/sys/backtrace.rs:66:9
[INFO] [stdout]    3:     0x5bbc4af8e48a - <std::sys::backtrace::BacktraceLock::print::DisplayBacktrace as core::fmt::Display>::fmt::h5b6bd5631a6d1f6b
[INFO] [stdout]                                at /rustc/90b35a6239c3d8bdabc530a6a0816f7ff89a0aaf/library/std/src/sys/backtrace.rs:39:26
[INFO] [stdout]    4:     0x5bbc4afb3cc3 - core::fmt::rt::Argument::fmt::h270f6602a2b96f62
[INFO] [stdout]                                at /rustc/90b35a6239c3d8bdabc530a6a0816f7ff89a0aaf/library/core/src/fmt/rt.rs:177:76
[INFO] [stdout]    5:     0x5bbc4afb3cc3 - core::fmt::write::h7550c97b06c86515
[INFO] [stdout]                                at /rustc/90b35a6239c3d8bdabc530a6a0816f7ff89a0aaf/library/core/src/fmt/mod.rs:1186:21
[INFO] [stdout]    6:     0x5bbc4af8b653 - std::io::Write::write_fmt::h509ff860e5956e5e
[INFO] [stdout]                                at /rustc/90b35a6239c3d8bdabc530a6a0816f7ff89a0aaf/library/std/src/io/mod.rs:1839:15
[INFO] [stdout]    7:     0x5bbc4af8e2d2 - std::sys::backtrace::BacktraceLock::print::h2395ccd2c84ba3aa
[INFO] [stdout]                                at /rustc/90b35a6239c3d8bdabc530a6a0816f7ff89a0aaf/library/std/src/sys/backtrace.rs:42:9
[INFO] [stdout]    8:     0x5bbc4af8f8ea - std::panicking::default_hook::{{closure}}::he19d4c7230e07961
[INFO] [stdout]                                at /rustc/90b35a6239c3d8bdabc530a6a0816f7ff89a0aaf/library/std/src/panicking.rs:268:22
[INFO] [stdout]    9:     0x5bbc4af8f6f4 - std::panicking::default_hook::hf614597d3c67bbdb
[INFO] [stdout]                                at /rustc/90b35a6239c3d8bdabc530a6a0816f7ff89a0aaf/library/std/src/panicking.rs:292:9
[INFO] [stdout]   10:     0x5bbc4af4beb9 - <alloc::boxed::Box<F,A> as core::ops::function::Fn<Args>>::call::h39b51ce4599c23d1
[INFO] [stdout]                                at /rustc/90b35a6239c3d8bdabc530a6a0816f7ff89a0aaf/library/alloc/src/boxed.rs:2468:9
[INFO] [stdout]   11:     0x5bbc4af4beb9 - test::test_main::{{closure}}::he977ae839a582784
[INFO] [stdout]                                at /rustc/90b35a6239c3d8bdabc530a6a0816f7ff89a0aaf/library/test/src/lib.rs:133:21
[INFO] [stdout]   12:     0x5bbc4af8ff88 - <alloc::boxed::Box<F,A> as core::ops::function::Fn<Args>>::call::h9455091b6b06f9fb
[INFO] [stdout]                                at /rustc/90b35a6239c3d8bdabc530a6a0816f7ff89a0aaf/library/alloc/src/boxed.rs:2468:9
[INFO] [stdout]   13:     0x5bbc4af8ff88 - std::panicking::rust_panic_with_hook::h8942133a8b252070
[INFO] [stdout]                                at /rustc/90b35a6239c3d8bdabc530a6a0816f7ff89a0aaf/library/std/src/panicking.rs:809:13
[INFO] [stdout]   14:     0x5bbc4af6491a - std::panicking::begin_panic::{{closure}}::h647383a31a4f43c5
[INFO] [stdout]                                at /rustc/90b35a6239c3d8bdabc530a6a0816f7ff89a0aaf/library/std/src/panicking.rs:738:9
[INFO] [stdout]   15:     0x5bbc4af63fda - std::sys::backtrace::__rust_end_short_backtrace::h212b67fb86d894ad
[INFO] [stdout]                                at /rustc/90b35a6239c3d8bdabc530a6a0816f7ff89a0aaf/library/std/src/sys/backtrace.rs:170:18
[INFO] [stdout]   16:     0x5bbc4af648c2 - std::panicking::begin_panic::h605ef116cbb706f1
[INFO] [stdout]                                at /rustc/90b35a6239c3d8bdabc530a6a0816f7ff89a0aaf/library/std/src/panicking.rs:737:5
[INFO] [stdout]   17:     0x5bbc4aef5448 - constrained::it_works::h0b092149c965794a
[INFO] [stdout]                                at /opt/rustwide/workdir/src/lib.rs:421:5
[INFO] [stdout]   18:     0x5bbc4aef3ff7 - constrained::it_works::{{closure}}::h6430db79b9f15a31
[INFO] [stdout]                                at /opt/rustwide/workdir/src/lib.rs:394:14
[INFO] [stdout]   19:     0x5bbc4af0cf16 - core::ops::function::FnOnce::call_once::he303139188edbe3c
[INFO] [stdout]                                at /rustc/90b35a6239c3d8bdabc530a6a0816f7ff89a0aaf/library/core/src/ops/function.rs:250:5
[INFO] [stdout]   20:     0x5bbc4af5087b - core::ops::function::FnOnce::call_once::h109cf8051a59b34e
[INFO] [stdout]                                at /rustc/90b35a6239c3d8bdabc530a6a0816f7ff89a0aaf/library/core/src/ops/function.rs:250:5
[INFO] [stdout]   21:     0x5bbc4af5087b - test::__rust_begin_short_backtrace::hf4fff89d377446ba
[INFO] [stdout]                                at /rustc/90b35a6239c3d8bdabc530a6a0816f7ff89a0aaf/library/test/src/lib.rs:621:18
[INFO] [stdout]   22:     0x5bbc4af500b7 - test::run_test_in_process::{{closure}}::h0e39181dd7ee5a43
[INFO] [stdout]                                at /rustc/90b35a6239c3d8bdabc530a6a0816f7ff89a0aaf/library/test/src/lib.rs:644:60
[INFO] [stdout]   23:     0x5bbc4af500b7 - <core::panic::unwind_safe::AssertUnwindSafe<F> as core::ops::function::FnOnce<()>>::call_once::hc5a66a30f0bdfd1f
[INFO] [stdout]                                at /rustc/90b35a6239c3d8bdabc530a6a0816f7ff89a0aaf/library/core/src/panic/unwind_safe.rs:272:9
[INFO] [stdout]   24:     0x5bbc4af500b7 - std::panicking::try::do_call::h873b7cf639554a5e
[INFO] [stdout]                                at /rustc/90b35a6239c3d8bdabc530a6a0816f7ff89a0aaf/library/std/src/panicking.rs:557:40
[INFO] [stdout]   25:     0x5bbc4af500b7 - std::panicking::try::hdb19862fad9c8bd1
[INFO] [stdout]                                at /rustc/90b35a6239c3d8bdabc530a6a0816f7ff89a0aaf/library/std/src/panicking.rs:520:19
[INFO] [stdout]   26:     0x5bbc4af500b7 - std::panic::catch_unwind::h281fe732d236d260
[INFO] [stdout]                                at /rustc/90b35a6239c3d8bdabc530a6a0816f7ff89a0aaf/library/std/src/panic.rs:358:14
[INFO] [stdout]   27:     0x5bbc4af500b7 - test::run_test_in_process::h949b6df8457ed338
[INFO] [stdout]                                at /rustc/90b35a6239c3d8bdabc530a6a0816f7ff89a0aaf/library/test/src/lib.rs:644:27
[INFO] [stdout]   28:     0x5bbc4af500b7 - test::run_test::{{closure}}::h52c556a6d4740e10
[INFO] [stdout]                                at /rustc/90b35a6239c3d8bdabc530a6a0816f7ff89a0aaf/library/test/src/lib.rs:565:43
[INFO] [stdout]   29:     0x5bbc4af15394 - test::run_test::{{closure}}::h4237f6381c45ccb9
[INFO] [stdout]                                at /rustc/90b35a6239c3d8bdabc530a6a0816f7ff89a0aaf/library/test/src/lib.rs:595:41
[INFO] [stdout]   30:     0x5bbc4af15394 - std::sys::backtrace::__rust_begin_short_backtrace::h505c97a579eca628
[INFO] [stdout]                                at /rustc/90b35a6239c3d8bdabc530a6a0816f7ff89a0aaf/library/std/src/sys/backtrace.rs:154:18
[INFO] [stdout]   31:     0x5bbc4af18a5e - std::thread::Builder::spawn_unchecked_::{{closure}}::{{closure}}::h9e86b2e2bc107ea3
[INFO] [stdout]                                at /rustc/90b35a6239c3d8bdabc530a6a0816f7ff89a0aaf/library/std/src/thread/mod.rs:538:17
[INFO] [stdout]   32:     0x5bbc4af18a5e - <core::panic::unwind_safe::AssertUnwindSafe<F> as core::ops::function::FnOnce<()>>::call_once::h8b06ddb275ff4a25
[INFO] [stdout]                                at /rustc/90b35a6239c3d8bdabc530a6a0816f7ff89a0aaf/library/core/src/panic/unwind_safe.rs:272:9
[INFO] [stdout]   33:     0x5bbc4af18a5e - std::panicking::try::do_call::hb26ecd7cd9a9355d
[INFO] [stdout]                                at /rustc/90b35a6239c3d8bdabc530a6a0816f7ff89a0aaf/library/std/src/panicking.rs:557:40
[INFO] [stdout]   34:     0x5bbc4af18a5e - std::panicking::try::h8ddeca9d705f9069
[INFO] [stdout]                                at /rustc/90b35a6239c3d8bdabc530a6a0816f7ff89a0aaf/library/std/src/panicking.rs:520:19
[INFO] [stdout]   35:     0x5bbc4af18a5e - std::panic::catch_unwind::h49e1c33078844c46
[INFO] [stdout]                                at /rustc/90b35a6239c3d8bdabc530a6a0816f7ff89a0aaf/library/std/src/panic.rs:358:14
[INFO] [stdout]   36:     0x5bbc4af18a5e - std::thread::Builder::spawn_unchecked_::{{closure}}::h6073db6ff56ad35d
[INFO] [stdout]                                at /rustc/90b35a6239c3d8bdabc530a6a0816f7ff89a0aaf/library/std/src/thread/mod.rs:537:30
[INFO] [stdout]   37:     0x5bbc4af18a5e - core::ops::function::FnOnce::call_once{{vtable.shim}}::h2c5a5f3779c774f1
[INFO] [stdout]                                at /rustc/90b35a6239c3d8bdabc530a6a0816f7ff89a0aaf/library/core/src/ops/function.rs:250:5
[INFO] [stdout]   38:     0x5bbc4af93ceb - <alloc::boxed::Box<F,A> as core::ops::function::FnOnce<Args>>::call_once::hf75717d9f28faebf
[INFO] [stdout]                                at /rustc/90b35a6239c3d8bdabc530a6a0816f7ff89a0aaf/library/alloc/src/boxed.rs:2454:9
[INFO] [stdout]   39:     0x5bbc4af93ceb - <alloc::boxed::Box<F,A> as core::ops::function::FnOnce<Args>>::call_once::h7bd883a5f3c5f3c1
[INFO] [stdout]                                at /rustc/90b35a6239c3d8bdabc530a6a0816f7ff89a0aaf/library/alloc/src/boxed.rs:2454:9
[INFO] [stdout]   40:     0x5bbc4af93ceb - std::sys::pal::unix::thread::Thread::new::thread_start::hcc78f3943333fa94
[INFO] [stdout]                                at /rustc/90b35a6239c3d8bdabc530a6a0816f7ff89a0aaf/library/std/src/sys/pal/unix/thread.rs:105:17
[INFO] [stdout]   41:     0x74948af20ac3 - <unknown>
[INFO] [stdout]   42:     0x74948afb1a04 - clone
[INFO] [stdout]   43:                0x0 - <unknown>
[INFO] [stdout] 
[INFO] [stdout] 
[INFO] [stdout] failures:
[INFO] [stdout]     it_works
[INFO] [stdout] 
[INFO] [stdout] test result: FAILED. 0 passed; 1 failed; 0 ignored; 0 measured; 0 filtered out; finished in 0.07s
[INFO] [stdout] 
[INFO] [stderr] error: test failed, to rerun pass `--lib`
[INFO] running `Command { std: "docker" "inspect" "c83a72c377b7553c2566c023658640a18cfc94e60c118cc806c2ae00753a8557", kill_on_drop: false }`
[INFO] running `Command { std: "docker" "rm" "-f" "c83a72c377b7553c2566c023658640a18cfc94e60c118cc806c2ae00753a8557", kill_on_drop: false }`
[INFO] [stdout] c83a72c377b7553c2566c023658640a18cfc94e60c118cc806c2ae00753a8557
