[INFO] fetching crate const_qoi 1.0.1...
[INFO] testing const_qoi-1.0.1 against 1.83.0 for beta-1.84.0-4-retry
[INFO] extracting crate const_qoi 1.0.1 into /workspace/builds/worker-3-tc1/source
[INFO] validating manifest of crates.io crate const_qoi 1.0.1 on toolchain 1.83.0
[INFO] running `Command { std: CARGO_HOME="/workspace/cargo-home" RUSTUP_HOME="/workspace/rustup-home" "/workspace/cargo-home/bin/cargo" "+1.83.0" "metadata" "--manifest-path" "Cargo.toml" "--no-deps", kill_on_drop: false }`
[INFO] started tweaking crates.io crate const_qoi 1.0.1
[INFO] finished tweaking crates.io crate const_qoi 1.0.1
[INFO] tweaked toml for crates.io crate const_qoi 1.0.1 written to /workspace/builds/worker-3-tc1/source/Cargo.toml
[INFO] running `Command { std: CARGO_HOME="/workspace/cargo-home" RUSTUP_HOME="/workspace/rustup-home" "/workspace/cargo-home/bin/cargo" "+1.83.0" "generate-lockfile" "--manifest-path" "Cargo.toml", kill_on_drop: false }`
[INFO] running `Command { std: CARGO_HOME="/workspace/cargo-home" RUSTUP_HOME="/workspace/rustup-home" "/workspace/cargo-home/bin/cargo" "+1.83.0" "fetch" "--manifest-path" "Cargo.toml", kill_on_drop: false }`
[INFO] running `Command { std: "docker" "create" "-v" "/var/lib/crater-agent-workspace/builds/worker-3-tc1/target:/opt/rustwide/target:rw,Z" "-v" "/var/lib/crater-agent-workspace/builds/worker-3-tc1/source:/opt/rustwide/workdir:ro,Z" "-v" "/var/lib/crater-agent-workspace/cargo-home:/opt/rustwide/cargo-home:ro,Z" "-v" "/var/lib/crater-agent-workspace/rustup-home:/opt/rustwide/rustup-home:ro,Z" "-e" "SOURCE_DIR=/opt/rustwide/workdir" "-e" "CARGO_TARGET_DIR=/opt/rustwide/target" "-e" "CARGO_HOME=/opt/rustwide/cargo-home" "-e" "RUSTUP_HOME=/opt/rustwide/rustup-home" "-w" "/opt/rustwide/workdir" "-m" "1610612736" "--user" "0:0" "--network" "none" "ghcr.io/rust-lang/crates-build-env/linux@sha256:f3a9d4ad9d972b27faf3965f35b62e55ba32bbce8f20bc8fe909558a86702fde" "/opt/rustwide/cargo-home/bin/cargo" "+1.83.0" "metadata" "--no-deps" "--format-version=1", kill_on_drop: false }`
[INFO] [stdout] aeb04d2dccb9835e48e66149644e521399246a09f4356074ab6b723f4805a508
[INFO] running `Command { std: "docker" "start" "-a" "aeb04d2dccb9835e48e66149644e521399246a09f4356074ab6b723f4805a508", kill_on_drop: false }`
[INFO] running `Command { std: "docker" "inspect" "aeb04d2dccb9835e48e66149644e521399246a09f4356074ab6b723f4805a508", kill_on_drop: false }`
[INFO] running `Command { std: "docker" "rm" "-f" "aeb04d2dccb9835e48e66149644e521399246a09f4356074ab6b723f4805a508", kill_on_drop: false }`
[INFO] [stdout] aeb04d2dccb9835e48e66149644e521399246a09f4356074ab6b723f4805a508
[INFO] running `Command { std: "docker" "create" "-v" "/var/lib/crater-agent-workspace/builds/worker-3-tc1/target:/opt/rustwide/target:rw,Z" "-v" "/var/lib/crater-agent-workspace/builds/worker-3-tc1/source:/opt/rustwide/workdir:ro,Z" "-v" "/var/lib/crater-agent-workspace/cargo-home:/opt/rustwide/cargo-home:ro,Z" "-v" "/var/lib/crater-agent-workspace/rustup-home:/opt/rustwide/rustup-home:ro,Z" "-e" "SOURCE_DIR=/opt/rustwide/workdir" "-e" "CARGO_TARGET_DIR=/opt/rustwide/target" "-e" "CARGO_INCREMENTAL=0" "-e" "RUST_BACKTRACE=full" "-e" "RUSTFLAGS=--cap-lints=warn" "-e" "RUSTDOCFLAGS=--cap-lints=warn" "-e" "CARGO_HOME=/opt/rustwide/cargo-home" "-e" "RUSTUP_HOME=/opt/rustwide/rustup-home" "-w" "/opt/rustwide/workdir" "-m" "1610612736" "--user" "0:0" "--network" "none" "ghcr.io/rust-lang/crates-build-env/linux@sha256:f3a9d4ad9d972b27faf3965f35b62e55ba32bbce8f20bc8fe909558a86702fde" "/opt/rustwide/cargo-home/bin/cargo" "+1.83.0" "build" "--frozen" "--message-format=json", kill_on_drop: false }`
[INFO] [stdout] 1010a79090ce759385648c8e299e05899202909bcff2b3bb7ca031a776fbeaba
[INFO] running `Command { std: "docker" "start" "-a" "1010a79090ce759385648c8e299e05899202909bcff2b3bb7ca031a776fbeaba", kill_on_drop: false }`
[INFO] [stderr]    Compiling const_qoi v1.0.1 (/opt/rustwide/workdir)
[INFO] [stderr]     Finished `dev` profile [unoptimized + debuginfo] target(s) in 0.39s
[INFO] running `Command { std: "docker" "inspect" "1010a79090ce759385648c8e299e05899202909bcff2b3bb7ca031a776fbeaba", kill_on_drop: false }`
[INFO] running `Command { std: "docker" "rm" "-f" "1010a79090ce759385648c8e299e05899202909bcff2b3bb7ca031a776fbeaba", kill_on_drop: false }`
[INFO] [stdout] 1010a79090ce759385648c8e299e05899202909bcff2b3bb7ca031a776fbeaba
[INFO] running `Command { std: "docker" "create" "-v" "/var/lib/crater-agent-workspace/builds/worker-3-tc1/target:/opt/rustwide/target:rw,Z" "-v" "/var/lib/crater-agent-workspace/builds/worker-3-tc1/source:/opt/rustwide/workdir:ro,Z" "-v" "/var/lib/crater-agent-workspace/cargo-home:/opt/rustwide/cargo-home:ro,Z" "-v" "/var/lib/crater-agent-workspace/rustup-home:/opt/rustwide/rustup-home:ro,Z" "-e" "SOURCE_DIR=/opt/rustwide/workdir" "-e" "CARGO_TARGET_DIR=/opt/rustwide/target" "-e" "CARGO_INCREMENTAL=0" "-e" "RUST_BACKTRACE=full" "-e" "RUSTFLAGS=--cap-lints=warn" "-e" "RUSTDOCFLAGS=--cap-lints=warn" "-e" "CARGO_HOME=/opt/rustwide/cargo-home" "-e" "RUSTUP_HOME=/opt/rustwide/rustup-home" "-w" "/opt/rustwide/workdir" "-m" "1610612736" "--user" "0:0" "--network" "none" "ghcr.io/rust-lang/crates-build-env/linux@sha256:f3a9d4ad9d972b27faf3965f35b62e55ba32bbce8f20bc8fe909558a86702fde" "/opt/rustwide/cargo-home/bin/cargo" "+1.83.0" "test" "--frozen" "--no-run" "--message-format=json", kill_on_drop: false }`
[INFO] [stdout] 728f5c4cf24d0930a68a45869763b4e92bff8c06755644e81af638d221e157c0
[INFO] running `Command { std: "docker" "start" "-a" "728f5c4cf24d0930a68a45869763b4e92bff8c06755644e81af638d221e157c0", kill_on_drop: false }`
[INFO] [stderr]    Compiling const_qoi v1.0.1 (/opt/rustwide/workdir)
[INFO] [stderr]     Finished `test` profile [unoptimized + debuginfo] target(s) in 0.88s
[INFO] running `Command { std: "docker" "inspect" "728f5c4cf24d0930a68a45869763b4e92bff8c06755644e81af638d221e157c0", kill_on_drop: false }`
[INFO] running `Command { std: "docker" "rm" "-f" "728f5c4cf24d0930a68a45869763b4e92bff8c06755644e81af638d221e157c0", kill_on_drop: false }`
[INFO] [stdout] 728f5c4cf24d0930a68a45869763b4e92bff8c06755644e81af638d221e157c0
[INFO] running `Command { std: "docker" "create" "-v" "/var/lib/crater-agent-workspace/builds/worker-3-tc1/target:/opt/rustwide/target:rw,Z" "-v" "/var/lib/crater-agent-workspace/builds/worker-3-tc1/source:/opt/rustwide/workdir:ro,Z" "-v" "/var/lib/crater-agent-workspace/cargo-home:/opt/rustwide/cargo-home:ro,Z" "-v" "/var/lib/crater-agent-workspace/rustup-home:/opt/rustwide/rustup-home:ro,Z" "-e" "SOURCE_DIR=/opt/rustwide/workdir" "-e" "CARGO_TARGET_DIR=/opt/rustwide/target" "-e" "CARGO_INCREMENTAL=0" "-e" "RUST_BACKTRACE=full" "-e" "RUSTFLAGS=--cap-lints=warn" "-e" "RUSTDOCFLAGS=--cap-lints=warn" "-e" "CARGO_HOME=/opt/rustwide/cargo-home" "-e" "RUSTUP_HOME=/opt/rustwide/rustup-home" "-w" "/opt/rustwide/workdir" "-m" "1610612736" "--user" "0:0" "--network" "none" "ghcr.io/rust-lang/crates-build-env/linux@sha256:f3a9d4ad9d972b27faf3965f35b62e55ba32bbce8f20bc8fe909558a86702fde" "/opt/rustwide/cargo-home/bin/cargo" "+1.83.0" "test" "--frozen", kill_on_drop: false }`
[INFO] [stdout] 6d437da0dcffc9c4bca83f1a109a40402aa5afff6b9af167ca638909277cbaac
[INFO] running `Command { std: "docker" "start" "-a" "6d437da0dcffc9c4bca83f1a109a40402aa5afff6b9af167ca638909277cbaac", kill_on_drop: false }`
[INFO] [stderr]     Finished `test` profile [unoptimized + debuginfo] target(s) in 0.02s
[INFO] [stderr]      Running unittests src/lib.rs (/opt/rustwide/target/debug/deps/const_qoi-6f1d7af1b0316677)
[INFO] [stdout] 
[INFO] [stdout] running 36 tests
[INFO] [stdout] test decoder::tests::bad_process_chunks_header_overstates_pixels_index_into_end ... ok
[INFO] [stdout] test decoder::tests::bad_process_chunks_header_overstates_pixels_index_ready_for_end ... ok
[INFO] [stdout] test decoder::tests::bad_process_chunks_header_states_correct_pixels_index_into_end ... ok
[INFO] [stdout] test decoder::tests::good_process_chunks_finished ... ok
[INFO] [stdout] test decoder::tests::good_new ... ok
[INFO] [stdout] test decoder::tests::good_process_chunks_unfinished ... ok
[INFO] [stdout] test encoder::tests::bad_channels ... ok
[INFO] [stdout] test encoder::tests::bad_colorspace ... ok
[INFO] [stdout] test encoder::tests::bad_input_data ... ok
[INFO] [stdout] test encoder::tests::bad_input_mismatch ... ok
[INFO] [stdout] test encoder::tests::bad_width_height ... ok
[INFO] [stdout] test encoder::tests::bad_process_pixels_buffer_size ... ok
[INFO] [stdout] test encoder::tests::good_new_four_byte ... ok
[INFO] [stdout] test encoder::tests::good_process_pixels_finished ... ok
[INFO] [stdout] test header::tests::bad_channels ... ok
[INFO] [stdout] test encoder::tests::good_process_pixels_unfinished ... ok
[INFO] [stdout] test encoder::tests::good_new_three_byte ... ok
[INFO] [stdout] test decoder::tests::bad_buffer_size ... ok
[INFO] [stdout] test header::tests::bad_colorspace ... ok
[INFO] [stdout] test header::tests::bad_magic_bytes ... ok
[INFO] [stdout] test decoder::tests::bad_end_marker ... ok
[INFO] [stdout] test header::tests::infallible_new ... ok
[INFO] [stdout] test decoder::tests::bad_header ... ok
[INFO] [stdout] test header::tests::infallible_to_u8 ... ok
[INFO] [stdout] test pixel::tests::infallible_diff ... ok
[INFO] [stdout] test pixel::tests::infallible_is_same ... ok
[INFO] [stdout] test header::tests::bad_width_height ... ok
[INFO] [stdout] test pixel::tests::infallible_calculate_hash_index ... ok
[INFO] [stdout] test pixel::tests::infallible_rgba_to_output ... ok
[INFO] [stdout] test pixel::tests::infallible_luma ... ok
[INFO] [stdout] test header::tests::good_extract ... ok
[INFO] [stdout] test pixel::tests::infallible_rgb_to_output ... ok
[INFO] [stdout] test pixel::tests::infallible_to_output ... ok
[INFO] [stdout] test utils::tests::infallible_array_from_input ... ok
[INFO] [stdout] test utils::tests::infallible_is_identical ... ok
[INFO] [stdout] test decoder::tests::bad_process_chunks_header_understates_pixels_index_before_end ... ok
[INFO] [stdout] 
[INFO] [stdout] test result: ok. 36 passed; 0 failed; 0 ignored; 0 measured; 0 filtered out; finished in 0.02s
[INFO] [stdout] 
[INFO] [stderr]    Doc-tests const_qoi
[INFO] [stdout] 
[INFO] [stdout] running 2 tests
[INFO] [stdout] test src/lib.rs - (line 61) ... FAILED
[INFO] [stdout] test src/lib.rs - (line 31) ... FAILED
[INFO] [stdout] 
[INFO] [stdout] failures:
[INFO] [stdout] 
[INFO] [stdout] ---- src/lib.rs - (line 61) stdout ----
[INFO] [stdout] error[E0433]: failed to resolve: use of undeclared type `QoiEncoder`
[INFO] [stdout]  --> src/lib.rs:62:29
[INFO] [stdout]   |
[INFO] [stdout] 3 | let (mut encoder, header) = QoiEncoder::new(input, width, height, channels, colorspace)?;
[INFO] [stdout]   |                             ^^^^^^^^^^ use of undeclared type `QoiEncoder`
[INFO] [stdout]   |
[INFO] [stdout] help: consider importing this struct
[INFO] [stdout]   |
[INFO] [stdout] 2 + use const_qoi::QoiEncoder;
[INFO] [stdout]   |
[INFO] [stdout] 
[INFO] [stdout] error[E0425]: cannot find value `input` in this scope
[INFO] [stdout]  --> src/lib.rs:62:45
[INFO] [stdout]   |
[INFO] [stdout] 3 | let (mut encoder, header) = QoiEncoder::new(input, width, height, channels, colorspace)?;
[INFO] [stdout]   |                                             ^^^^^ not found in this scope
[INFO] [stdout] 
[INFO] [stdout] error[E0425]: cannot find value `width` in this scope
[INFO] [stdout]  --> src/lib.rs:62:52
[INFO] [stdout]   |
[INFO] [stdout] 3 | let (mut encoder, header) = QoiEncoder::new(input, width, height, channels, colorspace)?;
[INFO] [stdout]   |                                                    ^^^^^ not found in this scope
[INFO] [stdout] 
[INFO] [stdout] error[E0425]: cannot find value `height` in this scope
[INFO] [stdout]  --> src/lib.rs:62:59
[INFO] [stdout]   |
[INFO] [stdout] 3 | let (mut encoder, header) = QoiEncoder::new(input, width, height, channels, colorspace)?;
[INFO] [stdout]   |                                                           ^^^^^^ not found in this scope
[INFO] [stdout] 
[INFO] [stdout] error[E0425]: cannot find value `channels` in this scope
[INFO] [stdout]  --> src/lib.rs:62:67
[INFO] [stdout]   |
[INFO] [stdout] 3 | let (mut encoder, header) = QoiEncoder::new(input, width, height, channels, colorspace)?;
[INFO] [stdout]   |                                                                   ^^^^^^^^ not found in this scope
[INFO] [stdout] 
[INFO] [stdout] error[E0425]: cannot find value `colorspace` in this scope
[INFO] [stdout]  --> src/lib.rs:62:77
[INFO] [stdout]   |
[INFO] [stdout] 3 | let (mut encoder, header) = QoiEncoder::new(input, width, height, channels, colorspace)?;
[INFO] [stdout]   |                                                                             ^^^^^^^^^^ not found in this scope
[INFO] [stdout] 
[INFO] [stdout] error[E0425]: cannot find value `input` in this scope
[INFO] [stdout]  --> src/lib.rs:66:34
[INFO] [stdout]   |
[INFO] [stdout] 7 |     match encoder.process_pixels(input, [0; 1000])? {
[INFO] [stdout]   |                                  ^^^^^ not found in this scope
[INFO] [stdout] 
[INFO] [stdout] error[E0433]: failed to resolve: use of undeclared type `QoiEncoderProgress`
[INFO] [stdout]  --> src/lib.rs:67:9
[INFO] [stdout]   |
[INFO] [stdout] 8 |         QoiEncoderProgress::Unfinished(enc, buffer, empty) => {
[INFO] [stdout]   |         ^^^^^^^^^^^^^^^^^^ use of undeclared type `QoiEncoderProgress`
[INFO] [stdout]   |
[INFO] [stdout] help: consider importing this enum
[INFO] [stdout]   |
[INFO] [stdout] 2 + use const_qoi::QoiEncoderProgress;
[INFO] [stdout]   |
[INFO] [stdout] 
[INFO] [stdout] error[E0433]: failed to resolve: use of undeclared type `QoiEncoderProgress`
[INFO] [stdout]   --> src/lib.rs:74:9
[INFO] [stdout]    |
[INFO] [stdout] 15 |         QoiEncoderProgress::Finished(buffer, empty) => {
[INFO] [stdout]    |         ^^^^^^^^^^^^^^^^^^ use of undeclared type `QoiEncoderProgress`
[INFO] [stdout]    |
[INFO] [stdout] help: consider importing this enum
[INFO] [stdout]    |
[INFO] [stdout] 2  + use const_qoi::QoiEncoderProgress;
[INFO] [stdout]    |
[INFO] [stdout] 
[INFO] [stdout] error: aborting due to 9 previous errors
[INFO] [stdout] 
[INFO] [stdout] Some errors have detailed explanations: E0425, E0433.
[INFO] [stdout] For more information about an error, try `rustc --explain E0425`.
[INFO] [stdout] Couldn't compile the test.
[INFO] [stdout] ---- src/lib.rs - (line 31) stdout ----
[INFO] [stdout] error[E0433]: failed to resolve: use of undeclared type `QoiDecoder`
[INFO] [stdout]  --> src/lib.rs:32:29
[INFO] [stdout]   |
[INFO] [stdout] 3 | let (mut decoder, header) = QoiDecoder::init(input)?;
[INFO] [stdout]   |                             ^^^^^^^^^^ use of undeclared type `QoiDecoder`
[INFO] [stdout]   |
[INFO] [stdout] help: consider importing this struct
[INFO] [stdout]   |
[INFO] [stdout] 2 + use const_qoi::QoiDecoder;
[INFO] [stdout]   |
[INFO] [stdout] 
[INFO] [stdout] error[E0425]: cannot find value `input` in this scope
[INFO] [stdout]  --> src/lib.rs:32:46
[INFO] [stdout]   |
[INFO] [stdout] 3 | let (mut decoder, header) = QoiDecoder::init(input)?;
[INFO] [stdout]   |                                              ^^^^^ not found in this scope
[INFO] [stdout] 
[INFO] [stdout] error[E0425]: cannot find value `input` in this scope
[INFO] [stdout]  --> src/lib.rs:37:38
[INFO] [stdout]   |
[INFO] [stdout] 8 |         match decoder.process_chunks(input, [0; 1024])? {
[INFO] [stdout]   |                                      ^^^^^ not found in this scope
[INFO] [stdout] 
[INFO] [stdout] error[E0433]: failed to resolve: use of undeclared type `QoiDecoderProgress`
[INFO] [stdout]  --> src/lib.rs:38:13
[INFO] [stdout]   |
[INFO] [stdout] 9 |             QoiDecoderProgress::Unfinished((dec, buffer)) => {
[INFO] [stdout]   |             ^^^^^^^^^^^^^^^^^^ use of undeclared type `QoiDecoderProgress`
[INFO] [stdout]   |
[INFO] [stdout] help: consider importing this enum
[INFO] [stdout]   |
[INFO] [stdout] 2 + use const_qoi::QoiDecoderProgress;
[INFO] [stdout]   |
[INFO] [stdout] 
[INFO] [stdout] error[E0433]: failed to resolve: use of undeclared type `QoiDecoderProgress`
[INFO] [stdout]   --> src/lib.rs:44:13
[INFO] [stdout]    |
[INFO] [stdout] 15 |             QoiDecoderProgress::Finished((buffer, empty)) => {
[INFO] [stdout]    |             ^^^^^^^^^^^^^^^^^^ use of undeclared type `QoiDecoderProgress`
[INFO] [stdout]    |
[INFO] [stdout] help: consider importing this enum
[INFO] [stdout]    |
[INFO] [stdout] 2  + use const_qoi::QoiDecoderProgress;
[INFO] [stdout]    |
[INFO] [stdout] 
[INFO] [stdout] error: aborting due to 5 previous errors
[INFO] [stdout] 
[INFO] [stdout] Some errors have detailed explanations: E0425, E0433.
[INFO] [stdout] For more information about an error, try `rustc --explain E0425`.
[INFO] [stdout] Couldn't compile the test.
[INFO] [stdout] 
[INFO] [stdout] failures:
[INFO] [stdout]     src/lib.rs - (line 31)
[INFO] [stdout]     src/lib.rs - (line 61)
[INFO] [stdout] 
[INFO] [stdout] test result: FAILED. 0 passed; 2 failed; 0 ignored; 0 measured; 0 filtered out; finished in 0.22s
[INFO] [stdout] 
[INFO] [stderr] error: doctest failed, to rerun pass `--doc`
[INFO] running `Command { std: "docker" "inspect" "6d437da0dcffc9c4bca83f1a109a40402aa5afff6b9af167ca638909277cbaac", kill_on_drop: false }`
[INFO] running `Command { std: "docker" "rm" "-f" "6d437da0dcffc9c4bca83f1a109a40402aa5afff6b9af167ca638909277cbaac", kill_on_drop: false }`
[INFO] [stdout] 6d437da0dcffc9c4bca83f1a109a40402aa5afff6b9af167ca638909277cbaac
