[INFO] fetching crate conquer-struct 0.1.0...
[INFO] testing conquer-struct-0.1.0 against 1.83.0 for beta-1.84.0-4-retry
[INFO] extracting crate conquer-struct 0.1.0 into /workspace/builds/worker-1-tc1/source
[INFO] validating manifest of crates.io crate conquer-struct 0.1.0 on toolchain 1.83.0
[INFO] running `Command { std: CARGO_HOME="/workspace/cargo-home" RUSTUP_HOME="/workspace/rustup-home" "/workspace/cargo-home/bin/cargo" "+1.83.0" "metadata" "--manifest-path" "Cargo.toml" "--no-deps", kill_on_drop: false }`
[INFO] started tweaking crates.io crate conquer-struct 0.1.0
[INFO] finished tweaking crates.io crate conquer-struct 0.1.0
[INFO] tweaked toml for crates.io crate conquer-struct 0.1.0 written to /workspace/builds/worker-1-tc1/source/Cargo.toml
[INFO] running `Command { std: CARGO_HOME="/workspace/cargo-home" RUSTUP_HOME="/workspace/rustup-home" "/workspace/cargo-home/bin/cargo" "+1.83.0" "generate-lockfile" "--manifest-path" "Cargo.toml", kill_on_drop: false }`
[INFO] [stderr]     Updating crates.io index
[INFO] [stderr]      Locking 26 packages to latest compatible versions
[INFO] running `Command { std: CARGO_HOME="/workspace/cargo-home" RUSTUP_HOME="/workspace/rustup-home" "/workspace/cargo-home/bin/cargo" "+1.83.0" "fetch" "--manifest-path" "Cargo.toml", kill_on_drop: false }`
[INFO] running `Command { std: "docker" "create" "-v" "/var/lib/crater-agent-workspace/builds/worker-1-tc1/target:/opt/rustwide/target:rw,Z" "-v" "/var/lib/crater-agent-workspace/builds/worker-1-tc1/source:/opt/rustwide/workdir:ro,Z" "-v" "/var/lib/crater-agent-workspace/cargo-home:/opt/rustwide/cargo-home:ro,Z" "-v" "/var/lib/crater-agent-workspace/rustup-home:/opt/rustwide/rustup-home:ro,Z" "-e" "SOURCE_DIR=/opt/rustwide/workdir" "-e" "CARGO_TARGET_DIR=/opt/rustwide/target" "-e" "CARGO_HOME=/opt/rustwide/cargo-home" "-e" "RUSTUP_HOME=/opt/rustwide/rustup-home" "-w" "/opt/rustwide/workdir" "-m" "1610612736" "--user" "0:0" "--network" "none" "ghcr.io/rust-lang/crates-build-env/linux@sha256:f3a9d4ad9d972b27faf3965f35b62e55ba32bbce8f20bc8fe909558a86702fde" "/opt/rustwide/cargo-home/bin/cargo" "+1.83.0" "metadata" "--no-deps" "--format-version=1", kill_on_drop: false }`
[INFO] [stdout] 866a17ffa006035b935675e379dceb9a1c5abde9a1ccb8a609713bbc9009f079
[INFO] running `Command { std: "docker" "start" "-a" "866a17ffa006035b935675e379dceb9a1c5abde9a1ccb8a609713bbc9009f079", kill_on_drop: false }`
[INFO] running `Command { std: "docker" "inspect" "866a17ffa006035b935675e379dceb9a1c5abde9a1ccb8a609713bbc9009f079", kill_on_drop: false }`
[INFO] running `Command { std: "docker" "rm" "-f" "866a17ffa006035b935675e379dceb9a1c5abde9a1ccb8a609713bbc9009f079", kill_on_drop: false }`
[INFO] [stdout] 866a17ffa006035b935675e379dceb9a1c5abde9a1ccb8a609713bbc9009f079
[INFO] running `Command { std: "docker" "create" "-v" "/var/lib/crater-agent-workspace/builds/worker-1-tc1/target:/opt/rustwide/target:rw,Z" "-v" "/var/lib/crater-agent-workspace/builds/worker-1-tc1/source:/opt/rustwide/workdir:ro,Z" "-v" "/var/lib/crater-agent-workspace/cargo-home:/opt/rustwide/cargo-home:ro,Z" "-v" "/var/lib/crater-agent-workspace/rustup-home:/opt/rustwide/rustup-home:ro,Z" "-e" "SOURCE_DIR=/opt/rustwide/workdir" "-e" "CARGO_TARGET_DIR=/opt/rustwide/target" "-e" "CARGO_INCREMENTAL=0" "-e" "RUST_BACKTRACE=full" "-e" "RUSTFLAGS=--cap-lints=warn" "-e" "RUSTDOCFLAGS=--cap-lints=warn" "-e" "CARGO_HOME=/opt/rustwide/cargo-home" "-e" "RUSTUP_HOME=/opt/rustwide/rustup-home" "-w" "/opt/rustwide/workdir" "-m" "1610612736" "--user" "0:0" "--network" "none" "ghcr.io/rust-lang/crates-build-env/linux@sha256:f3a9d4ad9d972b27faf3965f35b62e55ba32bbce8f20bc8fe909558a86702fde" "/opt/rustwide/cargo-home/bin/cargo" "+1.83.0" "build" "--frozen" "--message-format=json", kill_on_drop: false }`
[INFO] [stdout] 2d223cb1fdd782c5ab64e80de3ed5de824d11b1a20c2ad70e9b61f66e1513570
[INFO] running `Command { std: "docker" "start" "-a" "2d223cb1fdd782c5ab64e80de3ed5de824d11b1a20c2ad70e9b61f66e1513570", kill_on_drop: false }`
[INFO] [stderr]    Compiling conquer-struct v0.1.0 (/opt/rustwide/workdir)
[INFO] [stderr]     Finished `dev` profile [unoptimized + debuginfo] target(s) in 0.98s
[INFO] running `Command { std: "docker" "inspect" "2d223cb1fdd782c5ab64e80de3ed5de824d11b1a20c2ad70e9b61f66e1513570", kill_on_drop: false }`
[INFO] running `Command { std: "docker" "rm" "-f" "2d223cb1fdd782c5ab64e80de3ed5de824d11b1a20c2ad70e9b61f66e1513570", kill_on_drop: false }`
[INFO] [stdout] 2d223cb1fdd782c5ab64e80de3ed5de824d11b1a20c2ad70e9b61f66e1513570
[INFO] running `Command { std: "docker" "create" "-v" "/var/lib/crater-agent-workspace/builds/worker-1-tc1/target:/opt/rustwide/target:rw,Z" "-v" "/var/lib/crater-agent-workspace/builds/worker-1-tc1/source:/opt/rustwide/workdir:ro,Z" "-v" "/var/lib/crater-agent-workspace/cargo-home:/opt/rustwide/cargo-home:ro,Z" "-v" "/var/lib/crater-agent-workspace/rustup-home:/opt/rustwide/rustup-home:ro,Z" "-e" "SOURCE_DIR=/opt/rustwide/workdir" "-e" "CARGO_TARGET_DIR=/opt/rustwide/target" "-e" "CARGO_INCREMENTAL=0" "-e" "RUST_BACKTRACE=full" "-e" "RUSTFLAGS=--cap-lints=warn" "-e" "RUSTDOCFLAGS=--cap-lints=warn" "-e" "CARGO_HOME=/opt/rustwide/cargo-home" "-e" "RUSTUP_HOME=/opt/rustwide/rustup-home" "-w" "/opt/rustwide/workdir" "-m" "1610612736" "--user" "0:0" "--network" "none" "ghcr.io/rust-lang/crates-build-env/linux@sha256:f3a9d4ad9d972b27faf3965f35b62e55ba32bbce8f20bc8fe909558a86702fde" "/opt/rustwide/cargo-home/bin/cargo" "+1.83.0" "test" "--frozen" "--no-run" "--message-format=json", kill_on_drop: false }`
[INFO] [stdout] d84fb380340e68574a639769b6431d967e0242f004d65644a88a231408f96beb
[INFO] running `Command { std: "docker" "start" "-a" "d84fb380340e68574a639769b6431d967e0242f004d65644a88a231408f96beb", kill_on_drop: false }`
[INFO] [stderr]    Compiling proc-macro2 v1.0.92
[INFO] [stderr]    Compiling unicode-ident v1.0.14
[INFO] [stderr]    Compiling pin-project-lite v0.2.15
[INFO] [stderr]    Compiling quote v1.0.37
[INFO] [stderr]    Compiling syn v2.0.90
[INFO] [stderr]    Compiling tokio-macros v2.4.0
[INFO] [stderr]    Compiling conquer-struct v0.1.0 (/opt/rustwide/workdir)
[INFO] [stderr]    Compiling tokio v1.42.0
[INFO] [stderr]     Finished `test` profile [unoptimized + debuginfo] target(s) in 10.71s
[INFO] running `Command { std: "docker" "inspect" "d84fb380340e68574a639769b6431d967e0242f004d65644a88a231408f96beb", kill_on_drop: false }`
[INFO] running `Command { std: "docker" "rm" "-f" "d84fb380340e68574a639769b6431d967e0242f004d65644a88a231408f96beb", kill_on_drop: false }`
[INFO] [stdout] d84fb380340e68574a639769b6431d967e0242f004d65644a88a231408f96beb
[INFO] running `Command { std: "docker" "create" "-v" "/var/lib/crater-agent-workspace/builds/worker-1-tc1/target:/opt/rustwide/target:rw,Z" "-v" "/var/lib/crater-agent-workspace/builds/worker-1-tc1/source:/opt/rustwide/workdir:ro,Z" "-v" "/var/lib/crater-agent-workspace/cargo-home:/opt/rustwide/cargo-home:ro,Z" "-v" "/var/lib/crater-agent-workspace/rustup-home:/opt/rustwide/rustup-home:ro,Z" "-e" "SOURCE_DIR=/opt/rustwide/workdir" "-e" "CARGO_TARGET_DIR=/opt/rustwide/target" "-e" "CARGO_INCREMENTAL=0" "-e" "RUST_BACKTRACE=full" "-e" "RUSTFLAGS=--cap-lints=warn" "-e" "RUSTDOCFLAGS=--cap-lints=warn" "-e" "CARGO_HOME=/opt/rustwide/cargo-home" "-e" "RUSTUP_HOME=/opt/rustwide/rustup-home" "-w" "/opt/rustwide/workdir" "-m" "1610612736" "--user" "0:0" "--network" "none" "ghcr.io/rust-lang/crates-build-env/linux@sha256:f3a9d4ad9d972b27faf3965f35b62e55ba32bbce8f20bc8fe909558a86702fde" "/opt/rustwide/cargo-home/bin/cargo" "+1.83.0" "test" "--frozen", kill_on_drop: false }`
[INFO] [stdout] c4686501a06dce93f773567fde53fe2a71aea55ed1c50503a9b0fc3b78582e20
[INFO] running `Command { std: "docker" "start" "-a" "c4686501a06dce93f773567fde53fe2a71aea55ed1c50503a9b0fc3b78582e20", kill_on_drop: false }`
[INFO] [stderr]     Finished `test` profile [unoptimized + debuginfo] target(s) in 0.03s
[INFO] [stderr]      Running unittests src/lib.rs (/opt/rustwide/target/debug/deps/conquer_struct-c591070edd8921ee)
[INFO] [stderr]      Running tests/struct-test.rs (/opt/rustwide/target/debug/deps/struct_test-a3048069484ad3e2)
[INFO] [stdout] 
[INFO] [stdout] running 0 tests
[INFO] [stdout] 
[INFO] [stdout] test result: ok. 0 passed; 0 failed; 0 ignored; 0 measured; 0 filtered out; finished in 0.00s
[INFO] [stdout] 
[INFO] [stdout] 
[INFO] [stdout] running 3 tests
[INFO] [stdout] test test_inner_workings ... ok
[INFO] [stdout] test test_context_awareness_try ... ok
[INFO] [stderr]    Doc-tests conquer_struct
[INFO] [stdout] test test_inner_workings_try ... ok
[INFO] [stdout] 
[INFO] [stdout] test result: ok. 3 passed; 0 failed; 0 ignored; 0 measured; 0 filtered out; finished in 0.01s
[INFO] [stdout] 
[INFO] [stdout] 
[INFO] [stdout] running 11 tests
[INFO] [stdout] test src/types.rs - types::FieldType (line 102) ... ignored
[INFO] [stdout] test src/types.rs - types::FieldType (line 108) ... ignored
[INFO] [stdout] test src/types.rs - types::OutputStructAbstraction (line 35) ... ignored
[INFO] [stdout] test src/types.rs - types::OutputStructAbstraction (line 44) ... ignored
[INFO] [stdout] test src/lib.rs - conquer_future (line 106) - compile fail ... ok
[INFO] [stdout] test src/lib.rs - (line 31) ... FAILED
[INFO] [stdout] test src/lib.rs - (line 44) ... FAILED
[INFO] [stdout] test src/lib.rs - (line 9) ... FAILED
[INFO] [stdout] test src/types.rs - types::FuturedField (line 86) ... ok
[INFO] [stdout] test src/lib.rs - conquer_future (line 76) ... ok
[INFO] [stdout] test src/lib.rs - try_conquer_future (line 145) ... ok
[INFO] [stdout] 
[INFO] [stdout] failures:
[INFO] [stdout] 
[INFO] [stdout] ---- src/lib.rs - (line 31) stdout ----
[INFO] [stdout] error: `->` used for field access or method call
[INFO] [stdout]  --> src/lib.rs:37:4
[INFO] [stdout]   |
[INFO] [stdout] 8 | }) -> impl Future<Output = StructName>
[INFO] [stdout]   |    ^^
[INFO] [stdout]   |
[INFO] [stdout]   = help: the `.` operator will dereference the value if needed
[INFO] [stdout] help: try using `.` instead
[INFO] [stdout]   |
[INFO] [stdout] 8 | }) . impl Future<Output = StructName>
[INFO] [stdout]   |    ~
[INFO] [stdout] 
[INFO] [stdout] error: expected identifier, found keyword `impl`
[INFO] [stdout]  --> src/lib.rs:37:7
[INFO] [stdout]   |
[INFO] [stdout] 8 | }) -> impl Future<Output = StructName>
[INFO] [stdout]   |       ^^^^ expected identifier, found keyword
[INFO] [stdout] 
[INFO] [stdout] error: expected one of `(`, `.`, `::`, `;`, `?`, `}`, or an operator, found `Future`
[INFO] [stdout]  --> src/lib.rs:37:12
[INFO] [stdout]   |
[INFO] [stdout] 8 | }) -> impl Future<Output = StructName>
[INFO] [stdout]   |            ^^^^^^ expected one of 7 possible tokens
[INFO] [stdout] 
[INFO] [stdout] error: aborting due to 3 previous errors
[INFO] [stdout] 
[INFO] [stdout] Couldn't compile the test.
[INFO] [stdout] ---- src/lib.rs - (line 44) stdout ----
[INFO] [stdout] error: `->` used for field access or method call
[INFO] [stdout]  --> src/lib.rs:50:4
[INFO] [stdout]   |
[INFO] [stdout] 8 | }) -> impl Future<Output = Result<StructName, E>>
[INFO] [stdout]   |    ^^
[INFO] [stdout]   |
[INFO] [stdout]   = help: the `.` operator will dereference the value if needed
[INFO] [stdout] help: try using `.` instead
[INFO] [stdout]   |
[INFO] [stdout] 8 | }) . impl Future<Output = Result<StructName, E>>
[INFO] [stdout]   |    ~
[INFO] [stdout] 
[INFO] [stdout] error: expected identifier, found keyword `impl`
[INFO] [stdout]  --> src/lib.rs:50:7
[INFO] [stdout]   |
[INFO] [stdout] 8 | }) -> impl Future<Output = Result<StructName, E>>
[INFO] [stdout]   |       ^^^^ expected identifier, found keyword
[INFO] [stdout] 
[INFO] [stdout] error: expected one of `(`, `.`, `::`, `;`, `?`, `}`, or an operator, found `Future`
[INFO] [stdout]  --> src/lib.rs:50:12
[INFO] [stdout]   |
[INFO] [stdout] 8 | }) -> impl Future<Output = Result<StructName, E>>
[INFO] [stdout]   |            ^^^^^^ expected one of 7 possible tokens
[INFO] [stdout] 
[INFO] [stdout] error: aborting due to 3 previous errors
[INFO] [stdout] 
[INFO] [stdout] Couldn't compile the test.
[INFO] [stdout] ---- src/lib.rs - (line 9) stdout ----
[INFO] [stdout] error: cannot find macro `conquer_future` in this scope
[INFO] [stdout]  --> src/lib.rs:12:5
[INFO] [stdout]   |
[INFO] [stdout] 5 |     conquer_future!(Contact {
[INFO] [stdout]   |     ^^^^^^^^^^^^^^
[INFO] [stdout]   |
[INFO] [stdout] help: consider importing this macro
[INFO] [stdout]   |
[INFO] [stdout] 3 + use conquer_struct::conquer_future;
[INFO] [stdout]   |
[INFO] [stdout] 
[INFO] [stdout] error[E0412]: cannot find type `Contact` in this scope
[INFO] [stdout]  --> src/lib.rs:11:49
[INFO] [stdout]   |
[INFO] [stdout] 4 | async fn get_contact_info(contact_id: usize) -> Contact {
[INFO] [stdout]   |                                                 ^^^^^^^ not found in this scope
[INFO] [stdout] 
[INFO] [stdout] error: aborting due to 2 previous errors
[INFO] [stdout] 
[INFO] [stdout] For more information about this error, try `rustc --explain E0412`.
[INFO] [stdout] Couldn't compile the test.
[INFO] [stdout] 
[INFO] [stdout] failures:
[INFO] [stdout]     src/lib.rs - (line 31)
[INFO] [stdout]     src/lib.rs - (line 44)
[INFO] [stdout]     src/lib.rs - (line 9)
[INFO] [stdout] 
[INFO] [stdout] test result: FAILED. 4 passed; 3 failed; 4 ignored; 0 measured; 0 filtered out; finished in 0.85s
[INFO] [stdout] 
[INFO] [stderr] error: doctest failed, to rerun pass `--doc`
[INFO] running `Command { std: "docker" "inspect" "c4686501a06dce93f773567fde53fe2a71aea55ed1c50503a9b0fc3b78582e20", kill_on_drop: false }`
[INFO] running `Command { std: "docker" "rm" "-f" "c4686501a06dce93f773567fde53fe2a71aea55ed1c50503a9b0fc3b78582e20", kill_on_drop: false }`
[INFO] [stdout] c4686501a06dce93f773567fde53fe2a71aea55ed1c50503a9b0fc3b78582e20
