[INFO] fetching crate confitul 0.1.4...
[INFO] testing confitul-0.1.4 against 1.83.0 for beta-1.84.0-4-retry
[INFO] extracting crate confitul 0.1.4 into /workspace/builds/worker-0-tc1/source
[INFO] validating manifest of crates.io crate confitul 0.1.4 on toolchain 1.83.0
[INFO] running `Command { std: CARGO_HOME="/workspace/cargo-home" RUSTUP_HOME="/workspace/rustup-home" "/workspace/cargo-home/bin/cargo" "+1.83.0" "metadata" "--manifest-path" "Cargo.toml" "--no-deps", kill_on_drop: false }`
[INFO] started tweaking crates.io crate confitul 0.1.4
[INFO] finished tweaking crates.io crate confitul 0.1.4
[INFO] tweaked toml for crates.io crate confitul 0.1.4 written to /workspace/builds/worker-0-tc1/source/Cargo.toml
[INFO] running `Command { std: CARGO_HOME="/workspace/cargo-home" RUSTUP_HOME="/workspace/rustup-home" "/workspace/cargo-home/bin/cargo" "+1.83.0" "generate-lockfile" "--manifest-path" "Cargo.toml", kill_on_drop: false }`
[INFO] [stderr]     Updating crates.io index
[INFO] [stderr]      Locking 89 packages to latest compatible versions
[INFO] [stderr]       Adding ckey v0.1.1 (available: v0.4.3)
[INFO] [stderr]       Adding ed25519 v1.5.3 (available: v2.2.3)
[INFO] [stderr]       Adding ed25519-dalek v1.0.1 (available: v2.1.1)
[INFO] [stderr]       Adding gethostname v0.2.3 (available: v0.5.0)
[INFO] [stderr]       Adding hashlru v0.6.1 (available: v0.11.1)
[INFO] [stderr]       Adding rand v0.7.3 (available: v0.8.5)
[INFO] [stderr]       Adding sha2 v0.9.9 (available: v0.10.8)
[INFO] [stderr]       Adding signature v1.6.4 (available: v2.2.0)
[INFO] [stderr]       Adding vclock v0.2.3 (available: v0.4.4)
[INFO] [stderr]       Adding zeroize v1.3.0 (available: v1.8.1)
[INFO] running `Command { std: CARGO_HOME="/workspace/cargo-home" RUSTUP_HOME="/workspace/rustup-home" "/workspace/cargo-home/bin/cargo" "+1.83.0" "fetch" "--manifest-path" "Cargo.toml", kill_on_drop: false }`
[INFO] [stderr]  Downloading crates ...
[INFO] [stderr]   Downloaded hashlru v0.6.1
[INFO] [stderr]   Downloaded vclock v0.2.3
[INFO] [stderr]   Downloaded ckey v0.1.1
[INFO] running `Command { std: "docker" "create" "-v" "/var/lib/crater-agent-workspace/builds/worker-0-tc1/target:/opt/rustwide/target:rw,Z" "-v" "/var/lib/crater-agent-workspace/builds/worker-0-tc1/source:/opt/rustwide/workdir:ro,Z" "-v" "/var/lib/crater-agent-workspace/cargo-home:/opt/rustwide/cargo-home:ro,Z" "-v" "/var/lib/crater-agent-workspace/rustup-home:/opt/rustwide/rustup-home:ro,Z" "-e" "SOURCE_DIR=/opt/rustwide/workdir" "-e" "CARGO_TARGET_DIR=/opt/rustwide/target" "-e" "CARGO_HOME=/opt/rustwide/cargo-home" "-e" "RUSTUP_HOME=/opt/rustwide/rustup-home" "-w" "/opt/rustwide/workdir" "-m" "1610612736" "--user" "0:0" "--network" "none" "ghcr.io/rust-lang/crates-build-env/linux@sha256:f3a9d4ad9d972b27faf3965f35b62e55ba32bbce8f20bc8fe909558a86702fde" "/opt/rustwide/cargo-home/bin/cargo" "+1.83.0" "metadata" "--no-deps" "--format-version=1", kill_on_drop: false }`
[INFO] [stdout] 76fc54f11e3f47e844ff6b9745eefc4f3a4658a9c834a1560573da0865627519
[INFO] running `Command { std: "docker" "start" "-a" "76fc54f11e3f47e844ff6b9745eefc4f3a4658a9c834a1560573da0865627519", kill_on_drop: false }`
[INFO] running `Command { std: "docker" "inspect" "76fc54f11e3f47e844ff6b9745eefc4f3a4658a9c834a1560573da0865627519", kill_on_drop: false }`
[INFO] running `Command { std: "docker" "rm" "-f" "76fc54f11e3f47e844ff6b9745eefc4f3a4658a9c834a1560573da0865627519", kill_on_drop: false }`
[INFO] [stdout] 76fc54f11e3f47e844ff6b9745eefc4f3a4658a9c834a1560573da0865627519
[INFO] running `Command { std: "docker" "create" "-v" "/var/lib/crater-agent-workspace/builds/worker-0-tc1/target:/opt/rustwide/target:rw,Z" "-v" "/var/lib/crater-agent-workspace/builds/worker-0-tc1/source:/opt/rustwide/workdir:ro,Z" "-v" "/var/lib/crater-agent-workspace/cargo-home:/opt/rustwide/cargo-home:ro,Z" "-v" "/var/lib/crater-agent-workspace/rustup-home:/opt/rustwide/rustup-home:ro,Z" "-e" "SOURCE_DIR=/opt/rustwide/workdir" "-e" "CARGO_TARGET_DIR=/opt/rustwide/target" "-e" "CARGO_INCREMENTAL=0" "-e" "RUST_BACKTRACE=full" "-e" "RUSTFLAGS=--cap-lints=warn" "-e" "RUSTDOCFLAGS=--cap-lints=warn" "-e" "CARGO_HOME=/opt/rustwide/cargo-home" "-e" "RUSTUP_HOME=/opt/rustwide/rustup-home" "-w" "/opt/rustwide/workdir" "-m" "1610612736" "--user" "0:0" "--network" "none" "ghcr.io/rust-lang/crates-build-env/linux@sha256:f3a9d4ad9d972b27faf3965f35b62e55ba32bbce8f20bc8fe909558a86702fde" "/opt/rustwide/cargo-home/bin/cargo" "+1.83.0" "build" "--frozen" "--message-format=json", kill_on_drop: false }`
[INFO] [stdout] 239b75e0db575f3a72d2ccd59a4360dd4e2ab62d18fb0f5008aca61aa88e7d86
[INFO] running `Command { std: "docker" "start" "-a" "239b75e0db575f3a72d2ccd59a4360dd4e2ab62d18fb0f5008aca61aa88e7d86", kill_on_drop: false }`
[INFO] [stderr]    Compiling proc-macro2 v1.0.92
[INFO] [stderr]    Compiling unicode-ident v1.0.14
[INFO] [stderr]    Compiling libc v0.2.168
[INFO] [stderr]    Compiling typenum v1.17.0
[INFO] [stderr]    Compiling cfg-if v1.0.0
[INFO] [stderr]    Compiling version_check v0.9.5
[INFO] [stderr]    Compiling stable_deref_trait v1.2.0
[INFO] [stderr]    Compiling serde v1.0.216
[INFO] [stderr]    Compiling byteorder v1.5.0
[INFO] [stderr]    Compiling litemap v0.7.4
[INFO] [stderr]    Compiling writeable v0.5.5
[INFO] [stderr]    Compiling getrandom v0.1.16
[INFO] [stderr]    Compiling icu_locid_transform_data v1.5.0
[INFO] [stderr]    Compiling icu_properties_data v1.5.0
[INFO] [stderr]    Compiling serde_json v1.0.133
[INFO] [stderr]    Compiling cpufeatures v0.2.16
[INFO] [stderr]    Compiling smallvec v1.13.2
[INFO] [stderr]    Compiling write16 v1.0.0
[INFO] [stderr]    Compiling utf8_iter v1.0.4
[INFO] [stderr]    Compiling utf16_iter v1.0.5
[INFO] [stderr]    Compiling icu_normalizer_data v1.5.0
[INFO] [stderr]    Compiling memchr v2.7.4
[INFO] [stderr]    Compiling itoa v1.0.14
[INFO] [stderr]    Compiling ryu v1.0.18
[INFO] [stderr]    Compiling half v1.8.3
[INFO] [stderr]    Compiling opaque-debug v0.3.1
[INFO] [stderr]    Compiling signature v1.6.4
[INFO] [stderr]    Compiling percent-encoding v2.3.1
[INFO] [stderr]    Compiling subtle v2.6.1
[INFO] [stderr]    Compiling hex v0.4.3
[INFO] [stderr]    Compiling form_urlencoded v1.2.1
[INFO] [stderr]    Compiling generic-array v0.14.7
[INFO] [stderr]    Compiling quote v1.0.37
[INFO] [stderr]    Compiling syn v2.0.90
[INFO] [stderr]    Compiling getrandom v0.2.15
[INFO] [stderr]    Compiling gethostname v0.2.3
[INFO] [stderr]    Compiling rand_core v0.6.4
[INFO] [stderr]    Compiling rand_core v0.5.1
[INFO] [stderr]    Compiling block-buffer v0.10.4
[INFO] [stderr]    Compiling crypto-common v0.1.6
[INFO] [stderr]    Compiling digest v0.9.0
[INFO] [stderr]    Compiling block-buffer v0.9.0
[INFO] [stderr]    Compiling digest v0.10.7
[INFO] [stderr]    Compiling sha2 v0.9.9
[INFO] [stderr]    Compiling sha2 v0.10.8
[INFO] [stderr]    Compiling synstructure v0.13.1
[INFO] [stderr]    Compiling zerofrom-derive v0.1.5
[INFO] [stderr]    Compiling yoke-derive v0.7.5
[INFO] [stderr]    Compiling zerovec-derive v0.10.3
[INFO] [stderr]    Compiling serde_derive v1.0.216
[INFO] [stderr]    Compiling displaydoc v0.2.5
[INFO] [stderr]    Compiling zerocopy-derive v0.7.35
[INFO] [stderr]    Compiling icu_provider_macros v1.5.0
[INFO] [stderr]    Compiling zeroize_derive v1.4.2
[INFO] [stderr]    Compiling zeroize v1.3.0
[INFO] [stderr]    Compiling curve25519-dalek v3.2.1
[INFO] [stderr]    Compiling zerocopy v0.7.35
[INFO] [stderr]    Compiling zerofrom v0.1.5
[INFO] [stderr]    Compiling yoke v0.7.5
[INFO] [stderr]    Compiling zerovec v0.10.4
[INFO] [stderr]    Compiling ppv-lite86 v0.2.20
[INFO] [stderr]    Compiling rand_chacha v0.2.2
[INFO] [stderr]    Compiling rand_chacha v0.3.1
[INFO] [stderr]    Compiling rand v0.8.5
[INFO] [stderr]    Compiling rand v0.7.3
[INFO] [stderr]    Compiling tinystr v0.7.6
[INFO] [stderr]    Compiling icu_collections v1.5.0
[INFO] [stderr]    Compiling icu_locid v1.5.0
[INFO] [stderr]    Compiling icu_provider v1.5.0
[INFO] [stderr]    Compiling icu_locid_transform v1.5.0
[INFO] [stderr]    Compiling icu_properties v1.5.1
[INFO] [stderr]    Compiling icu_normalizer v1.5.0
[INFO] [stderr]    Compiling bincode v1.3.3
[INFO] [stderr]    Compiling serde_bytes v0.11.15
[INFO] [stderr]    Compiling serde_cbor v0.11.2
[INFO] [stderr]    Compiling ed25519 v1.5.3
[INFO] [stderr]    Compiling hashlru v0.6.1
[INFO] [stderr]    Compiling ed25519-dalek v1.0.1
[INFO] [stderr]    Compiling idna_adapter v1.2.0
[INFO] [stderr]    Compiling idna v1.0.3
[INFO] [stderr]    Compiling url v2.5.4
[INFO] [stderr]    Compiling ckey v0.1.1
[INFO] [stderr]    Compiling vclock v0.2.3
[INFO] [stderr]    Compiling confitul v0.1.4 (/opt/rustwide/workdir)
[INFO] [stderr]     Finished `dev` profile [unoptimized + debuginfo] target(s) in 27.35s
[INFO] running `Command { std: "docker" "inspect" "239b75e0db575f3a72d2ccd59a4360dd4e2ab62d18fb0f5008aca61aa88e7d86", kill_on_drop: false }`
[INFO] running `Command { std: "docker" "rm" "-f" "239b75e0db575f3a72d2ccd59a4360dd4e2ab62d18fb0f5008aca61aa88e7d86", kill_on_drop: false }`
[INFO] [stdout] 239b75e0db575f3a72d2ccd59a4360dd4e2ab62d18fb0f5008aca61aa88e7d86
[INFO] running `Command { std: "docker" "create" "-v" "/var/lib/crater-agent-workspace/builds/worker-0-tc1/target:/opt/rustwide/target:rw,Z" "-v" "/var/lib/crater-agent-workspace/builds/worker-0-tc1/source:/opt/rustwide/workdir:ro,Z" "-v" "/var/lib/crater-agent-workspace/cargo-home:/opt/rustwide/cargo-home:ro,Z" "-v" "/var/lib/crater-agent-workspace/rustup-home:/opt/rustwide/rustup-home:ro,Z" "-e" "SOURCE_DIR=/opt/rustwide/workdir" "-e" "CARGO_TARGET_DIR=/opt/rustwide/target" "-e" "CARGO_INCREMENTAL=0" "-e" "RUST_BACKTRACE=full" "-e" "RUSTFLAGS=--cap-lints=warn" "-e" "RUSTDOCFLAGS=--cap-lints=warn" "-e" "CARGO_HOME=/opt/rustwide/cargo-home" "-e" "RUSTUP_HOME=/opt/rustwide/rustup-home" "-w" "/opt/rustwide/workdir" "-m" "1610612736" "--user" "0:0" "--network" "none" "ghcr.io/rust-lang/crates-build-env/linux@sha256:f3a9d4ad9d972b27faf3965f35b62e55ba32bbce8f20bc8fe909558a86702fde" "/opt/rustwide/cargo-home/bin/cargo" "+1.83.0" "test" "--frozen" "--no-run" "--message-format=json", kill_on_drop: false }`
[INFO] [stdout] d1658cb3fa8152d9d09dc48372e3b6c2b92894857b59e9783cd92844db4e3f3d
[INFO] running `Command { std: "docker" "start" "-a" "d1658cb3fa8152d9d09dc48372e3b6c2b92894857b59e9783cd92844db4e3f3d", kill_on_drop: false }`
[INFO] [stderr]    Compiling confitul v0.1.4 (/opt/rustwide/workdir)
[INFO] [stderr]     Finished `test` profile [unoptimized + debuginfo] target(s) in 1.74s
[INFO] running `Command { std: "docker" "inspect" "d1658cb3fa8152d9d09dc48372e3b6c2b92894857b59e9783cd92844db4e3f3d", kill_on_drop: false }`
[INFO] running `Command { std: "docker" "rm" "-f" "d1658cb3fa8152d9d09dc48372e3b6c2b92894857b59e9783cd92844db4e3f3d", kill_on_drop: false }`
[INFO] [stdout] d1658cb3fa8152d9d09dc48372e3b6c2b92894857b59e9783cd92844db4e3f3d
[INFO] running `Command { std: "docker" "create" "-v" "/var/lib/crater-agent-workspace/builds/worker-0-tc1/target:/opt/rustwide/target:rw,Z" "-v" "/var/lib/crater-agent-workspace/builds/worker-0-tc1/source:/opt/rustwide/workdir:ro,Z" "-v" "/var/lib/crater-agent-workspace/cargo-home:/opt/rustwide/cargo-home:ro,Z" "-v" "/var/lib/crater-agent-workspace/rustup-home:/opt/rustwide/rustup-home:ro,Z" "-e" "SOURCE_DIR=/opt/rustwide/workdir" "-e" "CARGO_TARGET_DIR=/opt/rustwide/target" "-e" "CARGO_INCREMENTAL=0" "-e" "RUST_BACKTRACE=full" "-e" "RUSTFLAGS=--cap-lints=warn" "-e" "RUSTDOCFLAGS=--cap-lints=warn" "-e" "CARGO_HOME=/opt/rustwide/cargo-home" "-e" "RUSTUP_HOME=/opt/rustwide/rustup-home" "-w" "/opt/rustwide/workdir" "-m" "1610612736" "--user" "0:0" "--network" "none" "ghcr.io/rust-lang/crates-build-env/linux@sha256:f3a9d4ad9d972b27faf3965f35b62e55ba32bbce8f20bc8fe909558a86702fde" "/opt/rustwide/cargo-home/bin/cargo" "+1.83.0" "test" "--frozen", kill_on_drop: false }`
[INFO] [stdout] ba18e9522ac4e1d7641d085c7d4b6dce281c14fece6e9ccfbf8831294a58d508
[INFO] running `Command { std: "docker" "start" "-a" "ba18e9522ac4e1d7641d085c7d4b6dce281c14fece6e9ccfbf8831294a58d508", kill_on_drop: false }`
[INFO] [stderr]     Finished `test` profile [unoptimized + debuginfo] target(s) in 0.17s
[INFO] [stderr]      Running unittests src/lib.rs (/opt/rustwide/target/debug/deps/confitul-ec2626c442a73a6f)
[INFO] [stdout] 
[INFO] [stdout] running 8 tests
[INFO] [stdout] test cluster_options::tests::test_cluster_options_serde_json ... ok
[INFO] [stdout] test local_host::tests::test_local_host_serde_json ... ok
[INFO] [stdout] test crypto::tests::test_sign_verify ... ok
[INFO] [stdout] test crypto::tests::test_export_public ... ok
[INFO] [stdout] test local_host::tests::test_local_host_description_update ... ok
[INFO] [stdout] test local_host::tests::test_local_host_urls_update ... ok
[INFO] [stdout] test local_host_options::tests::test_local_host_options_serde_json ... ok
[INFO] [stdout] test remote_host::tests::test_remote_host_serde_json ... ok
[INFO] [stdout] 
[INFO] [stdout] test result: ok. 8 passed; 0 failed; 0 ignored; 0 measured; 0 filtered out; finished in 0.02s
[INFO] [stdout] 
[INFO] [stderr]    Doc-tests confitul
[INFO] [stdout] 
[INFO] [stdout] running 19 tests
[INFO] [stdout] test src/host.rs - host::Host::id (line 18) ... FAILED
[INFO] [stdout] test src/local_host.rs - local_host::LocalHost::sign_msg (line 71) ... ok
[INFO] [stdout] test src/ep.rs - ep::EP::parse (line 44) ... ok
[INFO] [stdout] test src/crypto.rs - crypto::verify (line 16) ... ok
[INFO] [stdout] test src/host.rs - host::Host::description (line 52) ... ok
[INFO] [stdout] test src/crypto.rs - crypto::sign (line 50) ... ok
[INFO] [stdout] test src/ep.rs - ep::EP::new_local (line 26) ... ok
[INFO] [stdout] test src/host.rs - host::Host::verify_msg (line 104) ... ok
[INFO] [stdout] test src/ep.rs - ep::EP::fmt (line 64) ... ok
[INFO] [stdout] test src/host.rs - host::Host::urls (line 69) ... ok
[INFO] [stdout] test src/host.rs - host::Host::sig (line 86) ... ok
[INFO] [stdout] test src/host.rs - host::Host::name (line 35) ... ok
[INFO] [stdout] test src/host.rs - host::Host::verify_self (line 122) ... ok
[INFO] [stdout] test src/local_host.rs - local_host::LocalHost::new (line 35) ... ok
[INFO] [stdout] test src/host_info.rs - host_info::HostInfo::fmt (line 35) ... ok
[INFO] [stdout] test src/local_host.rs - local_host::LocalHost::update_description (line 111) ... ok
[INFO] [stdout] test src/local_host.rs - local_host::LocalHost::update_urls (line 130) ... ok
[INFO] [stdout] test src/remote_host.rs - remote_host::RemoteHost::new (line 30) ... ok
[INFO] [stdout] test src/local_host.rs - local_host::LocalHost::update_name (line 92) ... ok
[INFO] [stdout] 
[INFO] [stdout] failures:
[INFO] [stdout] 
[INFO] [stdout] ---- src/host.rs - host::Host::id (line 18) stdout ----
[INFO] [stdout] error: linking with `cc` failed: exit status: 1
[INFO] [stdout]   |
[INFO] [stdout]   = note: LC_ALL="C" PATH="/opt/rustwide/rustup-home/toolchains/1.83.0-x86_64-unknown-linux-gnu/lib/rustlib/x86_64-unknown-linux-gnu/bin:/opt/rustwide/cargo-home/bin:/usr/local/sbin:/usr/local/bin:/usr/sbin:/usr/bin:/sbin:/bin" VSLANG="1033" "cc" "-m64" "/tmp/rustcqxdf3D/symbols.o" "/tmp/rustdoctestL950Nj/rust_out.rust_out.cb03291d53e4e161-cgu.0.rcgu.o" "/tmp/rustdoctestL950Nj/rust_out.1s7umcihpz0t7nkz1uc2ifee9.rcgu.o" "-Wl,--as-needed" "-Wl,-Bstatic" "/opt/rustwide/target/debug/deps/libconfitul-7987e84197bbc984.rlib" "/opt/rustwide/target/debug/deps/libvclock-614e2e8a26e10530.rlib" "/opt/rustwide/target/debug/deps/libhashlru-740add080ad31a07.rlib" "/opt/rustwide/target/debug/deps/libgethostname-65106f6e4b24cab4.rlib" "/opt/rustwide/target/debug/deps/libed25519_dalek-3d6796cceadc3614.rlib" "/opt/rustwide/target/debug/deps/libserde_bytes-fecd96153b2c7521.rlib" "/opt/rustwide/target/debug/deps/libsha2-2e191216c24ea814.rlib" "/opt/rustwide/target/debug/deps/libopaque_debug-f02ce38bf32809a9.rlib" "/opt/rustwide/target/debug/deps/libblock_buffer-518dcf744e6029b7.rlib" "/opt/rustwide/target/debug/deps/librand-dd16cbf4519cb8ca.rlib" "/opt/rustwide/target/debug/deps/librand_chacha-c4e74d185732499f.rlib" "/opt/rustwide/target/debug/deps/libppv_lite86-b50ccddfead32808.rlib" "/opt/rustwide/target/debug/deps/libzerocopy-7378b1a701fbbf56.rlib" "/opt/rustwide/target/debug/deps/libcurve25519_dalek-80d9c9f7d0fadba9.rlib" "/opt/rustwide/target/debug/deps/libsubtle-4612488e2946d198.rlib" "/opt/rustwide/target/debug/deps/libzeroize-22053d418427c55a.rlib" "/opt/rustwide/target/debug/deps/librand_core-047ce6990e6934d6.rlib" "/opt/rustwide/target/debug/deps/libgetrandom-0fbceab2e4171fb3.rlib" "/opt/rustwide/target/debug/deps/libdigest-37a7916c2f7e9cb4.rlib" "/opt/rustwide/target/debug/deps/libbyteorder-03d32a13dffca87e.rlib" "/opt/rustwide/target/debug/deps/libed25519-7c84ba8ab4822004.rlib" "/opt/rustwide/target/debug/deps/libsignature-e4ac6cf2a5338554.rlib" "/opt/rustwide/target/debug/deps/liburl-3fcdb5356d7bd2ec.rlib" "/opt/rustwide/target/debug/deps/libidna-10e859f3d21b86c5.rlib" "/opt/rustwide/target/debug/deps/libidna_adapter-f87fef53c23467d2.rlib" "/opt/rustwide/target/debug/deps/libicu_normalizer-957986db2bdf2733.rlib" "/opt/rustwide/target/debug/deps/libicu_normalizer_data-762e61f43eae08c2.rlib" "/opt/rustwide/target/debug/deps/libwrite16-85fd16f27fd45657.rlib" "/opt/rustwide/target/debug/deps/libutf8_iter-fbf995b92c341ba3.rlib" "/opt/rustwide/target/debug/deps/libutf16_iter-83f8708e12b6535a.rlib" "/opt/rustwide/target/debug/deps/libsmallvec-01f95b0ceff06af9.rlib" "/opt/rustwide/target/debug/deps/libicu_properties-9270ca9c84598063.rlib" "/opt/rustwide/target/debug/deps/libicu_properties_data-52a01acc947e4a6d.rlib" "/opt/rustwide/target/debug/deps/libicu_locid_transform-b4429478dfa57ac9.rlib" "/opt/rustwide/target/debug/deps/libicu_locid_transform_data-38f8208716c2d35a.rlib" "/opt/rustwide/target/debug/deps/libicu_collections-f580123dfd731285.rlib" "/opt/rustwide/target/debug/deps/libicu_provider-a7d23b39b97caa19.rlib" "/opt/rustwide/target/debug/deps/libicu_locid-550638a7cccbc7f4.rlib" "/opt/rustwide/target/debug/deps/liblitemap-a0ca3b3971bb4be7.rlib" "/opt/rustwide/target/debug/deps/libtinystr-6dd7a6ea22442228.rlib" "/opt/rustwide/target/debug/deps/libzerovec-3fc4ebf7626bcbef.rlib" "/opt/rustwide/target/debug/deps/libwriteable-c63e282ed55b92df.rlib" "/opt/rustwide/target/debug/deps/libyoke-c8194a6a3caf20a5.rlib" "/opt/rustwide/target/debug/deps/libzerofrom-0ba18ddbd9aa0fd2.rlib" "/opt/rustwide/target/debug/deps/libstable_deref_trait-3602560bab1848e8.rlib" "/opt/rustwide/target/debug/deps/libform_urlencoded-38eafe171b6dc142.rlib" "/opt/rustwide/target/debug/deps/libpercent_encoding-6b5d20e7e3073686.rlib" "/opt/rustwide/target/debug/deps/libckey-ca53d9872d40f209.rlib" "/opt/rustwide/target/debug/deps/libhex-72ec0daf2bf2906b.rlib" "/opt/rustwide/target/debug/deps/libbincode-99c5d3af714f8a50.rlib" "/opt/rustwide/target/debug/deps/libsha2-28088c87e98b68ae.rlib" "/opt/rustwide/target/debug/deps/libcpufeatures-9ef920896d0c969a.rlib" "/opt/rustwide/target/debug/deps/libdigest-b187633d31a1ee34.rlib" "/opt/rustwide/target/debug/deps/libblock_buffer-b33225e8228c539f.rlib" "/opt/rustwide/target/debug/deps/libcrypto_common-51e69f872257e8d4.rlib" "/opt/rustwide/target/debug/deps/libgeneric_array-96b5f8b414fbdd75.rlib" "/opt/rustwide/target/debug/deps/libtypenum-f8bcce2b4da82a7e.rlib" "/opt/rustwide/target/debug/deps/libserde-64a639a95a89ef6f.rlib" "/opt/rustwide/target/debug/deps/librand_core-1f8e996801df326c.rlib" "/opt/rustwide/target/debug/deps/libgetrandom-21e7353a01032e9e.rlib" "/opt/rustwide/target/debug/deps/liblibc-48c07cb418e82d02.rlib" "/opt/rustwide/target/debug/deps/libcfg_if-8217498f8667ada9.rlib" "/opt/rustwide/rustup-home/toolchains/1.83.0-x86_64-unknown-linux-gnu/lib/rustlib/x86_64-unknown-linux-gnu/lib/libstd-ca74a2d9c5166d9f.rlib" "/opt/rustwide/rustup-home/toolchains/1.83.0-x86_64-unknown-linux-gnu/lib/rustlib/x86_64-unknown-linux-gnu/lib/libpanic_unwind-e31ab23316ed5080.rlib" "/opt/rustwide/rustup-home/toolchains/1.83.0-x86_64-unknown-linux-gnu/lib/rustlib/x86_64-unknown-linux-gnu/lib/libobject-27dc4aa955912662.rlib" "/opt/rustwide/rustup-home/toolchains/1.83.0-x86_64-unknown-linux-gnu/lib/rustlib/x86_64-unknown-linux-gnu/lib/libmemchr-bd0d6cccce077b99.rlib" "/opt/rustwide/rustup-home/toolchains/1.83.0-x86_64-unknown-linux-gnu/lib/rustlib/x86_64-unknown-linux-gnu/lib/libaddr2line-8d001680935b5e3c.rlib" "/opt/rustwide/rustup-home/toolchains/1.83.0-x86_64-unknown-linux-gnu/lib/rustlib/x86_64-unknown-linux-gnu/lib/libgimli-ba8ce71964f984f4.rlib" "/opt/rustwide/rustup-home/toolchains/1.83.0-x86_64-unknown-linux-gnu/lib/rustlib/x86_64-unknown-linux-gnu/lib/librustc_demangle-99a73526abcec14b.rlib" "/opt/rustwide/rustup-home/toolchains/1.83.0-x86_64-unknown-linux-gnu/lib/rustlib/x86_64-unknown-linux-gnu/lib/libstd_detect-63ac0d22cff92579.rlib" "/opt/rustwide/rustup-home/toolchains/1.83.0-x86_64-unknown-linux-gnu/lib/rustlib/x86_64-unknown-linux-gnu/lib/libhashbrown-9057355c92c922d5.rlib" "/opt/rustwide/rustup-home/toolchains/1.83.0-x86_64-unknown-linux-gnu/lib/rustlib/x86_64-unknown-linux-gnu/lib/librustc_std_workspace_alloc-358be9bc1f6bab04.rlib" "/opt/rustwide/rustup-home/toolchains/1.83.0-x86_64-unknown-linux-gnu/lib/rustlib/x86_64-unknown-linux-gnu/lib/libminiz_oxide-aca15549d5bff974.rlib" "/opt/rustwide/rustup-home/toolchains/1.83.0-x86_64-unknown-linux-gnu/lib/rustlib/x86_64-unknown-linux-gnu/lib/libadler-8251d2cef7072448.rlib" "/opt/rustwide/rustup-home/toolchains/1.83.0-x86_64-unknown-linux-gnu/lib/rustlib/x86_64-unknown-linux-gnu/lib/libunwind-7d50b86011c66411.rlib" "/opt/rustwide/rustup-home/toolchains/1.83.0-x86_64-unknown-linux-gnu/lib/rustlib/x86_64-unknown-linux-gnu/lib/libcfg_if-51ea098fce5006bf.rlib" "/opt/rustwide/rustup-home/toolchains/1.83.0-x86_64-unknown-linux-gnu/lib/rustlib/x86_64-unknown-linux-gnu/lib/liblibc-5a14e0d0b712e731.rlib" "/opt/rustwide/rustup-home/toolchains/1.83.0-x86_64-unknown-linux-gnu/lib/rustlib/x86_64-unknown-linux-gnu/lib/liballoc-8b83dbf3a7b8f999.rlib" "/opt/rustwide/rustup-home/toolchains/1.83.0-x86_64-unknown-linux-gnu/lib/rustlib/x86_64-unknown-linux-gnu/lib/librustc_std_workspace_core-c6fd227bdc7b39ff.rlib" "/opt/rustwide/rustup-home/toolchains/1.83.0-x86_64-unknown-linux-gnu/lib/rustlib/x86_64-unknown-linux-gnu/lib/libcore-959d3389fa3da8a5.rlib" "/opt/rustwide/rustup-home/toolchains/1.83.0-x86_64-unknown-linux-gnu/lib/rustlib/x86_64-unknown-linux-gnu/lib/libcompiler_builtins-abe05db089cc2c62.rlib" "-Wl,-Bdynamic" "-lgcc_s" "-lutil" "-lrt" "-lpthread" "-lm" "-ldl" "-lc" "-Wl,--eh-frame-hdr" "-Wl,-z,noexecstack" "-L" "/opt/rustwide/rustup-home/toolchains/1.83.0-x86_64-unknown-linux-gnu/lib/rustlib/x86_64-unknown-linux-gnu/lib" "-o" "/tmp/rustdoctestL950Nj/rust_out" "-Wl,--gc-sections" "-pie" "-Wl,-z,relro,-z,now" "-nodefaultlibs"
[INFO] [stdout]   = note: collect2: fatal error: ld terminated with signal 9 [Killed]
[INFO] [stdout]           compilation terminated.
[INFO] [stdout]           
[INFO] [stdout] 
[INFO] [stdout] error: aborting due to 1 previous error
[INFO] [stdout] 
[INFO] [stdout] Couldn't compile the test.
[INFO] [stdout] 
[INFO] [stdout] failures:
[INFO] [stdout]     src/host.rs - host::Host::id (line 18)
[INFO] [stdout] 
[INFO] [stdout] test result: FAILED. 18 passed; 1 failed; 0 ignored; 0 measured; 0 filtered out; finished in 7.55s
[INFO] [stdout] 
[INFO] [stderr] error: doctest failed, to rerun pass `--doc`
[INFO] running `Command { std: "docker" "inspect" "ba18e9522ac4e1d7641d085c7d4b6dce281c14fece6e9ccfbf8831294a58d508", kill_on_drop: false }`
[INFO] running `Command { std: "docker" "rm" "-f" "ba18e9522ac4e1d7641d085c7d4b6dce281c14fece6e9ccfbf8831294a58d508", kill_on_drop: false }`
[INFO] [stdout] ba18e9522ac4e1d7641d085c7d4b6dce281c14fece6e9ccfbf8831294a58d508
