[INFO] fetching crate config_tools_derive 0.1.1...
[INFO] testing config_tools_derive-0.1.1 against 1.83.0 for beta-1.84.0-4-retry
[INFO] extracting crate config_tools_derive 0.1.1 into /workspace/builds/worker-7-tc1/source
[INFO] validating manifest of crates.io crate config_tools_derive 0.1.1 on toolchain 1.83.0
[INFO] running `Command { std: CARGO_HOME="/workspace/cargo-home" RUSTUP_HOME="/workspace/rustup-home" "/workspace/cargo-home/bin/cargo" "+1.83.0" "metadata" "--manifest-path" "Cargo.toml" "--no-deps", kill_on_drop: false }`
[INFO] started tweaking crates.io crate config_tools_derive 0.1.1
[INFO] finished tweaking crates.io crate config_tools_derive 0.1.1
[INFO] tweaked toml for crates.io crate config_tools_derive 0.1.1 written to /workspace/builds/worker-7-tc1/source/Cargo.toml
[INFO] running `Command { std: CARGO_HOME="/workspace/cargo-home" RUSTUP_HOME="/workspace/rustup-home" "/workspace/cargo-home/bin/cargo" "+1.83.0" "generate-lockfile" "--manifest-path" "Cargo.toml", kill_on_drop: false }`
[INFO] [stderr]     Updating crates.io index
[INFO] [stderr]      Locking 4 packages to latest compatible versions
[INFO] running `Command { std: CARGO_HOME="/workspace/cargo-home" RUSTUP_HOME="/workspace/rustup-home" "/workspace/cargo-home/bin/cargo" "+1.83.0" "fetch" "--manifest-path" "Cargo.toml", kill_on_drop: false }`
[INFO] running `Command { std: "docker" "create" "-v" "/var/lib/crater-agent-workspace/builds/worker-7-tc1/target:/opt/rustwide/target:rw,Z" "-v" "/var/lib/crater-agent-workspace/builds/worker-7-tc1/source:/opt/rustwide/workdir:ro,Z" "-v" "/var/lib/crater-agent-workspace/cargo-home:/opt/rustwide/cargo-home:ro,Z" "-v" "/var/lib/crater-agent-workspace/rustup-home:/opt/rustwide/rustup-home:ro,Z" "-e" "SOURCE_DIR=/opt/rustwide/workdir" "-e" "CARGO_TARGET_DIR=/opt/rustwide/target" "-e" "CARGO_HOME=/opt/rustwide/cargo-home" "-e" "RUSTUP_HOME=/opt/rustwide/rustup-home" "-w" "/opt/rustwide/workdir" "-m" "1610612736" "--user" "0:0" "--network" "none" "ghcr.io/rust-lang/crates-build-env/linux@sha256:f3a9d4ad9d972b27faf3965f35b62e55ba32bbce8f20bc8fe909558a86702fde" "/opt/rustwide/cargo-home/bin/cargo" "+1.83.0" "metadata" "--no-deps" "--format-version=1", kill_on_drop: false }`
[INFO] [stdout] 0d55dccab5011804fe9626dcb2282807c93535f8fb58d22786d8065298ea6058
[INFO] running `Command { std: "docker" "start" "-a" "0d55dccab5011804fe9626dcb2282807c93535f8fb58d22786d8065298ea6058", kill_on_drop: false }`
[INFO] running `Command { std: "docker" "inspect" "0d55dccab5011804fe9626dcb2282807c93535f8fb58d22786d8065298ea6058", kill_on_drop: false }`
[INFO] running `Command { std: "docker" "rm" "-f" "0d55dccab5011804fe9626dcb2282807c93535f8fb58d22786d8065298ea6058", kill_on_drop: false }`
[INFO] [stdout] 0d55dccab5011804fe9626dcb2282807c93535f8fb58d22786d8065298ea6058
[INFO] running `Command { std: "docker" "create" "-v" "/var/lib/crater-agent-workspace/builds/worker-7-tc1/target:/opt/rustwide/target:rw,Z" "-v" "/var/lib/crater-agent-workspace/builds/worker-7-tc1/source:/opt/rustwide/workdir:ro,Z" "-v" "/var/lib/crater-agent-workspace/cargo-home:/opt/rustwide/cargo-home:ro,Z" "-v" "/var/lib/crater-agent-workspace/rustup-home:/opt/rustwide/rustup-home:ro,Z" "-e" "SOURCE_DIR=/opt/rustwide/workdir" "-e" "CARGO_TARGET_DIR=/opt/rustwide/target" "-e" "CARGO_INCREMENTAL=0" "-e" "RUST_BACKTRACE=full" "-e" "RUSTFLAGS=--cap-lints=warn" "-e" "RUSTDOCFLAGS=--cap-lints=warn" "-e" "CARGO_HOME=/opt/rustwide/cargo-home" "-e" "RUSTUP_HOME=/opt/rustwide/rustup-home" "-w" "/opt/rustwide/workdir" "-m" "1610612736" "--user" "0:0" "--network" "none" "ghcr.io/rust-lang/crates-build-env/linux@sha256:f3a9d4ad9d972b27faf3965f35b62e55ba32bbce8f20bc8fe909558a86702fde" "/opt/rustwide/cargo-home/bin/cargo" "+1.83.0" "build" "--frozen" "--message-format=json", kill_on_drop: false }`
[INFO] [stdout] ed93b79118d77657049f2b31fe8548c44c03af1fa8078d073294e48690aeacb4
[INFO] running `Command { std: "docker" "start" "-a" "ed93b79118d77657049f2b31fe8548c44c03af1fa8078d073294e48690aeacb4", kill_on_drop: false }`
[INFO] [stderr]    Compiling proc-macro2 v1.0.92
[INFO] [stderr]    Compiling unicode-ident v1.0.14
[INFO] [stderr]    Compiling quote v1.0.37
[INFO] [stderr]    Compiling syn v2.0.90
[INFO] [stderr]    Compiling config_tools_derive v0.1.1 (/opt/rustwide/workdir)
[INFO] [stderr]     Finished `dev` profile [unoptimized + debuginfo] target(s) in 5.68s
[INFO] running `Command { std: "docker" "inspect" "ed93b79118d77657049f2b31fe8548c44c03af1fa8078d073294e48690aeacb4", kill_on_drop: false }`
[INFO] running `Command { std: "docker" "rm" "-f" "ed93b79118d77657049f2b31fe8548c44c03af1fa8078d073294e48690aeacb4", kill_on_drop: false }`
[INFO] [stdout] ed93b79118d77657049f2b31fe8548c44c03af1fa8078d073294e48690aeacb4
[INFO] running `Command { std: "docker" "create" "-v" "/var/lib/crater-agent-workspace/builds/worker-7-tc1/target:/opt/rustwide/target:rw,Z" "-v" "/var/lib/crater-agent-workspace/builds/worker-7-tc1/source:/opt/rustwide/workdir:ro,Z" "-v" "/var/lib/crater-agent-workspace/cargo-home:/opt/rustwide/cargo-home:ro,Z" "-v" "/var/lib/crater-agent-workspace/rustup-home:/opt/rustwide/rustup-home:ro,Z" "-e" "SOURCE_DIR=/opt/rustwide/workdir" "-e" "CARGO_TARGET_DIR=/opt/rustwide/target" "-e" "CARGO_INCREMENTAL=0" "-e" "RUST_BACKTRACE=full" "-e" "RUSTFLAGS=--cap-lints=warn" "-e" "RUSTDOCFLAGS=--cap-lints=warn" "-e" "CARGO_HOME=/opt/rustwide/cargo-home" "-e" "RUSTUP_HOME=/opt/rustwide/rustup-home" "-w" "/opt/rustwide/workdir" "-m" "1610612736" "--user" "0:0" "--network" "none" "ghcr.io/rust-lang/crates-build-env/linux@sha256:f3a9d4ad9d972b27faf3965f35b62e55ba32bbce8f20bc8fe909558a86702fde" "/opt/rustwide/cargo-home/bin/cargo" "+1.83.0" "test" "--frozen" "--no-run" "--message-format=json", kill_on_drop: false }`
[INFO] [stdout] 11c6558ca3e8af5924368f6098088279fb68a5b597609b795b3f4a658e94f65e
[INFO] running `Command { std: "docker" "start" "-a" "11c6558ca3e8af5924368f6098088279fb68a5b597609b795b3f4a658e94f65e", kill_on_drop: false }`
[INFO] [stderr]    Compiling config_tools_derive v0.1.1 (/opt/rustwide/workdir)
[INFO] [stderr]     Finished `test` profile [unoptimized + debuginfo] target(s) in 0.60s
[INFO] running `Command { std: "docker" "inspect" "11c6558ca3e8af5924368f6098088279fb68a5b597609b795b3f4a658e94f65e", kill_on_drop: false }`
[INFO] running `Command { std: "docker" "rm" "-f" "11c6558ca3e8af5924368f6098088279fb68a5b597609b795b3f4a658e94f65e", kill_on_drop: false }`
[INFO] [stdout] 11c6558ca3e8af5924368f6098088279fb68a5b597609b795b3f4a658e94f65e
[INFO] running `Command { std: "docker" "create" "-v" "/var/lib/crater-agent-workspace/builds/worker-7-tc1/target:/opt/rustwide/target:rw,Z" "-v" "/var/lib/crater-agent-workspace/builds/worker-7-tc1/source:/opt/rustwide/workdir:ro,Z" "-v" "/var/lib/crater-agent-workspace/cargo-home:/opt/rustwide/cargo-home:ro,Z" "-v" "/var/lib/crater-agent-workspace/rustup-home:/opt/rustwide/rustup-home:ro,Z" "-e" "SOURCE_DIR=/opt/rustwide/workdir" "-e" "CARGO_TARGET_DIR=/opt/rustwide/target" "-e" "CARGO_INCREMENTAL=0" "-e" "RUST_BACKTRACE=full" "-e" "RUSTFLAGS=--cap-lints=warn" "-e" "RUSTDOCFLAGS=--cap-lints=warn" "-e" "CARGO_HOME=/opt/rustwide/cargo-home" "-e" "RUSTUP_HOME=/opt/rustwide/rustup-home" "-w" "/opt/rustwide/workdir" "-m" "1610612736" "--user" "0:0" "--network" "none" "ghcr.io/rust-lang/crates-build-env/linux@sha256:f3a9d4ad9d972b27faf3965f35b62e55ba32bbce8f20bc8fe909558a86702fde" "/opt/rustwide/cargo-home/bin/cargo" "+1.83.0" "test" "--frozen", kill_on_drop: false }`
[INFO] [stdout] ed10bda6b61a9d2056804da2f764600fff933e8fdcf8f070e7d2bea6f395baec
[INFO] running `Command { std: "docker" "start" "-a" "ed10bda6b61a9d2056804da2f764600fff933e8fdcf8f070e7d2bea6f395baec", kill_on_drop: false }`
[INFO] [stderr]     Finished `test` profile [unoptimized + debuginfo] target(s) in 0.02s
[INFO] [stderr]      Running unittests src/lib.rs (/opt/rustwide/target/debug/deps/config_tools_derive-a5ff1035ce838a1c)
[INFO] [stdout] 
[INFO] [stdout] running 0 tests
[INFO] [stdout] 
[INFO] [stderr]    Doc-tests config_tools_derive
[INFO] [stdout] test result: ok. 0 passed; 0 failed; 0 ignored; 0 measured; 0 filtered out; finished in 0.00s
[INFO] [stdout] 
[INFO] [stdout] 
[INFO] [stdout] running 1 test
[INFO] [stdout] test src/lib.rs - from_section_derive (line 18) ... FAILED
[INFO] [stdout] 
[INFO] [stdout] failures:
[INFO] [stdout] 
[INFO] [stdout] ---- src/lib.rs - from_section_derive (line 18) stdout ----
[INFO] [stdout] error: cannot find derive macro `FromSection` in this scope
[INFO] [stdout]  --> src/lib.rs:19:10
[INFO] [stdout]   |
[INFO] [stdout] 3 | #[derive(FromSection)]
[INFO] [stdout]   |          ^^^^^^^^^^^
[INFO] [stdout]   |
[INFO] [stdout] help: consider importing this derive macro
[INFO] [stdout]   |
[INFO] [stdout] 2 + use config_tools_derive::FromSection;
[INFO] [stdout]   |
[INFO] [stdout] 
[INFO] [stdout] error[E0433]: failed to resolve: use of undeclared type `Config`
[INFO] [stdout]  --> src/lib.rs:25:14
[INFO] [stdout]   |
[INFO] [stdout] 9 | let config = Config::load("config.ini")?;
[INFO] [stdout]   |              ^^^^^^ use of undeclared type `Config`
[INFO] [stdout] 
[INFO] [stdout] error[E0599]: no function or associated item named `from_section` found for struct `ServerConfig` in the current scope
[INFO] [stdout]   --> src/lib.rs:27:35
[INFO] [stdout]    |
[INFO] [stdout] 4  | struct ServerConfig {
[INFO] [stdout]    | ------------------- function or associated item `from_section` not found for this struct
[INFO] [stdout] ...
[INFO] [stdout] 11 | let server_config = ServerConfig::from_section(server_section)?;
[INFO] [stdout]    |                                   ^^^^^^^^^^^^ function or associated item not found in `ServerConfig`
[INFO] [stdout] 
[INFO] [stdout] error: aborting due to 3 previous errors
[INFO] [stdout] 
[INFO] [stdout] Some errors have detailed explanations: E0433, E0599.
[INFO] [stdout] For more information about an error, try `rustc --explain E0433`.
[INFO] [stdout] Couldn't compile the test.
[INFO] [stdout] 
[INFO] [stdout] failures:
[INFO] [stdout]     src/lib.rs - from_section_derive (line 18)
[INFO] [stdout] 
[INFO] [stdout] test result: FAILED. 0 passed; 1 failed; 0 ignored; 0 measured; 0 filtered out; finished in 0.09s
[INFO] [stdout] 
[INFO] [stderr] error: doctest failed, to rerun pass `--doc`
[INFO] running `Command { std: "docker" "inspect" "ed10bda6b61a9d2056804da2f764600fff933e8fdcf8f070e7d2bea6f395baec", kill_on_drop: false }`
[INFO] running `Command { std: "docker" "rm" "-f" "ed10bda6b61a9d2056804da2f764600fff933e8fdcf8f070e7d2bea6f395baec", kill_on_drop: false }`
[INFO] [stdout] ed10bda6b61a9d2056804da2f764600fff933e8fdcf8f070e7d2bea6f395baec
