[INFO] fetching crate compose_yml 0.0.59...
[INFO] testing compose_yml-0.0.59 against 1.83.0 for beta-1.84.0-4-retry
[INFO] extracting crate compose_yml 0.0.59 into /workspace/builds/worker-6-tc1/source
[INFO] validating manifest of crates.io crate compose_yml 0.0.59 on toolchain 1.83.0
[INFO] running `Command { std: CARGO_HOME="/workspace/cargo-home" RUSTUP_HOME="/workspace/rustup-home" "/workspace/cargo-home/bin/cargo" "+1.83.0" "metadata" "--manifest-path" "Cargo.toml" "--no-deps", kill_on_drop: false }`
[INFO] removed /workspace/builds/worker-6-tc1/source/.cargo/config
[INFO] started tweaking crates.io crate compose_yml 0.0.59
[INFO] finished tweaking crates.io crate compose_yml 0.0.59
[INFO] tweaked toml for crates.io crate compose_yml 0.0.59 written to /workspace/builds/worker-6-tc1/source/Cargo.toml
[INFO] crate crates.io crate compose_yml 0.0.59 already has a lockfile, it will not be regenerated
[INFO] running `Command { std: CARGO_HOME="/workspace/cargo-home" RUSTUP_HOME="/workspace/rustup-home" "/workspace/cargo-home/bin/cargo" "+1.83.0" "fetch" "--manifest-path" "Cargo.toml", kill_on_drop: false }`
[INFO] [stderr]  Downloading crates ...
[INFO] [stderr]   Downloaded clippy v0.0.302
[INFO] [stderr]   Downloaded chrono v0.4.12
[INFO] [stderr]   Downloaded valico v3.4.0
[INFO] running `Command { std: "docker" "create" "-v" "/var/lib/crater-agent-workspace/builds/worker-6-tc1/target:/opt/rustwide/target:rw,Z" "-v" "/var/lib/crater-agent-workspace/builds/worker-6-tc1/source:/opt/rustwide/workdir:ro,Z" "-v" "/var/lib/crater-agent-workspace/cargo-home:/opt/rustwide/cargo-home:ro,Z" "-v" "/var/lib/crater-agent-workspace/rustup-home:/opt/rustwide/rustup-home:ro,Z" "-e" "SOURCE_DIR=/opt/rustwide/workdir" "-e" "CARGO_TARGET_DIR=/opt/rustwide/target" "-e" "CARGO_HOME=/opt/rustwide/cargo-home" "-e" "RUSTUP_HOME=/opt/rustwide/rustup-home" "-w" "/opt/rustwide/workdir" "-m" "1610612736" "--user" "0:0" "--network" "none" "ghcr.io/rust-lang/crates-build-env/linux@sha256:f3a9d4ad9d972b27faf3965f35b62e55ba32bbce8f20bc8fe909558a86702fde" "/opt/rustwide/cargo-home/bin/cargo" "+1.83.0" "metadata" "--no-deps" "--format-version=1", kill_on_drop: false }`
[INFO] [stdout] e8525b3748e14faec1597fe50ba479c8f09ee047e59122f1c5e8258c61bde0f4
[INFO] running `Command { std: "docker" "start" "-a" "e8525b3748e14faec1597fe50ba479c8f09ee047e59122f1c5e8258c61bde0f4", kill_on_drop: false }`
[INFO] running `Command { std: "docker" "inspect" "e8525b3748e14faec1597fe50ba479c8f09ee047e59122f1c5e8258c61bde0f4", kill_on_drop: false }`
[INFO] running `Command { std: "docker" "rm" "-f" "e8525b3748e14faec1597fe50ba479c8f09ee047e59122f1c5e8258c61bde0f4", kill_on_drop: false }`
[INFO] [stdout] e8525b3748e14faec1597fe50ba479c8f09ee047e59122f1c5e8258c61bde0f4
[INFO] running `Command { std: "docker" "create" "-v" "/var/lib/crater-agent-workspace/builds/worker-6-tc1/target:/opt/rustwide/target:rw,Z" "-v" "/var/lib/crater-agent-workspace/builds/worker-6-tc1/source:/opt/rustwide/workdir:ro,Z" "-v" "/var/lib/crater-agent-workspace/cargo-home:/opt/rustwide/cargo-home:ro,Z" "-v" "/var/lib/crater-agent-workspace/rustup-home:/opt/rustwide/rustup-home:ro,Z" "-e" "SOURCE_DIR=/opt/rustwide/workdir" "-e" "CARGO_TARGET_DIR=/opt/rustwide/target" "-e" "CARGO_INCREMENTAL=0" "-e" "RUST_BACKTRACE=full" "-e" "RUSTFLAGS=--cap-lints=warn" "-e" "RUSTDOCFLAGS=--cap-lints=warn" "-e" "CARGO_HOME=/opt/rustwide/cargo-home" "-e" "RUSTUP_HOME=/opt/rustwide/rustup-home" "-w" "/opt/rustwide/workdir" "-m" "1610612736" "--user" "0:0" "--network" "none" "ghcr.io/rust-lang/crates-build-env/linux@sha256:f3a9d4ad9d972b27faf3965f35b62e55ba32bbce8f20bc8fe909558a86702fde" "/opt/rustwide/cargo-home/bin/cargo" "+1.83.0" "build" "--frozen" "--message-format=json", kill_on_drop: false }`
[INFO] [stdout] 2e3fd02e56a187cd5780053c9a16b501fc26a84922e2162d9c4ced583804b4ea
[INFO] running `Command { std: "docker" "start" "-a" "2e3fd02e56a187cd5780053c9a16b501fc26a84922e2162d9c4ced583804b4ea", kill_on_drop: false }`
[INFO] [stderr]    Compiling libc v0.2.71
[INFO] [stderr]    Compiling cfg-if v0.1.10
[INFO] [stderr]    Compiling getrandom v0.1.14
[INFO] [stderr]    Compiling proc-macro2 v1.0.18
[INFO] [stderr]    Compiling unicode-xid v0.2.1
[INFO] [stderr]    Compiling syn v1.0.33
[INFO] [stderr]    Compiling ppv-lite86 v0.2.8
[INFO] [stderr]    Compiling autocfg v1.0.0
[INFO] [stderr]    Compiling siphasher v0.3.3
[INFO] [stderr]    Compiling serde_derive v1.0.114
[INFO] [stderr]    Compiling serde v1.0.114
[INFO] [stderr]    Compiling memchr v2.3.3
[INFO] [stderr]    Compiling matches v0.1.8
[INFO] [stderr]    Compiling tinyvec v0.3.3
[INFO] [stderr]    Compiling version_check v0.9.2
[INFO] [stderr]    Compiling ryu v1.0.5
[INFO] [stderr]    Compiling unicode-bidi v0.3.4
[INFO] [stderr]    Compiling lazy_static v1.4.0
[INFO] [stderr]    Compiling serde_json v1.0.56
[INFO] [stderr]    Compiling thread_local v1.0.1
[INFO] [stderr]    Compiling phf_shared v0.8.0
[INFO] [stderr]    Compiling percent-encoding v2.1.0
[INFO] [stderr]    Compiling error-chain v0.12.2
[INFO] [stderr]    Compiling itoa v0.4.6
[INFO] [stderr]    Compiling regex-syntax v0.6.18
[INFO] [stderr]    Compiling linked-hash-map v0.5.3
[INFO] [stderr]    Compiling log v0.4.8
[INFO] [stderr]    Compiling phf v0.8.0
[INFO] [stderr]    Compiling unicode-normalization v0.1.13
[INFO] [stderr]    Compiling num-traits v0.2.12
[INFO] [stderr]    Compiling num-integer v0.1.43
[INFO] [stderr]    Compiling aho-corasick v0.7.13
[INFO] [stderr]    Compiling dtoa v0.4.6
[INFO] [stderr]    Compiling void v1.0.2
[INFO] [stderr]    Compiling yaml-rust v0.4.4
[INFO] [stderr]    Compiling quote v1.0.7
[INFO] [stderr]    Compiling idna v0.2.0
[INFO] [stderr]    Compiling time v0.1.43
[INFO] [stderr]    Compiling rand_core v0.5.1
[INFO] [stderr]    Compiling rand_chacha v0.2.2
[INFO] [stderr]    Compiling rand_pcg v0.2.1
[INFO] [stderr]    Compiling rand v0.7.3
[INFO] [stderr]    Compiling url v2.1.1
[INFO] [stderr]    Compiling chrono v0.4.12
[INFO] [stderr]    Compiling regex v1.3.9
[INFO] [stderr]    Compiling phf_generator v0.8.0
[INFO] [stderr]    Compiling uuid v0.8.1
[INFO] [stderr]    Compiling phf_codegen v0.8.0
[INFO] [stderr]    Compiling valico v3.4.0
[INFO] [stderr]    Compiling publicsuffix v1.5.4
[INFO] [stderr]    Compiling thiserror-impl v1.0.20
[INFO] [stderr]    Compiling thiserror v1.0.20
[INFO] [stderr]    Compiling serde_yaml v0.8.13
[INFO] [stderr]    Compiling jsonway v2.0.0
[INFO] [stderr]    Compiling compose_yml v0.0.59 (/opt/rustwide/workdir)
[INFO] [stderr]     Finished `dev` profile [unoptimized + debuginfo] target(s) in 21.49s
[INFO] running `Command { std: "docker" "inspect" "2e3fd02e56a187cd5780053c9a16b501fc26a84922e2162d9c4ced583804b4ea", kill_on_drop: false }`
[INFO] running `Command { std: "docker" "rm" "-f" "2e3fd02e56a187cd5780053c9a16b501fc26a84922e2162d9c4ced583804b4ea", kill_on_drop: false }`
[INFO] [stdout] 2e3fd02e56a187cd5780053c9a16b501fc26a84922e2162d9c4ced583804b4ea
[INFO] running `Command { std: "docker" "create" "-v" "/var/lib/crater-agent-workspace/builds/worker-6-tc1/target:/opt/rustwide/target:rw,Z" "-v" "/var/lib/crater-agent-workspace/builds/worker-6-tc1/source:/opt/rustwide/workdir:ro,Z" "-v" "/var/lib/crater-agent-workspace/cargo-home:/opt/rustwide/cargo-home:ro,Z" "-v" "/var/lib/crater-agent-workspace/rustup-home:/opt/rustwide/rustup-home:ro,Z" "-e" "SOURCE_DIR=/opt/rustwide/workdir" "-e" "CARGO_TARGET_DIR=/opt/rustwide/target" "-e" "CARGO_INCREMENTAL=0" "-e" "RUST_BACKTRACE=full" "-e" "RUSTFLAGS=--cap-lints=warn" "-e" "RUSTDOCFLAGS=--cap-lints=warn" "-e" "CARGO_HOME=/opt/rustwide/cargo-home" "-e" "RUSTUP_HOME=/opt/rustwide/rustup-home" "-w" "/opt/rustwide/workdir" "-m" "1610612736" "--user" "0:0" "--network" "none" "ghcr.io/rust-lang/crates-build-env/linux@sha256:f3a9d4ad9d972b27faf3965f35b62e55ba32bbce8f20bc8fe909558a86702fde" "/opt/rustwide/cargo-home/bin/cargo" "+1.83.0" "test" "--frozen" "--no-run" "--message-format=json", kill_on_drop: false }`
[INFO] [stdout] 665b81b2de84c7ac3542142f827a76bcd22cfacc7bfec289b866ccff25d56694
[INFO] running `Command { std: "docker" "start" "-a" "665b81b2de84c7ac3542142f827a76bcd22cfacc7bfec289b866ccff25d56694", kill_on_drop: false }`
[INFO] [stderr]    Compiling anyhow v1.0.31
[INFO] [stderr]    Compiling compose_yml v0.0.59 (/opt/rustwide/workdir)
[INFO] [stderr]     Finished `test` profile [unoptimized + debuginfo] target(s) in 7.89s
[INFO] running `Command { std: "docker" "inspect" "665b81b2de84c7ac3542142f827a76bcd22cfacc7bfec289b866ccff25d56694", kill_on_drop: false }`
[INFO] running `Command { std: "docker" "rm" "-f" "665b81b2de84c7ac3542142f827a76bcd22cfacc7bfec289b866ccff25d56694", kill_on_drop: false }`
[INFO] [stdout] 665b81b2de84c7ac3542142f827a76bcd22cfacc7bfec289b866ccff25d56694
[INFO] running `Command { std: "docker" "create" "-v" "/var/lib/crater-agent-workspace/builds/worker-6-tc1/target:/opt/rustwide/target:rw,Z" "-v" "/var/lib/crater-agent-workspace/builds/worker-6-tc1/source:/opt/rustwide/workdir:ro,Z" "-v" "/var/lib/crater-agent-workspace/cargo-home:/opt/rustwide/cargo-home:ro,Z" "-v" "/var/lib/crater-agent-workspace/rustup-home:/opt/rustwide/rustup-home:ro,Z" "-e" "SOURCE_DIR=/opt/rustwide/workdir" "-e" "CARGO_TARGET_DIR=/opt/rustwide/target" "-e" "CARGO_INCREMENTAL=0" "-e" "RUST_BACKTRACE=full" "-e" "RUSTFLAGS=--cap-lints=warn" "-e" "RUSTDOCFLAGS=--cap-lints=warn" "-e" "CARGO_HOME=/opt/rustwide/cargo-home" "-e" "RUSTUP_HOME=/opt/rustwide/rustup-home" "-w" "/opt/rustwide/workdir" "-m" "1610612736" "--user" "0:0" "--network" "none" "ghcr.io/rust-lang/crates-build-env/linux@sha256:f3a9d4ad9d972b27faf3965f35b62e55ba32bbce8f20bc8fe909558a86702fde" "/opt/rustwide/cargo-home/bin/cargo" "+1.83.0" "test" "--frozen", kill_on_drop: false }`
[INFO] [stdout] 6de752675479188f8d2c7ff3f6120fa3bed680efa19a393fe4a3426718e36a1a
[INFO] running `Command { std: "docker" "start" "-a" "6de752675479188f8d2c7ff3f6120fa3bed680efa19a393fe4a3426718e36a1a", kill_on_drop: false }`
[INFO] [stderr]     Finished `test` profile [unoptimized + debuginfo] target(s) in 0.07s
[INFO] [stderr]      Running unittests src/lib.rs (/opt/rustwide/target/debug/deps/compose_yml-e93f4a07f151824e)
[INFO] [stdout] 
[INFO] [stdout] running 56 tests
[INFO] [stdout] test v2::aliased_name::aliased_name_can_be_converted_to_and_from_a_string ... ok
[INFO] [stdout] test v2::build::build_has_a_string_representation ... ok
[INFO] [stdout] test v2::command_line::command_line_may_be_parsed ... ok
[INFO] [stdout] test v2::build::build_may_be_a_struct ... ok
[INFO] [stdout] test v2::command_line::command_line_may_be_shell_code ... ok
[INFO] [stdout] test v2::context::context_may_contain_dir_paths ... ok
[INFO] [stdout] test v2::build::args_support_stringification_and_interpolation ... ok
[INFO] [stdout] test v2::file::file_validates_against_schema ... ignored
[INFO] [stdout] test v2::file::file_can_be_converted_from_and_to_yaml_version_2_4 ... ok
[INFO] [stdout] test v2::extends::extends_can_be_roundtripped ... ok
[INFO] [stdout] test v2::build::build_args_may_be_a_key_value_list ... ok
[INFO] [stdout] test v2::host_mapping::host_mapping_supports_string_serialization ... ok
[INFO] [stdout] test v2::interpolation::escape_str_escapes_dollar_signs ... ok
[INFO] [stdout] test v2::context::context_may_contain_git_urls ... ok
[INFO] [stdout] test v2::env_file::parses_docker_compatible_env_files ... ok
[INFO] [stdout] test v2::interpolation::interpolate_env_interpolates_env_vars ... ok
[INFO] [stdout] test v2::context::without_subdirectory_removes_the_optional_subdir ... ok
[INFO] [stdout] test v2::file::file_checks_version_number ... ok
[INFO] [stdout] test v2::interpolation::interpolate_env_returns_an_error_if_variable_is_undefined ... ok
[INFO] [stdout] test v2::interpolation::interpolate_env_returns_an_error_if_input_is_invalid ... ok
[INFO] [stdout] test v2::interpolation::unescape_str_unescapes_without_interpolating ... ok
[INFO] [stdout] test v2::interpolation::validate_tests_interpolation_strings ... ok
[INFO] [stdout] test v2::git_url::it_can_extract_its_repo_branch_and_subdir_parts ... ok
[INFO] [stdout] test v2::git_url::to_url_converts_git_urls_to_real_ones ... ok
[INFO] [stdout] test v2::logging::logging_clears_options_on_merge_if_driver_changed ... ok
[INFO] [stdout] test v2::logging::logging_merges_options_on_merge_if_driver_stays_the_same ... ok
[INFO] [stdout] test v2::image::parses_standard_image_formats ... ok
[INFO] [stdout] test v2::merge_override::option_uses_second_value_if_not_none ... ok
[INFO] [stdout] test v2::mode_enum::network_mode_has_a_string_representation ... ok
[INFO] [stdout] test v2::mode_enum::restart_mode_has_a_string_representation ... ok
[INFO] [stdout] test v2::memory_size::memory_size_supports_string_serialization ... ok
[INFO] [stdout] test v2::merge_override::btree_map_merges_by_key ... ok
[INFO] [stdout] test v2::service::service_networks_supports_map ... ok
[INFO] [stdout] test v2::service::service_handles_sample_fields_correctly ... ok
[INFO] [stdout] test v2::service::service_ulimits ... ok
[INFO] [stdout] test v2::service::service_networks_supports_list ... ok
[INFO] [stdout] test v2::ulimit::ulimit_pair ... ok
[INFO] [stdout] test v2::volume::external_volume_can_be_converted_from_and_to_yaml ... ok
[INFO] [stdout] test v2::volume_modes::volume_mode_has_a_string_representation ... ok
[INFO] [stdout] test v2::network::network_handles_external_true_correctly ... ok
[INFO] [stdout] test v2::volume_mount::portable_volume_mounts_should_have_string_representations ... ok
[INFO] [stdout] test v2::ulimit::ulimit_single ... ok
[INFO] [stdout] test v2::service::service_env_file_is_renamed ... ok
[INFO] [stdout] test v2::permissions::device_permissions_has_a_string_representation ... ok
[INFO] [stdout] test v2::network::network_handles_external_name_correctly ... ok
[INFO] [stdout] test v2::port_mapping::port_mapping_can_be_parsed_from_a_string ... ok
[INFO] [stdout] test v2::port_mapping::port_mapping_should_have_a_string_representation ... ok
[INFO] [stdout] test v2::volume::volume_with_driver_can_be_converted_from_and_to_yaml ... ok
[INFO] [stdout] test v2::network::network_handles_driver_correctly ... ok
[INFO] [stdout] test v2::volume_mount::unix_windows_volume_mounts_should_have_string_representations ... ok
[INFO] [stdout] test v2::volume::empty_volume_can_be_converted_from_and_to_yaml ... ok
[INFO] [stdout] test v2::volumes_from::volumes_from_should_have_a_string_representation ... ok
[INFO] [stdout] test v2::merge_override::vec_appends_new_values ... ok
[INFO] [stdout] test v2::merge_override::simple_types_are_replaced ... ok
[INFO] [stdout] test v2::file::file_allows_null_volumes_and_networks ... ok
[INFO] [stdout] test v2::file::file_can_be_converted_from_and_to_yaml_version_2 ... ok
[INFO] [stdout] 
[INFO] [stdout] test result: ok. 55 passed; 0 failed; 1 ignored; 0 measured; 0 filtered out; finished in 0.06s
[INFO] [stdout] 
[INFO] [stderr]    Doc-tests compose_yml
[INFO] [stdout] 
[INFO] [stdout] running 15 tests
[INFO] [stdout] test src/v2/mode_enum.rs - v2::mode_enum::mode_enum (line 29) ... FAILED
[INFO] [stdout] test src/v2/volumes_from.rs - v2::volumes_from::VolumesFrom::container (line 57) ... FAILED
[INFO] [stdout] test src/v2/port_mapping.rs - v2::port_mapping::PortMapping::any_to (line 150) ... FAILED
[INFO] [stdout] test src/lib.rs - (line 11) ... FAILED
[INFO] [stdout] test src/v2/build.rs - v2::build::Build::new (line 43) ... ok
[INFO] [stdout] test src/v2/interpolation.rs - v2::interpolation::RawOr<T>::value (line 493) ... ok
[INFO] [stdout] test src/v2/interpolation.rs - v2::interpolation::RawOr (line 403) ... ok
[INFO] [stdout] test src/v2/port_mapping.rs - v2::port_mapping::PortMapping::new (line 122) ... ok
[INFO] [stdout] test src/v2/interpolation.rs - v2::interpolation::RawOr<T>::value_mut (line 511) ... ok
[INFO] [stdout] test src/v2/extends.rs - v2::extends::Extends::new (line 32) ... ok
[INFO] [stdout] test src/v2/volumes_from.rs - v2::volumes_from::VolumesFrom::service (line 34) ... ok
[INFO] [stdout] test src/v2/interpolation.rs - v2::interpolation::RawOr<T>::interpolate (line 563) ... ok
[INFO] [stdout] test src/v2/volume_mount.rs - v2::volume_mount::VolumeMount::host (line 138) ... ok
[INFO] [stdout] test src/v2/volume_mount.rs - v2::volume_mount::VolumeMount::named (line 157) ... ok
[INFO] [stdout] test src/v2/context.rs - v2::context::Context::new (line 18) ... ok
[INFO] [stdout] 
[INFO] [stdout] failures:
[INFO] [stdout] 
[INFO] [stdout] ---- src/v2/mode_enum.rs - v2::mode_enum::mode_enum (line 29) stdout ----
[INFO] [stdout] error: cannot find macro `mode_enum` in this scope
[INFO] [stdout]  --> src/v2/mode_enum.rs:30:1
[INFO] [stdout]   |
[INFO] [stdout] 3 | mode_enum! {
[INFO] [stdout]   | ^^^^^^^^^
[INFO] [stdout] 
[INFO] [stdout] error: aborting due to 1 previous error
[INFO] [stdout] 
[INFO] [stdout] Couldn't compile the test.
[INFO] [stdout] ---- src/v2/volumes_from.rs - v2::volumes_from::VolumesFrom::container (line 57) stdout ----
[INFO] [stdout] error: linking with `cc` failed: exit status: 1
[INFO] [stdout]   |
[INFO] [stdout]   = note: LC_ALL="C" PATH="/opt/rustwide/rustup-home/toolchains/1.83.0-x86_64-unknown-linux-gnu/lib/rustlib/x86_64-unknown-linux-gnu/bin:/opt/rustwide/cargo-home/bin:/usr/local/sbin:/usr/local/bin:/usr/sbin:/usr/bin:/sbin:/bin" VSLANG="1033" "cc" "-m64" "/tmp/rustcPhbAj9/symbols.o" "/tmp/rustdoctestvknhtq/rust_out.rust_out.cb03291d53e4e161-cgu.0.rcgu.o" "/tmp/rustdoctestvknhtq/rust_out.1s7umcihpz0t7nkz1uc2ifee9.rcgu.o" "-Wl,--as-needed" "-Wl,-Bstatic" "/opt/rustwide/target/debug/deps/libcompose_yml-a946459f9c9ae7bb.rlib" "/opt/rustwide/target/debug/deps/libserde_yaml-ac86cd5860287bad.rlib" "/opt/rustwide/target/debug/deps/libdtoa-d68bfdd0962e1b5e.rlib" "/opt/rustwide/target/debug/deps/libyaml_rust-7c59471d5650e150.rlib" "/opt/rustwide/target/debug/deps/liblinked_hash_map-965613d388450850.rlib" "/opt/rustwide/target/debug/deps/libvoid-8e8e3b8408df586c.rlib" "/opt/rustwide/target/debug/deps/liblog-61cd91c90b43c5bc.rlib" "/opt/rustwide/target/debug/deps/libvalico-0ccd388ef19f9164.rlib" "/opt/rustwide/target/debug/deps/libpublicsuffix-8f39a805910f26c7.rlib" "/opt/rustwide/target/debug/deps/liberror_chain-74b2fd43f91a19bf.rlib" "/opt/rustwide/target/debug/deps/libchrono-cb0dccfffb0db5b0.rlib" "/opt/rustwide/target/debug/deps/libnum_integer-b847e7b590080996.rlib" "/opt/rustwide/target/debug/deps/libnum_traits-44f0622254572b68.rlib" "/opt/rustwide/target/debug/deps/libtime-e73eff00c13b1db7.rlib" "/opt/rustwide/target/debug/deps/libphf-57deb797405550df.rlib" "/opt/rustwide/target/debug/deps/libphf_shared-d4406d99e82969de.rlib" "/opt/rustwide/target/debug/deps/libsiphasher-de2afa12a328e012.rlib" "/opt/rustwide/target/debug/deps/libjsonway-236fc94d00c4301c.rlib" "/opt/rustwide/target/debug/deps/libuuid-0bccc90bafca9599.rlib" "/opt/rustwide/target/debug/deps/librand-8d11a014c06a0253.rlib" "/opt/rustwide/target/debug/deps/librand_pcg-5da98bd0059287ba.rlib" "/opt/rustwide/target/debug/deps/librand_chacha-86eb2bc148d7859e.rlib" "/opt/rustwide/target/debug/deps/libppv_lite86-4241d10bad684a29.rlib" "/opt/rustwide/target/debug/deps/librand_core-64efaecf4a492069.rlib" "/opt/rustwide/target/debug/deps/libgetrandom-558349606d1ae5e7.rlib" "/opt/rustwide/target/debug/deps/liblibc-f40c97f9e9f9aff0.rlib" "/opt/rustwide/target/debug/deps/libcfg_if-5398d23e7a4afed7.rlib" "/opt/rustwide/target/debug/deps/libregex-572e3b9c75a0b29d.rlib" "/opt/rustwide/target/debug/deps/libthread_local-93b9364ebb213a0e.rlib" "/opt/rustwide/target/debug/deps/liblazy_static-8c0bb59ebbb3df6c.rlib" "/opt/rustwide/target/debug/deps/libregex_syntax-afe80c609996e015.rlib" "/opt/rustwide/target/debug/deps/libaho_corasick-d64db4cfc4bb9b52.rlib" "/opt/rustwide/target/debug/deps/libmemchr-4e032ff9acd5ce3c.rlib" "/opt/rustwide/target/debug/deps/liburl-c997926542123c51.rlib" "/opt/rustwide/target/debug/deps/libpercent_encoding-cf13d6c3cca11d0a.rlib" "/opt/rustwide/target/debug/deps/libidna-cc34206d368f905f.rlib" "/opt/rustwide/target/debug/deps/libunicode_normalization-154cf29644adef8a.rlib" "/opt/rustwide/target/debug/deps/libtinyvec-b3cfb2d9a8b9a714.rlib" "/opt/rustwide/target/debug/deps/libunicode_bidi-3169b969b3cb6d48.rlib" "/opt/rustwide/target/debug/deps/libmatches-2a640ca8e22cae8f.rlib" "/opt/rustwide/target/debug/deps/libserde_json-58b9a823644a0299.rlib" "/opt/rustwide/target/debug/deps/libryu-15c29cc1d0ea5bec.rlib" "/opt/rustwide/target/debug/deps/libitoa-b851b7448d9116b2.rlib" "/opt/rustwide/target/debug/deps/libserde-d8da6c5b2da25bcf.rlib" "/opt/rustwide/target/debug/deps/libthiserror-82cbd3f171ffebd9.rlib" "/opt/rustwide/rustup-home/toolchains/1.83.0-x86_64-unknown-linux-gnu/lib/rustlib/x86_64-unknown-linux-gnu/lib/libstd-ca74a2d9c5166d9f.rlib" "/opt/rustwide/rustup-home/toolchains/1.83.0-x86_64-unknown-linux-gnu/lib/rustlib/x86_64-unknown-linux-gnu/lib/libpanic_unwind-e31ab23316ed5080.rlib" "/opt/rustwide/rustup-home/toolchains/1.83.0-x86_64-unknown-linux-gnu/lib/rustlib/x86_64-unknown-linux-gnu/lib/libobject-27dc4aa955912662.rlib" "/opt/rustwide/rustup-home/toolchains/1.83.0-x86_64-unknown-linux-gnu/lib/rustlib/x86_64-unknown-linux-gnu/lib/libmemchr-bd0d6cccce077b99.rlib" "/opt/rustwide/rustup-home/toolchains/1.83.0-x86_64-unknown-linux-gnu/lib/rustlib/x86_64-unknown-linux-gnu/lib/libaddr2line-8d001680935b5e3c.rlib" "/opt/rustwide/rustup-home/toolchains/1.83.0-x86_64-unknown-linux-gnu/lib/rustlib/x86_64-unknown-linux-gnu/lib/libgimli-ba8ce71964f984f4.rlib" "/opt/rustwide/rustup-home/toolchains/1.83.0-x86_64-unknown-linux-gnu/lib/rustlib/x86_64-unknown-linux-gnu/lib/librustc_demangle-99a73526abcec14b.rlib" "/opt/rustwide/rustup-home/toolchains/1.83.0-x86_64-unknown-linux-gnu/lib/rustlib/x86_64-unknown-linux-gnu/lib/libstd_detect-63ac0d22cff92579.rlib" "/opt/rustwide/rustup-home/toolchains/1.83.0-x86_64-unknown-linux-gnu/lib/rustlib/x86_64-unknown-linux-gnu/lib/libhashbrown-9057355c92c922d5.rlib" "/opt/rustwide/rustup-home/toolchains/1.83.0-x86_64-unknown-linux-gnu/lib/rustlib/x86_64-unknown-linux-gnu/lib/librustc_std_workspace_alloc-358be9bc1f6bab04.rlib" "/opt/rustwide/rustup-home/toolchains/1.83.0-x86_64-unknown-linux-gnu/lib/rustlib/x86_64-unknown-linux-gnu/lib/libminiz_oxide-aca15549d5bff974.rlib" "/opt/rustwide/rustup-home/toolchains/1.83.0-x86_64-unknown-linux-gnu/lib/rustlib/x86_64-unknown-linux-gnu/lib/libadler-8251d2cef7072448.rlib" "/opt/rustwide/rustup-home/toolchains/1.83.0-x86_64-unknown-linux-gnu/lib/rustlib/x86_64-unknown-linux-gnu/lib/libunwind-7d50b86011c66411.rlib" "/opt/rustwide/rustup-home/toolchains/1.83.0-x86_64-unknown-linux-gnu/lib/rustlib/x86_64-unknown-linux-gnu/lib/libcfg_if-51ea098fce5006bf.rlib" "/opt/rustwide/rustup-home/toolchains/1.83.0-x86_64-unknown-linux-gnu/lib/rustlib/x86_64-unknown-linux-gnu/lib/liblibc-5a14e0d0b712e731.rlib" "/opt/rustwide/rustup-home/toolchains/1.83.0-x86_64-unknown-linux-gnu/lib/rustlib/x86_64-unknown-linux-gnu/lib/liballoc-8b83dbf3a7b8f999.rlib" "/opt/rustwide/rustup-home/toolchains/1.83.0-x86_64-unknown-linux-gnu/lib/rustlib/x86_64-unknown-linux-gnu/lib/librustc_std_workspace_core-c6fd227bdc7b39ff.rlib" "/opt/rustwide/rustup-home/toolchains/1.83.0-x86_64-unknown-linux-gnu/lib/rustlib/x86_64-unknown-linux-gnu/lib/libcore-959d3389fa3da8a5.rlib" "/opt/rustwide/rustup-home/toolchains/1.83.0-x86_64-unknown-linux-gnu/lib/rustlib/x86_64-unknown-linux-gnu/lib/libcompiler_builtins-abe05db089cc2c62.rlib" "-Wl,-Bdynamic" "-lutil" "-ldl" "-lutil" "-lgcc_s" "-lutil" "-lrt" "-lpthread" "-lm" "-ldl" "-lc" "-Wl,--eh-frame-hdr" "-Wl,-z,noexecstack" "-L" "/opt/rustwide/rustup-home/toolchains/1.83.0-x86_64-unknown-linux-gnu/lib/rustlib/x86_64-unknown-linux-gnu/lib" "-o" "/tmp/rustdoctestvknhtq/rust_out" "-Wl,--gc-sections" "-pie" "-Wl,-z,relro,-z,now" "-nodefaultlibs"
[INFO] [stdout]   = note: collect2: fatal error: ld terminated with signal 9 [Killed]
[INFO] [stdout]           compilation terminated.
[INFO] [stdout]           
[INFO] [stdout] 
[INFO] [stdout] error: aborting due to 1 previous error
[INFO] [stdout] 
[INFO] [stdout] Couldn't compile the test.
[INFO] [stdout] ---- src/v2/port_mapping.rs - v2::port_mapping::PortMapping::any_to (line 150) stdout ----
[INFO] [stdout] error: linking with `cc` failed: exit status: 1
[INFO] [stdout]   |
[INFO] [stdout]   = note: LC_ALL="C" PATH="/opt/rustwide/rustup-home/toolchains/1.83.0-x86_64-unknown-linux-gnu/lib/rustlib/x86_64-unknown-linux-gnu/bin:/opt/rustwide/cargo-home/bin:/usr/local/sbin:/usr/local/bin:/usr/sbin:/usr/bin:/sbin:/bin" VSLANG="1033" "cc" "-m64" "/tmp/rustcEbX0Nj/symbols.o" "/tmp/rustdoctestm3YgfK/rust_out.rust_out.cb03291d53e4e161-cgu.0.rcgu.o" "/tmp/rustdoctestm3YgfK/rust_out.1s7umcihpz0t7nkz1uc2ifee9.rcgu.o" "-Wl,--as-needed" "-Wl,-Bstatic" "/opt/rustwide/target/debug/deps/libcompose_yml-a946459f9c9ae7bb.rlib" "/opt/rustwide/target/debug/deps/libserde_yaml-ac86cd5860287bad.rlib" "/opt/rustwide/target/debug/deps/libdtoa-d68bfdd0962e1b5e.rlib" "/opt/rustwide/target/debug/deps/libyaml_rust-7c59471d5650e150.rlib" "/opt/rustwide/target/debug/deps/liblinked_hash_map-965613d388450850.rlib" "/opt/rustwide/target/debug/deps/libvoid-8e8e3b8408df586c.rlib" "/opt/rustwide/target/debug/deps/liblog-61cd91c90b43c5bc.rlib" "/opt/rustwide/target/debug/deps/libvalico-0ccd388ef19f9164.rlib" "/opt/rustwide/target/debug/deps/libpublicsuffix-8f39a805910f26c7.rlib" "/opt/rustwide/target/debug/deps/liberror_chain-74b2fd43f91a19bf.rlib" "/opt/rustwide/target/debug/deps/libchrono-cb0dccfffb0db5b0.rlib" "/opt/rustwide/target/debug/deps/libnum_integer-b847e7b590080996.rlib" "/opt/rustwide/target/debug/deps/libnum_traits-44f0622254572b68.rlib" "/opt/rustwide/target/debug/deps/libtime-e73eff00c13b1db7.rlib" "/opt/rustwide/target/debug/deps/libphf-57deb797405550df.rlib" "/opt/rustwide/target/debug/deps/libphf_shared-d4406d99e82969de.rlib" "/opt/rustwide/target/debug/deps/libsiphasher-de2afa12a328e012.rlib" "/opt/rustwide/target/debug/deps/libjsonway-236fc94d00c4301c.rlib" "/opt/rustwide/target/debug/deps/libuuid-0bccc90bafca9599.rlib" "/opt/rustwide/target/debug/deps/librand-8d11a014c06a0253.rlib" "/opt/rustwide/target/debug/deps/librand_pcg-5da98bd0059287ba.rlib" "/opt/rustwide/target/debug/deps/librand_chacha-86eb2bc148d7859e.rlib" "/opt/rustwide/target/debug/deps/libppv_lite86-4241d10bad684a29.rlib" "/opt/rustwide/target/debug/deps/librand_core-64efaecf4a492069.rlib" "/opt/rustwide/target/debug/deps/libgetrandom-558349606d1ae5e7.rlib" "/opt/rustwide/target/debug/deps/liblibc-f40c97f9e9f9aff0.rlib" "/opt/rustwide/target/debug/deps/libcfg_if-5398d23e7a4afed7.rlib" "/opt/rustwide/target/debug/deps/libregex-572e3b9c75a0b29d.rlib" "/opt/rustwide/target/debug/deps/libthread_local-93b9364ebb213a0e.rlib" "/opt/rustwide/target/debug/deps/liblazy_static-8c0bb59ebbb3df6c.rlib" "/opt/rustwide/target/debug/deps/libregex_syntax-afe80c609996e015.rlib" "/opt/rustwide/target/debug/deps/libaho_corasick-d64db4cfc4bb9b52.rlib" "/opt/rustwide/target/debug/deps/libmemchr-4e032ff9acd5ce3c.rlib" "/opt/rustwide/target/debug/deps/liburl-c997926542123c51.rlib" "/opt/rustwide/target/debug/deps/libpercent_encoding-cf13d6c3cca11d0a.rlib" "/opt/rustwide/target/debug/deps/libidna-cc34206d368f905f.rlib" "/opt/rustwide/target/debug/deps/libunicode_normalization-154cf29644adef8a.rlib" "/opt/rustwide/target/debug/deps/libtinyvec-b3cfb2d9a8b9a714.rlib" "/opt/rustwide/target/debug/deps/libunicode_bidi-3169b969b3cb6d48.rlib" "/opt/rustwide/target/debug/deps/libmatches-2a640ca8e22cae8f.rlib" "/opt/rustwide/target/debug/deps/libserde_json-58b9a823644a0299.rlib" "/opt/rustwide/target/debug/deps/libryu-15c29cc1d0ea5bec.rlib" "/opt/rustwide/target/debug/deps/libitoa-b851b7448d9116b2.rlib" "/opt/rustwide/target/debug/deps/libserde-d8da6c5b2da25bcf.rlib" "/opt/rustwide/target/debug/deps/libthiserror-82cbd3f171ffebd9.rlib" "/opt/rustwide/rustup-home/toolchains/1.83.0-x86_64-unknown-linux-gnu/lib/rustlib/x86_64-unknown-linux-gnu/lib/libstd-ca74a2d9c5166d9f.rlib" "/opt/rustwide/rustup-home/toolchains/1.83.0-x86_64-unknown-linux-gnu/lib/rustlib/x86_64-unknown-linux-gnu/lib/libpanic_unwind-e31ab23316ed5080.rlib" "/opt/rustwide/rustup-home/toolchains/1.83.0-x86_64-unknown-linux-gnu/lib/rustlib/x86_64-unknown-linux-gnu/lib/libobject-27dc4aa955912662.rlib" "/opt/rustwide/rustup-home/toolchains/1.83.0-x86_64-unknown-linux-gnu/lib/rustlib/x86_64-unknown-linux-gnu/lib/libmemchr-bd0d6cccce077b99.rlib" "/opt/rustwide/rustup-home/toolchains/1.83.0-x86_64-unknown-linux-gnu/lib/rustlib/x86_64-unknown-linux-gnu/lib/libaddr2line-8d001680935b5e3c.rlib" "/opt/rustwide/rustup-home/toolchains/1.83.0-x86_64-unknown-linux-gnu/lib/rustlib/x86_64-unknown-linux-gnu/lib/libgimli-ba8ce71964f984f4.rlib" "/opt/rustwide/rustup-home/toolchains/1.83.0-x86_64-unknown-linux-gnu/lib/rustlib/x86_64-unknown-linux-gnu/lib/librustc_demangle-99a73526abcec14b.rlib" "/opt/rustwide/rustup-home/toolchains/1.83.0-x86_64-unknown-linux-gnu/lib/rustlib/x86_64-unknown-linux-gnu/lib/libstd_detect-63ac0d22cff92579.rlib" "/opt/rustwide/rustup-home/toolchains/1.83.0-x86_64-unknown-linux-gnu/lib/rustlib/x86_64-unknown-linux-gnu/lib/libhashbrown-9057355c92c922d5.rlib" "/opt/rustwide/rustup-home/toolchains/1.83.0-x86_64-unknown-linux-gnu/lib/rustlib/x86_64-unknown-linux-gnu/lib/librustc_std_workspace_alloc-358be9bc1f6bab04.rlib" "/opt/rustwide/rustup-home/toolchains/1.83.0-x86_64-unknown-linux-gnu/lib/rustlib/x86_64-unknown-linux-gnu/lib/libminiz_oxide-aca15549d5bff974.rlib" "/opt/rustwide/rustup-home/toolchains/1.83.0-x86_64-unknown-linux-gnu/lib/rustlib/x86_64-unknown-linux-gnu/lib/libadler-8251d2cef7072448.rlib" "/opt/rustwide/rustup-home/toolchains/1.83.0-x86_64-unknown-linux-gnu/lib/rustlib/x86_64-unknown-linux-gnu/lib/libunwind-7d50b86011c66411.rlib" "/opt/rustwide/rustup-home/toolchains/1.83.0-x86_64-unknown-linux-gnu/lib/rustlib/x86_64-unknown-linux-gnu/lib/libcfg_if-51ea098fce5006bf.rlib" "/opt/rustwide/rustup-home/toolchains/1.83.0-x86_64-unknown-linux-gnu/lib/rustlib/x86_64-unknown-linux-gnu/lib/liblibc-5a14e0d0b712e731.rlib" "/opt/rustwide/rustup-home/toolchains/1.83.0-x86_64-unknown-linux-gnu/lib/rustlib/x86_64-unknown-linux-gnu/lib/liballoc-8b83dbf3a7b8f999.rlib" "/opt/rustwide/rustup-home/toolchains/1.83.0-x86_64-unknown-linux-gnu/lib/rustlib/x86_64-unknown-linux-gnu/lib/librustc_std_workspace_core-c6fd227bdc7b39ff.rlib" "/opt/rustwide/rustup-home/toolchains/1.83.0-x86_64-unknown-linux-gnu/lib/rustlib/x86_64-unknown-linux-gnu/lib/libcore-959d3389fa3da8a5.rlib" "/opt/rustwide/rustup-home/toolchains/1.83.0-x86_64-unknown-linux-gnu/lib/rustlib/x86_64-unknown-linux-gnu/lib/libcompiler_builtins-abe05db089cc2c62.rlib" "-Wl,-Bdynamic" "-lutil" "-ldl" "-lutil" "-lgcc_s" "-lutil" "-lrt" "-lpthread" "-lm" "-ldl" "-lc" "-Wl,--eh-frame-hdr" "-Wl,-z,noexecstack" "-L" "/opt/rustwide/rustup-home/toolchains/1.83.0-x86_64-unknown-linux-gnu/lib/rustlib/x86_64-unknown-linux-gnu/lib" "-o" "/tmp/rustdoctestm3YgfK/rust_out" "-Wl,--gc-sections" "-pie" "-Wl,-z,relro,-z,now" "-nodefaultlibs"
[INFO] [stdout]   = note: collect2: fatal error: ld terminated with signal 9 [Killed]
[INFO] [stdout]           compilation terminated.
[INFO] [stdout]           
[INFO] [stdout] 
[INFO] [stdout] error: aborting due to 1 previous error
[INFO] [stdout] 
[INFO] [stdout] Couldn't compile the test.
[INFO] [stdout] ---- src/lib.rs - (line 11) stdout ----
[INFO] [stdout] error: linking with `cc` failed: exit status: 1
[INFO] [stdout]   |
[INFO] [stdout]   = note: LC_ALL="C" PATH="/opt/rustwide/rustup-home/toolchains/1.83.0-x86_64-unknown-linux-gnu/lib/rustlib/x86_64-unknown-linux-gnu/bin:/opt/rustwide/cargo-home/bin:/usr/local/sbin:/usr/local/bin:/usr/sbin:/usr/bin:/sbin:/bin" VSLANG="1033" "cc" "-m64" "/tmp/rustcTXDnv2/symbols.o" "/tmp/rustdoctestJGdEhG/rust_out.rust_out.cb03291d53e4e161-cgu.0.rcgu.o" "/tmp/rustdoctestJGdEhG/rust_out.1s7umcihpz0t7nkz1uc2ifee9.rcgu.o" "-Wl,--as-needed" "-Wl,-Bstatic" "/opt/rustwide/target/debug/deps/libcompose_yml-a946459f9c9ae7bb.rlib" "/opt/rustwide/target/debug/deps/libserde_yaml-ac86cd5860287bad.rlib" "/opt/rustwide/target/debug/deps/libdtoa-d68bfdd0962e1b5e.rlib" "/opt/rustwide/target/debug/deps/libyaml_rust-7c59471d5650e150.rlib" "/opt/rustwide/target/debug/deps/liblinked_hash_map-965613d388450850.rlib" "/opt/rustwide/target/debug/deps/libvoid-8e8e3b8408df586c.rlib" "/opt/rustwide/target/debug/deps/liblog-61cd91c90b43c5bc.rlib" "/opt/rustwide/target/debug/deps/libvalico-0ccd388ef19f9164.rlib" "/opt/rustwide/target/debug/deps/libpublicsuffix-8f39a805910f26c7.rlib" "/opt/rustwide/target/debug/deps/liberror_chain-74b2fd43f91a19bf.rlib" "/opt/rustwide/target/debug/deps/libchrono-cb0dccfffb0db5b0.rlib" "/opt/rustwide/target/debug/deps/libnum_integer-b847e7b590080996.rlib" "/opt/rustwide/target/debug/deps/libnum_traits-44f0622254572b68.rlib" "/opt/rustwide/target/debug/deps/libtime-e73eff00c13b1db7.rlib" "/opt/rustwide/target/debug/deps/libphf-57deb797405550df.rlib" "/opt/rustwide/target/debug/deps/libphf_shared-d4406d99e82969de.rlib" "/opt/rustwide/target/debug/deps/libsiphasher-de2afa12a328e012.rlib" "/opt/rustwide/target/debug/deps/libjsonway-236fc94d00c4301c.rlib" "/opt/rustwide/target/debug/deps/libuuid-0bccc90bafca9599.rlib" "/opt/rustwide/target/debug/deps/librand-8d11a014c06a0253.rlib" "/opt/rustwide/target/debug/deps/librand_pcg-5da98bd0059287ba.rlib" "/opt/rustwide/target/debug/deps/librand_chacha-86eb2bc148d7859e.rlib" "/opt/rustwide/target/debug/deps/libppv_lite86-4241d10bad684a29.rlib" "/opt/rustwide/target/debug/deps/librand_core-64efaecf4a492069.rlib" "/opt/rustwide/target/debug/deps/libgetrandom-558349606d1ae5e7.rlib" "/opt/rustwide/target/debug/deps/liblibc-f40c97f9e9f9aff0.rlib" "/opt/rustwide/target/debug/deps/libcfg_if-5398d23e7a4afed7.rlib" "/opt/rustwide/target/debug/deps/libregex-572e3b9c75a0b29d.rlib" "/opt/rustwide/target/debug/deps/libthread_local-93b9364ebb213a0e.rlib" "/opt/rustwide/target/debug/deps/liblazy_static-8c0bb59ebbb3df6c.rlib" "/opt/rustwide/target/debug/deps/libregex_syntax-afe80c609996e015.rlib" "/opt/rustwide/target/debug/deps/libaho_corasick-d64db4cfc4bb9b52.rlib" "/opt/rustwide/target/debug/deps/libmemchr-4e032ff9acd5ce3c.rlib" "/opt/rustwide/target/debug/deps/liburl-c997926542123c51.rlib" "/opt/rustwide/target/debug/deps/libpercent_encoding-cf13d6c3cca11d0a.rlib" "/opt/rustwide/target/debug/deps/libidna-cc34206d368f905f.rlib" "/opt/rustwide/target/debug/deps/libunicode_normalization-154cf29644adef8a.rlib" "/opt/rustwide/target/debug/deps/libtinyvec-b3cfb2d9a8b9a714.rlib" "/opt/rustwide/target/debug/deps/libunicode_bidi-3169b969b3cb6d48.rlib" "/opt/rustwide/target/debug/deps/libmatches-2a640ca8e22cae8f.rlib" "/opt/rustwide/target/debug/deps/libserde_json-58b9a823644a0299.rlib" "/opt/rustwide/target/debug/deps/libryu-15c29cc1d0ea5bec.rlib" "/opt/rustwide/target/debug/deps/libitoa-b851b7448d9116b2.rlib" "/opt/rustwide/target/debug/deps/libserde-d8da6c5b2da25bcf.rlib" "/opt/rustwide/target/debug/deps/libthiserror-82cbd3f171ffebd9.rlib" "/opt/rustwide/rustup-home/toolchains/1.83.0-x86_64-unknown-linux-gnu/lib/rustlib/x86_64-unknown-linux-gnu/lib/libstd-ca74a2d9c5166d9f.rlib" "/opt/rustwide/rustup-home/toolchains/1.83.0-x86_64-unknown-linux-gnu/lib/rustlib/x86_64-unknown-linux-gnu/lib/libpanic_unwind-e31ab23316ed5080.rlib" "/opt/rustwide/rustup-home/toolchains/1.83.0-x86_64-unknown-linux-gnu/lib/rustlib/x86_64-unknown-linux-gnu/lib/libobject-27dc4aa955912662.rlib" "/opt/rustwide/rustup-home/toolchains/1.83.0-x86_64-unknown-linux-gnu/lib/rustlib/x86_64-unknown-linux-gnu/lib/libmemchr-bd0d6cccce077b99.rlib" "/opt/rustwide/rustup-home/toolchains/1.83.0-x86_64-unknown-linux-gnu/lib/rustlib/x86_64-unknown-linux-gnu/lib/libaddr2line-8d001680935b5e3c.rlib" "/opt/rustwide/rustup-home/toolchains/1.83.0-x86_64-unknown-linux-gnu/lib/rustlib/x86_64-unknown-linux-gnu/lib/libgimli-ba8ce71964f984f4.rlib" "/opt/rustwide/rustup-home/toolchains/1.83.0-x86_64-unknown-linux-gnu/lib/rustlib/x86_64-unknown-linux-gnu/lib/librustc_demangle-99a73526abcec14b.rlib" "/opt/rustwide/rustup-home/toolchains/1.83.0-x86_64-unknown-linux-gnu/lib/rustlib/x86_64-unknown-linux-gnu/lib/libstd_detect-63ac0d22cff92579.rlib" "/opt/rustwide/rustup-home/toolchains/1.83.0-x86_64-unknown-linux-gnu/lib/rustlib/x86_64-unknown-linux-gnu/lib/libhashbrown-9057355c92c922d5.rlib" "/opt/rustwide/rustup-home/toolchains/1.83.0-x86_64-unknown-linux-gnu/lib/rustlib/x86_64-unknown-linux-gnu/lib/librustc_std_workspace_alloc-358be9bc1f6bab04.rlib" "/opt/rustwide/rustup-home/toolchains/1.83.0-x86_64-unknown-linux-gnu/lib/rustlib/x86_64-unknown-linux-gnu/lib/libminiz_oxide-aca15549d5bff974.rlib" "/opt/rustwide/rustup-home/toolchains/1.83.0-x86_64-unknown-linux-gnu/lib/rustlib/x86_64-unknown-linux-gnu/lib/libadler-8251d2cef7072448.rlib" "/opt/rustwide/rustup-home/toolchains/1.83.0-x86_64-unknown-linux-gnu/lib/rustlib/x86_64-unknown-linux-gnu/lib/libunwind-7d50b86011c66411.rlib" "/opt/rustwide/rustup-home/toolchains/1.83.0-x86_64-unknown-linux-gnu/lib/rustlib/x86_64-unknown-linux-gnu/lib/libcfg_if-51ea098fce5006bf.rlib" "/opt/rustwide/rustup-home/toolchains/1.83.0-x86_64-unknown-linux-gnu/lib/rustlib/x86_64-unknown-linux-gnu/lib/liblibc-5a14e0d0b712e731.rlib" "/opt/rustwide/rustup-home/toolchains/1.83.0-x86_64-unknown-linux-gnu/lib/rustlib/x86_64-unknown-linux-gnu/lib/liballoc-8b83dbf3a7b8f999.rlib" "/opt/rustwide/rustup-home/toolchains/1.83.0-x86_64-unknown-linux-gnu/lib/rustlib/x86_64-unknown-linux-gnu/lib/librustc_std_workspace_core-c6fd227bdc7b39ff.rlib" "/opt/rustwide/rustup-home/toolchains/1.83.0-x86_64-unknown-linux-gnu/lib/rustlib/x86_64-unknown-linux-gnu/lib/libcore-959d3389fa3da8a5.rlib" "/opt/rustwide/rustup-home/toolchains/1.83.0-x86_64-unknown-linux-gnu/lib/rustlib/x86_64-unknown-linux-gnu/lib/libcompiler_builtins-abe05db089cc2c62.rlib" "-Wl,-Bdynamic" "-lutil" "-ldl" "-lutil" "-lgcc_s" "-lutil" "-lrt" "-lpthread" "-lm" "-ldl" "-lc" "-Wl,--eh-frame-hdr" "-Wl,-z,noexecstack" "-L" "/opt/rustwide/rustup-home/toolchains/1.83.0-x86_64-unknown-linux-gnu/lib/rustlib/x86_64-unknown-linux-gnu/lib" "-o" "/tmp/rustdoctestJGdEhG/rust_out" "-Wl,--gc-sections" "-pie" "-Wl,-z,relro,-z,now" "-nodefaultlibs"
[INFO] [stdout]   = note: collect2: fatal error: ld terminated with signal 9 [Killed]
[INFO] [stdout]           compilation terminated.
[INFO] [stdout]           
[INFO] [stdout] 
[INFO] [stdout] error: aborting due to 1 previous error
[INFO] [stdout] 
[INFO] [stdout] Couldn't compile the test.
[INFO] [stdout] 
[INFO] [stdout] failures:
[INFO] [stdout]     src/lib.rs - (line 11)
[INFO] [stdout]     src/v2/mode_enum.rs - v2::mode_enum::mode_enum (line 29)
[INFO] [stdout]     src/v2/port_mapping.rs - v2::port_mapping::PortMapping::any_to (line 150)
[INFO] [stdout]     src/v2/volumes_from.rs - v2::volumes_from::VolumesFrom::container (line 57)
[INFO] [stdout] 
[INFO] [stdout] test result: FAILED. 11 passed; 4 failed; 0 ignored; 0 measured; 0 filtered out; finished in 6.53s
[INFO] [stdout] 
[INFO] [stderr] error: doctest failed, to rerun pass `--doc`
[INFO] running `Command { std: "docker" "inspect" "6de752675479188f8d2c7ff3f6120fa3bed680efa19a393fe4a3426718e36a1a", kill_on_drop: false }`
[INFO] running `Command { std: "docker" "rm" "-f" "6de752675479188f8d2c7ff3f6120fa3bed680efa19a393fe4a3426718e36a1a", kill_on_drop: false }`
[INFO] [stdout] 6de752675479188f8d2c7ff3f6120fa3bed680efa19a393fe4a3426718e36a1a
