[INFO] fetching crate complexible 0.2.4...
[INFO] testing complexible-0.2.4 against 1.83.0 for beta-1.84.0-4-retry
[INFO] extracting crate complexible 0.2.4 into /workspace/builds/worker-3-tc1/source
[INFO] validating manifest of crates.io crate complexible 0.2.4 on toolchain 1.83.0
[INFO] running `Command { std: CARGO_HOME="/workspace/cargo-home" RUSTUP_HOME="/workspace/rustup-home" "/workspace/cargo-home/bin/cargo" "+1.83.0" "metadata" "--manifest-path" "Cargo.toml" "--no-deps", kill_on_drop: false }`
[INFO] started tweaking crates.io crate complexible 0.2.4
[INFO] finished tweaking crates.io crate complexible 0.2.4
[INFO] tweaked toml for crates.io crate complexible 0.2.4 written to /workspace/builds/worker-3-tc1/source/Cargo.toml
[INFO] running `Command { std: CARGO_HOME="/workspace/cargo-home" RUSTUP_HOME="/workspace/rustup-home" "/workspace/cargo-home/bin/cargo" "+1.83.0" "generate-lockfile" "--manifest-path" "Cargo.toml", kill_on_drop: false }`
[INFO] running `Command { std: CARGO_HOME="/workspace/cargo-home" RUSTUP_HOME="/workspace/rustup-home" "/workspace/cargo-home/bin/cargo" "+1.83.0" "fetch" "--manifest-path" "Cargo.toml", kill_on_drop: false }`
[INFO] running `Command { std: "docker" "create" "-v" "/var/lib/crater-agent-workspace/builds/worker-3-tc1/target:/opt/rustwide/target:rw,Z" "-v" "/var/lib/crater-agent-workspace/builds/worker-3-tc1/source:/opt/rustwide/workdir:ro,Z" "-v" "/var/lib/crater-agent-workspace/cargo-home:/opt/rustwide/cargo-home:ro,Z" "-v" "/var/lib/crater-agent-workspace/rustup-home:/opt/rustwide/rustup-home:ro,Z" "-e" "SOURCE_DIR=/opt/rustwide/workdir" "-e" "CARGO_TARGET_DIR=/opt/rustwide/target" "-e" "CARGO_HOME=/opt/rustwide/cargo-home" "-e" "RUSTUP_HOME=/opt/rustwide/rustup-home" "-w" "/opt/rustwide/workdir" "-m" "1610612736" "--user" "0:0" "--network" "none" "ghcr.io/rust-lang/crates-build-env/linux@sha256:f3a9d4ad9d972b27faf3965f35b62e55ba32bbce8f20bc8fe909558a86702fde" "/opt/rustwide/cargo-home/bin/cargo" "+1.83.0" "metadata" "--no-deps" "--format-version=1", kill_on_drop: false }`
[INFO] [stdout] 42d74488383d939742bc25c4e943c0f5fa3b228bef3f0285cb49320d6750c618
[INFO] running `Command { std: "docker" "start" "-a" "42d74488383d939742bc25c4e943c0f5fa3b228bef3f0285cb49320d6750c618", kill_on_drop: false }`
[INFO] running `Command { std: "docker" "inspect" "42d74488383d939742bc25c4e943c0f5fa3b228bef3f0285cb49320d6750c618", kill_on_drop: false }`
[INFO] running `Command { std: "docker" "rm" "-f" "42d74488383d939742bc25c4e943c0f5fa3b228bef3f0285cb49320d6750c618", kill_on_drop: false }`
[INFO] [stdout] 42d74488383d939742bc25c4e943c0f5fa3b228bef3f0285cb49320d6750c618
[INFO] running `Command { std: "docker" "create" "-v" "/var/lib/crater-agent-workspace/builds/worker-3-tc1/target:/opt/rustwide/target:rw,Z" "-v" "/var/lib/crater-agent-workspace/builds/worker-3-tc1/source:/opt/rustwide/workdir:ro,Z" "-v" "/var/lib/crater-agent-workspace/cargo-home:/opt/rustwide/cargo-home:ro,Z" "-v" "/var/lib/crater-agent-workspace/rustup-home:/opt/rustwide/rustup-home:ro,Z" "-e" "SOURCE_DIR=/opt/rustwide/workdir" "-e" "CARGO_TARGET_DIR=/opt/rustwide/target" "-e" "CARGO_INCREMENTAL=0" "-e" "RUST_BACKTRACE=full" "-e" "RUSTFLAGS=--cap-lints=warn" "-e" "RUSTDOCFLAGS=--cap-lints=warn" "-e" "CARGO_HOME=/opt/rustwide/cargo-home" "-e" "RUSTUP_HOME=/opt/rustwide/rustup-home" "-w" "/opt/rustwide/workdir" "-m" "1610612736" "--user" "0:0" "--network" "none" "ghcr.io/rust-lang/crates-build-env/linux@sha256:f3a9d4ad9d972b27faf3965f35b62e55ba32bbce8f20bc8fe909558a86702fde" "/opt/rustwide/cargo-home/bin/cargo" "+1.83.0" "build" "--frozen" "--message-format=json", kill_on_drop: false }`
[INFO] [stdout] f0bcc8584304f7b836965e412c5c78a9c5a8d745b91e77de22aa6e577be3f81c
[INFO] running `Command { std: "docker" "start" "-a" "f0bcc8584304f7b836965e412c5c78a9c5a8d745b91e77de22aa6e577be3f81c", kill_on_drop: false }`
[INFO] [stderr]    Compiling complexible v0.2.4 (/opt/rustwide/workdir)
[INFO] [stderr]     Finished `dev` profile [unoptimized + debuginfo] target(s) in 0.16s
[INFO] running `Command { std: "docker" "inspect" "f0bcc8584304f7b836965e412c5c78a9c5a8d745b91e77de22aa6e577be3f81c", kill_on_drop: false }`
[INFO] running `Command { std: "docker" "rm" "-f" "f0bcc8584304f7b836965e412c5c78a9c5a8d745b91e77de22aa6e577be3f81c", kill_on_drop: false }`
[INFO] [stdout] f0bcc8584304f7b836965e412c5c78a9c5a8d745b91e77de22aa6e577be3f81c
[INFO] running `Command { std: "docker" "create" "-v" "/var/lib/crater-agent-workspace/builds/worker-3-tc1/target:/opt/rustwide/target:rw,Z" "-v" "/var/lib/crater-agent-workspace/builds/worker-3-tc1/source:/opt/rustwide/workdir:ro,Z" "-v" "/var/lib/crater-agent-workspace/cargo-home:/opt/rustwide/cargo-home:ro,Z" "-v" "/var/lib/crater-agent-workspace/rustup-home:/opt/rustwide/rustup-home:ro,Z" "-e" "SOURCE_DIR=/opt/rustwide/workdir" "-e" "CARGO_TARGET_DIR=/opt/rustwide/target" "-e" "CARGO_INCREMENTAL=0" "-e" "RUST_BACKTRACE=full" "-e" "RUSTFLAGS=--cap-lints=warn" "-e" "RUSTDOCFLAGS=--cap-lints=warn" "-e" "CARGO_HOME=/opt/rustwide/cargo-home" "-e" "RUSTUP_HOME=/opt/rustwide/rustup-home" "-w" "/opt/rustwide/workdir" "-m" "1610612736" "--user" "0:0" "--network" "none" "ghcr.io/rust-lang/crates-build-env/linux@sha256:f3a9d4ad9d972b27faf3965f35b62e55ba32bbce8f20bc8fe909558a86702fde" "/opt/rustwide/cargo-home/bin/cargo" "+1.83.0" "test" "--frozen" "--no-run" "--message-format=json", kill_on_drop: false }`
[INFO] [stdout] 9190e5fb5d758d1a5665846901770116a3819f61982a44093c45bf0e9a394db5
[INFO] running `Command { std: "docker" "start" "-a" "9190e5fb5d758d1a5665846901770116a3819f61982a44093c45bf0e9a394db5", kill_on_drop: false }`
[INFO] [stderr]    Compiling complexible v0.2.4 (/opt/rustwide/workdir)
[INFO] [stderr]     Finished `test` profile [unoptimized + debuginfo] target(s) in 0.44s
[INFO] running `Command { std: "docker" "inspect" "9190e5fb5d758d1a5665846901770116a3819f61982a44093c45bf0e9a394db5", kill_on_drop: false }`
[INFO] running `Command { std: "docker" "rm" "-f" "9190e5fb5d758d1a5665846901770116a3819f61982a44093c45bf0e9a394db5", kill_on_drop: false }`
[INFO] [stdout] 9190e5fb5d758d1a5665846901770116a3819f61982a44093c45bf0e9a394db5
[INFO] running `Command { std: "docker" "create" "-v" "/var/lib/crater-agent-workspace/builds/worker-3-tc1/target:/opt/rustwide/target:rw,Z" "-v" "/var/lib/crater-agent-workspace/builds/worker-3-tc1/source:/opt/rustwide/workdir:ro,Z" "-v" "/var/lib/crater-agent-workspace/cargo-home:/opt/rustwide/cargo-home:ro,Z" "-v" "/var/lib/crater-agent-workspace/rustup-home:/opt/rustwide/rustup-home:ro,Z" "-e" "SOURCE_DIR=/opt/rustwide/workdir" "-e" "CARGO_TARGET_DIR=/opt/rustwide/target" "-e" "CARGO_INCREMENTAL=0" "-e" "RUST_BACKTRACE=full" "-e" "RUSTFLAGS=--cap-lints=warn" "-e" "RUSTDOCFLAGS=--cap-lints=warn" "-e" "CARGO_HOME=/opt/rustwide/cargo-home" "-e" "RUSTUP_HOME=/opt/rustwide/rustup-home" "-w" "/opt/rustwide/workdir" "-m" "1610612736" "--user" "0:0" "--network" "none" "ghcr.io/rust-lang/crates-build-env/linux@sha256:f3a9d4ad9d972b27faf3965f35b62e55ba32bbce8f20bc8fe909558a86702fde" "/opt/rustwide/cargo-home/bin/cargo" "+1.83.0" "test" "--frozen", kill_on_drop: false }`
[INFO] [stdout] 2bc67eb5597c3f26c39044625f46ccc9703a7bfc4db678ebdf9f852c3d96bff5
[INFO] running `Command { std: "docker" "start" "-a" "2bc67eb5597c3f26c39044625f46ccc9703a7bfc4db678ebdf9f852c3d96bff5", kill_on_drop: false }`
[INFO] [stderr]     Finished `test` profile [unoptimized + debuginfo] target(s) in 0.02s
[INFO] [stderr]      Running unittests src/lib.rs (/opt/rustwide/target/debug/deps/complexible-4dfb4339ff57611e)
[INFO] [stdout] 
[INFO] [stdout] running 0 tests
[INFO] [stdout] 
[INFO] [stdout] test result: ok. 0 passed; 0 failed; 0 ignored; 0 measured; 0 filtered out; finished in 0.00s
[INFO] [stdout] 
[INFO] [stderr]    Doc-tests complexible
[INFO] [stdout] 
[INFO] [stdout] running 32 tests
[INFO] [stdout] test src/complex_numbers/angle.rs - complex_numbers::angle::degreesto_radians (line 98) ... ok
[INFO] [stdout] test src/complex_numbers/angle.rs - complex_numbers::angle::Radian::from (line 21) ... ok
[INFO] [stdout] test src/complex_numbers/mod.rs - complex_numbers::ComplexNumber::from_cartesian (line 109) ... ok
[INFO] [stdout] test src/complex_numbers/angle.rs - complex_numbers::angle::Radian::to_degrees (line 34) ... ok
[INFO] [stdout] test src/complex_numbers/angle.rs - complex_numbers::angle::Degree::from (line 64) ... ok
[INFO] [stdout] test src/complex_numbers/mod.rs - complex_numbers::ComplexNumber::angle_in_rads (line 183) ... ok
[INFO] [stdout] test src/complex_numbers/mod.rs - complex_numbers::ComplexNumber::angle_in_angle (line 219) ... ok
[INFO] [stdout] test src/complex_numbers/angle.rs - complex_numbers::angle::Degree::to_radians (line 78) ... ok
[INFO] [stdout] test src/complex_numbers/mod.rs - complex_numbers::ComplexNumber::div (line 384) ... ok
[INFO] [stdout] test src/complex_numbers/mod.rs - complex_numbers::ComplexNumber::from_polar (line 128) ... ok
[INFO] [stdout] test src/complex_numbers/angle.rs - complex_numbers::angle::radianto_degrees (line 116) ... ok
[INFO] [stdout] test src/complex_numbers/mod.rs - complex_numbers::ComplexNumber::angle_in_degs (line 201) ... ok
[INFO] [stdout] test src/complex_numbers/mod.rs - complex_numbers::Angle::from_radians (line 71) ... ok
[INFO] [stdout] test src/complex_numbers/mod.rs - complex_numbers::ComplexNumber::abs (line 165) ... ok
[INFO] [stdout] test src/complex_numbers/mod.rs - complex_numbers::ComplexNumber::add (line 278) ... ok
[INFO] [stdout] test src/complex_numbers/mod.rs - complex_numbers::ComplexNumber::from_real (line 148) ... ok
[INFO] [stdout] test src/complex_numbers/mod.rs - complex_numbers::ComplexNumber::mul (line 332) ... ok
[INFO] [stdout] test src/complex_numbers/mod.rs - complex_numbers::ComplexNumber::imag (line 256) ... ok
[INFO] [stdout] test src/complex_numbers/mod.rs - complex_numbers::ComplexNumber::log10 (line 480) ... ok
[INFO] [stdout] test src/complex_numbers/mod.rs - complex_numbers::ComplexNumber::mul_n (line 359) ... ok
[INFO] [stdout] test src/complex_numbers/mod.rs - complex_numbers::Angle::from_degrees (line 53) ... ok
[INFO] [stdout] test src/complex_numbers/mod.rs - complex_numbers::ComplexNumber::log (line 504) ... ok
[INFO] [stdout] test src/complex_numbers/mod.rs - complex_numbers::ComplexNumber::ln (line 459) ... ok
[INFO] [stdout] test src/complex_numbers/mod.rs - complex_numbers::ComplexNumber::pow (line 411) ... ok
[INFO] [stdout] test src/complex_numbers/z.rs - complex_numbers::z::CartesianComplexNumber::to_polar (line 38) ... ok
[INFO] [stdout] test src/complex_numbers/z.rs - complex_numbers::z::CartesianComplexNumber::new (line 24) ... ok
[INFO] [stdout] test src/complex_numbers/mod.rs - complex_numbers::ComplexNumber::nth_root (line 437) ... ok
[INFO] [stdout] test src/complex_numbers/mod.rs - complex_numbers::ComplexNumber::sub (line 305) ... ok
[INFO] [stdout] test src/complex_numbers/z.rs - complex_numbers::z::PolarComplexNumber::new (line 75) ... ok
[INFO] [stdout] test src/complex_numbers/mod.rs - complex_numbers::ComplexNumber::real (line 238) ... ok
[INFO] [stdout] test src/lib.rs - (line 17) ... ok
[INFO] [stdout] test src/complex_numbers/z.rs - complex_numbers::z::PolarComplexNumber::to_cartesian (line 91) ... FAILED
[INFO] [stdout] 
[INFO] [stdout] failures:
[INFO] [stdout] 
[INFO] [stdout] ---- src/complex_numbers/z.rs - complex_numbers::z::PolarComplexNumber::to_cartesian (line 91) stdout ----
[INFO] [stdout] Test executable failed (exit status: 101).
[INFO] [stdout] 
[INFO] [stdout] stderr:
[INFO] [stdout] thread 'main' panicked at src/complex_numbers/z.rs:11:1:
[INFO] [stdout] assertion `left == right` failed
[INFO] [stdout]   left: 0.7071067811865475
[INFO] [stdout]  right: 0.7071067811865476
[INFO] [stdout] stack backtrace:
[INFO] [stdout]    0:     0x5638231dfb8a - std::backtrace_rs::backtrace::libunwind::trace::h5a5b8284f2d0c266
[INFO] [stdout]                                at /rustc/90b35a6239c3d8bdabc530a6a0816f7ff89a0aaf/library/std/src/../../backtrace/src/backtrace/libunwind.rs:116:5
[INFO] [stdout]    1:     0x5638231dfb8a - std::backtrace_rs::backtrace::trace_unsynchronized::h76d4f1c9b0b875e3
[INFO] [stdout]                                at /rustc/90b35a6239c3d8bdabc530a6a0816f7ff89a0aaf/library/std/src/../../backtrace/src/backtrace/mod.rs:66:5
[INFO] [stdout]    2:     0x5638231dfb8a - std::sys::backtrace::_print_fmt::hc4546b8364a537c6
[INFO] [stdout]                                at /rustc/90b35a6239c3d8bdabc530a6a0816f7ff89a0aaf/library/std/src/sys/backtrace.rs:66:9
[INFO] [stdout]    3:     0x5638231dfb8a - <std::sys::backtrace::BacktraceLock::print::DisplayBacktrace as core::fmt::Display>::fmt::h5b6bd5631a6d1f6b
[INFO] [stdout]                                at /rustc/90b35a6239c3d8bdabc530a6a0816f7ff89a0aaf/library/std/src/sys/backtrace.rs:39:26
[INFO] [stdout]    4:     0x5638231fed53 - core::fmt::rt::Argument::fmt::h270f6602a2b96f62
[INFO] [stdout]                                at /rustc/90b35a6239c3d8bdabc530a6a0816f7ff89a0aaf/library/core/src/fmt/rt.rs:177:76
[INFO] [stdout]    5:     0x5638231fed53 - core::fmt::write::h7550c97b06c86515
[INFO] [stdout]                                at /rustc/90b35a6239c3d8bdabc530a6a0816f7ff89a0aaf/library/core/src/fmt/mod.rs:1186:21
[INFO] [stdout]    6:     0x5638231dd933 - std::io::Write::write_fmt::h7b09c64fe0be9c84
[INFO] [stdout]                                at /rustc/90b35a6239c3d8bdabc530a6a0816f7ff89a0aaf/library/std/src/io/mod.rs:1839:15
[INFO] [stdout]    7:     0x5638231df9d2 - std::sys::backtrace::BacktraceLock::print::h2395ccd2c84ba3aa
[INFO] [stdout]                                at /rustc/90b35a6239c3d8bdabc530a6a0816f7ff89a0aaf/library/std/src/sys/backtrace.rs:42:9
[INFO] [stdout]    8:     0x5638231e097c - std::panicking::default_hook::{{closure}}::he19d4c7230e07961
[INFO] [stdout]                                at /rustc/90b35a6239c3d8bdabc530a6a0816f7ff89a0aaf/library/std/src/panicking.rs:268:22
[INFO] [stdout]    9:     0x5638231e07c2 - std::panicking::default_hook::hf614597d3c67bbdb
[INFO] [stdout]                                at /rustc/90b35a6239c3d8bdabc530a6a0816f7ff89a0aaf/library/std/src/panicking.rs:295:9
[INFO] [stdout]   10:     0x5638231e0f57 - std::panicking::rust_panic_with_hook::h8942133a8b252070
[INFO] [stdout]                                at /rustc/90b35a6239c3d8bdabc530a6a0816f7ff89a0aaf/library/std/src/panicking.rs:801:13
[INFO] [stdout]   11:     0x5638231e0dea - std::panicking::begin_panic_handler::{{closure}}::hb5f5963570096b29
[INFO] [stdout]                                at /rustc/90b35a6239c3d8bdabc530a6a0816f7ff89a0aaf/library/std/src/panicking.rs:674:13
[INFO] [stdout]   12:     0x5638231e0069 - std::sys::backtrace::__rust_end_short_backtrace::h6208cedc1922feda
[INFO] [stdout]                                at /rustc/90b35a6239c3d8bdabc530a6a0816f7ff89a0aaf/library/std/src/sys/backtrace.rs:170:18
[INFO] [stdout]   13:     0x5638231e0a7c - rust_begin_unwind
[INFO] [stdout]                                at /rustc/90b35a6239c3d8bdabc530a6a0816f7ff89a0aaf/library/std/src/panicking.rs:665:5
[INFO] [stdout]   14:     0x5638231c1030 - core::panicking::panic_fmt::h0c3082644d1bf418
[INFO] [stdout]                                at /rustc/90b35a6239c3d8bdabc530a6a0816f7ff89a0aaf/library/core/src/panicking.rs:74:14
[INFO] [stdout]   15:     0x5638231c135b - core::panicking::assert_failed_inner::h2ddf1fcc067fa858
[INFO] [stdout]   16:     0x5638231c18f6 - core::panicking::assert_failed::h2d7f1401d0b86957
[INFO] [stdout]   17:     0x5638231c19fc - rust_out::main::_doctest_main_src_complex_numbers_z_rs_91_0::hb0ffe7de45346962
[INFO] [stdout]   18:     0x5638231c1916 - rust_out::main::h86d391cc11b8a827
[INFO] [stdout]   19:     0x5638231c1873 - core::ops::function::FnOnce::call_once::hd1e0b33d350e8c2e
[INFO] [stdout]   20:     0x5638231c1846 - std::sys::backtrace::__rust_begin_short_backtrace::hb7c4fd168269da08
[INFO] [stdout]   21:     0x5638231c1829 - std::rt::lang_start::{{closure}}::h7630186e3858a44d
[INFO] [stdout]   22:     0x5638231dc0ae - core::ops::function::impls::<impl core::ops::function::FnOnce<A> for &F>::call_once::hfdb85f4ee94732d3
[INFO] [stdout]                                at /rustc/90b35a6239c3d8bdabc530a6a0816f7ff89a0aaf/library/core/src/ops/function.rs:284:13
[INFO] [stdout]   23:     0x5638231dc0ae - std::panicking::try::do_call::h6e577310f330cbef
[INFO] [stdout]                                at /rustc/90b35a6239c3d8bdabc530a6a0816f7ff89a0aaf/library/std/src/panicking.rs:557:40
[INFO] [stdout]   24:     0x5638231dc0ae - std::panicking::try::ha588d438267d2645
[INFO] [stdout]                                at /rustc/90b35a6239c3d8bdabc530a6a0816f7ff89a0aaf/library/std/src/panicking.rs:520:19
[INFO] [stdout]   25:     0x5638231dc0ae - std::panic::catch_unwind::h429fda1e025f26d9
[INFO] [stdout]                                at /rustc/90b35a6239c3d8bdabc530a6a0816f7ff89a0aaf/library/std/src/panic.rs:358:14
[INFO] [stdout]   26:     0x5638231dc0ae - std::rt::lang_start_internal::{{closure}}::h7b731265e841c4bf
[INFO] [stdout]                                at /rustc/90b35a6239c3d8bdabc530a6a0816f7ff89a0aaf/library/std/src/rt.rs:174:48
[INFO] [stdout]   27:     0x5638231dc0ae - std::panicking::try::do_call::hc0f6a675b7ae5a36
[INFO] [stdout]                                at /rustc/90b35a6239c3d8bdabc530a6a0816f7ff89a0aaf/library/std/src/panicking.rs:557:40
[INFO] [stdout]   28:     0x5638231dc0ae - std::panicking::try::h4c93b7ff0671f1ff
[INFO] [stdout]                                at /rustc/90b35a6239c3d8bdabc530a6a0816f7ff89a0aaf/library/std/src/panicking.rs:520:19
[INFO] [stdout]   29:     0x5638231dc0ae - std::panic::catch_unwind::hcc1e154961d16ce6
[INFO] [stdout]                                at /rustc/90b35a6239c3d8bdabc530a6a0816f7ff89a0aaf/library/std/src/panic.rs:358:14
[INFO] [stdout]   30:     0x5638231dc0ae - std::rt::lang_start_internal::h1c66660c99c8424c
[INFO] [stdout]                                at /rustc/90b35a6239c3d8bdabc530a6a0816f7ff89a0aaf/library/std/src/rt.rs:174:20
[INFO] [stdout]   31:     0x5638231c1807 - std::rt::lang_start::hcdb31f4834f76b8c
[INFO] [stdout]   32:     0x5638231c1a25 - main
[INFO] [stdout]   33:     0x7c202ce36d90 - <unknown>
[INFO] [stdout]   34:     0x7c202ce36e40 - __libc_start_main
[INFO] [stdout]   35:     0x5638231c1715 - _start
[INFO] [stdout]   36:                0x0 - <unknown>
[INFO] [stdout] 
[INFO] [stdout] 
[INFO] [stdout] 
[INFO] [stdout] failures:
[INFO] [stdout]     src/complex_numbers/z.rs - complex_numbers::z::PolarComplexNumber::to_cartesian (line 91)
[INFO] [stdout] 
[INFO] [stdout] test result: FAILED. 31 passed; 1 failed; 0 ignored; 0 measured; 0 filtered out; finished in 2.26s
[INFO] [stdout] 
[INFO] [stderr] error: doctest failed, to rerun pass `--doc`
[INFO] running `Command { std: "docker" "inspect" "2bc67eb5597c3f26c39044625f46ccc9703a7bfc4db678ebdf9f852c3d96bff5", kill_on_drop: false }`
[INFO] running `Command { std: "docker" "rm" "-f" "2bc67eb5597c3f26c39044625f46ccc9703a7bfc4db678ebdf9f852c3d96bff5", kill_on_drop: false }`
[INFO] [stdout] 2bc67eb5597c3f26c39044625f46ccc9703a7bfc4db678ebdf9f852c3d96bff5
