[INFO] fetching crate commitlog 0.2.0...
[INFO] testing commitlog-0.2.0 against 1.83.0 for beta-1.84.0-4-retry
[INFO] extracting crate commitlog 0.2.0 into /workspace/builds/worker-0-tc1/source
[INFO] validating manifest of crates.io crate commitlog 0.2.0 on toolchain 1.83.0
[INFO] running `Command { std: CARGO_HOME="/workspace/cargo-home" RUSTUP_HOME="/workspace/rustup-home" "/workspace/cargo-home/bin/cargo" "+1.83.0" "metadata" "--manifest-path" "Cargo.toml" "--no-deps", kill_on_drop: false }`
[INFO] started tweaking crates.io crate commitlog 0.2.0
[INFO] finished tweaking crates.io crate commitlog 0.2.0
[INFO] tweaked toml for crates.io crate commitlog 0.2.0 written to /workspace/builds/worker-0-tc1/source/Cargo.toml
[INFO] crate crates.io crate commitlog 0.2.0 already has a lockfile, it will not be regenerated
[INFO] running `Command { std: CARGO_HOME="/workspace/cargo-home" RUSTUP_HOME="/workspace/rustup-home" "/workspace/cargo-home/bin/cargo" "+1.83.0" "fetch" "--manifest-path" "Cargo.toml", kill_on_drop: false }`
[INFO] [stderr]     Blocking waiting for file lock on package cache
[INFO] [stderr]  Downloading crates ...
[INFO] [stderr]   Downloaded crc32c v0.6.0
[INFO] running `Command { std: "docker" "create" "-v" "/var/lib/crater-agent-workspace/builds/worker-0-tc1/target:/opt/rustwide/target:rw,Z" "-v" "/var/lib/crater-agent-workspace/builds/worker-0-tc1/source:/opt/rustwide/workdir:ro,Z" "-v" "/var/lib/crater-agent-workspace/cargo-home:/opt/rustwide/cargo-home:ro,Z" "-v" "/var/lib/crater-agent-workspace/rustup-home:/opt/rustwide/rustup-home:ro,Z" "-e" "SOURCE_DIR=/opt/rustwide/workdir" "-e" "CARGO_TARGET_DIR=/opt/rustwide/target" "-e" "CARGO_HOME=/opt/rustwide/cargo-home" "-e" "RUSTUP_HOME=/opt/rustwide/rustup-home" "-w" "/opt/rustwide/workdir" "-m" "1610612736" "--user" "0:0" "--network" "none" "ghcr.io/rust-lang/crates-build-env/linux@sha256:f3a9d4ad9d972b27faf3965f35b62e55ba32bbce8f20bc8fe909558a86702fde" "/opt/rustwide/cargo-home/bin/cargo" "+1.83.0" "metadata" "--no-deps" "--format-version=1", kill_on_drop: false }`
[INFO] [stdout] 95e63793f2bf36a7676563a014bc58841df1993ef11a37df35891da99ef6ff64
[INFO] running `Command { std: "docker" "start" "-a" "95e63793f2bf36a7676563a014bc58841df1993ef11a37df35891da99ef6ff64", kill_on_drop: false }`
[INFO] running `Command { std: "docker" "inspect" "95e63793f2bf36a7676563a014bc58841df1993ef11a37df35891da99ef6ff64", kill_on_drop: false }`
[INFO] running `Command { std: "docker" "rm" "-f" "95e63793f2bf36a7676563a014bc58841df1993ef11a37df35891da99ef6ff64", kill_on_drop: false }`
[INFO] [stdout] 95e63793f2bf36a7676563a014bc58841df1993ef11a37df35891da99ef6ff64
[INFO] running `Command { std: "docker" "create" "-v" "/var/lib/crater-agent-workspace/builds/worker-0-tc1/target:/opt/rustwide/target:rw,Z" "-v" "/var/lib/crater-agent-workspace/builds/worker-0-tc1/source:/opt/rustwide/workdir:ro,Z" "-v" "/var/lib/crater-agent-workspace/cargo-home:/opt/rustwide/cargo-home:ro,Z" "-v" "/var/lib/crater-agent-workspace/rustup-home:/opt/rustwide/rustup-home:ro,Z" "-e" "SOURCE_DIR=/opt/rustwide/workdir" "-e" "CARGO_TARGET_DIR=/opt/rustwide/target" "-e" "CARGO_INCREMENTAL=0" "-e" "RUST_BACKTRACE=full" "-e" "RUSTFLAGS=--cap-lints=warn" "-e" "RUSTDOCFLAGS=--cap-lints=warn" "-e" "CARGO_HOME=/opt/rustwide/cargo-home" "-e" "RUSTUP_HOME=/opt/rustwide/rustup-home" "-w" "/opt/rustwide/workdir" "-m" "1610612736" "--user" "0:0" "--network" "none" "ghcr.io/rust-lang/crates-build-env/linux@sha256:f3a9d4ad9d972b27faf3965f35b62e55ba32bbce8f20bc8fe909558a86702fde" "/opt/rustwide/cargo-home/bin/cargo" "+1.83.0" "build" "--frozen" "--message-format=json", kill_on_drop: false }`
[INFO] [stdout] 84aa4d7d0c4d263c41b3c9749e88ef3830988eede7255ecc80b95d5d4d0c422d
[INFO] running `Command { std: "docker" "start" "-a" "84aa4d7d0c4d263c41b3c9749e88ef3830988eede7255ecc80b95d5d4d0c422d", kill_on_drop: false }`
[INFO] [stderr]    Compiling semver-parser v0.7.0
[INFO] [stderr]    Compiling libc v0.2.106
[INFO] [stderr]    Compiling log v0.4.14
[INFO] [stderr]    Compiling cfg-if v1.0.0
[INFO] [stderr]    Compiling byteorder v1.4.3
[INFO] [stderr]    Compiling bytes v1.1.0
[INFO] [stderr]    Compiling semver v0.9.0
[INFO] [stderr]    Compiling rustc_version v0.2.3
[INFO] [stderr]    Compiling crc32c v0.6.0
[INFO] [stderr]    Compiling memmap2 v0.5.0
[INFO] [stderr]    Compiling page_size v0.4.2
[INFO] [stderr]    Compiling commitlog v0.2.0 (/opt/rustwide/workdir)
[INFO] [stderr]     Finished `dev` profile [unoptimized + debuginfo] target(s) in 3.27s
[INFO] running `Command { std: "docker" "inspect" "84aa4d7d0c4d263c41b3c9749e88ef3830988eede7255ecc80b95d5d4d0c422d", kill_on_drop: false }`
[INFO] running `Command { std: "docker" "rm" "-f" "84aa4d7d0c4d263c41b3c9749e88ef3830988eede7255ecc80b95d5d4d0c422d", kill_on_drop: false }`
[INFO] [stdout] 84aa4d7d0c4d263c41b3c9749e88ef3830988eede7255ecc80b95d5d4d0c422d
[INFO] running `Command { std: "docker" "create" "-v" "/var/lib/crater-agent-workspace/builds/worker-0-tc1/target:/opt/rustwide/target:rw,Z" "-v" "/var/lib/crater-agent-workspace/builds/worker-0-tc1/source:/opt/rustwide/workdir:ro,Z" "-v" "/var/lib/crater-agent-workspace/cargo-home:/opt/rustwide/cargo-home:ro,Z" "-v" "/var/lib/crater-agent-workspace/rustup-home:/opt/rustwide/rustup-home:ro,Z" "-e" "SOURCE_DIR=/opt/rustwide/workdir" "-e" "CARGO_TARGET_DIR=/opt/rustwide/target" "-e" "CARGO_INCREMENTAL=0" "-e" "RUST_BACKTRACE=full" "-e" "RUSTFLAGS=--cap-lints=warn" "-e" "RUSTDOCFLAGS=--cap-lints=warn" "-e" "CARGO_HOME=/opt/rustwide/cargo-home" "-e" "RUSTUP_HOME=/opt/rustwide/rustup-home" "-w" "/opt/rustwide/workdir" "-m" "1610612736" "--user" "0:0" "--network" "none" "ghcr.io/rust-lang/crates-build-env/linux@sha256:f3a9d4ad9d972b27faf3965f35b62e55ba32bbce8f20bc8fe909558a86702fde" "/opt/rustwide/cargo-home/bin/cargo" "+1.83.0" "test" "--frozen" "--no-run" "--message-format=json", kill_on_drop: false }`
[INFO] [stdout] 7509409e756dcdae371f6ad224dfd3e937ae08e03f3c42656f682ebb88280e70
[INFO] running `Command { std: "docker" "start" "-a" "7509409e756dcdae371f6ad224dfd3e937ae08e03f3c42656f682ebb88280e70", kill_on_drop: false }`
[INFO] [stderr]    Compiling autocfg v1.0.1
[INFO] [stderr]    Compiling lazy_static v1.4.0
[INFO] [stderr]    Compiling memchr v2.4.1
[INFO] [stderr]    Compiling serde v1.0.130
[INFO] [stderr]    Compiling semver v1.0.4
[INFO] [stderr]    Compiling crossbeam-utils v0.8.5
[INFO] [stderr]    Compiling crossbeam-epoch v0.9.5
[INFO] [stderr]    Compiling ryu v1.0.5
[INFO] [stderr]    Compiling proc-macro2 v1.0.32
[INFO] [stderr]    Compiling unicode-xid v0.2.2
[INFO] [stderr]    Compiling rayon-core v1.9.1
[INFO] [stderr]    Compiling scopeguard v1.1.0
[INFO] [stderr]    Compiling syn v1.0.81
[INFO] [stderr]    Compiling itoa v0.4.8
[INFO] [stderr]    Compiling serde_json v1.0.69
[INFO] [stderr]    Compiling either v1.6.1
[INFO] [stderr]    Compiling getrandom v0.2.3
[INFO] [stderr]    Compiling num_cpus v1.13.0
[INFO] [stderr]    Compiling unicode-width v0.1.9
[INFO] [stderr]    Compiling regex-automata v0.1.10
[INFO] [stderr]    Compiling plotters-backend v0.3.2
[INFO] [stderr]    Compiling regex-syntax v0.6.25
[INFO] [stderr]    Compiling serde_derive v1.0.130
[INFO] [stderr]    Compiling itertools v0.10.1
[INFO] [stderr]    Compiling rand_core v0.6.3
[INFO] [stderr]    Compiling textwrap v0.11.0
[INFO] [stderr]    Compiling atty v0.2.14
[INFO] [stderr]    Compiling memoffset v0.6.4
[INFO] [stderr]    Compiling num-traits v0.2.14
[INFO] [stderr]    Compiling rayon v1.5.1
[INFO] [stderr]    Compiling plotters-svg v0.3.1
[INFO] [stderr]    Compiling half v1.8.2
[INFO] [stderr]    Compiling bitflags v1.3.2
[INFO] [stderr]    Compiling ppv-lite86 v0.2.15
[INFO] [stderr]    Compiling same-file v1.0.6
[INFO] [stderr]    Compiling clap v2.33.3
[INFO] [stderr]    Compiling crossbeam-channel v0.5.1
[INFO] [stderr]    Compiling quote v1.0.10
[INFO] [stderr]    Compiling walkdir v2.3.2
[INFO] [stderr]    Compiling rand_chacha v0.3.1
[INFO] [stderr]    Compiling rustc_version v0.4.0
[INFO] [stderr]    Compiling aho-corasick v0.7.18
[INFO] [stderr]    Compiling csv-core v0.1.10
[INFO] [stderr]    Compiling termcolor v1.1.2
[INFO] [stderr]    Compiling humantime v2.1.0
[INFO] [stderr]    Compiling oorandom v11.1.3
[INFO] [stderr]    Compiling rand v0.8.4
[INFO] [stderr]    Compiling cast v0.2.7
[INFO] [stderr]    Compiling crossbeam-deque v0.8.1
[INFO] [stderr]    Compiling plotters v0.3.1
[INFO] [stderr]    Compiling regex v1.5.4
[INFO] [stderr]    Compiling criterion-plot v0.4.4
[INFO] [stderr]    Compiling env_logger v0.9.0
[INFO] [stderr]    Compiling bstr v0.2.17
[INFO] [stderr]    Compiling serde_cbor v0.11.2
[INFO] [stderr]    Compiling csv v1.1.6
[INFO] [stderr]    Compiling tinytemplate v1.2.1
[INFO] [stderr]    Compiling criterion v0.3.5
[INFO] [stderr]    Compiling commitlog v0.2.0 (/opt/rustwide/workdir)
[INFO] [stderr]     Finished `test` profile [unoptimized + debuginfo] target(s) in 30.53s
[INFO] [stderr] warning: the following packages contain code that will be rejected by a future version of Rust: criterion v0.3.5
[INFO] [stderr] note: to see what the problems were, use the option `--future-incompat-report`, or run `cargo report future-incompatibilities --id 1`
[INFO] running `Command { std: "docker" "inspect" "7509409e756dcdae371f6ad224dfd3e937ae08e03f3c42656f682ebb88280e70", kill_on_drop: false }`
[INFO] running `Command { std: "docker" "rm" "-f" "7509409e756dcdae371f6ad224dfd3e937ae08e03f3c42656f682ebb88280e70", kill_on_drop: false }`
[INFO] [stdout] 7509409e756dcdae371f6ad224dfd3e937ae08e03f3c42656f682ebb88280e70
[INFO] running `Command { std: "docker" "create" "-v" "/var/lib/crater-agent-workspace/builds/worker-0-tc1/target:/opt/rustwide/target:rw,Z" "-v" "/var/lib/crater-agent-workspace/builds/worker-0-tc1/source:/opt/rustwide/workdir:ro,Z" "-v" "/var/lib/crater-agent-workspace/cargo-home:/opt/rustwide/cargo-home:ro,Z" "-v" "/var/lib/crater-agent-workspace/rustup-home:/opt/rustwide/rustup-home:ro,Z" "-e" "SOURCE_DIR=/opt/rustwide/workdir" "-e" "CARGO_TARGET_DIR=/opt/rustwide/target" "-e" "CARGO_INCREMENTAL=0" "-e" "RUST_BACKTRACE=full" "-e" "RUSTFLAGS=--cap-lints=warn" "-e" "RUSTDOCFLAGS=--cap-lints=warn" "-e" "CARGO_HOME=/opt/rustwide/cargo-home" "-e" "RUSTUP_HOME=/opt/rustwide/rustup-home" "-w" "/opt/rustwide/workdir" "-m" "1610612736" "--user" "0:0" "--network" "none" "ghcr.io/rust-lang/crates-build-env/linux@sha256:f3a9d4ad9d972b27faf3965f35b62e55ba32bbce8f20bc8fe909558a86702fde" "/opt/rustwide/cargo-home/bin/cargo" "+1.83.0" "test" "--frozen", kill_on_drop: false }`
[INFO] [stdout] 6572703fad70b48f84c7e4bce2b640992f453e6cd82eb8ebb205bad2cd28f7b6
[INFO] running `Command { std: "docker" "start" "-a" "6572703fad70b48f84c7e4bce2b640992f453e6cd82eb8ebb205bad2cd28f7b6", kill_on_drop: false }`
[INFO] [stderr]     Finished `test` profile [unoptimized + debuginfo] target(s) in 0.10s
[INFO] [stderr] warning: the following packages contain code that will be rejected by a future version of Rust: criterion v0.3.5
[INFO] [stderr] note: to see what the problems were, use the option `--future-incompat-report`, or run `cargo report future-incompatibilities --id 1`
[INFO] [stderr]      Running unittests src/lib.rs (/opt/rustwide/target/debug/deps/commitlog-425c7c9c09ae4944)
[INFO] [stdout] 
[INFO] [stdout] running 45 tests
[INFO] [stdout] test index::tests::find_nonexistant_value_finds_next ... FAILED
[INFO] [stdout] test index::tests::find_exact ... FAILED
[INFO] [stdout] test index::tests::reopen_partial_index ... FAILED
[INFO] [stdout] test message::tests::message_buf_push_with_meta ... ok
[INFO] [stderr] thread 'message::tests::message_construction' panicked at core/src/panicking.rs:221:5:
[INFO] [stderr] unsafe precondition(s) violated: slice::from_raw_parts requires the pointer to be aligned and non-null, and the total size of the slice not to exceed `isize::MAX`
[INFO] [stderr] stack backtrace:
[INFO] [stderr]    0:     0x6460901cba2a - std::backtrace_rs::backtrace::libunwind::trace::h5a5b8284f2d0c266
[INFO] [stderr]                                at /rustc/90b35a6239c3d8bdabc530a6a0816f7ff89a0aaf/library/std/src/../../backtrace/src/backtrace/libunwind.rs:116:5
[INFO] [stderr]    1:     0x6460901cba2a - std::backtrace_rs::backtrace::trace_unsynchronized::h76d4f1c9b0b875e3
[INFO] [stderr]                                at /rustc/90b35a6239c3d8bdabc530a6a0816f7ff89a0aaf/library/std/src/../../backtrace/src/backtrace/mod.rs:66:5
[INFO] [stderr]    2:     0x6460901cba2a - std::sys::backtrace::_print_fmt::hc4546b8364a537c6
[INFO] [stderr]                                at /rustc/90b35a6239c3d8bdabc530a6a0816f7ff89a0aaf/library/std/src/sys/backtrace.rs:66:9
[INFO] [stderr]    3:     0x6460901cba2a - <std::sys::backtrace::BacktraceLock::print::DisplayBacktrace as core::fmt::Display>::fmt::h5b6bd5631a6d1f6b
[INFO] [stderr]                                at /rustc/90b35a6239c3d8bdabc530a6a0816f7ff89a0aaf/library/std/src/sys/backtrace.rs:39:26
[INFO] [stderr]    4:     0x6460901f1e93 - core::fmt::rt::Argument::fmt::h270f6602a2b96f62
[INFO] [stderr]                                at /rustc/90b35a6239c3d8bdabc530a6a0816f7ff89a0aaf/library/core/src/fmt/rt.rs:177:76
[INFO] [stderr]    5:     0x6460901f1e93 - core::fmt::write::h7550c97b06c86515
[INFO] [stderr]                                at /rustc/90b35a6239c3d8bdabc530a6a0816f7ff89a0aaf/library/core/src/fmt/mod.rs:1186:21
[INFO] [stderr]    6:     0x6460901c89f3 - std::io::Write::write_fmt::h7b09c64fe0be9c84
[INFO] [stderr]                                at /rustc/90b35a6239c3d8bdabc530a6a0816f7ff89a0aaf/library/std/src/io/mod.rs:1839:15
[INFO] [stderr]    7:     0x6460901cb872 - std::sys::backtrace::BacktraceLock::print::h2395ccd2c84ba3aa
[INFO] [stderr]                                at /rustc/90b35a6239c3d8bdabc530a6a0816f7ff89a0aaf/library/std/src/sys/backtrace.rs:42:9
[INFO] [stderr]    8:     0x6460901cce8a - std::panicking::default_hook::{{closure}}::he19d4c7230e07961
[INFO] [stderr]                                at /rustc/90b35a6239c3d8bdabc530a6a0816f7ff89a0aaf/library/std/src/panicking.rs:268:22
[INFO] [stderr]    9:     0x6460901cccd0 - std::panicking::default_hook::hf614597d3c67bbdb
[INFO] [stderr]                                at /rustc/90b35a6239c3d8bdabc530a6a0816f7ff89a0aaf/library/std/src/panicking.rs:295:9
[INFO] [stderr]   10:     0x646090000959 - <alloc::boxed::Box<F,A> as core::ops::function::Fn<Args>>::call::h39b51ce4599c23d1
[INFO] [stderr]                                at /rustc/90b35a6239c3d8bdabc530a6a0816f7ff89a0aaf/library/alloc/src/boxed.rs:2468:9
[INFO] [stderr]   11:     0x646090000959 - test::test_main::{{closure}}::he977ae839a582784
[INFO] [stderr]                                at /rustc/90b35a6239c3d8bdabc530a6a0816f7ff89a0aaf/library/test/src/lib.rs:133:21
[INFO] [stderr]   12:     0x6460901cd528 - <alloc::boxed::Box<F,A> as core::ops::function::Fn<Args>>::call::h9455091b6b06f9fb
[INFO] [stderr]                                at /rustc/90b35a6239c3d8bdabc530a6a0816f7ff89a0aaf/library/alloc/src/boxed.rs:2468:9
[INFO] [stderr]   13:     0x6460901cd528 - std::panicking::rust_panic_with_hook::h8942133a8b252070
[INFO] [stderr]                                at /rustc/90b35a6239c3d8bdabc530a6a0816f7ff89a0aaf/library/std/src/panicking.rs:809:13
[INFO] [stderr]   14:     0x6460901cd2b6 - std::panicking::begin_panic_handler::{{closure}}::hb5f5963570096b29
[INFO] [stderr]                                at /rustc/90b35a6239c3d8bdabc530a6a0816f7ff89a0aaf/library/std/src/panicking.rs:667:13
[INFO] [stderr]   15:     0x6460901cbf09 - std::sys::backtrace::__rust_end_short_backtrace::h6208cedc1922feda
[INFO] [stderr]                                at /rustc/90b35a6239c3d8bdabc530a6a0816f7ff89a0aaf/library/std/src/sys/backtrace.rs:170:18
[INFO] [stderr]   16:     0x6460901ccf7c - rust_begin_unwind
[INFO] [stderr]                                at /rustc/90b35a6239c3d8bdabc530a6a0816f7ff89a0aaf/library/std/src/panicking.rs:665:5
[INFO] [stderr]   17:     0x64608ff5025d - core::panicking::panic_nounwind_fmt::runtime::h1f507a806003dfb2
[INFO] [stderr]                                at /rustc/90b35a6239c3d8bdabc530a6a0816f7ff89a0aaf/library/core/src/panicking.rs:112:18
[INFO] [stderr]   18:     0x64608ff5025d - core::panicking::panic_nounwind_fmt::h357fc035dc231634
[INFO] [stderr]                                at /rustc/90b35a6239c3d8bdabc530a6a0816f7ff89a0aaf/library/core/src/panicking.rs:122:5
[INFO] [stderr]   19:     0x64608ff502f2 - core::panicking::panic_nounwind::hd0dad372654c389a
[INFO] [stderr]                                at /rustc/90b35a6239c3d8bdabc530a6a0816f7ff89a0aaf/library/core/src/panicking.rs:221:5
[INFO] [stderr]   20:     0x6460900445ae - core::slice::raw::from_raw_parts::precondition_check::ha816251d95e379f1
[INFO] [stderr]                                at /rustc/90b35a6239c3d8bdabc530a6a0816f7ff89a0aaf/library/core/src/ub_checks.rs:70:21
[INFO] [stderr]   21:     0x64609004442f - core::slice::raw::from_raw_parts::h312cad84bc424de8
[INFO] [stderr]                                at /rustc/90b35a6239c3d8bdabc530a6a0816f7ff89a0aaf/library/core/src/ub_checks.rs:77:17
[INFO] [stderr]   22:     0x6460900461d8 - crc32c::util::split::h8d00d504ebfe9408
[INFO] [stderr]                                at /opt/rustwide/cargo-home/registry/src/index.crates.io-6f17d22bba15001f/crc32c-0.6.0/src/util.rs:36:9
[INFO] [stderr]   23:     0x6460900453c9 - crc32c::hw_x86_64::crc32c::h0d089b28bb707096
[INFO] [stderr]                                at /opt/rustwide/cargo-home/registry/src/index.crates.io-6f17d22bba15001f/crc32c-0.6.0/src/hw_x86_64.rs:11:32
[INFO] [stderr]   24:     0x64608ffbfd77 - crc32c::crc32c_append::h948664089c30a8e4
[INFO] [stderr]                                at /opt/rustwide/cargo-home/registry/src/index.crates.io-6f17d22bba15001f/crc32c-0.6.0/src/lib.rs:48:29
[INFO] [stderr]   25:     0x64608ffbfdab - crc32c::crc32c::h39925ce05e305a9a
[INFO] [stderr]                                at /opt/rustwide/cargo-home/registry/src/index.crates.io-6f17d22bba15001f/crc32c-0.6.0/src/lib.rs:39:5
[INFO] [stderr]   26:     0x64608ff9d361 - commitlog::message::serialize::h82250b65617eb139
[INFO] [stderr]                                at /opt/rustwide/workdir/src/message.rs:113:42
[INFO] [stderr]   27:     0x64608ff9f3fc - commitlog::message::MessageBuf::push::h0099ed39a344a076
[INFO] [stderr]                                at /opt/rustwide/workdir/src/message.rs:450:9
[INFO] [stderr]   28:     0x64608ff90726 - commitlog::message::tests::message_construction::h7c13b87816572f0b
[INFO] [stderr]                                at /opt/rustwide/workdir/src/message.rs:514:9
[INFO] [stderr]   29:     0x64608ff906c7 - commitlog::message::tests::message_construction::{{closure}}::hc330f2dec6426362
[INFO] [stderr]                                at /opt/rustwide/workdir/src/message.rs:511:30
[INFO] [stderr]   30:     0x64608ff997f6 - core::ops::function::FnOnce::call_once::hc1f0c606a8d3bc76
[INFO] [stderr]                                at /rustc/90b35a6239c3d8bdabc530a6a0816f7ff89a0aaf/library/core/src/ops/function.rs:250:5
[INFO] [stderr]   31:     0x64609000531b - core::ops::function::FnOnce::call_once::h109cf8051a59b34e
[INFO] [stderr]                                at /rustc/90b35a6239c3d8bdabc530a6a0816f7ff89a0aaf/library/core/src/ops/function.rs:250:5
[INFO] [stderr]   32:     0x64609000531b - test::__rust_begin_short_backtrace::hf4fff89d377446ba
[INFO] [stderr]                                at /rustc/90b35a6239c3d8bdabc530a6a0816f7ff89a0aaf/library/test/src/lib.rs:621:18
[INFO] [stderr]   33:     0x646090004b57 - test::run_test_in_process::{{closure}}::h0e39181dd7ee5a43
[INFO] [stderr]                                at /rustc/90b35a6239c3d8bdabc530a6a0816f7ff89a0aaf/library/test/src/lib.rs:644:60
[INFO] [stderr]   34:     0x646090004b57 - <core::panic::unwind_safe::AssertUnwindSafe<F> as core::ops::function::FnOnce<()>>::call_once::hc5a66a30f0bdfd1f
[INFO] [stderr]                                at /rustc/90b35a6239c3d8bdabc530a6a0816f7ff89a0aaf/library/core/src/panic/unwind_safe.rs:272:9
[INFO] [stderr]   35:     0x646090004b57 - std::panicking::try::do_call::h873b7cf639554a5e
[INFO] [stderr]                                at /rustc/90b35a6239c3d8bdabc530a6a0816f7ff89a0aaf/library/std/src/panicking.rs:557:40
[INFO] [stderr]   36:     0x646090004b57 - std::panicking::try::hdb19862fad9c8bd1
[INFO] [stderr]                                at /rustc/90b35a6239c3d8bdabc530a6a0816f7ff89a0aaf/library/std/src/panicking.rs:520:19
[INFO] [stderr]   37:     0x646090004b57 - std::panic::catch_unwind::h281fe732d236d260
[INFO] [stderr]                                at /rustc/90b35a6239c3d8bdabc530a6a0816f7ff89a0aaf/library/std/src/panic.rs:358:14
[INFO] [stderr]   38:     0x646090004b57 - test::run_test_in_process::h949b6df8457ed338
[INFO] [stderr]                                at /rustc/90b35a6239c3d8bdabc530a6a0816f7ff89a0aaf/library/test/src/lib.rs:644:27
[INFO] [stderr]   39:     0x646090004b57 - test::run_test::{{closure}}::h52c556a6d4740e10
[INFO] [stderr]                                at /rustc/90b35a6239c3d8bdabc530a6a0816f7ff89a0aaf/library/test/src/lib.rs:565:43
[INFO] [stderr]   40:     0x64608ffc9e34 - test::run_test::{{closure}}::h4237f6381c45ccb9
[INFO] [stderr]                                at /rustc/90b35a6239c3d8bdabc530a6a0816f7ff89a0aaf/library/test/src/lib.rs:595:41
[INFO] [stderr]   41:     0x64608ffc9e34 - std::sys::backtrace::__rust_begin_short_backtrace::h505c97a579eca628
[INFO] [stderr]                                at /rustc/90b35a6239c3d8bdabc530a6a0816f7ff89a0aaf/library/std/src/sys/backtrace.rs:154:18
[INFO] [stderr]   42:     0x64608ffcd4fe - std::thread::Builder::spawn_unchecked_::{{closure}}::{{closure}}::h9e86b2e2bc107ea3
[INFO] [stderr]                                at /rustc/90b35a6239c3d8bdabc530a6a0816f7ff89a0aaf/library/std/src/thread/mod.rs:538:17
[INFO] [stderr]   43:     0x64608ffcd4fe - <core::panic::unwind_safe::AssertUnwindSafe<F> as core::ops::function::FnOnce<()>>::call_once::h8b06ddb275ff4a25
[INFO] [stderr]                                at /rustc/90b35a6239c3d8bdabc530a6a0816f7ff89a0aaf/library/core/src/panic/unwind_safe.rs:272:9
[INFO] [stderr]   44:     0x64608ffcd4fe - std::panicking::try::do_call::hb26ecd7cd9a9355d
[INFO] [stderr]                                at /rustc/90b35a6239c3d8bdabc530a6a0816f7ff89a0aaf/library/std/src/panicking.rs:557:40
[INFO] [stderr]   45:     0x64608ffcd4fe - std::panicking::try::h8ddeca9d705f9069
[INFO] [stderr]                                at /rustc/90b35a6239c3d8bdabc530a6a0816f7ff89a0aaf/library/std/src/panicking.rs:520:19
[INFO] [stderr]   46:     0x64608ffcd4fe - std::panic::catch_unwind::h49e1c33078844c46
[INFO] [stderr]                                at /rustc/90b35a6239c3d8bdabc530a6a0816f7ff89a0aaf/library/std/src/panic.rs:358:14
[INFO] [stderr]   47:     0x64608ffcd4fe - std::thread::Builder::spawn_unchecked_::{{closure}}::h6073db6ff56ad35d
[INFO] [stderr]                                at /rustc/90b35a6239c3d8bdabc530a6a0816f7ff89a0aaf/library/std/src/thread/mod.rs:537:30
[INFO] [stderr]   48:     0x64608ffcd4fe - core::ops::function::FnOnce::call_once{{vtable.shim}}::h2c5a5f3779c774f1
[INFO] [stderr]                                at /rustc/90b35a6239c3d8bdabc530a6a0816f7ff89a0aaf/library/core/src/ops/function.rs:250:5
[INFO] [stderr]   49:     0x6460901d20bb - <alloc::boxed::Box<F,A> as core::ops::function::FnOnce<Args>>::call_once::hf75717d9f28faebf
[INFO] [stderr]                                at /rustc/90b35a6239c3d8bdabc530a6a0816f7ff89a0aaf/library/alloc/src/boxed.rs:2454:9
[INFO] [stderr]   50:     0x6460901d20bb - <alloc::boxed::Box<F,A> as core::ops::function::FnOnce<Args>>::call_once::h7bd883a5f3c5f3c1
[INFO] [stderr]                                at /rustc/90b35a6239c3d8bdabc530a6a0816f7ff89a0aaf/library/alloc/src/boxed.rs:2454:9
[INFO] [stderr]   51:     0x6460901d20bb - std::sys::pal::unix::thread::Thread::new::thread_start::hcc78f3943333fa94
[INFO] [stderr]                                at /rustc/90b35a6239c3d8bdabc530a6a0816f7ff89a0aaf/library/std/src/sys/pal/unix/thread.rs:105:17
[INFO] [stderr]   52:     0x78f640649ac3 - <unknown>
[INFO] [stderr]   53:     0x78f6406daa04 - clone
[INFO] [stderr]   54:                0x0 - <unknown>
[INFO] [stderr] thread caused non-unwinding panic. aborting.
[INFO] [stderr] error: test failed, to rerun pass `--lib`
[INFO] [stderr] 
[INFO] [stderr] Caused by:
[INFO] [stderr]   process didn't exit successfully: `/opt/rustwide/target/debug/deps/commitlog-425c7c9c09ae4944` (signal: 6, SIGABRT: process abort signal)
[INFO] running `Command { std: "docker" "inspect" "6572703fad70b48f84c7e4bce2b640992f453e6cd82eb8ebb205bad2cd28f7b6", kill_on_drop: false }`
[INFO] running `Command { std: "docker" "rm" "-f" "6572703fad70b48f84c7e4bce2b640992f453e6cd82eb8ebb205bad2cd28f7b6", kill_on_drop: false }`
[INFO] [stdout] 6572703fad70b48f84c7e4bce2b640992f453e6cd82eb8ebb205bad2cd28f7b6
