[INFO] fetching crate commitaura 1.0.5...
[INFO] testing commitaura-1.0.5 against beta-2024-12-08 for beta-1.84.0-4-retry
[INFO] extracting crate commitaura 1.0.5 into /workspace/builds/worker-7-tc2/source
[INFO] validating manifest of crates.io crate commitaura 1.0.5 on toolchain beta-2024-12-08
[INFO] running `Command { std: CARGO_HOME="/workspace/cargo-home" RUSTUP_HOME="/workspace/rustup-home" "/workspace/cargo-home/bin/cargo" "+beta-2024-12-08" "metadata" "--manifest-path" "Cargo.toml" "--no-deps", kill_on_drop: false }`
[INFO] started tweaking crates.io crate commitaura 1.0.5
[INFO] finished tweaking crates.io crate commitaura 1.0.5
[INFO] tweaked toml for crates.io crate commitaura 1.0.5 written to /workspace/builds/worker-7-tc2/source/Cargo.toml
[INFO] crate crates.io crate commitaura 1.0.5 already has a lockfile, it will not be regenerated
[INFO] running `Command { std: CARGO_HOME="/workspace/cargo-home" RUSTUP_HOME="/workspace/rustup-home" "/workspace/cargo-home/bin/cargo" "+beta-2024-12-08" "fetch" "--manifest-path" "Cargo.toml", kill_on_drop: false }`
[INFO] running `Command { std: "docker" "create" "-v" "/var/lib/crater-agent-workspace/builds/worker-7-tc2/target:/opt/rustwide/target:rw,Z" "-v" "/var/lib/crater-agent-workspace/builds/worker-7-tc2/source:/opt/rustwide/workdir:ro,Z" "-v" "/var/lib/crater-agent-workspace/cargo-home:/opt/rustwide/cargo-home:ro,Z" "-v" "/var/lib/crater-agent-workspace/rustup-home:/opt/rustwide/rustup-home:ro,Z" "-e" "SOURCE_DIR=/opt/rustwide/workdir" "-e" "CARGO_TARGET_DIR=/opt/rustwide/target" "-e" "CARGO_HOME=/opt/rustwide/cargo-home" "-e" "RUSTUP_HOME=/opt/rustwide/rustup-home" "-w" "/opt/rustwide/workdir" "-m" "1610612736" "--user" "0:0" "--network" "none" "ghcr.io/rust-lang/crates-build-env/linux@sha256:f3a9d4ad9d972b27faf3965f35b62e55ba32bbce8f20bc8fe909558a86702fde" "/opt/rustwide/cargo-home/bin/cargo" "+beta-2024-12-08" "metadata" "--no-deps" "--format-version=1", kill_on_drop: false }`
[INFO] [stdout] d095da330633748e27911af751f8676617c1386bfd55b9e45fb71f2bbab9c6fb
[INFO] running `Command { std: "docker" "start" "-a" "d095da330633748e27911af751f8676617c1386bfd55b9e45fb71f2bbab9c6fb", kill_on_drop: false }`
[INFO] running `Command { std: "docker" "inspect" "d095da330633748e27911af751f8676617c1386bfd55b9e45fb71f2bbab9c6fb", kill_on_drop: false }`
[INFO] running `Command { std: "docker" "rm" "-f" "d095da330633748e27911af751f8676617c1386bfd55b9e45fb71f2bbab9c6fb", kill_on_drop: false }`
[INFO] [stdout] d095da330633748e27911af751f8676617c1386bfd55b9e45fb71f2bbab9c6fb
[INFO] running `Command { std: "docker" "create" "-v" "/var/lib/crater-agent-workspace/builds/worker-7-tc2/target:/opt/rustwide/target:rw,Z" "-v" "/var/lib/crater-agent-workspace/builds/worker-7-tc2/source:/opt/rustwide/workdir:ro,Z" "-v" "/var/lib/crater-agent-workspace/cargo-home:/opt/rustwide/cargo-home:ro,Z" "-v" "/var/lib/crater-agent-workspace/rustup-home:/opt/rustwide/rustup-home:ro,Z" "-e" "SOURCE_DIR=/opt/rustwide/workdir" "-e" "CARGO_TARGET_DIR=/opt/rustwide/target" "-e" "CARGO_INCREMENTAL=0" "-e" "RUST_BACKTRACE=full" "-e" "RUSTFLAGS=--cap-lints=warn" "-e" "RUSTDOCFLAGS=--cap-lints=warn" "-e" "CARGO_HOME=/opt/rustwide/cargo-home" "-e" "RUSTUP_HOME=/opt/rustwide/rustup-home" "-w" "/opt/rustwide/workdir" "-m" "1610612736" "--user" "0:0" "--network" "none" "ghcr.io/rust-lang/crates-build-env/linux@sha256:f3a9d4ad9d972b27faf3965f35b62e55ba32bbce8f20bc8fe909558a86702fde" "/opt/rustwide/cargo-home/bin/cargo" "+beta-2024-12-08" "build" "--frozen" "--message-format=json", kill_on_drop: false }`
[INFO] [stdout] 323edc0a9aeab7d2d4e9db0df9ba5fd8b977cd0d9564c719b8e8685b453f9912
[INFO] running `Command { std: "docker" "start" "-a" "323edc0a9aeab7d2d4e9db0df9ba5fd8b977cd0d9564c719b8e8685b453f9912", kill_on_drop: false }`
[INFO] [stderr]    Compiling proc-macro2 v1.0.86
[INFO] [stderr]    Compiling unicode-ident v1.0.13
[INFO] [stderr]    Compiling libc v0.2.158
[INFO] [stderr]    Compiling cfg-if v1.0.0
[INFO] [stderr]    Compiling memchr v2.7.4
[INFO] [stderr]    Compiling shlex v1.3.0
[INFO] [stderr]    Compiling regex-syntax v0.8.4
[INFO] [stderr]    Compiling tinyvec_macros v0.1.1
[INFO] [stderr]    Compiling lazy_static v1.5.0
[INFO] [stderr]    Compiling spin v0.9.8
[INFO] [stderr]    Compiling serde v1.0.210
[INFO] [stderr]    Compiling byteorder v1.5.0
[INFO] [stderr]    Compiling autocfg v1.4.0
[INFO] [stderr]    Compiling unicode-width v0.1.14
[INFO] [stderr]    Compiling untrusted v0.9.0
[INFO] [stderr]    Compiling log v0.4.22
[INFO] [stderr]    Compiling tinyvec v1.8.0
[INFO] [stderr]    Compiling rustls-pki-types v1.8.0
[INFO] [stderr]    Compiling utf8parse v0.2.2
[INFO] [stderr]    Compiling once_cell v1.19.0
[INFO] [stderr]    Compiling anstyle-parse v0.2.5
[INFO] [stderr]    Compiling parking_lot_core v0.9.10
[INFO] [stderr]    Compiling is_terminal_polyfill v1.70.1
[INFO] [stderr]    Compiling cc v1.1.21
[INFO] [stderr]    Compiling adler2 v2.0.0
[INFO] [stderr]    Compiling percent-encoding v2.3.1
[INFO] [stderr]    Compiling rustls v0.23.13
[INFO] [stderr]    Compiling anstyle-query v1.1.1
[INFO] [stderr]    Compiling bitflags v2.6.0
[INFO] [stderr]    Compiling rustix v0.38.37
[INFO] [stderr]    Compiling zeroize v1.8.1
[INFO] [stderr]    Compiling colorchoice v1.0.2
[INFO] [stderr]    Compiling version_check v0.9.5
[INFO] [stderr]    Compiling unicode-bidi v0.3.15
[INFO] [stderr]    Compiling anstyle v1.0.8
[INFO] [stderr]    Compiling serde_json v1.0.128
[INFO] [stderr]    Compiling form_urlencoded v1.2.1
[INFO] [stderr]    Compiling miniz_oxide v0.8.0
[INFO] [stderr]    Compiling aho-corasick v1.1.3
[INFO] [stderr]    Compiling anstream v0.6.15
[INFO] [stderr]    Compiling crc32fast v1.4.2
[INFO] [stderr]    Compiling smallvec v1.13.2
[INFO] [stderr]    Compiling lock_api v0.4.12
[INFO] [stderr]    Compiling portable-atomic v1.7.0
[INFO] [stderr]    Compiling unicase v2.7.0
[INFO] [stderr]    Compiling anyhow v1.0.89
[INFO] [stderr]    Compiling quote v1.0.37
[INFO] [stderr]    Compiling subtle v2.6.1
[INFO] [stderr]    Compiling thiserror v1.0.63
[INFO] [stderr]    Compiling bit-vec v0.6.3
[INFO] [stderr]    Compiling linux-raw-sys v0.4.14
[INFO] [stderr]    Compiling itoa v1.0.11
[INFO] [stderr]    Compiling ryu v1.0.18
[INFO] [stderr]    Compiling syn v2.0.77
[INFO] [stderr]    Compiling scopeguard v1.2.0
[INFO] [stderr]    Compiling bit-set v0.5.3
[INFO] [stderr]    Compiling flate2 v1.0.33
[INFO] [stderr]    Compiling webpki-roots v0.26.6
[INFO] [stderr]    Compiling fastrand v2.1.1
[INFO] [stderr]    Compiling base64 v0.22.1
[INFO] [stderr]    Compiling strsim v0.11.1
[INFO] [stderr]    Compiling clap_lex v0.7.2
[INFO] [stderr]    Compiling heck v0.5.0
[INFO] [stderr]    Compiling pulldown-cmark v0.12.1
[INFO] [stderr]    Compiling unicode-normalization v0.1.24
[INFO] [stderr]    Compiling getrandom v0.2.15
[INFO] [stderr]    Compiling console v0.15.8
[INFO] [stderr]    Compiling getopts v0.2.21
[INFO] [stderr]    Compiling rand_core v0.6.4
[INFO] [stderr]    Compiling parking_lot v0.12.3
[INFO] [stderr]    Compiling clap_builder v4.5.17
[INFO] [stderr]    Compiling rustc-hash v1.1.0
[INFO] [stderr]    Compiling number_prefix v0.4.0
[INFO] [stderr]    Compiling pipeline v0.5.0
[INFO] [stderr]    Compiling idna v0.5.0
[INFO] [stderr]    Compiling mime v0.3.17
[INFO] [stderr]    Compiling base64 v0.21.7
[INFO] [stderr]    Compiling humantime v2.1.0
[INFO] [stderr]    Compiling pulldown-cmark-escape v0.11.0
[INFO] [stderr]    Compiling shell-words v1.1.0
[INFO] [stderr]    Compiling colored v2.1.0
[INFO] [stderr]    Compiling dotenv v0.15.0
[INFO] [stderr]    Compiling indicatif v0.17.8
[INFO] [stderr]    Compiling regex-automata v0.4.7
[INFO] [stderr]    Compiling ring v0.17.8
[INFO] [stderr]    Compiling url v2.5.2
[INFO] [stderr]    Compiling tempfile v3.12.0
[INFO] [stderr]    Compiling zerocopy-derive v0.7.35
[INFO] [stderr]    Compiling serde_derive v1.0.210
[INFO] [stderr]    Compiling thiserror-impl v1.0.63
[INFO] [stderr]    Compiling clap_derive v4.5.13
[INFO] [stderr]    Compiling zerocopy v0.7.35
[INFO] [stderr]    Compiling regex v1.10.6
[INFO] [stderr]    Compiling bstr v1.10.0
[INFO] [stderr]    Compiling fancy-regex v0.12.0
[INFO] [stderr]    Compiling env_filter v0.1.2
[INFO] [stderr]    Compiling markdown v0.3.0
[INFO] [stderr]    Compiling env_logger v0.11.5
[INFO] [stderr]    Compiling rustls-webpki v0.102.8
[INFO] [stderr]    Compiling dialoguer v0.11.0
[INFO] [stderr]    Compiling ppv-lite86 v0.2.20
[INFO] [stderr]    Compiling tiktoken-rs v0.5.9
[INFO] [stderr]    Compiling rand_chacha v0.3.1
[INFO] [stderr]    Compiling rand v0.8.5
[INFO] [stderr]    Compiling clap v4.5.17
[INFO] [stderr]    Compiling ureq v2.10.1
[INFO] [stderr]    Compiling openai_api_rust v0.1.9
[INFO] [stderr]    Compiling commitaura v1.0.5 (/opt/rustwide/workdir)
[INFO] [stderr]     Finished `dev` profile [unoptimized + debuginfo] target(s) in 40.58s
[INFO] running `Command { std: "docker" "inspect" "323edc0a9aeab7d2d4e9db0df9ba5fd8b977cd0d9564c719b8e8685b453f9912", kill_on_drop: false }`
[INFO] running `Command { std: "docker" "rm" "-f" "323edc0a9aeab7d2d4e9db0df9ba5fd8b977cd0d9564c719b8e8685b453f9912", kill_on_drop: false }`
[INFO] [stdout] 323edc0a9aeab7d2d4e9db0df9ba5fd8b977cd0d9564c719b8e8685b453f9912
[INFO] running `Command { std: "docker" "create" "-v" "/var/lib/crater-agent-workspace/builds/worker-7-tc2/target:/opt/rustwide/target:rw,Z" "-v" "/var/lib/crater-agent-workspace/builds/worker-7-tc2/source:/opt/rustwide/workdir:ro,Z" "-v" "/var/lib/crater-agent-workspace/cargo-home:/opt/rustwide/cargo-home:ro,Z" "-v" "/var/lib/crater-agent-workspace/rustup-home:/opt/rustwide/rustup-home:ro,Z" "-e" "SOURCE_DIR=/opt/rustwide/workdir" "-e" "CARGO_TARGET_DIR=/opt/rustwide/target" "-e" "CARGO_INCREMENTAL=0" "-e" "RUST_BACKTRACE=full" "-e" "RUSTFLAGS=--cap-lints=warn" "-e" "RUSTDOCFLAGS=--cap-lints=warn" "-e" "CARGO_HOME=/opt/rustwide/cargo-home" "-e" "RUSTUP_HOME=/opt/rustwide/rustup-home" "-w" "/opt/rustwide/workdir" "-m" "1610612736" "--user" "0:0" "--network" "none" "ghcr.io/rust-lang/crates-build-env/linux@sha256:f3a9d4ad9d972b27faf3965f35b62e55ba32bbce8f20bc8fe909558a86702fde" "/opt/rustwide/cargo-home/bin/cargo" "+beta-2024-12-08" "test" "--frozen" "--no-run" "--message-format=json", kill_on_drop: false }`
[INFO] [stdout] 9a93ac32225786cc1ac40e02118bbd72d459f1609e0ed194d669ab734fd49085
[INFO] running `Command { std: "docker" "start" "-a" "9a93ac32225786cc1ac40e02118bbd72d459f1609e0ed194d669ab734fd49085", kill_on_drop: false }`
[INFO] [stderr]    Compiling commitaura v1.0.5 (/opt/rustwide/workdir)
[INFO] [stderr]     Finished `test` profile [unoptimized + debuginfo] target(s) in 2.17s
[INFO] running `Command { std: "docker" "inspect" "9a93ac32225786cc1ac40e02118bbd72d459f1609e0ed194d669ab734fd49085", kill_on_drop: false }`
[INFO] running `Command { std: "docker" "rm" "-f" "9a93ac32225786cc1ac40e02118bbd72d459f1609e0ed194d669ab734fd49085", kill_on_drop: false }`
[INFO] [stdout] 9a93ac32225786cc1ac40e02118bbd72d459f1609e0ed194d669ab734fd49085
[INFO] running `Command { std: "docker" "create" "-v" "/var/lib/crater-agent-workspace/builds/worker-7-tc2/target:/opt/rustwide/target:rw,Z" "-v" "/var/lib/crater-agent-workspace/builds/worker-7-tc2/source:/opt/rustwide/workdir:ro,Z" "-v" "/var/lib/crater-agent-workspace/cargo-home:/opt/rustwide/cargo-home:ro,Z" "-v" "/var/lib/crater-agent-workspace/rustup-home:/opt/rustwide/rustup-home:ro,Z" "-e" "SOURCE_DIR=/opt/rustwide/workdir" "-e" "CARGO_TARGET_DIR=/opt/rustwide/target" "-e" "CARGO_INCREMENTAL=0" "-e" "RUST_BACKTRACE=full" "-e" "RUSTFLAGS=--cap-lints=warn" "-e" "RUSTDOCFLAGS=--cap-lints=warn" "-e" "CARGO_HOME=/opt/rustwide/cargo-home" "-e" "RUSTUP_HOME=/opt/rustwide/rustup-home" "-w" "/opt/rustwide/workdir" "-m" "1610612736" "--user" "0:0" "--network" "none" "ghcr.io/rust-lang/crates-build-env/linux@sha256:f3a9d4ad9d972b27faf3965f35b62e55ba32bbce8f20bc8fe909558a86702fde" "/opt/rustwide/cargo-home/bin/cargo" "+beta-2024-12-08" "test" "--frozen", kill_on_drop: false }`
[INFO] [stdout] 601ad5098c4f3c7694de7d2aed349675d9f08a223278f5887df303a52f612ccd
[INFO] running `Command { std: "docker" "start" "-a" "601ad5098c4f3c7694de7d2aed349675d9f08a223278f5887df303a52f612ccd", kill_on_drop: false }`
[INFO] [stderr]     Finished `test` profile [unoptimized + debuginfo] target(s) in 0.14s
[INFO] [stderr]      Running unittests src/main.rs (/opt/rustwide/target/debug/deps/commitaura-e50a1c57e0d5e5c9)
[INFO] [stdout] 
[INFO] [stdout] running 2 tests
[INFO] [stdout] test tests::test_generate_commit_message ... ok
[INFO] [stderr] error: unknown option `staged'
[INFO] [stderr] usage: git diff --no-index [<options>] <path> <path>
[INFO] [stderr] 
[INFO] [stderr] Diff output format options
[INFO] [stderr]     -p, --patch           generate patch
[INFO] [stderr]     -s, --no-patch        suppress diff output
[INFO] [stderr]     -u                    generate patch
[INFO] [stderr]     -U, --unified[=<n>]   generate diffs with <n> lines context
[INFO] [stderr]     -W, --function-context
[INFO] [stderr]                           generate diffs with <n> lines context
[INFO] [stderr]     --raw                 generate the diff in raw format
[INFO] [stderr]     --patch-with-raw      synonym for '-p --raw'
[INFO] [stderr]     --patch-with-stat     synonym for '-p --stat'
[INFO] [stderr]     --numstat             machine friendly --stat
[INFO] [stderr]     --shortstat           output only the last line of --stat
[INFO] [stderr]     -X, --dirstat[=<param1,param2>...]
[INFO] [stderr]                           output the distribution of relative amount of changes for each sub-directory
[INFO] [stderr]     --cumulative          synonym for --dirstat=cumulative
[INFO] [stderr]     --dirstat-by-file[=<param1,param2>...]
[INFO] [stderr]                           synonym for --dirstat=files,param1,param2...
[INFO] [stderr]     --check               warn if changes introduce conflict markers or whitespace errors
[INFO] [stderr]     --summary             condensed summary such as creations, renames and mode changes
[INFO] [stderr]     --name-only           show only names of changed files
[INFO] [stderr]     --name-status         show only names and status of changed files
[INFO] [stderr]     --stat[=<width>[,<name-width>[,<count>]]]
[INFO] [stderr]                           generate diffstat
[INFO] [stderr]     --stat-width <width>  generate diffstat with a given width
[INFO] [stderr]     --stat-name-width <width>
[INFO] [stderr]                           generate diffstat with a given name width
[INFO] [stderr]     --stat-graph-width <width>
[INFO] [stderr]                           generate diffstat with a given graph width
[INFO] [stderr]     --stat-count <count>  generate diffstat with limited lines
[INFO] [stderr]     --compact-summary     generate compact summary in diffstat
[INFO] [stderr]     --binary              output a binary diff that can be applied
[INFO] [stderr]     --full-index          show full pre- and post-image object names on the "index" lines
[INFO] [stderr]     --color[=<when>]      show colored diff
[INFO] [stderr]     --ws-error-highlight <kind>
[INFO] [stderr]                           highlight whitespace errors in the 'context', 'old' or 'new' lines in the diff
[INFO] [stderr]     -z                    do not munge pathnames and use NULs as output field terminators in --raw or --numstat
[INFO] [stderr]     --abbrev[=<n>]        use <n> digits to display object names
[INFO] [stderr]     --src-prefix <prefix>
[INFO] [stderr]                           show the given source prefix instead of "a/"
[INFO] [stderr]     --dst-prefix <prefix>
[INFO] [stderr]                           show the given destination prefix instead of "b/"
[INFO] [stderr]     --line-prefix <prefix>
[INFO] [stderr]                           prepend an additional prefix to every line of output
[INFO] [stderr]     --no-prefix           do not show any source or destination prefix
[INFO] [stderr]     --inter-hunk-context <n>
[INFO] [stderr]                           show context between diff hunks up to the specified number of lines
[INFO] [stderr]     --output-indicator-new <char>
[INFO] [stderr]                           specify the character to indicate a new line instead of '+'
[INFO] [stderr]     --output-indicator-old <char>
[INFO] [stderr]                           specify the character to indicate an old line instead of '-'
[INFO] [stderr]     --output-indicator-context <char>
[INFO] [stderr]                           specify the character to indicate a context instead of ' '
[INFO] [stderr] 
[INFO] [stderr] Diff rename options
[INFO] [stderr]     -B, --break-rewrites[=<n>[/<m>]]
[INFO] [stderr]                           break complete rewrite changes into pairs of delete and create
[INFO] [stderr]     -M, --find-renames[=<n>]
[INFO] [stderr]                           detect renames
[INFO] [stderr]     -D, --irreversible-delete
[INFO] [stderr]                           omit the preimage for deletes
[INFO] [stderr]     -C, --find-copies[=<n>]
[INFO] [stderr]                           detect copies
[INFO] [stderr]     --find-copies-harder  use unmodified files as source to find copies
[INFO] [stderr]     --no-renames          disable rename detection
[INFO] [stderr]     --rename-empty        use empty blobs as rename source
[INFO] [stderr]     --follow              continue listing the history of a file beyond renames
[INFO] [stderr]     -l <n>                prevent rename/copy detection if the number of rename/copy targets exceeds given limit
[INFO] [stderr] 
[INFO] [stderr] Diff algorithm options
[INFO] [stderr]     --minimal             produce the smallest possible diff
[INFO] [stderr]     -w, --ignore-all-space
[INFO] [stderr]                           ignore whitespace when comparing lines
[INFO] [stderr]     -b, --ignore-space-change
[INFO] [stderr]                           ignore changes in amount of whitespace
[INFO] [stderr]     --ignore-space-at-eol
[INFO] [stderr]                           ignore changes in whitespace at EOL
[INFO] [stderr]     --ignore-cr-at-eol    ignore carrier-return at the end of line
[INFO] [stderr]     --ignore-blank-lines  ignore changes whose lines are all blank
[INFO] [stderr]     -I, --ignore-matching-lines <regex>
[INFO] [stderr]                           ignore changes whose all lines match <regex>
[INFO] [stderr]     --indent-heuristic    heuristic to shift diff hunk boundaries for easy reading
[INFO] [stderr]     --patience            generate diff using the "patience diff" algorithm
[INFO] [stderr]     --histogram           generate diff using the "histogram diff" algorithm
[INFO] [stderr]     --diff-algorithm <algorithm>
[INFO] [stderr]                           choose a diff algorithm
[INFO] [stderr]     --anchored <text>     generate diff using the "anchored diff" algorithm
[INFO] [stderr]     --word-diff[=<mode>]  show word diff, using <mode> to delimit changed words
[INFO] [stderr]     --word-diff-regex <regex>
[INFO] [stderr]                           use <regex> to decide what a word is
[INFO] [stderr]     --color-words[=<regex>]
[INFO] [stderr]                           equivalent to --word-diff=color --word-diff-regex=<regex>
[INFO] [stderr]     --color-moved[=<mode>]
[INFO] [stderr]                           moved lines of code are colored differently
[INFO] [stderr]     --color-moved-ws <mode>
[INFO] [stderr]                           how white spaces are ignored in --color-moved
[INFO] [stderr] 
[INFO] [stderr] Other diff options
[INFO] [stderr]     --relative[=<prefix>]
[INFO] [stderr]                           when run from subdir, exclude changes outside and show relative paths
[INFO] [stderr]     -a, --text            treat all files as text
[INFO] [stderr]     -R                    swap two inputs, reverse the diff
[INFO] [stderr]     --exit-code           exit with 1 if there were differences, 0 otherwise
[INFO] [stderr]     --quiet               disable all output of the program
[INFO] [stderr]     --ext-diff            allow an external diff helper to be executed
[INFO] [stderr]     --textconv            run external text conversion filters when comparing binary files
[INFO] [stderr]     --ignore-submodules[=<when>]
[INFO] [stderr]                           ignore changes to submodules in the diff generation
[INFO] [stderr]     --submodule[=<format>]
[INFO] [stderr]                           specify how differences in submodules are shown
[INFO] [stderr]     --ita-invisible-in-index
[INFO] [stderr]                           hide 'git add -N' entries from the index
[INFO] [stderr]     --ita-visible-in-index
[INFO] [stderr]                           treat 'git add -N' entries as real in the index
[INFO] [stderr]     -S <string>           look for differences that change the number of occurrences of the specified string
[INFO] [stderr]     -G <regex>            look for differences that change the number of occurrences of the specified regex
[INFO] [stderr]     --pickaxe-all         show all changes in the changeset with -S or -G
[INFO] [stderr]     --pickaxe-regex       treat <string> in -S as extended POSIX regular expression
[INFO] [stderr]     -O <file>             control the order in which files appear in the output
[INFO] [stderr]     --rotate-to <path>    show the change in the specified path first
[INFO] [stderr]     --skip-to <path>      skip the output to the specified path
[INFO] [stderr]     --find-object <object-id>
[INFO] [stderr]                           look for differences that change the number of occurrences of the specified object
[INFO] [stderr]     --diff-filter [(A|C|D|M|R|T|U|X|B)...[*]]
[INFO] [stderr]                           select files by diff type
[INFO] [stderr]     --output <file>       Output to a specific file
[INFO] [stderr] 
[INFO] [stdout] test tests::test_check_staged_changes ... FAILED
[INFO] [stdout] 
[INFO] [stdout] failures:
[INFO] [stdout] 
[INFO] [stdout] ---- tests::test_check_staged_changes stdout ----
[INFO] [stdout] thread 'tests::test_check_staged_changes' panicked at src/main.rs:265:9:
[INFO] [stdout] assertion failed: matches!(check_staged_changes(), Err(CommitauraError::NoStagedChanges))
[INFO] [stdout] stack backtrace:
[INFO] [stdout]    0:     0x63cd2f9aedda - std::backtrace_rs::backtrace::libunwind::trace::h8810477743020387
[INFO] [stdout]                                at /rustc/202008a1b8de96d2e5b6bc02d379db03a877d34d/library/std/src/../../backtrace/src/backtrace/libunwind.rs:116:5
[INFO] [stdout]    1:     0x63cd2f9aedda - std::backtrace_rs::backtrace::trace_unsynchronized::h3aa55355dd6c54a6
[INFO] [stdout]                                at /rustc/202008a1b8de96d2e5b6bc02d379db03a877d34d/library/std/src/../../backtrace/src/backtrace/mod.rs:66:5
[INFO] [stdout]    2:     0x63cd2f9aedda - std::sys::backtrace::_print_fmt::h8588b0f62410823f
[INFO] [stdout]                                at /rustc/202008a1b8de96d2e5b6bc02d379db03a877d34d/library/std/src/sys/backtrace.rs:66:9
[INFO] [stdout]    3:     0x63cd2f9aedda - <std::sys::backtrace::BacktraceLock::print::DisplayBacktrace as core::fmt::Display>::fmt::h98c26ac25ffe89bb
[INFO] [stdout]                                at /rustc/202008a1b8de96d2e5b6bc02d379db03a877d34d/library/std/src/sys/backtrace.rs:39:26
[INFO] [stdout]    4:     0x63cd2f9d4963 - core::fmt::rt::Argument::fmt::hf95377f4aebd453b
[INFO] [stdout]                                at /rustc/202008a1b8de96d2e5b6bc02d379db03a877d34d/library/core/src/fmt/rt.rs:177:76
[INFO] [stdout]    5:     0x63cd2f9d4963 - core::fmt::write::h0dd5f6e2238c7982
[INFO] [stdout]                                at /rustc/202008a1b8de96d2e5b6bc02d379db03a877d34d/library/core/src/fmt/mod.rs:1189:21
[INFO] [stdout]    6:     0x63cd2f9abe73 - std::io::Write::write_fmt::h03bb0ca26e6faf8c
[INFO] [stdout]                                at /rustc/202008a1b8de96d2e5b6bc02d379db03a877d34d/library/std/src/io/mod.rs:1884:15
[INFO] [stdout]    7:     0x63cd2f9aec22 - std::sys::backtrace::BacktraceLock::print::h5c19c1c038ee186d
[INFO] [stdout]                                at /rustc/202008a1b8de96d2e5b6bc02d379db03a877d34d/library/std/src/sys/backtrace.rs:42:9
[INFO] [stdout]    8:     0x63cd2f9b025d - std::panicking::default_hook::{{closure}}::h77172f079a1fcb13
[INFO] [stdout]                                at /rustc/202008a1b8de96d2e5b6bc02d379db03a877d34d/library/std/src/panicking.rs:268:22
[INFO] [stdout]    9:     0x63cd2f9b0067 - std::panicking::default_hook::he5f8e3b203ccddba
[INFO] [stdout]                                at /rustc/202008a1b8de96d2e5b6bc02d379db03a877d34d/library/std/src/panicking.rs:292:9
[INFO] [stdout]   10:     0x63cd2f971607 - <alloc::boxed::Box<F,A> as core::ops::function::Fn<Args>>::call::h7a3c7b4a1ae77f2f
[INFO] [stdout]                                at /rustc/202008a1b8de96d2e5b6bc02d379db03a877d34d/library/alloc/src/boxed.rs:1986:9
[INFO] [stdout]   11:     0x63cd2f971607 - test::test_main::{{closure}}::hf0d3b69ae9b353d1
[INFO] [stdout]                                at /rustc/202008a1b8de96d2e5b6bc02d379db03a877d34d/library/test/src/lib.rs:134:21
[INFO] [stdout]   12:     0x63cd2f9b0908 - <alloc::boxed::Box<F,A> as core::ops::function::Fn<Args>>::call::h6332e82e7b189abd
[INFO] [stdout]                                at /rustc/202008a1b8de96d2e5b6bc02d379db03a877d34d/library/alloc/src/boxed.rs:1986:9
[INFO] [stdout]   13:     0x63cd2f9b0908 - std::panicking::rust_panic_with_hook::h53863d4e9018df39
[INFO] [stdout]                                at /rustc/202008a1b8de96d2e5b6bc02d379db03a877d34d/library/std/src/panicking.rs:809:13
[INFO] [stdout]   14:     0x63cd2f9b0696 - std::panicking::begin_panic_handler::{{closure}}::h67280e6fa0757873
[INFO] [stdout]                                at /rustc/202008a1b8de96d2e5b6bc02d379db03a877d34d/library/std/src/panicking.rs:667:13
[INFO] [stdout]   15:     0x63cd2f9af2b9 - std::sys::backtrace::__rust_end_short_backtrace::h1dac3f54d6fbbeb2
[INFO] [stdout]                                at /rustc/202008a1b8de96d2e5b6bc02d379db03a877d34d/library/std/src/sys/backtrace.rs:170:18
[INFO] [stdout]   16:     0x63cd2f9b035c - rust_begin_unwind
[INFO] [stdout]                                at /rustc/202008a1b8de96d2e5b6bc02d379db03a877d34d/library/std/src/panicking.rs:665:5
[INFO] [stdout]   17:     0x63cd2f936aa0 - core::panicking::panic_fmt::h6792bd1b2bf01041
[INFO] [stdout]                                at /rustc/202008a1b8de96d2e5b6bc02d379db03a877d34d/library/core/src/panicking.rs:76:14
[INFO] [stdout]   18:     0x63cd2f936b2c - core::panicking::panic::hbb5c236a846c507c
[INFO] [stdout]                                at /rustc/202008a1b8de96d2e5b6bc02d379db03a877d34d/library/core/src/panicking.rs:148:5
[INFO] [stdout]   19:     0x63cd2f937d09 - commitaura::tests::test_check_staged_changes::h630d52ad8daf8cca
[INFO] [stdout]                                at /opt/rustwide/workdir/src/main.rs:265:9
[INFO] [stdout]   20:     0x63cd2f937c87 - commitaura::tests::test_check_staged_changes::{{closure}}::h3b25cf06e1db333e
[INFO] [stdout]                                at /opt/rustwide/workdir/src/main.rs:263:35
[INFO] [stdout]   21:     0x63cd2f937506 - core::ops::function::FnOnce::call_once::h33f05a5702281091
[INFO] [stdout]                                at /rustc/202008a1b8de96d2e5b6bc02d379db03a877d34d/library/core/src/ops/function.rs:250:5
[INFO] [stdout]   22:     0x63cd2f97612b - core::ops::function::FnOnce::call_once::h871bf86719ec9aa4
[INFO] [stdout]                                at /rustc/202008a1b8de96d2e5b6bc02d379db03a877d34d/library/core/src/ops/function.rs:250:5
[INFO] [stdout]   23:     0x63cd2f97612b - test::__rust_begin_short_backtrace::h2167df1e2b7d76fd
[INFO] [stdout]                                at /rustc/202008a1b8de96d2e5b6bc02d379db03a877d34d/library/test/src/lib.rs:632:18
[INFO] [stdout]   24:     0x63cd2f975b18 - test::run_test_in_process::{{closure}}::h15d92f75a3adfb79
[INFO] [stdout]                                at /rustc/202008a1b8de96d2e5b6bc02d379db03a877d34d/library/test/src/lib.rs:655:60
[INFO] [stdout]   25:     0x63cd2f975b18 - <core::panic::unwind_safe::AssertUnwindSafe<F> as core::ops::function::FnOnce<()>>::call_once::hb6c8955835a8dbbb
[INFO] [stdout]                                at /rustc/202008a1b8de96d2e5b6bc02d379db03a877d34d/library/core/src/panic/unwind_safe.rs:272:9
[INFO] [stdout]   26:     0x63cd2f975b18 - std::panicking::try::do_call::hc79d0fc888a0bd30
[INFO] [stdout]                                at /rustc/202008a1b8de96d2e5b6bc02d379db03a877d34d/library/std/src/panicking.rs:557:40
[INFO] [stdout]   27:     0x63cd2f975b18 - std::panicking::try::hb8a7878e3a8589d6
[INFO] [stdout]                                at /rustc/202008a1b8de96d2e5b6bc02d379db03a877d34d/library/std/src/panicking.rs:520:19
[INFO] [stdout]   28:     0x63cd2f975b18 - std::panic::catch_unwind::hb8e4600ff0ff5cfa
[INFO] [stdout]                                at /rustc/202008a1b8de96d2e5b6bc02d379db03a877d34d/library/std/src/panic.rs:358:14
[INFO] [stdout]   29:     0x63cd2f975b18 - test::run_test_in_process::hc2900b0b18688dd6
[INFO] [stdout]                                at /rustc/202008a1b8de96d2e5b6bc02d379db03a877d34d/library/test/src/lib.rs:655:27
[INFO] [stdout]   30:     0x63cd2f975b18 - test::run_test::{{closure}}::hac2a9cb07be3d48d
[INFO] [stdout]                                at /rustc/202008a1b8de96d2e5b6bc02d379db03a877d34d/library/test/src/lib.rs:576:43
[INFO] [stdout]   31:     0x63cd2f9395ba - test::run_test::{{closure}}::h4a5b729e66a38cd8
[INFO] [stdout]                                at /rustc/202008a1b8de96d2e5b6bc02d379db03a877d34d/library/test/src/lib.rs:606:41
[INFO] [stdout]   32:     0x63cd2f9395ba - std::sys::backtrace::__rust_begin_short_backtrace::h0496fb742492f573
[INFO] [stdout]                                at /rustc/202008a1b8de96d2e5b6bc02d379db03a877d34d/library/std/src/sys/backtrace.rs:154:18
[INFO] [stdout]   33:     0x63cd2f93cf34 - std::thread::Builder::spawn_unchecked_::{{closure}}::{{closure}}::hbb6d257c550a54bd
[INFO] [stdout]                                at /rustc/202008a1b8de96d2e5b6bc02d379db03a877d34d/library/std/src/thread/mod.rs:561:17
[INFO] [stdout]   34:     0x63cd2f93cf34 - <core::panic::unwind_safe::AssertUnwindSafe<F> as core::ops::function::FnOnce<()>>::call_once::h46696fe4a6832328
[INFO] [stdout]                                at /rustc/202008a1b8de96d2e5b6bc02d379db03a877d34d/library/core/src/panic/unwind_safe.rs:272:9
[INFO] [stdout]   35:     0x63cd2f93cf34 - std::panicking::try::do_call::h2625a51b667bfb64
[INFO] [stdout]                                at /rustc/202008a1b8de96d2e5b6bc02d379db03a877d34d/library/std/src/panicking.rs:557:40
[INFO] [stdout]   36:     0x63cd2f93cf34 - std::panicking::try::hb956a59a1973aa4c
[INFO] [stdout]                                at /rustc/202008a1b8de96d2e5b6bc02d379db03a877d34d/library/std/src/panicking.rs:520:19
[INFO] [stdout]   37:     0x63cd2f93cf34 - std::panic::catch_unwind::h64f3b9d1067ef6a0
[INFO] [stdout]                                at /rustc/202008a1b8de96d2e5b6bc02d379db03a877d34d/library/std/src/panic.rs:358:14
[INFO] [stdout]   38:     0x63cd2f93cf34 - std::thread::Builder::spawn_unchecked_::{{closure}}::h42b2841295b6c0b2
[INFO] [stdout]                                at /rustc/202008a1b8de96d2e5b6bc02d379db03a877d34d/library/std/src/thread/mod.rs:559:30
[INFO] [stdout]   39:     0x63cd2f93cf34 - core::ops::function::FnOnce::call_once{{vtable.shim}}::h6127de71b8124639
[INFO] [stdout]                                at /rustc/202008a1b8de96d2e5b6bc02d379db03a877d34d/library/core/src/ops/function.rs:250:5
[INFO] [stdout]   40:     0x63cd2f9b494b - <alloc::boxed::Box<F,A> as core::ops::function::FnOnce<Args>>::call_once::h42f0ba71002a1b2c
[INFO] [stdout]                                at /rustc/202008a1b8de96d2e5b6bc02d379db03a877d34d/library/alloc/src/boxed.rs:1972:9
[INFO] [stdout]   41:     0x63cd2f9b494b - <alloc::boxed::Box<F,A> as core::ops::function::FnOnce<Args>>::call_once::had9e47d7a3dcecb8
[INFO] [stdout]                                at /rustc/202008a1b8de96d2e5b6bc02d379db03a877d34d/library/alloc/src/boxed.rs:1972:9
[INFO] [stdout]   42:     0x63cd2f9b494b - std::sys::pal::unix::thread::Thread::new::thread_start::h48cf765408f6f5f2
[INFO] [stdout]                                at /rustc/202008a1b8de96d2e5b6bc02d379db03a877d34d/library/std/src/sys/pal/unix/thread.rs:105:17
[INFO] [stdout]   43:     0x740470e98ac3 - <unknown>
[INFO] [stdout]   44:     0x740470f29a04 - clone
[INFO] [stdout]   45:                0x0 - <unknown>
[INFO] [stdout] 
[INFO] [stdout] 
[INFO] [stdout] failures:
[INFO] [stdout]     tests::test_check_staged_changes
[INFO] [stdout] 
[INFO] [stdout] test result: FAILED. 1 passed; 1 failed; 0 ignored; 0 measured; 0 filtered out; finished in 0.11s
[INFO] [stdout] 
[INFO] [stderr] error: test failed, to rerun pass `--bin commitaura`
[INFO] running `Command { std: "docker" "inspect" "601ad5098c4f3c7694de7d2aed349675d9f08a223278f5887df303a52f612ccd", kill_on_drop: false }`
[INFO] running `Command { std: "docker" "rm" "-f" "601ad5098c4f3c7694de7d2aed349675d9f08a223278f5887df303a52f612ccd", kill_on_drop: false }`
[INFO] [stdout] 601ad5098c4f3c7694de7d2aed349675d9f08a223278f5887df303a52f612ccd
