[INFO] fetching crate comemo-macros 0.4.0...
[INFO] testing comemo-macros-0.4.0 against beta-2024-12-08 for beta-1.84.0-4-retry
[INFO] extracting crate comemo-macros 0.4.0 into /workspace/builds/worker-0-tc2/source
[INFO] validating manifest of crates.io crate comemo-macros 0.4.0 on toolchain beta-2024-12-08
[INFO] running `Command { std: CARGO_HOME="/workspace/cargo-home" RUSTUP_HOME="/workspace/rustup-home" "/workspace/cargo-home/bin/cargo" "+beta-2024-12-08" "metadata" "--manifest-path" "Cargo.toml" "--no-deps", kill_on_drop: false }`
[INFO] started tweaking crates.io crate comemo-macros 0.4.0
[INFO] finished tweaking crates.io crate comemo-macros 0.4.0
[INFO] tweaked toml for crates.io crate comemo-macros 0.4.0 written to /workspace/builds/worker-0-tc2/source/Cargo.toml
[INFO] running `Command { std: CARGO_HOME="/workspace/cargo-home" RUSTUP_HOME="/workspace/rustup-home" "/workspace/cargo-home/bin/cargo" "+beta-2024-12-08" "generate-lockfile" "--manifest-path" "Cargo.toml", kill_on_drop: false }`
[INFO] [stderr]     Updating crates.io index
[INFO] [stderr]      Locking 4 packages to latest compatible versions
[INFO] running `Command { std: CARGO_HOME="/workspace/cargo-home" RUSTUP_HOME="/workspace/rustup-home" "/workspace/cargo-home/bin/cargo" "+beta-2024-12-08" "fetch" "--manifest-path" "Cargo.toml", kill_on_drop: false }`
[INFO] running `Command { std: "docker" "create" "-v" "/var/lib/crater-agent-workspace/builds/worker-0-tc2/target:/opt/rustwide/target:rw,Z" "-v" "/var/lib/crater-agent-workspace/builds/worker-0-tc2/source:/opt/rustwide/workdir:ro,Z" "-v" "/var/lib/crater-agent-workspace/cargo-home:/opt/rustwide/cargo-home:ro,Z" "-v" "/var/lib/crater-agent-workspace/rustup-home:/opt/rustwide/rustup-home:ro,Z" "-e" "SOURCE_DIR=/opt/rustwide/workdir" "-e" "CARGO_TARGET_DIR=/opt/rustwide/target" "-e" "CARGO_HOME=/opt/rustwide/cargo-home" "-e" "RUSTUP_HOME=/opt/rustwide/rustup-home" "-w" "/opt/rustwide/workdir" "-m" "1610612736" "--user" "0:0" "--network" "none" "ghcr.io/rust-lang/crates-build-env/linux@sha256:f3a9d4ad9d972b27faf3965f35b62e55ba32bbce8f20bc8fe909558a86702fde" "/opt/rustwide/cargo-home/bin/cargo" "+beta-2024-12-08" "metadata" "--no-deps" "--format-version=1", kill_on_drop: false }`
[INFO] [stdout] 0cfed90e4e2e11446e247f4dd3493903fa2d037c2feb0011f00934d7bfc3253b
[INFO] running `Command { std: "docker" "start" "-a" "0cfed90e4e2e11446e247f4dd3493903fa2d037c2feb0011f00934d7bfc3253b", kill_on_drop: false }`
[INFO] running `Command { std: "docker" "inspect" "0cfed90e4e2e11446e247f4dd3493903fa2d037c2feb0011f00934d7bfc3253b", kill_on_drop: false }`
[INFO] running `Command { std: "docker" "rm" "-f" "0cfed90e4e2e11446e247f4dd3493903fa2d037c2feb0011f00934d7bfc3253b", kill_on_drop: false }`
[INFO] [stdout] 0cfed90e4e2e11446e247f4dd3493903fa2d037c2feb0011f00934d7bfc3253b
[INFO] running `Command { std: "docker" "create" "-v" "/var/lib/crater-agent-workspace/builds/worker-0-tc2/target:/opt/rustwide/target:rw,Z" "-v" "/var/lib/crater-agent-workspace/builds/worker-0-tc2/source:/opt/rustwide/workdir:ro,Z" "-v" "/var/lib/crater-agent-workspace/cargo-home:/opt/rustwide/cargo-home:ro,Z" "-v" "/var/lib/crater-agent-workspace/rustup-home:/opt/rustwide/rustup-home:ro,Z" "-e" "SOURCE_DIR=/opt/rustwide/workdir" "-e" "CARGO_TARGET_DIR=/opt/rustwide/target" "-e" "CARGO_INCREMENTAL=0" "-e" "RUST_BACKTRACE=full" "-e" "RUSTFLAGS=--cap-lints=warn" "-e" "RUSTDOCFLAGS=--cap-lints=warn" "-e" "CARGO_HOME=/opt/rustwide/cargo-home" "-e" "RUSTUP_HOME=/opt/rustwide/rustup-home" "-w" "/opt/rustwide/workdir" "-m" "1610612736" "--user" "0:0" "--network" "none" "ghcr.io/rust-lang/crates-build-env/linux@sha256:f3a9d4ad9d972b27faf3965f35b62e55ba32bbce8f20bc8fe909558a86702fde" "/opt/rustwide/cargo-home/bin/cargo" "+beta-2024-12-08" "build" "--frozen" "--message-format=json", kill_on_drop: false }`
[INFO] [stdout] c8a1ca4f6d6f6e0e684e213918dcba6d08d0d7ca31558b935ac6bffc17a6dd1a
[INFO] running `Command { std: "docker" "start" "-a" "c8a1ca4f6d6f6e0e684e213918dcba6d08d0d7ca31558b935ac6bffc17a6dd1a", kill_on_drop: false }`
[INFO] [stderr]    Compiling proc-macro2 v1.0.92
[INFO] [stderr]    Compiling unicode-ident v1.0.14
[INFO] [stderr]    Compiling quote v1.0.37
[INFO] [stderr]    Compiling syn v2.0.90
[INFO] [stderr]    Compiling comemo-macros v0.4.0 (/opt/rustwide/workdir)
[INFO] [stderr]     Finished `dev` profile [unoptimized + debuginfo] target(s) in 6.34s
[INFO] running `Command { std: "docker" "inspect" "c8a1ca4f6d6f6e0e684e213918dcba6d08d0d7ca31558b935ac6bffc17a6dd1a", kill_on_drop: false }`
[INFO] running `Command { std: "docker" "rm" "-f" "c8a1ca4f6d6f6e0e684e213918dcba6d08d0d7ca31558b935ac6bffc17a6dd1a", kill_on_drop: false }`
[INFO] [stdout] c8a1ca4f6d6f6e0e684e213918dcba6d08d0d7ca31558b935ac6bffc17a6dd1a
[INFO] running `Command { std: "docker" "create" "-v" "/var/lib/crater-agent-workspace/builds/worker-0-tc2/target:/opt/rustwide/target:rw,Z" "-v" "/var/lib/crater-agent-workspace/builds/worker-0-tc2/source:/opt/rustwide/workdir:ro,Z" "-v" "/var/lib/crater-agent-workspace/cargo-home:/opt/rustwide/cargo-home:ro,Z" "-v" "/var/lib/crater-agent-workspace/rustup-home:/opt/rustwide/rustup-home:ro,Z" "-e" "SOURCE_DIR=/opt/rustwide/workdir" "-e" "CARGO_TARGET_DIR=/opt/rustwide/target" "-e" "CARGO_INCREMENTAL=0" "-e" "RUST_BACKTRACE=full" "-e" "RUSTFLAGS=--cap-lints=warn" "-e" "RUSTDOCFLAGS=--cap-lints=warn" "-e" "CARGO_HOME=/opt/rustwide/cargo-home" "-e" "RUSTUP_HOME=/opt/rustwide/rustup-home" "-w" "/opt/rustwide/workdir" "-m" "1610612736" "--user" "0:0" "--network" "none" "ghcr.io/rust-lang/crates-build-env/linux@sha256:f3a9d4ad9d972b27faf3965f35b62e55ba32bbce8f20bc8fe909558a86702fde" "/opt/rustwide/cargo-home/bin/cargo" "+beta-2024-12-08" "test" "--frozen" "--no-run" "--message-format=json", kill_on_drop: false }`
[INFO] [stdout] 903735c1eeaf8f8ff1e2bed8507ae6940ec7da0d07887f5c3d41a5dc10bb84f2
[INFO] running `Command { std: "docker" "start" "-a" "903735c1eeaf8f8ff1e2bed8507ae6940ec7da0d07887f5c3d41a5dc10bb84f2", kill_on_drop: false }`
[INFO] [stderr]    Compiling comemo-macros v0.4.0 (/opt/rustwide/workdir)
[INFO] [stderr]     Finished `test` profile [unoptimized + debuginfo] target(s) in 1.15s
[INFO] running `Command { std: "docker" "inspect" "903735c1eeaf8f8ff1e2bed8507ae6940ec7da0d07887f5c3d41a5dc10bb84f2", kill_on_drop: false }`
[INFO] running `Command { std: "docker" "rm" "-f" "903735c1eeaf8f8ff1e2bed8507ae6940ec7da0d07887f5c3d41a5dc10bb84f2", kill_on_drop: false }`
[INFO] [stdout] 903735c1eeaf8f8ff1e2bed8507ae6940ec7da0d07887f5c3d41a5dc10bb84f2
[INFO] running `Command { std: "docker" "create" "-v" "/var/lib/crater-agent-workspace/builds/worker-0-tc2/target:/opt/rustwide/target:rw,Z" "-v" "/var/lib/crater-agent-workspace/builds/worker-0-tc2/source:/opt/rustwide/workdir:ro,Z" "-v" "/var/lib/crater-agent-workspace/cargo-home:/opt/rustwide/cargo-home:ro,Z" "-v" "/var/lib/crater-agent-workspace/rustup-home:/opt/rustwide/rustup-home:ro,Z" "-e" "SOURCE_DIR=/opt/rustwide/workdir" "-e" "CARGO_TARGET_DIR=/opt/rustwide/target" "-e" "CARGO_INCREMENTAL=0" "-e" "RUST_BACKTRACE=full" "-e" "RUSTFLAGS=--cap-lints=warn" "-e" "RUSTDOCFLAGS=--cap-lints=warn" "-e" "CARGO_HOME=/opt/rustwide/cargo-home" "-e" "RUSTUP_HOME=/opt/rustwide/rustup-home" "-w" "/opt/rustwide/workdir" "-m" "1610612736" "--user" "0:0" "--network" "none" "ghcr.io/rust-lang/crates-build-env/linux@sha256:f3a9d4ad9d972b27faf3965f35b62e55ba32bbce8f20bc8fe909558a86702fde" "/opt/rustwide/cargo-home/bin/cargo" "+beta-2024-12-08" "test" "--frozen", kill_on_drop: false }`
[INFO] [stdout] 21db595572a4c9280c972cbcf3c433844e5b1b1687b5745aa2b5696452f5090e
[INFO] running `Command { std: "docker" "start" "-a" "21db595572a4c9280c972cbcf3c433844e5b1b1687b5745aa2b5696452f5090e", kill_on_drop: false }`
[INFO] [stderr]     Finished `test` profile [unoptimized + debuginfo] target(s) in 0.02s
[INFO] [stderr]      Running unittests src/lib.rs (/opt/rustwide/target/debug/deps/comemo_macros-f521615fa0b9cd9f)
[INFO] [stderr]    Doc-tests comemo_macros
[INFO] [stdout] 
[INFO] [stdout] running 0 tests
[INFO] [stdout] 
[INFO] [stdout] test result: ok. 0 passed; 0 failed; 0 ignored; 0 measured; 0 filtered out; finished in 0.00s
[INFO] [stdout] 
[INFO] [stdout] 
[INFO] [stdout] running 2 tests
[INFO] [stdout] test src/lib.rs - track (line 136) ... FAILED
[INFO] [stdout] test src/lib.rs - memoize (line 64) ... FAILED
[INFO] [stdout] 
[INFO] [stdout] failures:
[INFO] [stdout] 
[INFO] [stdout] ---- src/lib.rs - track (line 136) stdout ----
[INFO] [stdout] error[E0433]: failed to resolve: use of undeclared crate or module `comemo`
[INFO] [stdout]  --> src/lib.rs:140:3
[INFO] [stdout]   |
[INFO] [stdout] 6 | #[comemo::track]
[INFO] [stdout]   |   ^^^^^^ use of undeclared crate or module `comemo`
[INFO] [stdout] 
[INFO] [stdout] error[E0412]: cannot find type `HashMap` in this scope
[INFO] [stdout]  --> src/lib.rs:138:14
[INFO] [stdout]   |
[INFO] [stdout] 4 | struct Files(HashMap<PathBuf, String>);
[INFO] [stdout]   |              ^^^^^^^ not found in this scope
[INFO] [stdout]   |
[INFO] [stdout] help: consider importing this struct
[INFO] [stdout]   |
[INFO] [stdout] 2 + use std::collections::HashMap;
[INFO] [stdout]   |
[INFO] [stdout] 
[INFO] [stdout] error[E0412]: cannot find type `PathBuf` in this scope
[INFO] [stdout]  --> src/lib.rs:138:22
[INFO] [stdout]   |
[INFO] [stdout] 4 | struct Files(HashMap<PathBuf, String>);
[INFO] [stdout]   |                      ^^^^^^^ not found in this scope
[INFO] [stdout]   |
[INFO] [stdout] help: consider importing this struct
[INFO] [stdout]   |
[INFO] [stdout] 2 + use std::path::PathBuf;
[INFO] [stdout]   |
[INFO] [stdout] 
[INFO] [stdout] error[E0433]: failed to resolve: use of undeclared type `Path`
[INFO] [stdout]   --> src/lib.rs:144:20
[INFO] [stdout]    |
[INFO] [stdout] 10 |         self.0.get(Path::new(path)).cloned().unwrap_or_default()
[INFO] [stdout]    |                    ^^^^ use of undeclared type `Path`
[INFO] [stdout]    |
[INFO] [stdout] help: consider importing one of these structs
[INFO] [stdout]    |
[INFO] [stdout] 2  + use std::path::Path;
[INFO] [stdout]    |
[INFO] [stdout] 2  + use syn::Path;
[INFO] [stdout]    |
[INFO] [stdout] 
[INFO] [stdout] error: aborting due to 4 previous errors
[INFO] [stdout] 
[INFO] [stdout] Some errors have detailed explanations: E0412, E0433.
[INFO] [stdout] For more information about an error, try `rustc --explain E0412`.
[INFO] [stdout] Couldn't compile the test.
[INFO] [stdout] ---- src/lib.rs - memoize (line 64) stdout ----
[INFO] [stdout] error[E0433]: failed to resolve: use of undeclared crate or module `comemo`
[INFO] [stdout]  --> src/lib.rs:66:3
[INFO] [stdout]   |
[INFO] [stdout] 4 | #[comemo::memoize]
[INFO] [stdout]   |   ^^^^^^ use of undeclared crate or module `comemo`
[INFO] [stdout] 
[INFO] [stdout] error[E0412]: cannot find type `Files` in this scope
[INFO] [stdout]  --> src/lib.rs:67:50
[INFO] [stdout]   |
[INFO] [stdout] 5 | fn evaluate(script: &str, files: comemo::Tracked<Files>) -> i32 {
[INFO] [stdout]   |                                                  ^^^^^ not found in this scope
[INFO] [stdout]   |
[INFO] [stdout] help: you might be missing a type parameter
[INFO] [stdout]   |
[INFO] [stdout] 5 | fn evaluate<Files>(script: &str, files: comemo::Tracked<Files>) -> i32 {
[INFO] [stdout]   |            +++++++
[INFO] [stdout] 
[INFO] [stdout] error[E0433]: failed to resolve: use of undeclared crate or module `comemo`
[INFO] [stdout]  --> src/lib.rs:67:34
[INFO] [stdout]   |
[INFO] [stdout] 5 | fn evaluate(script: &str, files: comemo::Tracked<Files>) -> i32 {
[INFO] [stdout]   |                                  ^^^^^^ use of undeclared crate or module `comemo`
[INFO] [stdout] 
[INFO] [stdout] error: aborting due to 3 previous errors
[INFO] [stdout] 
[INFO] [stdout] Some errors have detailed explanations: E0412, E0433.
[INFO] [stdout] For more information about an error, try `rustc --explain E0412`.
[INFO] [stdout] Couldn't compile the test.
[INFO] [stdout] 
[INFO] [stdout] failures:
[INFO] [stdout]     src/lib.rs - memoize (line 64)
[INFO] [stdout]     src/lib.rs - track (line 136)
[INFO] [stdout] 
[INFO] [stdout] test result: FAILED. 0 passed; 2 failed; 0 ignored; 0 measured; 0 filtered out; finished in 0.12s
[INFO] [stdout] 
[INFO] [stderr] error: doctest failed, to rerun pass `--doc`
[INFO] running `Command { std: "docker" "inspect" "21db595572a4c9280c972cbcf3c433844e5b1b1687b5745aa2b5696452f5090e", kill_on_drop: false }`
[INFO] running `Command { std: "docker" "rm" "-f" "21db595572a4c9280c972cbcf3c433844e5b1b1687b5745aa2b5696452f5090e", kill_on_drop: false }`
[INFO] [stdout] 21db595572a4c9280c972cbcf3c433844e5b1b1687b5745aa2b5696452f5090e
