[INFO] fetching crate colormap 0.0.2...
[INFO] testing colormap-0.0.2 against 1.83.0 for beta-1.84.0-4-retry
[INFO] extracting crate colormap 0.0.2 into /workspace/builds/worker-0-tc1/source
[INFO] validating manifest of crates.io crate colormap 0.0.2 on toolchain 1.83.0
[INFO] running `Command { std: CARGO_HOME="/workspace/cargo-home" RUSTUP_HOME="/workspace/rustup-home" "/workspace/cargo-home/bin/cargo" "+1.83.0" "metadata" "--manifest-path" "Cargo.toml" "--no-deps", kill_on_drop: false }`
[INFO] started tweaking crates.io crate colormap 0.0.2
[INFO] finished tweaking crates.io crate colormap 0.0.2
[INFO] tweaked toml for crates.io crate colormap 0.0.2 written to /workspace/builds/worker-0-tc1/source/Cargo.toml
[INFO] running `Command { std: CARGO_HOME="/workspace/cargo-home" RUSTUP_HOME="/workspace/rustup-home" "/workspace/cargo-home/bin/cargo" "+1.83.0" "generate-lockfile" "--manifest-path" "Cargo.toml", kill_on_drop: false }`
[INFO] [stderr]     Updating crates.io index
[INFO] [stderr]      Locking 51 packages to latest compatible versions
[INFO] [stderr]       Adding image v0.24.9 (available: v0.25.5)
[INFO] [stderr]       Adding itertools v0.10.5 (available: v0.13.0)
[INFO] [stderr]       Adding svg v0.13.1 (available: v0.18.0)
[INFO] running `Command { std: CARGO_HOME="/workspace/cargo-home" RUSTUP_HOME="/workspace/rustup-home" "/workspace/cargo-home/bin/cargo" "+1.83.0" "fetch" "--manifest-path" "Cargo.toml", kill_on_drop: false }`
[INFO] [stderr]     Blocking waiting for file lock on package cache
[INFO] [stderr]  Downloading crates ...
[INFO] [stderr]   Downloaded color-core v0.1.6
[INFO] [stderr]   Downloaded svg v0.13.1
[INFO] running `Command { std: "docker" "create" "-v" "/var/lib/crater-agent-workspace/builds/worker-0-tc1/target:/opt/rustwide/target:rw,Z" "-v" "/var/lib/crater-agent-workspace/builds/worker-0-tc1/source:/opt/rustwide/workdir:ro,Z" "-v" "/var/lib/crater-agent-workspace/cargo-home:/opt/rustwide/cargo-home:ro,Z" "-v" "/var/lib/crater-agent-workspace/rustup-home:/opt/rustwide/rustup-home:ro,Z" "-e" "SOURCE_DIR=/opt/rustwide/workdir" "-e" "CARGO_TARGET_DIR=/opt/rustwide/target" "-e" "CARGO_HOME=/opt/rustwide/cargo-home" "-e" "RUSTUP_HOME=/opt/rustwide/rustup-home" "-w" "/opt/rustwide/workdir" "-m" "1610612736" "--user" "0:0" "--network" "none" "ghcr.io/rust-lang/crates-build-env/linux@sha256:f3a9d4ad9d972b27faf3965f35b62e55ba32bbce8f20bc8fe909558a86702fde" "/opt/rustwide/cargo-home/bin/cargo" "+1.83.0" "metadata" "--no-deps" "--format-version=1", kill_on_drop: false }`
[INFO] [stdout] 3bd587041419927b938c19f16360e876f49074da07c5530ac319e1e3b44acf55
[INFO] running `Command { std: "docker" "start" "-a" "3bd587041419927b938c19f16360e876f49074da07c5530ac319e1e3b44acf55", kill_on_drop: false }`
[INFO] running `Command { std: "docker" "inspect" "3bd587041419927b938c19f16360e876f49074da07c5530ac319e1e3b44acf55", kill_on_drop: false }`
[INFO] running `Command { std: "docker" "rm" "-f" "3bd587041419927b938c19f16360e876f49074da07c5530ac319e1e3b44acf55", kill_on_drop: false }`
[INFO] [stdout] 3bd587041419927b938c19f16360e876f49074da07c5530ac319e1e3b44acf55
[INFO] running `Command { std: "docker" "create" "-v" "/var/lib/crater-agent-workspace/builds/worker-0-tc1/target:/opt/rustwide/target:rw,Z" "-v" "/var/lib/crater-agent-workspace/builds/worker-0-tc1/source:/opt/rustwide/workdir:ro,Z" "-v" "/var/lib/crater-agent-workspace/cargo-home:/opt/rustwide/cargo-home:ro,Z" "-v" "/var/lib/crater-agent-workspace/rustup-home:/opt/rustwide/rustup-home:ro,Z" "-e" "SOURCE_DIR=/opt/rustwide/workdir" "-e" "CARGO_TARGET_DIR=/opt/rustwide/target" "-e" "CARGO_INCREMENTAL=0" "-e" "RUST_BACKTRACE=full" "-e" "RUSTFLAGS=--cap-lints=warn" "-e" "RUSTDOCFLAGS=--cap-lints=warn" "-e" "CARGO_HOME=/opt/rustwide/cargo-home" "-e" "RUSTUP_HOME=/opt/rustwide/rustup-home" "-w" "/opt/rustwide/workdir" "-m" "1610612736" "--user" "0:0" "--network" "none" "ghcr.io/rust-lang/crates-build-env/linux@sha256:f3a9d4ad9d972b27faf3965f35b62e55ba32bbce8f20bc8fe909558a86702fde" "/opt/rustwide/cargo-home/bin/cargo" "+1.83.0" "build" "--frozen" "--message-format=json", kill_on_drop: false }`
[INFO] [stdout] 05f6897c9456b305436af948d1e7c550c7bb6556fa19b99411fb9ca9c7800f64
[INFO] running `Command { std: "docker" "start" "-a" "05f6897c9456b305436af948d1e7c550c7bb6556fa19b99411fb9ca9c7800f64", kill_on_drop: false }`
[INFO] [stderr]    Compiling simd-adler32 v0.3.7
[INFO] [stderr]    Compiling crossbeam-epoch v0.9.18
[INFO] [stderr]    Compiling rayon-core v1.12.1
[INFO] [stderr]    Compiling either v1.13.0
[INFO] [stderr]    Compiling weezl v0.1.8
[INFO] [stderr]    Compiling smallvec v1.13.2
[INFO] [stderr]    Compiling lebe v0.5.2
[INFO] [stderr]    Compiling bytemuck v1.20.0
[INFO] [stderr]    Compiling bit_field v0.10.2
[INFO] [stderr]    Compiling bitflags v1.3.2
[INFO] [stderr]    Compiling color_quant v1.1.0
[INFO] [stderr]    Compiling color-core v0.1.6
[INFO] [stderr]    Compiling num-traits v0.2.19
[INFO] [stderr]    Compiling half v2.4.1
[INFO] [stderr]    Compiling itertools v0.10.5
[INFO] [stderr]    Compiling miniz_oxide v0.8.0
[INFO] [stderr]    Compiling fdeflate v0.3.7
[INFO] [stderr]    Compiling zune-inflate v0.2.54
[INFO] [stderr]    Compiling crossbeam-deque v0.8.5
[INFO] [stderr]    Compiling qoi v0.4.1
[INFO] [stderr]    Compiling gif v0.13.1
[INFO] [stderr]    Compiling flate2 v1.0.35
[INFO] [stderr]    Compiling rayon v1.10.0
[INFO] [stderr]    Compiling exr v1.73.0
[INFO] [stderr]    Compiling png v0.17.15
[INFO] [stderr]    Compiling jpeg-decoder v0.3.1
[INFO] [stderr]    Compiling tiff v0.9.1
[INFO] [stderr]    Compiling image v0.24.9
[INFO] [stderr]    Compiling colormap v0.0.2 (/opt/rustwide/workdir)
[INFO] [stdout] warning: unused import: `color_core::RGBA32`
[INFO] [stdout]  --> src/blenders/gamma/mod.rs:2:5
[INFO] [stdout]   |
[INFO] [stdout] 2 | use color_core::RGBA32;
[INFO] [stdout]   |     ^^^^^^^^^^^^^^^^^^
[INFO] [stdout]   |
[INFO] [stdout]   = note: `#[warn(unused_imports)]` on by default
[INFO] [stdout] 
[INFO] [stdout] 
[INFO] [stdout] warning: unused imports: `RGBA32` and `RGBA8`
[INFO] [stdout]  --> src/blenders/hsv/mod.rs:2:26
[INFO] [stdout]   |
[INFO] [stdout] 2 | use color_core::{HSVA32, RGBA32, RGBA8};
[INFO] [stdout]   |                          ^^^^^^  ^^^^^
[INFO] [stdout] 
[INFO] [stdout] 
[INFO] [stdout] warning: unused import: `image::GenericImageView`
[INFO] [stdout]  --> src/blenders/hsv/mod.rs:3:5
[INFO] [stdout]   |
[INFO] [stdout] 3 | use image::GenericImageView;
[INFO] [stdout]   |     ^^^^^^^^^^^^^^^^^^^^^^^
[INFO] [stdout] 
[INFO] [stdout] 
[INFO] [stdout] warning: unused import: `collections::BTreeMap`
[INFO] [stdout]  --> src/blenders/hsv/mod.rs:4:11
[INFO] [stdout]   |
[INFO] [stdout] 4 | use std::{collections::BTreeMap, ops::Range};
[INFO] [stdout]   |           ^^^^^^^^^^^^^^^^^^^^^
[INFO] [stdout] 
[INFO] [stdout] 
[INFO] [stdout] warning: unused import: `ColorMap`
[INFO] [stdout]  --> src/blenders/rgb/mod.rs:2:13
[INFO] [stdout]   |
[INFO] [stdout] 2 | use crate::{ColorMap, Interpolator};
[INFO] [stdout]   |             ^^^^^^^^
[INFO] [stdout] 
[INFO] [stdout] 
[INFO] [stdout] warning: unused import: `crate::ColorMap`
[INFO] [stdout]  --> src/blenders/scatter/mod.rs:2:5
[INFO] [stdout]   |
[INFO] [stdout] 2 | use crate::ColorMap;
[INFO] [stdout]   |     ^^^^^^^^^^^^^^^
[INFO] [stdout] 
[INFO] [stdout] 
[INFO] [stdout] warning: unused import: `color_core::RGBA32`
[INFO] [stdout]  --> src/traits/mod.rs:1:5
[INFO] [stdout]   |
[INFO] [stdout] 1 | use color_core::RGBA32;
[INFO] [stdout]   |     ^^^^^^^^^^^^^^^^^^
[INFO] [stdout] 
[INFO] [stdout] 
[INFO] [stdout] warning: unused import: `RgbaImage`
[INFO] [stdout]  --> src/utils/sampler/mod.rs:2:58
[INFO] [stdout]   |
[INFO] [stdout] 2 | use image::{GenericImageView, ImageResult, Rgba32FImage, RgbaImage};
[INFO] [stdout]   |                                                          ^^^^^^^^^
[INFO] [stdout] 
[INFO] [stdout] 
[INFO] [stdout] warning: unused variable: `file_path`
[INFO] [stdout]   --> src/utils/sampler/mod.rs:44:13
[INFO] [stdout]    |
[INFO] [stdout] 44 |         let file_path = image_path.with_extension("rs");
[INFO] [stdout]    |             ^^^^^^^^^ help: if this is intentional, prefix it with an underscore: `_file_path`
[INFO] [stdout]    |
[INFO] [stdout]    = note: `#[warn(unused_variables)]` on by default
[INFO] [stdout] 
[INFO] [stdout] 
[INFO] [stdout] warning: fields `min`, `max`, and `gamma` are never read
[INFO] [stdout]  --> src/blenders/gamma/mod.rs:5:5
[INFO] [stdout]   |
[INFO] [stdout] 4 | pub struct LinearGradient {
[INFO] [stdout]   |            -------------- fields in this struct
[INFO] [stdout] 5 |     min: f32,
[INFO] [stdout]   |     ^^^
[INFO] [stdout] 6 |     max: f32,
[INFO] [stdout]   |     ^^^
[INFO] [stdout] 7 |     gamma: f32,
[INFO] [stdout]   |     ^^^^^
[INFO] [stdout]   |
[INFO] [stdout]   = note: `#[warn(dead_code)]` on by default
[INFO] [stdout] 
[INFO] [stdout] 
[INFO] [stderr]     Finished `dev` profile [unoptimized + debuginfo] target(s) in 19.64s
[INFO] running `Command { std: "docker" "inspect" "05f6897c9456b305436af948d1e7c550c7bb6556fa19b99411fb9ca9c7800f64", kill_on_drop: false }`
[INFO] running `Command { std: "docker" "rm" "-f" "05f6897c9456b305436af948d1e7c550c7bb6556fa19b99411fb9ca9c7800f64", kill_on_drop: false }`
[INFO] [stdout] 05f6897c9456b305436af948d1e7c550c7bb6556fa19b99411fb9ca9c7800f64
[INFO] running `Command { std: "docker" "create" "-v" "/var/lib/crater-agent-workspace/builds/worker-0-tc1/target:/opt/rustwide/target:rw,Z" "-v" "/var/lib/crater-agent-workspace/builds/worker-0-tc1/source:/opt/rustwide/workdir:ro,Z" "-v" "/var/lib/crater-agent-workspace/cargo-home:/opt/rustwide/cargo-home:ro,Z" "-v" "/var/lib/crater-agent-workspace/rustup-home:/opt/rustwide/rustup-home:ro,Z" "-e" "SOURCE_DIR=/opt/rustwide/workdir" "-e" "CARGO_TARGET_DIR=/opt/rustwide/target" "-e" "CARGO_INCREMENTAL=0" "-e" "RUST_BACKTRACE=full" "-e" "RUSTFLAGS=--cap-lints=warn" "-e" "RUSTDOCFLAGS=--cap-lints=warn" "-e" "CARGO_HOME=/opt/rustwide/cargo-home" "-e" "RUSTUP_HOME=/opt/rustwide/rustup-home" "-w" "/opt/rustwide/workdir" "-m" "1610612736" "--user" "0:0" "--network" "none" "ghcr.io/rust-lang/crates-build-env/linux@sha256:f3a9d4ad9d972b27faf3965f35b62e55ba32bbce8f20bc8fe909558a86702fde" "/opt/rustwide/cargo-home/bin/cargo" "+1.83.0" "test" "--frozen" "--no-run" "--message-format=json", kill_on_drop: false }`
[INFO] [stdout] 131a195d39e890219ed8cc57fc205183bd9de001bfab050f5f5c78034fd3dfa0
[INFO] running `Command { std: "docker" "start" "-a" "131a195d39e890219ed8cc57fc205183bd9de001bfab050f5f5c78034fd3dfa0", kill_on_drop: false }`
[INFO] [stdout] warning: unused import: `color_core::RGBA32`
[INFO] [stdout]  --> src/blenders/gamma/mod.rs:2:5
[INFO] [stdout]   |
[INFO] [stdout] 2 | use color_core::RGBA32;
[INFO] [stdout]   |     ^^^^^^^^^^^^^^^^^^
[INFO] [stdout]   |
[INFO] [stdout]   = note: `#[warn(unused_imports)]` on by default
[INFO] [stdout] 
[INFO] [stdout] 
[INFO] [stdout] warning: unused imports: `RGBA32` and `RGBA8`
[INFO] [stdout]  --> src/blenders/hsv/mod.rs:2:26
[INFO] [stdout]   |
[INFO] [stdout] 2 | use color_core::{HSVA32, RGBA32, RGBA8};
[INFO] [stdout]   |                          ^^^^^^  ^^^^^
[INFO] [stdout] 
[INFO] [stdout] 
[INFO] [stdout] warning: unused import: `image::GenericImageView`
[INFO] [stdout]  --> src/blenders/hsv/mod.rs:3:5
[INFO] [stdout]   |
[INFO] [stdout] 3 | use image::GenericImageView;
[INFO] [stdout]   |     ^^^^^^^^^^^^^^^^^^^^^^^
[INFO] [stdout] 
[INFO] [stdout] 
[INFO] [stdout] warning: unused import: `collections::BTreeMap`
[INFO] [stdout]  --> src/blenders/hsv/mod.rs:4:11
[INFO] [stdout]   |
[INFO] [stdout] 4 | use std::{collections::BTreeMap, ops::Range};
[INFO] [stdout]   |           ^^^^^^^^^^^^^^^^^^^^^
[INFO] [stdout] 
[INFO] [stdout] 
[INFO] [stdout] warning: unused import: `ColorMap`
[INFO] [stdout]  --> src/blenders/rgb/mod.rs:2:13
[INFO] [stdout]   |
[INFO] [stdout] 2 | use crate::{ColorMap, Interpolator};
[INFO] [stdout]   |             ^^^^^^^^
[INFO] [stdout] 
[INFO] [stdout] 
[INFO] [stdout] warning: unused import: `crate::ColorMap`
[INFO] [stdout]  --> src/blenders/scatter/mod.rs:2:5
[INFO] [stdout]   |
[INFO] [stdout] 2 | use crate::ColorMap;
[INFO] [stdout]   |     ^^^^^^^^^^^^^^^
[INFO] [stdout] 
[INFO] [stdout] 
[INFO] [stdout] warning: unused import: `color_core::RGBA32`
[INFO] [stdout]  --> src/traits/mod.rs:1:5
[INFO] [stdout]   |
[INFO] [stdout] 1 | use color_core::RGBA32;
[INFO] [stdout]   |     ^^^^^^^^^^^^^^^^^^
[INFO] [stdout] 
[INFO] [stdout] 
[INFO] [stdout] warning: unused import: `RgbaImage`
[INFO] [stdout]  --> src/utils/sampler/mod.rs:2:58
[INFO] [stdout]   |
[INFO] [stdout] 2 | use image::{GenericImageView, ImageResult, Rgba32FImage, RgbaImage};
[INFO] [stdout]   |                                                          ^^^^^^^^^
[INFO] [stdout] 
[INFO] [stdout] 
[INFO] [stdout] warning: unused variable: `file_path`
[INFO] [stdout]   --> src/utils/sampler/mod.rs:44:13
[INFO] [stdout]    |
[INFO] [stdout] 44 |         let file_path = image_path.with_extension("rs");
[INFO] [stdout]    |             ^^^^^^^^^ help: if this is intentional, prefix it with an underscore: `_file_path`
[INFO] [stdout]    |
[INFO] [stdout]    = note: `#[warn(unused_variables)]` on by default
[INFO] [stdout] 
[INFO] [stdout] 
[INFO] [stdout] warning: fields `min`, `max`, and `gamma` are never read
[INFO] [stdout]  --> src/blenders/gamma/mod.rs:5:5
[INFO] [stdout]   |
[INFO] [stdout] 4 | pub struct LinearGradient {
[INFO] [stdout]   |            -------------- fields in this struct
[INFO] [stdout] 5 |     min: f32,
[INFO] [stdout]   |     ^^^
[INFO] [stdout] 6 |     max: f32,
[INFO] [stdout]   |     ^^^
[INFO] [stdout] 7 |     gamma: f32,
[INFO] [stdout]   |     ^^^^^
[INFO] [stdout]   |
[INFO] [stdout]   = note: `#[warn(dead_code)]` on by default
[INFO] [stdout] 
[INFO] [stdout] 
[INFO] [stderr]    Compiling colormap v0.0.2 (/opt/rustwide/workdir)
[INFO] [stdout] warning: unused import: `color_core::RGBA32`
[INFO] [stdout]  --> src/blenders/gamma/mod.rs:2:5
[INFO] [stdout]   |
[INFO] [stdout] 2 | use color_core::RGBA32;
[INFO] [stdout]   |     ^^^^^^^^^^^^^^^^^^
[INFO] [stdout]   |
[INFO] [stdout]   = note: `#[warn(unused_imports)]` on by default
[INFO] [stdout] 
[INFO] [stdout] 
[INFO] [stdout] warning: unused imports: `RGBA32` and `RGBA8`
[INFO] [stdout]  --> src/blenders/hsv/mod.rs:2:26
[INFO] [stdout]   |
[INFO] [stdout] 2 | use color_core::{HSVA32, RGBA32, RGBA8};
[INFO] [stdout]   |                          ^^^^^^  ^^^^^
[INFO] [stdout] 
[INFO] [stdout] 
[INFO] [stdout] warning: unused import: `image::GenericImageView`
[INFO] [stdout]  --> src/blenders/hsv/mod.rs:3:5
[INFO] [stdout]   |
[INFO] [stdout] 3 | use image::GenericImageView;
[INFO] [stdout]   |     ^^^^^^^^^^^^^^^^^^^^^^^
[INFO] [stdout] 
[INFO] [stdout] 
[INFO] [stdout] warning: unused import: `collections::BTreeMap`
[INFO] [stdout]  --> src/blenders/hsv/mod.rs:4:11
[INFO] [stdout]   |
[INFO] [stdout] 4 | use std::{collections::BTreeMap, ops::Range};
[INFO] [stdout]   |           ^^^^^^^^^^^^^^^^^^^^^
[INFO] [stdout] 
[INFO] [stdout] 
[INFO] [stdout] warning: unused import: `ColorMap`
[INFO] [stdout]  --> src/blenders/rgb/mod.rs:2:13
[INFO] [stdout]   |
[INFO] [stdout] 2 | use crate::{ColorMap, Interpolator};
[INFO] [stdout]   |             ^^^^^^^^
[INFO] [stdout] 
[INFO] [stdout] 
[INFO] [stdout] warning: unused import: `crate::ColorMap`
[INFO] [stdout]  --> src/blenders/scatter/mod.rs:2:5
[INFO] [stdout]   |
[INFO] [stdout] 2 | use crate::ColorMap;
[INFO] [stdout]   |     ^^^^^^^^^^^^^^^
[INFO] [stdout] 
[INFO] [stdout] 
[INFO] [stdout] warning: unused import: `color_core::RGBA32`
[INFO] [stdout]  --> src/traits/mod.rs:1:5
[INFO] [stdout]   |
[INFO] [stdout] 1 | use color_core::RGBA32;
[INFO] [stdout]   |     ^^^^^^^^^^^^^^^^^^
[INFO] [stdout] 
[INFO] [stdout] 
[INFO] [stdout] warning: unused import: `RgbaImage`
[INFO] [stdout]  --> src/utils/sampler/mod.rs:2:58
[INFO] [stdout]   |
[INFO] [stdout] 2 | use image::{GenericImageView, ImageResult, Rgba32FImage, RgbaImage};
[INFO] [stdout]   |                                                          ^^^^^^^^^
[INFO] [stdout] 
[INFO] [stdout] 
[INFO] [stdout] warning: unused variable: `file_path`
[INFO] [stdout]   --> src/utils/sampler/mod.rs:44:13
[INFO] [stdout]    |
[INFO] [stdout] 44 |         let file_path = image_path.with_extension("rs");
[INFO] [stdout]    |             ^^^^^^^^^ help: if this is intentional, prefix it with an underscore: `_file_path`
[INFO] [stdout]    |
[INFO] [stdout]    = note: `#[warn(unused_variables)]` on by default
[INFO] [stdout] 
[INFO] [stdout] 
[INFO] [stdout] warning: fields `min`, `max`, and `gamma` are never read
[INFO] [stdout]  --> src/blenders/gamma/mod.rs:5:5
[INFO] [stdout]   |
[INFO] [stdout] 4 | pub struct LinearGradient {
[INFO] [stdout]   |            -------------- fields in this struct
[INFO] [stdout] 5 |     min: f32,
[INFO] [stdout]   |     ^^^
[INFO] [stdout] 6 |     max: f32,
[INFO] [stdout]   |     ^^^
[INFO] [stdout] 7 |     gamma: f32,
[INFO] [stdout]   |     ^^^^^
[INFO] [stdout]   |
[INFO] [stdout]   = note: `#[warn(dead_code)]` on by default
[INFO] [stdout] 
[INFO] [stdout] 
[INFO] [stderr]     Finished `test` profile [unoptimized + debuginfo] target(s) in 1.54s
[INFO] running `Command { std: "docker" "inspect" "131a195d39e890219ed8cc57fc205183bd9de001bfab050f5f5c78034fd3dfa0", kill_on_drop: false }`
[INFO] running `Command { std: "docker" "rm" "-f" "131a195d39e890219ed8cc57fc205183bd9de001bfab050f5f5c78034fd3dfa0", kill_on_drop: false }`
[INFO] [stdout] 131a195d39e890219ed8cc57fc205183bd9de001bfab050f5f5c78034fd3dfa0
[INFO] running `Command { std: "docker" "create" "-v" "/var/lib/crater-agent-workspace/builds/worker-0-tc1/target:/opt/rustwide/target:rw,Z" "-v" "/var/lib/crater-agent-workspace/builds/worker-0-tc1/source:/opt/rustwide/workdir:ro,Z" "-v" "/var/lib/crater-agent-workspace/cargo-home:/opt/rustwide/cargo-home:ro,Z" "-v" "/var/lib/crater-agent-workspace/rustup-home:/opt/rustwide/rustup-home:ro,Z" "-e" "SOURCE_DIR=/opt/rustwide/workdir" "-e" "CARGO_TARGET_DIR=/opt/rustwide/target" "-e" "CARGO_INCREMENTAL=0" "-e" "RUST_BACKTRACE=full" "-e" "RUSTFLAGS=--cap-lints=warn" "-e" "RUSTDOCFLAGS=--cap-lints=warn" "-e" "CARGO_HOME=/opt/rustwide/cargo-home" "-e" "RUSTUP_HOME=/opt/rustwide/rustup-home" "-w" "/opt/rustwide/workdir" "-m" "1610612736" "--user" "0:0" "--network" "none" "ghcr.io/rust-lang/crates-build-env/linux@sha256:f3a9d4ad9d972b27faf3965f35b62e55ba32bbce8f20bc8fe909558a86702fde" "/opt/rustwide/cargo-home/bin/cargo" "+1.83.0" "test" "--frozen", kill_on_drop: false }`
[INFO] [stdout] 3f8fc626bba1a985d47487ff5889a7bdb464912be26c1c0a64149bd7d1d7d457
[INFO] running `Command { std: "docker" "start" "-a" "3f8fc626bba1a985d47487ff5889a7bdb464912be26c1c0a64149bd7d1d7d457", kill_on_drop: false }`
[INFO] [stderr] warning: unused import: `color_core::RGBA32`
[INFO] [stderr]  --> src/blenders/gamma/mod.rs:2:5
[INFO] [stderr]   |
[INFO] [stderr] 2 | use color_core::RGBA32;
[INFO] [stderr]   |     ^^^^^^^^^^^^^^^^^^
[INFO] [stderr]   |
[INFO] [stderr]   = note: `#[warn(unused_imports)]` on by default
[INFO] [stderr] 
[INFO] [stderr] warning: unused imports: `RGBA32` and `RGBA8`
[INFO] [stderr]  --> src/blenders/hsv/mod.rs:2:26
[INFO] [stderr]   |
[INFO] [stderr] 2 | use color_core::{HSVA32, RGBA32, RGBA8};
[INFO] [stderr]   |                          ^^^^^^  ^^^^^
[INFO] [stderr] 
[INFO] [stderr] warning: unused import: `image::GenericImageView`
[INFO] [stderr]  --> src/blenders/hsv/mod.rs:3:5
[INFO] [stderr]   |
[INFO] [stderr] 3 | use image::GenericImageView;
[INFO] [stderr]   |     ^^^^^^^^^^^^^^^^^^^^^^^
[INFO] [stderr] 
[INFO] [stderr] warning: unused import: `collections::BTreeMap`
[INFO] [stderr]  --> src/blenders/hsv/mod.rs:4:11
[INFO] [stderr]   |
[INFO] [stderr] 4 | use std::{collections::BTreeMap, ops::Range};
[INFO] [stderr]   |           ^^^^^^^^^^^^^^^^^^^^^
[INFO] [stderr] 
[INFO] [stderr] warning: unused import: `ColorMap`
[INFO] [stderr]  --> src/blenders/rgb/mod.rs:2:13
[INFO] [stderr]   |
[INFO] [stderr] 2 | use crate::{ColorMap, Interpolator};
[INFO] [stderr]   |             ^^^^^^^^
[INFO] [stderr] 
[INFO] [stderr] warning: unused import: `crate::ColorMap`
[INFO] [stderr]  --> src/blenders/scatter/mod.rs:2:5
[INFO] [stderr]   |
[INFO] [stderr] 2 | use crate::ColorMap;
[INFO] [stderr]   |     ^^^^^^^^^^^^^^^
[INFO] [stderr] 
[INFO] [stderr] warning: unused import: `color_core::RGBA32`
[INFO] [stderr]  --> src/traits/mod.rs:1:5
[INFO] [stderr]   |
[INFO] [stderr] 1 | use color_core::RGBA32;
[INFO] [stderr]   |     ^^^^^^^^^^^^^^^^^^
[INFO] [stderr] 
[INFO] [stderr] warning: unused import: `RgbaImage`
[INFO] [stderr]  --> src/utils/sampler/mod.rs:2:58
[INFO] [stderr]   |
[INFO] [stderr] 2 | use image::{GenericImageView, ImageResult, Rgba32FImage, RgbaImage};
[INFO] [stderr]   |                                                          ^^^^^^^^^
[INFO] [stderr] 
[INFO] [stderr] warning: unused variable: `file_path`
[INFO] [stderr]   --> src/utils/sampler/mod.rs:44:13
[INFO] [stderr]    |
[INFO] [stderr] 44 |         let file_path = image_path.with_extension("rs");
[INFO] [stderr]    |             ^^^^^^^^^ help: if this is intentional, prefix it with an underscore: `_file_path`
[INFO] [stderr]    |
[INFO] [stderr]    = note: `#[warn(unused_variables)]` on by default
[INFO] [stderr] 
[INFO] [stderr] warning: fields `min`, `max`, and `gamma` are never read
[INFO] [stderr]  --> src/blenders/gamma/mod.rs:5:5
[INFO] [stderr]   |
[INFO] [stderr] 4 | pub struct LinearGradient {
[INFO] [stderr]   |            -------------- fields in this struct
[INFO] [stderr] 5 |     min: f32,
[INFO] [stderr]   |     ^^^
[INFO] [stderr] 6 |     max: f32,
[INFO] [stderr]   |     ^^^
[INFO] [stderr] 7 |     gamma: f32,
[INFO] [stderr]   |     ^^^^^
[INFO] [stderr]   |
[INFO] [stderr]   = note: `#[warn(dead_code)]` on by default
[INFO] [stderr] 
[INFO] [stderr] warning: `colormap` (lib) generated 10 warnings (run `cargo fix --lib -p colormap` to apply 8 suggestions)
[INFO] [stderr] warning: `colormap` (lib test) generated 10 warnings (10 duplicates)
[INFO] [stderr]     Finished `test` profile [unoptimized + debuginfo] target(s) in 0.03s
[INFO] [stderr]      Running unittests src/lib.rs (/opt/rustwide/target/debug/deps/colormap-d7650e4483e10236)
[INFO] [stdout] 
[INFO] [stdout] running 2 tests
[INFO] [stdout] test interpolation::test_linear ... FAILED
[INFO] [stdout] test interpolation::test_step ... FAILED
[INFO] [stdout] 
[INFO] [stdout] failures:
[INFO] [stdout] 
[INFO] [stdout] ---- interpolation::test_linear stdout ----
[INFO] [stdout] thread 'interpolation::test_linear' panicked at src/interpolation/mod.rs:89:5:
[INFO] [stdout] assertion `left == right` failed
[INFO] [stdout]   left: 0.0019531548
[INFO] [stdout]  right: 0.5019608
[INFO] [stdout] stack backtrace:
[INFO] [stdout]    0:     0x5aa6731b6f8a - std::backtrace_rs::backtrace::libunwind::trace::h5a5b8284f2d0c266
[INFO] [stdout]                                at /rustc/90b35a6239c3d8bdabc530a6a0816f7ff89a0aaf/library/std/src/../../backtrace/src/backtrace/libunwind.rs:116:5
[INFO] [stdout]    1:     0x5aa6731b6f8a - std::backtrace_rs::backtrace::trace_unsynchronized::h76d4f1c9b0b875e3
[INFO] [stdout]                                at /rustc/90b35a6239c3d8bdabc530a6a0816f7ff89a0aaf/library/std/src/../../backtrace/src/backtrace/mod.rs:66:5
[INFO] [stdout]    2:     0x5aa6731b6f8a - std::sys::backtrace::_print_fmt::hc4546b8364a537c6
[INFO] [stdout]                                at /rustc/90b35a6239c3d8bdabc530a6a0816f7ff89a0aaf/library/std/src/sys/backtrace.rs:66:9
[INFO] [stdout]    3:     0x5aa6731b6f8a - <std::sys::backtrace::BacktraceLock::print::DisplayBacktrace as core::fmt::Display>::fmt::h5b6bd5631a6d1f6b
[INFO] [stdout]                                at /rustc/90b35a6239c3d8bdabc530a6a0816f7ff89a0aaf/library/std/src/sys/backtrace.rs:39:26
[INFO] [stdout]    4:     0x5aa6731dccf3 - core::fmt::rt::Argument::fmt::h270f6602a2b96f62
[INFO] [stdout]                                at /rustc/90b35a6239c3d8bdabc530a6a0816f7ff89a0aaf/library/core/src/fmt/rt.rs:177:76
[INFO] [stdout]    5:     0x5aa6731dccf3 - core::fmt::write::h7550c97b06c86515
[INFO] [stdout]                                at /rustc/90b35a6239c3d8bdabc530a6a0816f7ff89a0aaf/library/core/src/fmt/mod.rs:1186:21
[INFO] [stdout]    6:     0x5aa6731b4153 - std::io::Write::write_fmt::h509ff860e5956e5e
[INFO] [stdout]                                at /rustc/90b35a6239c3d8bdabc530a6a0816f7ff89a0aaf/library/std/src/io/mod.rs:1839:15
[INFO] [stdout]    7:     0x5aa6731b6dd2 - std::sys::backtrace::BacktraceLock::print::h2395ccd2c84ba3aa
[INFO] [stdout]                                at /rustc/90b35a6239c3d8bdabc530a6a0816f7ff89a0aaf/library/std/src/sys/backtrace.rs:42:9
[INFO] [stdout]    8:     0x5aa6731b83ea - std::panicking::default_hook::{{closure}}::he19d4c7230e07961
[INFO] [stdout]                                at /rustc/90b35a6239c3d8bdabc530a6a0816f7ff89a0aaf/library/std/src/panicking.rs:268:22
[INFO] [stdout]    9:     0x5aa6731b81f4 - std::panicking::default_hook::hf614597d3c67bbdb
[INFO] [stdout]                                at /rustc/90b35a6239c3d8bdabc530a6a0816f7ff89a0aaf/library/std/src/panicking.rs:292:9
[INFO] [stdout]   10:     0x5aa6731824d9 - <alloc::boxed::Box<F,A> as core::ops::function::Fn<Args>>::call::h39b51ce4599c23d1
[INFO] [stdout]                                at /rustc/90b35a6239c3d8bdabc530a6a0816f7ff89a0aaf/library/alloc/src/boxed.rs:2468:9
[INFO] [stdout]   11:     0x5aa6731824d9 - test::test_main::{{closure}}::he977ae839a582784
[INFO] [stdout]                                at /rustc/90b35a6239c3d8bdabc530a6a0816f7ff89a0aaf/library/test/src/lib.rs:133:21
[INFO] [stdout]   12:     0x5aa6731b8a88 - <alloc::boxed::Box<F,A> as core::ops::function::Fn<Args>>::call::h9455091b6b06f9fb
[INFO] [stdout]                                at /rustc/90b35a6239c3d8bdabc530a6a0816f7ff89a0aaf/library/alloc/src/boxed.rs:2468:9
[INFO] [stdout]   13:     0x5aa6731b8a88 - std::panicking::rust_panic_with_hook::h8942133a8b252070
[INFO] [stdout]                                at /rustc/90b35a6239c3d8bdabc530a6a0816f7ff89a0aaf/library/std/src/panicking.rs:809:13
[INFO] [stdout]   14:     0x5aa6731b884a - std::panicking::begin_panic_handler::{{closure}}::hb5f5963570096b29
[INFO] [stdout]                                at /rustc/90b35a6239c3d8bdabc530a6a0816f7ff89a0aaf/library/std/src/panicking.rs:674:13
[INFO] [stdout]   15:     0x5aa6731b7469 - std::sys::backtrace::__rust_end_short_backtrace::h6208cedc1922feda
[INFO] [stdout]                                at /rustc/90b35a6239c3d8bdabc530a6a0816f7ff89a0aaf/library/std/src/sys/backtrace.rs:170:18
[INFO] [stdout]   16:     0x5aa6731b84dc - rust_begin_unwind
[INFO] [stdout]                                at /rustc/90b35a6239c3d8bdabc530a6a0816f7ff89a0aaf/library/std/src/panicking.rs:665:5
[INFO] [stdout]   17:     0x5aa67313aa50 - core::panicking::panic_fmt::h0c3082644d1bf418
[INFO] [stdout]                                at /rustc/90b35a6239c3d8bdabc530a6a0816f7ff89a0aaf/library/core/src/panicking.rs:74:14
[INFO] [stdout]   18:     0x5aa67313ad7b - core::panicking::assert_failed_inner::h2ddf1fcc067fa858
[INFO] [stdout]   19:     0x5aa673145fff - core::panicking::assert_failed::h9db506333d146c7b
[INFO] [stdout]                                at /rustc/90b35a6239c3d8bdabc530a6a0816f7ff89a0aaf/library/core/src/panicking.rs:367:5
[INFO] [stdout]   20:     0x5aa673149b23 - colormap::interpolation::test_linear::h6974d5c79b5ed0f6
[INFO] [stdout]                                at /opt/rustwide/workdir/src/interpolation/mod.rs:89:5
[INFO] [stdout]   21:     0x5aa6731499a7 - colormap::interpolation::test_linear::{{closure}}::h56a2f160d72dd027
[INFO] [stdout]                                at /opt/rustwide/workdir/src/interpolation/mod.rs:86:17
[INFO] [stdout]   22:     0x5aa673145b66 - core::ops::function::FnOnce::call_once::h801da1ed7840548f
[INFO] [stdout]                                at /rustc/90b35a6239c3d8bdabc530a6a0816f7ff89a0aaf/library/core/src/ops/function.rs:250:5
[INFO] [stdout]   23:     0x5aa673186e9b - core::ops::function::FnOnce::call_once::h109cf8051a59b34e
[INFO] [stdout]                                at /rustc/90b35a6239c3d8bdabc530a6a0816f7ff89a0aaf/library/core/src/ops/function.rs:250:5
[INFO] [stdout]   24:     0x5aa673186e9b - test::__rust_begin_short_backtrace::hf4fff89d377446ba
[INFO] [stdout]                                at /rustc/90b35a6239c3d8bdabc530a6a0816f7ff89a0aaf/library/test/src/lib.rs:621:18
[INFO] [stdout]   25:     0x5aa6731866d7 - test::run_test_in_process::{{closure}}::h0e39181dd7ee5a43
[INFO] [stdout]                                at /rustc/90b35a6239c3d8bdabc530a6a0816f7ff89a0aaf/library/test/src/lib.rs:644:60
[INFO] [stdout]   26:     0x5aa6731866d7 - <core::panic::unwind_safe::AssertUnwindSafe<F> as core::ops::function::FnOnce<()>>::call_once::hc5a66a30f0bdfd1f
[INFO] [stdout]                                at /rustc/90b35a6239c3d8bdabc530a6a0816f7ff89a0aaf/library/core/src/panic/unwind_safe.rs:272:9
[INFO] [stdout]   27:     0x5aa6731866d7 - std::panicking::try::do_call::h873b7cf639554a5e
[INFO] [stdout]                                at /rustc/90b35a6239c3d8bdabc530a6a0816f7ff89a0aaf/library/std/src/panicking.rs:557:40
[INFO] [stdout]   28:     0x5aa6731866d7 - std::panicking::try::hdb19862fad9c8bd1
[INFO] [stdout]                                at /rustc/90b35a6239c3d8bdabc530a6a0816f7ff89a0aaf/library/std/src/panicking.rs:520:19
[INFO] [stdout]   29:     0x5aa6731866d7 - std::panic::catch_unwind::h281fe732d236d260
[INFO] [stdout]                                at /rustc/90b35a6239c3d8bdabc530a6a0816f7ff89a0aaf/library/std/src/panic.rs:358:14
[INFO] [stdout]   30:     0x5aa6731866d7 - test::run_test_in_process::h949b6df8457ed338
[INFO] [stdout]                                at /rustc/90b35a6239c3d8bdabc530a6a0816f7ff89a0aaf/library/test/src/lib.rs:644:27
[INFO] [stdout]   31:     0x5aa6731866d7 - test::run_test::{{closure}}::h52c556a6d4740e10
[INFO] [stdout]                                at /rustc/90b35a6239c3d8bdabc530a6a0816f7ff89a0aaf/library/test/src/lib.rs:565:43
[INFO] [stdout]   32:     0x5aa67314b9b4 - test::run_test::{{closure}}::h4237f6381c45ccb9
[INFO] [stdout]                                at /rustc/90b35a6239c3d8bdabc530a6a0816f7ff89a0aaf/library/test/src/lib.rs:595:41
[INFO] [stdout]   33:     0x5aa67314b9b4 - std::sys::backtrace::__rust_begin_short_backtrace::h505c97a579eca628
[INFO] [stdout]                                at /rustc/90b35a6239c3d8bdabc530a6a0816f7ff89a0aaf/library/std/src/sys/backtrace.rs:154:18
[INFO] [stdout]   34:     0x5aa67314f07e - std::thread::Builder::spawn_unchecked_::{{closure}}::{{closure}}::h9e86b2e2bc107ea3
[INFO] [stdout]                                at /rustc/90b35a6239c3d8bdabc530a6a0816f7ff89a0aaf/library/std/src/thread/mod.rs:538:17
[INFO] [stdout]   35:     0x5aa67314f07e - <core::panic::unwind_safe::AssertUnwindSafe<F> as core::ops::function::FnOnce<()>>::call_once::h8b06ddb275ff4a25
[INFO] [stdout]                                at /rustc/90b35a6239c3d8bdabc530a6a0816f7ff89a0aaf/library/core/src/panic/unwind_safe.rs:272:9
[INFO] [stdout]   36:     0x5aa67314f07e - std::panicking::try::do_call::hb26ecd7cd9a9355d
[INFO] [stdout]                                at /rustc/90b35a6239c3d8bdabc530a6a0816f7ff89a0aaf/library/std/src/panicking.rs:557:40
[INFO] [stdout]   37:     0x5aa67314f07e - std::panicking::try::h8ddeca9d705f9069
[INFO] [stdout]                                at /rustc/90b35a6239c3d8bdabc530a6a0816f7ff89a0aaf/library/std/src/panicking.rs:520:19
[INFO] [stdout]   38:     0x5aa67314f07e - std::panic::catch_unwind::h49e1c33078844c46
[INFO] [stdout]                                at /rustc/90b35a6239c3d8bdabc530a6a0816f7ff89a0aaf/library/std/src/panic.rs:358:14
[INFO] [stdout]   39:     0x5aa67314f07e - std::thread::Builder::spawn_unchecked_::{{closure}}::h6073db6ff56ad35d
[INFO] [stdout]                                at /rustc/90b35a6239c3d8bdabc530a6a0816f7ff89a0aaf/library/std/src/thread/mod.rs:537:30
[INFO] [stdout]   40:     0x5aa67314f07e - core::ops::function::FnOnce::call_once{{vtable.shim}}::h2c5a5f3779c774f1
[INFO] [stdout]                                at /rustc/90b35a6239c3d8bdabc530a6a0816f7ff89a0aaf/library/core/src/ops/function.rs:250:5
[INFO] [stdout]   41:     0x5aa6731bc7db - <alloc::boxed::Box<F,A> as core::ops::function::FnOnce<Args>>::call_once::hf75717d9f28faebf
[INFO] [stdout]                                at /rustc/90b35a6239c3d8bdabc530a6a0816f7ff89a0aaf/library/alloc/src/boxed.rs:2454:9
[INFO] [stdout]   42:     0x5aa6731bc7db - <alloc::boxed::Box<F,A> as core::ops::function::FnOnce<Args>>::call_once::h7bd883a5f3c5f3c1
[INFO] [stdout]                                at /rustc/90b35a6239c3d8bdabc530a6a0816f7ff89a0aaf/library/alloc/src/boxed.rs:2454:9
[INFO] [stdout]   43:     0x5aa6731bc7db - std::sys::pal::unix::thread::Thread::new::thread_start::hcc78f3943333fa94
[INFO] [stdout]                                at /rustc/90b35a6239c3d8bdabc530a6a0816f7ff89a0aaf/library/std/src/sys/pal/unix/thread.rs:105:17
[INFO] [stdout]   44:     0x7f7838f00ac3 - <unknown>
[INFO] [stdout]   45:     0x7f7838f91a04 - clone
[INFO] [stdout]   46:                0x0 - <unknown>
[INFO] [stdout] 
[INFO] [stdout] ---- interpolation::test_step stdout ----
[INFO] [stdout] thread 'interpolation::test_step' panicked at src/interpolation/mod.rs:70:5:
[INFO] [stdout] assertion `left == right` failed
[INFO] [stdout]   left: 0.0
[INFO] [stdout]  right: 1.0
[INFO] [stdout] stack backtrace:
[INFO] [stdout]    0:     0x5aa6731b6f8a - std::backtrace_rs::backtrace::libunwind::trace::h5a5b8284f2d0c266
[INFO] [stdout]                                at /rustc/90b35a6239c3d8bdabc530a6a0816f7ff89a0aaf/library/std/src/../../backtrace/src/backtrace/libunwind.rs:116:5
[INFO] [stdout]    1:     0x5aa6731b6f8a - std::backtrace_rs::backtrace::trace_unsynchronized::h76d4f1c9b0b875e3
[INFO] [stdout]                                at /rustc/90b35a6239c3d8bdabc530a6a0816f7ff89a0aaf/library/std/src/../../backtrace/src/backtrace/mod.rs:66:5
[INFO] [stdout]    2:     0x5aa6731b6f8a - std::sys::backtrace::_print_fmt::hc4546b8364a537c6
[INFO] [stdout]                                at /rustc/90b35a6239c3d8bdabc530a6a0816f7ff89a0aaf/library/std/src/sys/backtrace.rs:66:9
[INFO] [stdout]    3:     0x5aa6731b6f8a - <std::sys::backtrace::BacktraceLock::print::DisplayBacktrace as core::fmt::Display>::fmt::h5b6bd5631a6d1f6b
[INFO] [stdout]                                at /rustc/90b35a6239c3d8bdabc530a6a0816f7ff89a0aaf/library/std/src/sys/backtrace.rs:39:26
[INFO] [stdout]    4:     0x5aa6731dccf3 - core::fmt::rt::Argument::fmt::h270f6602a2b96f62
[INFO] [stdout]                                at /rustc/90b35a6239c3d8bdabc530a6a0816f7ff89a0aaf/library/core/src/fmt/rt.rs:177:76
[INFO] [stdout]    5:     0x5aa6731dccf3 - core::fmt::write::h7550c97b06c86515
[INFO] [stdout]                                at /rustc/90b35a6239c3d8bdabc530a6a0816f7ff89a0aaf/library/core/src/fmt/mod.rs:1186:21
[INFO] [stdout]    6:     0x5aa6731b4153 - std::io::Write::write_fmt::h509ff860e5956e5e
[INFO] [stdout]                                at /rustc/90b35a6239c3d8bdabc530a6a0816f7ff89a0aaf/library/std/src/io/mod.rs:1839:15
[INFO] [stdout]    7:     0x5aa6731b6dd2 - std::sys::backtrace::BacktraceLock::print::h2395ccd2c84ba3aa
[INFO] [stdout]                                at /rustc/90b35a6239c3d8bdabc530a6a0816f7ff89a0aaf/library/std/src/sys/backtrace.rs:42:9
[INFO] [stdout]    8:     0x5aa6731b83ea - std::panicking::default_hook::{{closure}}::he19d4c7230e07961
[INFO] [stdout]                                at /rustc/90b35a6239c3d8bdabc530a6a0816f7ff89a0aaf/library/std/src/panicking.rs:268:22
[INFO] [stdout]    9:     0x5aa6731b81f4 - std::panicking::default_hook::hf614597d3c67bbdb
[INFO] [stdout]                                at /rustc/90b35a6239c3d8bdabc530a6a0816f7ff89a0aaf/library/std/src/panicking.rs:292:9
[INFO] [stdout]   10:     0x5aa6731824d9 - <alloc::boxed::Box<F,A> as core::ops::function::Fn<Args>>::call::h39b51ce4599c23d1
[INFO] [stdout]                                at /rustc/90b35a6239c3d8bdabc530a6a0816f7ff89a0aaf/library/alloc/src/boxed.rs:2468:9
[INFO] [stdout]   11:     0x5aa6731824d9 - test::test_main::{{closure}}::he977ae839a582784
[INFO] [stdout]                                at /rustc/90b35a6239c3d8bdabc530a6a0816f7ff89a0aaf/library/test/src/lib.rs:133:21
[INFO] [stdout]   12:     0x5aa6731b8a88 - <alloc::boxed::Box<F,A> as core::ops::function::Fn<Args>>::call::h9455091b6b06f9fb
[INFO] [stdout]                                at /rustc/90b35a6239c3d8bdabc530a6a0816f7ff89a0aaf/library/alloc/src/boxed.rs:2468:9
[INFO] [stdout]   13:     0x5aa6731b8a88 - std::panicking::rust_panic_with_hook::h8942133a8b252070
[INFO] [stdout]                                at /rustc/90b35a6239c3d8bdabc530a6a0816f7ff89a0aaf/library/std/src/panicking.rs:809:13
[INFO] [stdout]   14:     0x5aa6731b884a - std::panicking::begin_panic_handler::{{closure}}::hb5f5963570096b29
[INFO] [stdout]                                at /rustc/90b35a6239c3d8bdabc530a6a0816f7ff89a0aaf/library/std/src/panicking.rs:674:13
[INFO] [stdout]   15:     0x5aa6731b7469 - std::sys::backtrace::__rust_end_short_backtrace::h6208cedc1922feda
[INFO] [stdout]                                at /rustc/90b35a6239c3d8bdabc530a6a0816f7ff89a0aaf/library/std/src/sys/backtrace.rs:170:18
[INFO] [stdout]   16:     0x5aa6731b84dc - rust_begin_unwind
[INFO] [stdout]                                at /rustc/90b35a6239c3d8bdabc530a6a0816f7ff89a0aaf/library/std/src/panicking.rs:665:5
[INFO] [stdout]   17:     0x5aa67313aa50 - core::panicking::panic_fmt::h0c3082644d1bf418
[INFO] [stdout]                                at /rustc/90b35a6239c3d8bdabc530a6a0816f7ff89a0aaf/library/core/src/panicking.rs:74:14
[INFO] [stdout]   18:     0x5aa67313ad7b - core::panicking::assert_failed_inner::h2ddf1fcc067fa858
[INFO] [stdout]   19:     0x5aa673145fff - core::panicking::assert_failed::h9db506333d146c7b
[INFO] [stdout]                                at /rustc/90b35a6239c3d8bdabc530a6a0816f7ff89a0aaf/library/core/src/panicking.rs:367:5
[INFO] [stdout]   20:     0x5aa673149382 - colormap::interpolation::test_step::h1f8604f9c103b2d2
[INFO] [stdout]                                at /opt/rustwide/workdir/src/interpolation/mod.rs:70:5
[INFO] [stdout]   21:     0x5aa673149167 - colormap::interpolation::test_step::{{closure}}::h71e8da6f0a01a5aa
[INFO] [stdout]                                at /opt/rustwide/workdir/src/interpolation/mod.rs:66:15
[INFO] [stdout]   22:     0x5aa673145bb6 - core::ops::function::FnOnce::call_once::hcf67b244a57fb4ea
[INFO] [stdout]                                at /rustc/90b35a6239c3d8bdabc530a6a0816f7ff89a0aaf/library/core/src/ops/function.rs:250:5
[INFO] [stdout]   23:     0x5aa673186e9b - core::ops::function::FnOnce::call_once::h109cf8051a59b34e
[INFO] [stdout]                                at /rustc/90b35a6239c3d8bdabc530a6a0816f7ff89a0aaf/library/core/src/ops/function.rs:250:5
[INFO] [stdout]   24:     0x5aa673186e9b - test::__rust_begin_short_backtrace::hf4fff89d377446ba
[INFO] [stdout]                                at /rustc/90b35a6239c3d8bdabc530a6a0816f7ff89a0aaf/library/test/src/lib.rs:621:18
[INFO] [stdout]   25:     0x5aa6731866d7 - test::run_test_in_process::{{closure}}::h0e39181dd7ee5a43
[INFO] [stdout]                                at /rustc/90b35a6239c3d8bdabc530a6a0816f7ff89a0aaf/library/test/src/lib.rs:644:60
[INFO] [stdout]   26:     0x5aa6731866d7 - <core::panic::unwind_safe::AssertUnwindSafe<F> as core::ops::function::FnOnce<()>>::call_once::hc5a66a30f0bdfd1f
[INFO] [stdout]                                at /rustc/90b35a6239c3d8bdabc530a6a0816f7ff89a0aaf/library/core/src/panic/unwind_safe.rs:272:9
[INFO] [stdout]   27:     0x5aa6731866d7 - std::panicking::try::do_call::h873b7cf639554a5e
[INFO] [stdout]                                at /rustc/90b35a6239c3d8bdabc530a6a0816f7ff89a0aaf/library/std/src/panicking.rs:557:40
[INFO] [stdout]   28:     0x5aa6731866d7 - std::panicking::try::hdb19862fad9c8bd1
[INFO] [stdout]                                at /rustc/90b35a6239c3d8bdabc530a6a0816f7ff89a0aaf/library/std/src/panicking.rs:520:19
[INFO] [stdout]   29:     0x5aa6731866d7 - std::panic::catch_unwind::h281fe732d236d260
[INFO] [stdout]                                at /rustc/90b35a6239c3d8bdabc530a6a0816f7ff89a0aaf/library/std/src/panic.rs:358:14
[INFO] [stdout]   30:     0x5aa6731866d7 - test::run_test_in_process::h949b6df8457ed338
[INFO] [stdout]                                at /rustc/90b35a6239c3d8bdabc530a6a0816f7ff89a0aaf/library/test/src/lib.rs:644:27
[INFO] [stdout]   31:     0x5aa6731866d7 - test::run_test::{{closure}}::h52c556a6d4740e10
[INFO] [stdout]                                at /rustc/90b35a6239c3d8bdabc530a6a0816f7ff89a0aaf/library/test/src/lib.rs:565:43
[INFO] [stdout]   32:     0x5aa67314b9b4 - test::run_test::{{closure}}::h4237f6381c45ccb9
[INFO] [stdout]                                at /rustc/90b35a6239c3d8bdabc530a6a0816f7ff89a0aaf/library/test/src/lib.rs:595:41
[INFO] [stdout]   33:     0x5aa67314b9b4 - std::sys::backtrace::__rust_begin_short_backtrace::h505c97a579eca628
[INFO] [stdout]                                at /rustc/90b35a6239c3d8bdabc530a6a0816f7ff89a0aaf/library/std/src/sys/backtrace.rs:154:18
[INFO] [stdout]   34:     0x5aa67314f07e - std::thread::Builder::spawn_unchecked_::{{closure}}::{{closure}}::h9e86b2e2bc107ea3
[INFO] [stdout]                                at /rustc/90b35a6239c3d8bdabc530a6a0816f7ff89a0aaf/library/std/src/thread/mod.rs:538:17
[INFO] [stdout]   35:     0x5aa67314f07e - <core::panic::unwind_safe::AssertUnwindSafe<F> as core::ops::function::FnOnce<()>>::call_once::h8b06ddb275ff4a25
[INFO] [stdout]                                at /rustc/90b35a6239c3d8bdabc530a6a0816f7ff89a0aaf/library/core/src/panic/unwind_safe.rs:272:9
[INFO] [stdout]   36:     0x5aa67314f07e - std::panicking::try::do_call::hb26ecd7cd9a9355d
[INFO] [stdout]                                at /rustc/90b35a6239c3d8bdabc530a6a0816f7ff89a0aaf/library/std/src/panicking.rs:557:40
[INFO] [stdout]   37:     0x5aa67314f07e - std::panicking::try::h8ddeca9d705f9069
[INFO] [stdout]                                at /rustc/90b35a6239c3d8bdabc530a6a0816f7ff89a0aaf/library/std/src/panicking.rs:520:19
[INFO] [stdout]   38:     0x5aa67314f07e - std::panic::catch_unwind::h49e1c33078844c46
[INFO] [stdout]                                at /rustc/90b35a6239c3d8bdabc530a6a0816f7ff89a0aaf/library/std/src/panic.rs:358:14
[INFO] [stdout]   39:     0x5aa67314f07e - std::thread::Builder::spawn_unchecked_::{{closure}}::h6073db6ff56ad35d
[INFO] [stdout]                                at /rustc/90b35a6239c3d8bdabc530a6a0816f7ff89a0aaf/library/std/src/thread/mod.rs:537:30
[INFO] [stdout]   40:     0x5aa67314f07e - core::ops::function::FnOnce::call_once{{vtable.shim}}::h2c5a5f3779c774f1
[INFO] [stdout]                                at /rustc/90b35a6239c3d8bdabc530a6a0816f7ff89a0aaf/library/core/src/ops/function.rs:250:5
[INFO] [stdout]   41:     0x5aa6731bc7db - <alloc::boxed::Box<F,A> as core::ops::function::FnOnce<Args>>::call_once::hf75717d9f28faebf
[INFO] [stdout]                                at /rustc/90b35a6239c3d8bdabc530a6a0816f7ff89a0aaf/library/alloc/src/boxed.rs:2454:9
[INFO] [stdout]   42:     0x5aa6731bc7db - <alloc::boxed::Box<F,A> as core::ops::function::FnOnce<Args>>::call_once::h7bd883a5f3c5f3c1
[INFO] [stdout]                                at /rustc/90b35a6239c3d8bdabc530a6a0816f7ff89a0aaf/library/alloc/src/boxed.rs:2454:9
[INFO] [stdout]   43:     0x5aa6731bc7db - std::sys::pal::unix::thread::Thread::new::thread_start::hcc78f3943333fa94
[INFO] [stdout]                                at /rustc/90b35a6239c3d8bdabc530a6a0816f7ff89a0aaf/library/std/src/sys/pal/unix/thread.rs:105:17
[INFO] [stdout]   44:     0x7f7838f00ac3 - <unknown>
[INFO] [stdout]   45:     0x7f7838f91a04 - clone
[INFO] [stdout]   46:                0x0 - <unknown>
[INFO] [stdout] 
[INFO] [stdout] 
[INFO] [stdout] failures:
[INFO] [stdout]     interpolation::test_linear
[INFO] [stdout]     interpolation::test_step
[INFO] [stdout] 
[INFO] [stdout] test result: FAILED. 0 passed; 2 failed; 0 ignored; 0 measured; 0 filtered out; finished in 0.04s
[INFO] [stdout] 
[INFO] [stderr] error: test failed, to rerun pass `--lib`
[INFO] running `Command { std: "docker" "inspect" "3f8fc626bba1a985d47487ff5889a7bdb464912be26c1c0a64149bd7d1d7d457", kill_on_drop: false }`
[INFO] running `Command { std: "docker" "rm" "-f" "3f8fc626bba1a985d47487ff5889a7bdb464912be26c1c0a64149bd7d1d7d457", kill_on_drop: false }`
[INFO] [stdout] 3f8fc626bba1a985d47487ff5889a7bdb464912be26c1c0a64149bd7d1d7d457
