[INFO] fetching crate colorful-console 0.3.0...
[INFO] testing colorful-console-0.3.0 against beta-2024-12-08 for beta-1.84.0-4-retry
[INFO] extracting crate colorful-console 0.3.0 into /workspace/builds/worker-7-tc2/source
[INFO] validating manifest of crates.io crate colorful-console 0.3.0 on toolchain beta-2024-12-08
[INFO] running `Command { std: CARGO_HOME="/workspace/cargo-home" RUSTUP_HOME="/workspace/rustup-home" "/workspace/cargo-home/bin/cargo" "+beta-2024-12-08" "metadata" "--manifest-path" "Cargo.toml" "--no-deps", kill_on_drop: false }`
[INFO] started tweaking crates.io crate colorful-console 0.3.0
[INFO] finished tweaking crates.io crate colorful-console 0.3.0
[INFO] tweaked toml for crates.io crate colorful-console 0.3.0 written to /workspace/builds/worker-7-tc2/source/Cargo.toml
[INFO] crate crates.io crate colorful-console 0.3.0 already has a lockfile, it will not be regenerated
[INFO] running `Command { std: CARGO_HOME="/workspace/cargo-home" RUSTUP_HOME="/workspace/rustup-home" "/workspace/cargo-home/bin/cargo" "+beta-2024-12-08" "fetch" "--manifest-path" "Cargo.toml", kill_on_drop: false }`
[INFO] [stderr]     Blocking waiting for file lock on package cache
[INFO] running `Command { std: "docker" "create" "-v" "/var/lib/crater-agent-workspace/builds/worker-7-tc2/target:/opt/rustwide/target:rw,Z" "-v" "/var/lib/crater-agent-workspace/builds/worker-7-tc2/source:/opt/rustwide/workdir:ro,Z" "-v" "/var/lib/crater-agent-workspace/cargo-home:/opt/rustwide/cargo-home:ro,Z" "-v" "/var/lib/crater-agent-workspace/rustup-home:/opt/rustwide/rustup-home:ro,Z" "-e" "SOURCE_DIR=/opt/rustwide/workdir" "-e" "CARGO_TARGET_DIR=/opt/rustwide/target" "-e" "CARGO_HOME=/opt/rustwide/cargo-home" "-e" "RUSTUP_HOME=/opt/rustwide/rustup-home" "-w" "/opt/rustwide/workdir" "-m" "1610612736" "--user" "0:0" "--network" "none" "ghcr.io/rust-lang/crates-build-env/linux@sha256:f3a9d4ad9d972b27faf3965f35b62e55ba32bbce8f20bc8fe909558a86702fde" "/opt/rustwide/cargo-home/bin/cargo" "+beta-2024-12-08" "metadata" "--no-deps" "--format-version=1", kill_on_drop: false }`
[INFO] [stdout] c78cdbd2a6f83b40bcaf7c92cfcf46aeecdde7d53df5c80710c512f366bea3bf
[INFO] running `Command { std: "docker" "start" "-a" "c78cdbd2a6f83b40bcaf7c92cfcf46aeecdde7d53df5c80710c512f366bea3bf", kill_on_drop: false }`
[INFO] running `Command { std: "docker" "inspect" "c78cdbd2a6f83b40bcaf7c92cfcf46aeecdde7d53df5c80710c512f366bea3bf", kill_on_drop: false }`
[INFO] running `Command { std: "docker" "rm" "-f" "c78cdbd2a6f83b40bcaf7c92cfcf46aeecdde7d53df5c80710c512f366bea3bf", kill_on_drop: false }`
[INFO] [stdout] c78cdbd2a6f83b40bcaf7c92cfcf46aeecdde7d53df5c80710c512f366bea3bf
[INFO] running `Command { std: "docker" "create" "-v" "/var/lib/crater-agent-workspace/builds/worker-7-tc2/target:/opt/rustwide/target:rw,Z" "-v" "/var/lib/crater-agent-workspace/builds/worker-7-tc2/source:/opt/rustwide/workdir:ro,Z" "-v" "/var/lib/crater-agent-workspace/cargo-home:/opt/rustwide/cargo-home:ro,Z" "-v" "/var/lib/crater-agent-workspace/rustup-home:/opt/rustwide/rustup-home:ro,Z" "-e" "SOURCE_DIR=/opt/rustwide/workdir" "-e" "CARGO_TARGET_DIR=/opt/rustwide/target" "-e" "CARGO_INCREMENTAL=0" "-e" "RUST_BACKTRACE=full" "-e" "RUSTFLAGS=--cap-lints=warn" "-e" "RUSTDOCFLAGS=--cap-lints=warn" "-e" "CARGO_HOME=/opt/rustwide/cargo-home" "-e" "RUSTUP_HOME=/opt/rustwide/rustup-home" "-w" "/opt/rustwide/workdir" "-m" "1610612736" "--user" "0:0" "--network" "none" "ghcr.io/rust-lang/crates-build-env/linux@sha256:f3a9d4ad9d972b27faf3965f35b62e55ba32bbce8f20bc8fe909558a86702fde" "/opt/rustwide/cargo-home/bin/cargo" "+beta-2024-12-08" "build" "--frozen" "--message-format=json", kill_on_drop: false }`
[INFO] [stdout] 9750b826d6461191883f668175ee99d7ec5c62a75d744ee3aa2e84cc4868f952
[INFO] running `Command { std: "docker" "start" "-a" "9750b826d6461191883f668175ee99d7ec5c62a75d744ee3aa2e84cc4868f952", kill_on_drop: false }`
[INFO] [stderr]    Compiling num-traits v0.2.19
[INFO] [stderr]    Compiling iana-time-zone v0.1.61
[INFO] [stderr]    Compiling chrono v0.4.38
[INFO] [stderr]    Compiling colorful-console v0.3.0 (/opt/rustwide/workdir)
[INFO] [stderr]     Finished `dev` profile [unoptimized + debuginfo] target(s) in 4.04s
[INFO] running `Command { std: "docker" "inspect" "9750b826d6461191883f668175ee99d7ec5c62a75d744ee3aa2e84cc4868f952", kill_on_drop: false }`
[INFO] running `Command { std: "docker" "rm" "-f" "9750b826d6461191883f668175ee99d7ec5c62a75d744ee3aa2e84cc4868f952", kill_on_drop: false }`
[INFO] [stdout] 9750b826d6461191883f668175ee99d7ec5c62a75d744ee3aa2e84cc4868f952
[INFO] running `Command { std: "docker" "create" "-v" "/var/lib/crater-agent-workspace/builds/worker-7-tc2/target:/opt/rustwide/target:rw,Z" "-v" "/var/lib/crater-agent-workspace/builds/worker-7-tc2/source:/opt/rustwide/workdir:ro,Z" "-v" "/var/lib/crater-agent-workspace/cargo-home:/opt/rustwide/cargo-home:ro,Z" "-v" "/var/lib/crater-agent-workspace/rustup-home:/opt/rustwide/rustup-home:ro,Z" "-e" "SOURCE_DIR=/opt/rustwide/workdir" "-e" "CARGO_TARGET_DIR=/opt/rustwide/target" "-e" "CARGO_INCREMENTAL=0" "-e" "RUST_BACKTRACE=full" "-e" "RUSTFLAGS=--cap-lints=warn" "-e" "RUSTDOCFLAGS=--cap-lints=warn" "-e" "CARGO_HOME=/opt/rustwide/cargo-home" "-e" "RUSTUP_HOME=/opt/rustwide/rustup-home" "-w" "/opt/rustwide/workdir" "-m" "1610612736" "--user" "0:0" "--network" "none" "ghcr.io/rust-lang/crates-build-env/linux@sha256:f3a9d4ad9d972b27faf3965f35b62e55ba32bbce8f20bc8fe909558a86702fde" "/opt/rustwide/cargo-home/bin/cargo" "+beta-2024-12-08" "test" "--frozen" "--no-run" "--message-format=json", kill_on_drop: false }`
[INFO] [stdout] bca6c08787bb55454475be7a6b73c79a9fa488921c639de3b4f5f39b9a958209
[INFO] running `Command { std: "docker" "start" "-a" "bca6c08787bb55454475be7a6b73c79a9fa488921c639de3b4f5f39b9a958209", kill_on_drop: false }`
[INFO] [stderr]    Compiling colorful-console v0.3.0 (/opt/rustwide/workdir)
[INFO] [stderr]     Finished `test` profile [unoptimized + debuginfo] target(s) in 0.46s
[INFO] running `Command { std: "docker" "inspect" "bca6c08787bb55454475be7a6b73c79a9fa488921c639de3b4f5f39b9a958209", kill_on_drop: false }`
[INFO] running `Command { std: "docker" "rm" "-f" "bca6c08787bb55454475be7a6b73c79a9fa488921c639de3b4f5f39b9a958209", kill_on_drop: false }`
[INFO] [stdout] bca6c08787bb55454475be7a6b73c79a9fa488921c639de3b4f5f39b9a958209
[INFO] running `Command { std: "docker" "create" "-v" "/var/lib/crater-agent-workspace/builds/worker-7-tc2/target:/opt/rustwide/target:rw,Z" "-v" "/var/lib/crater-agent-workspace/builds/worker-7-tc2/source:/opt/rustwide/workdir:ro,Z" "-v" "/var/lib/crater-agent-workspace/cargo-home:/opt/rustwide/cargo-home:ro,Z" "-v" "/var/lib/crater-agent-workspace/rustup-home:/opt/rustwide/rustup-home:ro,Z" "-e" "SOURCE_DIR=/opt/rustwide/workdir" "-e" "CARGO_TARGET_DIR=/opt/rustwide/target" "-e" "CARGO_INCREMENTAL=0" "-e" "RUST_BACKTRACE=full" "-e" "RUSTFLAGS=--cap-lints=warn" "-e" "RUSTDOCFLAGS=--cap-lints=warn" "-e" "CARGO_HOME=/opt/rustwide/cargo-home" "-e" "RUSTUP_HOME=/opt/rustwide/rustup-home" "-w" "/opt/rustwide/workdir" "-m" "1610612736" "--user" "0:0" "--network" "none" "ghcr.io/rust-lang/crates-build-env/linux@sha256:f3a9d4ad9d972b27faf3965f35b62e55ba32bbce8f20bc8fe909558a86702fde" "/opt/rustwide/cargo-home/bin/cargo" "+beta-2024-12-08" "test" "--frozen", kill_on_drop: false }`
[INFO] [stdout] 66d865b75f71ca9d7b1fcfdfd0c9a83e332a4666ca4639d9a0bbfed77f169d22
[INFO] running `Command { std: "docker" "start" "-a" "66d865b75f71ca9d7b1fcfdfd0c9a83e332a4666ca4639d9a0bbfed77f169d22", kill_on_drop: false }`
[INFO] [stderr]     Finished `test` profile [unoptimized + debuginfo] target(s) in 0.02s
[INFO] [stderr]      Running unittests src/lib.rs (/opt/rustwide/target/debug/deps/colorful_console-7edec15274268509)
[INFO] [stdout] 
[INFO] [stdout] running 0 tests
[INFO] [stdout] 
[INFO] [stdout] test result: ok. 0 passed; 0 failed; 0 ignored; 0 measured; 0 filtered out; finished in 0.00s
[INFO] [stdout] 
[INFO] [stderr]      Running unittests src/bin/main.rs (/opt/rustwide/target/debug/deps/main-73c0758b13cab612)
[INFO] [stdout] 
[INFO] [stdout] running 0 tests
[INFO] [stdout] 
[INFO] [stdout] test result: ok. 0 passed; 0 failed; 0 ignored; 0 measured; 0 filtered out; finished in 0.00s
[INFO] [stdout] 
[INFO] [stderr]    Doc-tests colorful_console
[INFO] [stdout] 
[INFO] [stdout] running 3 tests
[INFO] [stdout] test src/lib.rs - color_wrap (line 147) ... ok
[INFO] [stdout] test src/lib.rs - (line 3) ... ok
[INFO] [stdout] test src/lib.rs - Result<T,E>::catch_error (line 25) ... FAILED
[INFO] [stdout] 
[INFO] [stdout] failures:
[INFO] [stdout] 
[INFO] [stdout] ---- src/lib.rs - Result<T,E>::catch_error (line 25) stdout ----
[INFO] [stdout] Test executable failed (exit status: 1).
[INFO] [stdout] 
[INFO] [stdout] stdout:
[INFO] [stdout] [38;5;9m[ERROR][0m [38;5;7m15/12/2024, 02:58:53[0m [38;5;9mAn error occurred: Os {
[INFO] [stdout]     code: 2,
[INFO] [stdout]     kind: NotFound,
[INFO] [stdout]     message: "No such file or directory",
[INFO] [stdout] }[0m
[INFO] [stdout] 
[INFO] [stdout] 
[INFO] [stdout] 
[INFO] [stdout] failures:
[INFO] [stdout]     src/lib.rs - Result<T,E>::catch_error (line 25)
[INFO] [stdout] 
[INFO] [stdout] test result: FAILED. 2 passed; 1 failed; 0 ignored; 0 measured; 0 filtered out; finished in 0.72s
[INFO] [stdout] 
[INFO] [stderr] error: doctest failed, to rerun pass `--doc`
[INFO] running `Command { std: "docker" "inspect" "66d865b75f71ca9d7b1fcfdfd0c9a83e332a4666ca4639d9a0bbfed77f169d22", kill_on_drop: false }`
[INFO] running `Command { std: "docker" "rm" "-f" "66d865b75f71ca9d7b1fcfdfd0c9a83e332a4666ca4639d9a0bbfed77f169d22", kill_on_drop: false }`
[INFO] [stdout] 66d865b75f71ca9d7b1fcfdfd0c9a83e332a4666ca4639d9a0bbfed77f169d22
