[INFO] fetching crate colored-macro-macro 0.2.0...
[INFO] testing colored-macro-macro-0.2.0 against 1.83.0 for beta-1.84.0-4-retry
[INFO] extracting crate colored-macro-macro 0.2.0 into /workspace/builds/worker-1-tc1/source
[INFO] validating manifest of crates.io crate colored-macro-macro 0.2.0 on toolchain 1.83.0
[INFO] running `Command { std: CARGO_HOME="/workspace/cargo-home" RUSTUP_HOME="/workspace/rustup-home" "/workspace/cargo-home/bin/cargo" "+1.83.0" "metadata" "--manifest-path" "Cargo.toml" "--no-deps", kill_on_drop: false }`
[INFO] started tweaking crates.io crate colored-macro-macro 0.2.0
[INFO] finished tweaking crates.io crate colored-macro-macro 0.2.0
[INFO] tweaked toml for crates.io crate colored-macro-macro 0.2.0 written to /workspace/builds/worker-1-tc1/source/Cargo.toml
[INFO] running `Command { std: CARGO_HOME="/workspace/cargo-home" RUSTUP_HOME="/workspace/rustup-home" "/workspace/cargo-home/bin/cargo" "+1.83.0" "generate-lockfile" "--manifest-path" "Cargo.toml", kill_on_drop: false }`
[INFO] [stderr]     Updating crates.io index
[INFO] [stderr]      Locking 6 packages to latest compatible versions
[INFO] running `Command { std: CARGO_HOME="/workspace/cargo-home" RUSTUP_HOME="/workspace/rustup-home" "/workspace/cargo-home/bin/cargo" "+1.83.0" "fetch" "--manifest-path" "Cargo.toml", kill_on_drop: false }`
[INFO] [stderr]  Downloading crates ...
[INFO] [stderr]   Downloaded colored-macro-impl v0.2.0
[INFO] [stderr]   Downloaded css-color v0.2.8
[INFO] running `Command { std: "docker" "create" "-v" "/var/lib/crater-agent-workspace/builds/worker-1-tc1/target:/opt/rustwide/target:rw,Z" "-v" "/var/lib/crater-agent-workspace/builds/worker-1-tc1/source:/opt/rustwide/workdir:ro,Z" "-v" "/var/lib/crater-agent-workspace/cargo-home:/opt/rustwide/cargo-home:ro,Z" "-v" "/var/lib/crater-agent-workspace/rustup-home:/opt/rustwide/rustup-home:ro,Z" "-e" "SOURCE_DIR=/opt/rustwide/workdir" "-e" "CARGO_TARGET_DIR=/opt/rustwide/target" "-e" "CARGO_HOME=/opt/rustwide/cargo-home" "-e" "RUSTUP_HOME=/opt/rustwide/rustup-home" "-w" "/opt/rustwide/workdir" "-m" "1610612736" "--user" "0:0" "--network" "none" "ghcr.io/rust-lang/crates-build-env/linux@sha256:f3a9d4ad9d972b27faf3965f35b62e55ba32bbce8f20bc8fe909558a86702fde" "/opt/rustwide/cargo-home/bin/cargo" "+1.83.0" "metadata" "--no-deps" "--format-version=1", kill_on_drop: false }`
[INFO] [stdout] 66b7f2ab57d7236e4ee8b6ae8c9e3d192c17e4cf0f505d6fd3418a4657192c76
[INFO] running `Command { std: "docker" "start" "-a" "66b7f2ab57d7236e4ee8b6ae8c9e3d192c17e4cf0f505d6fd3418a4657192c76", kill_on_drop: false }`
[INFO] running `Command { std: "docker" "inspect" "66b7f2ab57d7236e4ee8b6ae8c9e3d192c17e4cf0f505d6fd3418a4657192c76", kill_on_drop: false }`
[INFO] running `Command { std: "docker" "rm" "-f" "66b7f2ab57d7236e4ee8b6ae8c9e3d192c17e4cf0f505d6fd3418a4657192c76", kill_on_drop: false }`
[INFO] [stdout] 66b7f2ab57d7236e4ee8b6ae8c9e3d192c17e4cf0f505d6fd3418a4657192c76
[INFO] running `Command { std: "docker" "create" "-v" "/var/lib/crater-agent-workspace/builds/worker-1-tc1/target:/opt/rustwide/target:rw,Z" "-v" "/var/lib/crater-agent-workspace/builds/worker-1-tc1/source:/opt/rustwide/workdir:ro,Z" "-v" "/var/lib/crater-agent-workspace/cargo-home:/opt/rustwide/cargo-home:ro,Z" "-v" "/var/lib/crater-agent-workspace/rustup-home:/opt/rustwide/rustup-home:ro,Z" "-e" "SOURCE_DIR=/opt/rustwide/workdir" "-e" "CARGO_TARGET_DIR=/opt/rustwide/target" "-e" "CARGO_INCREMENTAL=0" "-e" "RUST_BACKTRACE=full" "-e" "RUSTFLAGS=--cap-lints=warn" "-e" "RUSTDOCFLAGS=--cap-lints=warn" "-e" "CARGO_HOME=/opt/rustwide/cargo-home" "-e" "RUSTUP_HOME=/opt/rustwide/rustup-home" "-w" "/opt/rustwide/workdir" "-m" "1610612736" "--user" "0:0" "--network" "none" "ghcr.io/rust-lang/crates-build-env/linux@sha256:f3a9d4ad9d972b27faf3965f35b62e55ba32bbce8f20bc8fe909558a86702fde" "/opt/rustwide/cargo-home/bin/cargo" "+1.83.0" "build" "--frozen" "--message-format=json", kill_on_drop: false }`
[INFO] [stdout] 4cca4e2def68963225be1c74bc11060ea3644e34b7a288199d8b27da64ddfc4f
[INFO] running `Command { std: "docker" "start" "-a" "4cca4e2def68963225be1c74bc11060ea3644e34b7a288199d8b27da64ddfc4f", kill_on_drop: false }`
[INFO] [stderr]    Compiling css-color v0.2.8
[INFO] [stderr]    Compiling colored-macro-impl v0.2.0
[INFO] [stderr]    Compiling colored-macro-macro v0.2.0 (/opt/rustwide/workdir)
[INFO] [stderr]     Finished `dev` profile [unoptimized + debuginfo] target(s) in 1.30s
[INFO] running `Command { std: "docker" "inspect" "4cca4e2def68963225be1c74bc11060ea3644e34b7a288199d8b27da64ddfc4f", kill_on_drop: false }`
[INFO] running `Command { std: "docker" "rm" "-f" "4cca4e2def68963225be1c74bc11060ea3644e34b7a288199d8b27da64ddfc4f", kill_on_drop: false }`
[INFO] [stdout] 4cca4e2def68963225be1c74bc11060ea3644e34b7a288199d8b27da64ddfc4f
[INFO] running `Command { std: "docker" "create" "-v" "/var/lib/crater-agent-workspace/builds/worker-1-tc1/target:/opt/rustwide/target:rw,Z" "-v" "/var/lib/crater-agent-workspace/builds/worker-1-tc1/source:/opt/rustwide/workdir:ro,Z" "-v" "/var/lib/crater-agent-workspace/cargo-home:/opt/rustwide/cargo-home:ro,Z" "-v" "/var/lib/crater-agent-workspace/rustup-home:/opt/rustwide/rustup-home:ro,Z" "-e" "SOURCE_DIR=/opt/rustwide/workdir" "-e" "CARGO_TARGET_DIR=/opt/rustwide/target" "-e" "CARGO_INCREMENTAL=0" "-e" "RUST_BACKTRACE=full" "-e" "RUSTFLAGS=--cap-lints=warn" "-e" "RUSTDOCFLAGS=--cap-lints=warn" "-e" "CARGO_HOME=/opt/rustwide/cargo-home" "-e" "RUSTUP_HOME=/opt/rustwide/rustup-home" "-w" "/opt/rustwide/workdir" "-m" "1610612736" "--user" "0:0" "--network" "none" "ghcr.io/rust-lang/crates-build-env/linux@sha256:f3a9d4ad9d972b27faf3965f35b62e55ba32bbce8f20bc8fe909558a86702fde" "/opt/rustwide/cargo-home/bin/cargo" "+1.83.0" "test" "--frozen" "--no-run" "--message-format=json", kill_on_drop: false }`
[INFO] [stdout] 58d1b0a44c23368fe454d28211b27893479264124807f4b320bc9eb2f150a49f
[INFO] running `Command { std: "docker" "start" "-a" "58d1b0a44c23368fe454d28211b27893479264124807f4b320bc9eb2f150a49f", kill_on_drop: false }`
[INFO] [stderr]    Compiling colored-macro-macro v0.2.0 (/opt/rustwide/workdir)
[INFO] [stderr]     Finished `test` profile [unoptimized + debuginfo] target(s) in 0.51s
[INFO] running `Command { std: "docker" "inspect" "58d1b0a44c23368fe454d28211b27893479264124807f4b320bc9eb2f150a49f", kill_on_drop: false }`
[INFO] running `Command { std: "docker" "rm" "-f" "58d1b0a44c23368fe454d28211b27893479264124807f4b320bc9eb2f150a49f", kill_on_drop: false }`
[INFO] [stdout] 58d1b0a44c23368fe454d28211b27893479264124807f4b320bc9eb2f150a49f
[INFO] running `Command { std: "docker" "create" "-v" "/var/lib/crater-agent-workspace/builds/worker-1-tc1/target:/opt/rustwide/target:rw,Z" "-v" "/var/lib/crater-agent-workspace/builds/worker-1-tc1/source:/opt/rustwide/workdir:ro,Z" "-v" "/var/lib/crater-agent-workspace/cargo-home:/opt/rustwide/cargo-home:ro,Z" "-v" "/var/lib/crater-agent-workspace/rustup-home:/opt/rustwide/rustup-home:ro,Z" "-e" "SOURCE_DIR=/opt/rustwide/workdir" "-e" "CARGO_TARGET_DIR=/opt/rustwide/target" "-e" "CARGO_INCREMENTAL=0" "-e" "RUST_BACKTRACE=full" "-e" "RUSTFLAGS=--cap-lints=warn" "-e" "RUSTDOCFLAGS=--cap-lints=warn" "-e" "CARGO_HOME=/opt/rustwide/cargo-home" "-e" "RUSTUP_HOME=/opt/rustwide/rustup-home" "-w" "/opt/rustwide/workdir" "-m" "1610612736" "--user" "0:0" "--network" "none" "ghcr.io/rust-lang/crates-build-env/linux@sha256:f3a9d4ad9d972b27faf3965f35b62e55ba32bbce8f20bc8fe909558a86702fde" "/opt/rustwide/cargo-home/bin/cargo" "+1.83.0" "test" "--frozen", kill_on_drop: false }`
[INFO] [stdout] f9e28b01e00e188eb2ce0678ac601e08d4b11aa111dba4cf129285a817cba2cd
[INFO] running `Command { std: "docker" "start" "-a" "f9e28b01e00e188eb2ce0678ac601e08d4b11aa111dba4cf129285a817cba2cd", kill_on_drop: false }`
[INFO] [stderr]     Finished `test` profile [unoptimized + debuginfo] target(s) in 0.01s
[INFO] [stderr]      Running unittests src/lib.rs (/opt/rustwide/target/debug/deps/colored_macro_macro-ad9286acd5dec254)
[INFO] [stdout] 
[INFO] [stdout] running 0 tests
[INFO] [stdout] 
[INFO] [stdout] test result: ok. 0 passed; 0 failed; 0 ignored; 0 measured; 0 filtered out; finished in 0.00s
[INFO] [stdout] 
[INFO] [stderr]    Doc-tests colored_macro_macro
[INFO] [stdout] 
[INFO] [stdout] running 1 test
[INFO] [stdout] test src/lib.rs - colored_macro (line 10) - compile ... FAILED
[INFO] [stdout] 
[INFO] [stdout] failures:
[INFO] [stdout] 
[INFO] [stdout] ---- src/lib.rs - colored_macro (line 10) stdout ----
[INFO] [stdout] error[E0432]: unresolved import `colored_macro`
[INFO] [stdout]  --> src/lib.rs:11:5
[INFO] [stdout]   |
[INFO] [stdout] 2 | use colored_macro::colored_macro;
[INFO] [stdout]   |     ^^^^^^^^^^^^^ use of undeclared crate or module `colored_macro`
[INFO] [stdout] 
[INFO] [stdout] error: aborting due to 1 previous error
[INFO] [stdout] 
[INFO] [stdout] For more information about this error, try `rustc --explain E0432`.
[INFO] [stdout] Couldn't compile the test.
[INFO] [stdout] 
[INFO] [stdout] failures:
[INFO] [stdout]     src/lib.rs - colored_macro (line 10)
[INFO] [stdout] 
[INFO] [stdout] test result: FAILED. 0 passed; 1 failed; 0 ignored; 0 measured; 0 filtered out; finished in 0.03s
[INFO] [stdout] 
[INFO] [stderr] error: doctest failed, to rerun pass `--doc`
[INFO] running `Command { std: "docker" "inspect" "f9e28b01e00e188eb2ce0678ac601e08d4b11aa111dba4cf129285a817cba2cd", kill_on_drop: false }`
[INFO] running `Command { std: "docker" "rm" "-f" "f9e28b01e00e188eb2ce0678ac601e08d4b11aa111dba4cf129285a817cba2cd", kill_on_drop: false }`
[INFO] [stdout] f9e28b01e00e188eb2ce0678ac601e08d4b11aa111dba4cf129285a817cba2cd
