[INFO] fetching crate collectd-plugin 0.15.0...
[INFO] testing collectd-plugin-0.15.0 against 1.83.0 for beta-1.84.0-4-retry
[INFO] extracting crate collectd-plugin 0.15.0 into /workspace/builds/worker-7-tc1/source
[INFO] validating manifest of crates.io crate collectd-plugin 0.15.0 on toolchain 1.83.0
[INFO] running `Command { std: CARGO_HOME="/workspace/cargo-home" RUSTUP_HOME="/workspace/rustup-home" "/workspace/cargo-home/bin/cargo" "+1.83.0" "metadata" "--manifest-path" "Cargo.toml" "--no-deps", kill_on_drop: false }`
[INFO] started tweaking crates.io crate collectd-plugin 0.15.0
[INFO] removed 0 missing examples
[INFO] finished tweaking crates.io crate collectd-plugin 0.15.0
[INFO] tweaked toml for crates.io crate collectd-plugin 0.15.0 written to /workspace/builds/worker-7-tc1/source/Cargo.toml
[INFO] crate crates.io crate collectd-plugin 0.15.0 already has a lockfile, it will not be regenerated
[INFO] running `Command { std: CARGO_HOME="/workspace/cargo-home" RUSTUP_HOME="/workspace/rustup-home" "/workspace/cargo-home/bin/cargo" "+1.83.0" "fetch" "--manifest-path" "Cargo.toml", kill_on_drop: false }`
[INFO] [stderr]  Downloading crates ...
[INFO] [stderr]   Downloaded trybuild v1.0.99
[INFO] running `Command { std: "docker" "create" "-v" "/var/lib/crater-agent-workspace/builds/worker-7-tc1/target:/opt/rustwide/target:rw,Z" "-v" "/var/lib/crater-agent-workspace/builds/worker-7-tc1/source:/opt/rustwide/workdir:ro,Z" "-v" "/var/lib/crater-agent-workspace/cargo-home:/opt/rustwide/cargo-home:ro,Z" "-v" "/var/lib/crater-agent-workspace/rustup-home:/opt/rustwide/rustup-home:ro,Z" "-e" "SOURCE_DIR=/opt/rustwide/workdir" "-e" "CARGO_TARGET_DIR=/opt/rustwide/target" "-e" "CARGO_HOME=/opt/rustwide/cargo-home" "-e" "RUSTUP_HOME=/opt/rustwide/rustup-home" "-w" "/opt/rustwide/workdir" "-m" "1610612736" "--user" "0:0" "--network" "none" "ghcr.io/rust-lang/crates-build-env/linux@sha256:f3a9d4ad9d972b27faf3965f35b62e55ba32bbce8f20bc8fe909558a86702fde" "/opt/rustwide/cargo-home/bin/cargo" "+1.83.0" "metadata" "--no-deps" "--format-version=1", kill_on_drop: false }`
[INFO] [stdout] 60b5e6b0000e18d802aaf9d11203bfadf3225af48e9d2c7b988423ab4bdd9502
[INFO] running `Command { std: "docker" "start" "-a" "60b5e6b0000e18d802aaf9d11203bfadf3225af48e9d2c7b988423ab4bdd9502", kill_on_drop: false }`
[INFO] running `Command { std: "docker" "inspect" "60b5e6b0000e18d802aaf9d11203bfadf3225af48e9d2c7b988423ab4bdd9502", kill_on_drop: false }`
[INFO] running `Command { std: "docker" "rm" "-f" "60b5e6b0000e18d802aaf9d11203bfadf3225af48e9d2c7b988423ab4bdd9502", kill_on_drop: false }`
[INFO] [stdout] 60b5e6b0000e18d802aaf9d11203bfadf3225af48e9d2c7b988423ab4bdd9502
[INFO] running `Command { std: "docker" "create" "-v" "/var/lib/crater-agent-workspace/builds/worker-7-tc1/target:/opt/rustwide/target:rw,Z" "-v" "/var/lib/crater-agent-workspace/builds/worker-7-tc1/source:/opt/rustwide/workdir:ro,Z" "-v" "/var/lib/crater-agent-workspace/cargo-home:/opt/rustwide/cargo-home:ro,Z" "-v" "/var/lib/crater-agent-workspace/rustup-home:/opt/rustwide/rustup-home:ro,Z" "-e" "SOURCE_DIR=/opt/rustwide/workdir" "-e" "CARGO_TARGET_DIR=/opt/rustwide/target" "-e" "CARGO_INCREMENTAL=0" "-e" "RUST_BACKTRACE=full" "-e" "RUSTFLAGS=--cap-lints=warn" "-e" "RUSTDOCFLAGS=--cap-lints=warn" "-e" "CARGO_HOME=/opt/rustwide/cargo-home" "-e" "RUSTUP_HOME=/opt/rustwide/rustup-home" "-w" "/opt/rustwide/workdir" "-m" "1610612736" "--user" "0:0" "--network" "none" "ghcr.io/rust-lang/crates-build-env/linux@sha256:f3a9d4ad9d972b27faf3965f35b62e55ba32bbce8f20bc8fe909558a86702fde" "/opt/rustwide/cargo-home/bin/cargo" "+1.83.0" "build" "--frozen" "--message-format=json", kill_on_drop: false }`
[INFO] [stdout] 8a6cbec01f46ee44b015375d49136a9376cd8e26e717216ec122e669258de0e9
[INFO] running `Command { std: "docker" "start" "-a" "8a6cbec01f46ee44b015375d49136a9376cd8e26e717216ec122e669258de0e9", kill_on_drop: false }`
[INFO] [stderr]    Compiling proc-macro2 v1.0.86
[INFO] [stderr]    Compiling unicode-ident v1.0.12
[INFO] [stderr]    Compiling memchr v2.7.4
[INFO] [stderr]    Compiling autocfg v1.3.0
[INFO] [stderr]    Compiling regex-syntax v0.8.4
[INFO] [stderr]    Compiling serde v1.0.204
[INFO] [stderr]    Compiling libc v0.2.155
[INFO] [stderr]    Compiling iana-time-zone v0.1.60
[INFO] [stderr]    Compiling bitflags v2.6.0
[INFO] [stderr]    Compiling num-traits v0.2.19
[INFO] [stderr]    Compiling quote v1.0.36
[INFO] [stderr]    Compiling aho-corasick v1.1.3
[INFO] [stderr]    Compiling syn v2.0.72
[INFO] [stderr]    Compiling chrono v0.4.38
[INFO] [stderr]    Compiling regex-automata v0.4.7
[INFO] [stderr]    Compiling regex v1.10.6
[INFO] [stderr]    Compiling serde_derive v1.0.204
[INFO] [stderr]    Compiling collectd-plugin v0.15.0 (/opt/rustwide/workdir)
[INFO] [stderr]    Compiling log v0.4.22
[INFO] [stderr]    Compiling env_logger v0.10.2
[INFO] [stdout] warning: use of deprecated type alias `std::panic::PanicInfo`: use `PanicHookInfo` instead
[INFO] [stdout]  --> src/errors.rs:3:17
[INFO] [stdout]   |
[INFO] [stdout] 3 | use std::panic::PanicInfo;
[INFO] [stdout]   |                 ^^^^^^^^^
[INFO] [stdout]   |
[INFO] [stdout]   = note: `#[warn(deprecated)]` on by default
[INFO] [stdout] 
[INFO] [stdout] 
[INFO] [stdout] warning: use of deprecated type alias `std::panic::PanicInfo`: use `PanicHookInfo` instead
[INFO] [stdout]    --> src/errors.rs:210:19
[INFO] [stdout]     |
[INFO] [stdout] 210 |     PanicHook(&'a PanicInfo<'a>),
[INFO] [stdout]     |                   ^^^^^^^^^
[INFO] [stdout] 
[INFO] [stdout] 
[INFO] [stderr]     Finished `dev` profile [unoptimized + debuginfo] target(s) in 18.23s
[INFO] running `Command { std: "docker" "inspect" "8a6cbec01f46ee44b015375d49136a9376cd8e26e717216ec122e669258de0e9", kill_on_drop: false }`
[INFO] running `Command { std: "docker" "rm" "-f" "8a6cbec01f46ee44b015375d49136a9376cd8e26e717216ec122e669258de0e9", kill_on_drop: false }`
[INFO] [stdout] 8a6cbec01f46ee44b015375d49136a9376cd8e26e717216ec122e669258de0e9
[INFO] running `Command { std: "docker" "create" "-v" "/var/lib/crater-agent-workspace/builds/worker-7-tc1/target:/opt/rustwide/target:rw,Z" "-v" "/var/lib/crater-agent-workspace/builds/worker-7-tc1/source:/opt/rustwide/workdir:ro,Z" "-v" "/var/lib/crater-agent-workspace/cargo-home:/opt/rustwide/cargo-home:ro,Z" "-v" "/var/lib/crater-agent-workspace/rustup-home:/opt/rustwide/rustup-home:ro,Z" "-e" "SOURCE_DIR=/opt/rustwide/workdir" "-e" "CARGO_TARGET_DIR=/opt/rustwide/target" "-e" "CARGO_INCREMENTAL=0" "-e" "RUST_BACKTRACE=full" "-e" "RUSTFLAGS=--cap-lints=warn" "-e" "RUSTDOCFLAGS=--cap-lints=warn" "-e" "CARGO_HOME=/opt/rustwide/cargo-home" "-e" "RUSTUP_HOME=/opt/rustwide/rustup-home" "-w" "/opt/rustwide/workdir" "-m" "1610612736" "--user" "0:0" "--network" "none" "ghcr.io/rust-lang/crates-build-env/linux@sha256:f3a9d4ad9d972b27faf3965f35b62e55ba32bbce8f20bc8fe909558a86702fde" "/opt/rustwide/cargo-home/bin/cargo" "+1.83.0" "test" "--frozen" "--no-run" "--message-format=json", kill_on_drop: false }`
[INFO] [stdout] 642b3eabfd402e3bde1efed5733263af61f0d86d2aeb4763f50e9a44353aed7d
[INFO] running `Command { std: "docker" "start" "-a" "642b3eabfd402e3bde1efed5733263af61f0d86d2aeb4763f50e9a44353aed7d", kill_on_drop: false }`
[INFO] [stderr]    Compiling crossbeam-utils v0.8.20
[INFO] [stderr]    Compiling regex-syntax v0.8.4
[INFO] [stderr]    Compiling serde_json v1.0.122
[INFO] [stderr]    Compiling itoa v1.0.11
[INFO] [stderr]    Compiling rayon-core v1.12.1
[INFO] [stderr]    Compiling hashbrown v0.14.5
[INFO] [stderr]    Compiling cfg-if v1.0.0
[INFO] [stderr]    Compiling either v1.13.0
[INFO] [stderr]    Compiling ryu v1.0.18
[INFO] [stderr]    Compiling equivalent v1.0.1
[INFO] [stderr]    Compiling aho-corasick v1.1.3
[INFO] [stderr]    Compiling anstyle v1.0.8
[INFO] [stderr]    Compiling plotters-backend v0.3.6
[INFO] [stderr]    Compiling ciborium-io v0.2.2
[INFO] [stderr]    Compiling clap_lex v0.7.2
[INFO] [stderr]    Compiling toml_datetime v0.6.8
[INFO] [stderr]    Compiling half v2.4.1
[INFO] [stderr]    Compiling serde_spanned v0.6.7
[INFO] [stderr]    Compiling winnow v0.6.18
[INFO] [stderr]    Compiling same-file v1.0.6
[INFO] [stderr]    Compiling trybuild v1.0.99
[INFO] [stderr]    Compiling plotters-svg v0.3.6
[INFO] [stderr]    Compiling itertools v0.10.5
[INFO] [stderr]    Compiling clap_builder v4.5.13
[INFO] [stderr]    Compiling ciborium-ll v0.2.2
[INFO] [stderr]    Compiling anyhow v1.0.86
[INFO] [stderr]    Compiling cast v0.3.0
[INFO] [stderr]    Compiling doc-comment v0.3.3
[INFO] [stderr]    Compiling walkdir v2.5.0
[INFO] [stderr]    Compiling plotters v0.3.6
[INFO] [stderr]    Compiling indexmap v2.3.0
[INFO] [stderr]    Compiling ciborium v0.2.2
[INFO] [stderr]    Compiling is-terminal v0.4.12
[INFO] [stderr]    Compiling anes v0.1.6
[INFO] [stderr]    Compiling oorandom v11.1.4
[INFO] [stderr]    Compiling once_cell v1.19.0
[INFO] [stderr]    Compiling termcolor v1.4.1
[INFO] [stderr]    Compiling glob v0.3.1
[INFO] [stderr]    Compiling serde_test v1.0.177
[INFO] [stderr]    Compiling num_cpus v1.16.0
[INFO] [stderr]    Compiling crossbeam-epoch v0.9.18
[INFO] [stderr]    Compiling crossbeam-deque v0.8.5
[INFO] [stderr]    Compiling tinytemplate v1.2.1
[INFO] [stderr]    Compiling rayon v1.10.0
[INFO] [stderr]    Compiling criterion-plot v0.5.0
[INFO] [stderr]    Compiling regex-automata v0.4.7
[INFO] [stderr]    Compiling clap v4.5.13
[INFO] [stderr]    Compiling toml_edit v0.22.20
[INFO] [stderr]    Compiling regex v1.10.6
[INFO] [stderr]    Compiling criterion v0.5.1
[INFO] [stderr]    Compiling toml v0.8.19
[INFO] [stderr]    Compiling collectd-plugin v0.15.0 (/opt/rustwide/workdir)
[INFO] [stdout] warning: use of deprecated type alias `std::panic::PanicInfo`: use `PanicHookInfo` instead
[INFO] [stdout]  --> src/errors.rs:3:17
[INFO] [stdout]   |
[INFO] [stdout] 3 | use std::panic::PanicInfo;
[INFO] [stdout]   |                 ^^^^^^^^^
[INFO] [stdout]   |
[INFO] [stdout]   = note: `#[warn(deprecated)]` on by default
[INFO] [stdout] 
[INFO] [stdout] 
[INFO] [stdout] warning: use of deprecated type alias `std::panic::PanicInfo`: use `PanicHookInfo` instead
[INFO] [stdout]    --> src/errors.rs:210:19
[INFO] [stdout]     |
[INFO] [stdout] 210 |     PanicHook(&'a PanicInfo<'a>),
[INFO] [stdout]     |                   ^^^^^^^^^
[INFO] [stdout] 
[INFO] [stdout] 
[INFO] [stdout] warning: struct `MyErrorManager` is never constructed
[INFO] [stdout]   --> examples/myerror.rs:11:8
[INFO] [stdout]    |
[INFO] [stdout] 11 | struct MyErrorManager;
[INFO] [stdout]    |        ^^^^^^^^^^^^^^
[INFO] [stdout]    |
[INFO] [stdout]    = note: `MyErrorManager` has a derived impl for the trait `Default`, but this is intentionally ignored during dead code analysis
[INFO] [stdout]    = note: `#[warn(dead_code)]` on by default
[INFO] [stdout] 
[INFO] [stdout] 
[INFO] [stdout] warning: use of deprecated type alias `std::panic::PanicInfo`: use `PanicHookInfo` instead
[INFO] [stdout]  --> src/errors.rs:3:17
[INFO] [stdout]   |
[INFO] [stdout] 3 | use std::panic::PanicInfo;
[INFO] [stdout]   |                 ^^^^^^^^^
[INFO] [stdout]   |
[INFO] [stdout]   = note: `#[warn(deprecated)]` on by default
[INFO] [stdout] 
[INFO] [stdout] 
[INFO] [stdout] warning: use of deprecated type alias `std::panic::PanicInfo`: use `PanicHookInfo` instead
[INFO] [stdout]    --> src/errors.rs:210:19
[INFO] [stdout]     |
[INFO] [stdout] 210 |     PanicHook(&'a PanicInfo<'a>),
[INFO] [stdout]     |                   ^^^^^^^^^
[INFO] [stdout] 
[INFO] [stdout] 
[INFO] [stderr]     Finished `test` profile [unoptimized + debuginfo] target(s) in 26.01s
[INFO] running `Command { std: "docker" "inspect" "642b3eabfd402e3bde1efed5733263af61f0d86d2aeb4763f50e9a44353aed7d", kill_on_drop: false }`
[INFO] running `Command { std: "docker" "rm" "-f" "642b3eabfd402e3bde1efed5733263af61f0d86d2aeb4763f50e9a44353aed7d", kill_on_drop: false }`
[INFO] [stdout] 642b3eabfd402e3bde1efed5733263af61f0d86d2aeb4763f50e9a44353aed7d
[INFO] running `Command { std: "docker" "create" "-v" "/var/lib/crater-agent-workspace/builds/worker-7-tc1/target:/opt/rustwide/target:rw,Z" "-v" "/var/lib/crater-agent-workspace/builds/worker-7-tc1/source:/opt/rustwide/workdir:ro,Z" "-v" "/var/lib/crater-agent-workspace/cargo-home:/opt/rustwide/cargo-home:ro,Z" "-v" "/var/lib/crater-agent-workspace/rustup-home:/opt/rustwide/rustup-home:ro,Z" "-e" "SOURCE_DIR=/opt/rustwide/workdir" "-e" "CARGO_TARGET_DIR=/opt/rustwide/target" "-e" "CARGO_INCREMENTAL=0" "-e" "RUST_BACKTRACE=full" "-e" "RUSTFLAGS=--cap-lints=warn" "-e" "RUSTDOCFLAGS=--cap-lints=warn" "-e" "CARGO_HOME=/opt/rustwide/cargo-home" "-e" "RUSTUP_HOME=/opt/rustwide/rustup-home" "-w" "/opt/rustwide/workdir" "-m" "1610612736" "--user" "0:0" "--network" "none" "ghcr.io/rust-lang/crates-build-env/linux@sha256:f3a9d4ad9d972b27faf3965f35b62e55ba32bbce8f20bc8fe909558a86702fde" "/opt/rustwide/cargo-home/bin/cargo" "+1.83.0" "test" "--frozen", kill_on_drop: false }`
[INFO] [stdout] d8dddae0dea93c642fd11319ae74fe96cabf380162cf1b24350d8d2a590a8fb8
[INFO] running `Command { std: "docker" "start" "-a" "d8dddae0dea93c642fd11319ae74fe96cabf380162cf1b24350d8d2a590a8fb8", kill_on_drop: false }`
[INFO] [stderr] warning: use of deprecated type alias `std::panic::PanicInfo`: use `PanicHookInfo` instead
[INFO] [stderr]  --> src/errors.rs:3:17
[INFO] [stderr]   |
[INFO] [stderr] 3 | use std::panic::PanicInfo;
[INFO] [stderr]   |                 ^^^^^^^^^
[INFO] [stderr]   |
[INFO] [stderr]   = note: `#[warn(deprecated)]` on by default
[INFO] [stderr] 
[INFO] [stderr] warning: use of deprecated type alias `std::panic::PanicInfo`: use `PanicHookInfo` instead
[INFO] [stderr]    --> src/errors.rs:210:19
[INFO] [stderr]     |
[INFO] [stderr] 210 |     PanicHook(&'a PanicInfo<'a>),
[INFO] [stderr]     |                   ^^^^^^^^^
[INFO] [stderr] 
[INFO] [stderr] warning: `collectd-plugin` (lib) generated 2 warnings
[INFO] [stderr] warning: struct `MyErrorManager` is never constructed
[INFO] [stderr]   --> examples/myerror.rs:11:8
[INFO] [stderr]    |
[INFO] [stderr] 11 | struct MyErrorManager;
[INFO] [stderr]    |        ^^^^^^^^^^^^^^
[INFO] [stderr]    |
[INFO] [stderr]    = note: `MyErrorManager` has a derived impl for the trait `Default`, but this is intentionally ignored during dead code analysis
[INFO] [stderr]    = note: `#[warn(dead_code)]` on by default
[INFO] [stderr] 
[INFO] [stderr] warning: `collectd-plugin` (example "myerror") generated 1 warning
[INFO] [stderr] warning: `collectd-plugin` (lib test) generated 2 warnings (2 duplicates)
[INFO] [stderr]     Finished `test` profile [unoptimized + debuginfo] target(s) in 0.11s
[INFO] [stderr]      Running unittests src/lib.rs (/opt/rustwide/target/debug/deps/collectd_plugin-44e8cc8fd778c9cc)
[INFO] [stdout] 
[INFO] [stdout] running 48 tests
[INFO] [stdout] test api::cdtime::tests::test_collectd_to_duration ... ok
[INFO] [stdout] test api::cdtime::tests::test_collectd_to_datetime ... ok
[INFO] [stdout] test api::tests::test_from_array ... ok
[INFO] [stdout] test api::cdtime::tests::test_collectd_to_nanos ... ok
[INFO] [stdout] test api::cdtime::tests::test_datetime_to_collectd ... ok
[INFO] [stdout] test api::cdtime::tests::test_nanos_to_collectd ... ok
[INFO] [stdout] test api::tests::test_submit ... ok
[INFO] [stdout] test api::tests::test_to_array ... ok
[INFO] [stdout] test api::tests::test_to_array_res_nul ... ok
[INFO] [stdout] test api::tests::test_to_array_res_too_long ... ok
[INFO] [stdout] test bindings::bindgen_test_layout_data_set_s ... ok
[INFO] [stdout] test bindings::bindgen_test_layout_data_source_s ... ok
[INFO] [stdout] test bindings::bindgen_test_layout_notification_meta_s ... ok
[INFO] [stdout] test bindings::bindgen_test_layout_notification_meta_s__bindgen_ty_1 ... ok
[INFO] [stdout] test bindings::bindgen_test_layout_notification_s ... ok
[INFO] [stdout] test bindings::bindgen_test_layout_oconfig_value_s ... ok
[INFO] [stdout] test bindings::bindgen_test_layout_oconfig_item_s ... ok
[INFO] [stdout] test bindings::bindgen_test_layout_oconfig_value_s__bindgen_ty_1 ... ok
[INFO] [stdout] test bindings::bindgen_test_layout_value_list_s ... ok
[INFO] [stdout] test bindings::bindgen_test_layout_value_u ... ok
[INFO] [stdout] test de::tests::test_log_serde_enum ... ok
[INFO] [stdout] test de::tests::test_serde_bool_vec ... ok
[INFO] [stdout] test de::tests::test_serde_char ... ok
[INFO] [stdout] test de::tests::test_serde_bool_vec_sep ... ok
[INFO] [stdout] test de::tests::test_serde_enum ... ok
[INFO] [stdout] test de::tests::test_serde_ignore ... ok
[INFO] [stdout] test de::tests::test_serde_log_level ... ok
[INFO] [stdout] test api::tests::test_recv_value_list_conversion ... ok
[INFO] [stdout] test bindings::bindgen_test_layout_user_data_s ... ok
[INFO] [stdout] test de::tests::test_serde_empty_bool ... ok
[INFO] [stdout] test bindings::bindgen_test_layout_plugin_ctx_s ... ok
[INFO] [stdout] test de::tests::test_serde_multiple ... ok
[INFO] [stdout] test de::tests::test_serde_multiple_vec ... ok
[INFO] [stdout] test de::tests::test_serde_new_type ... ok
[INFO] [stdout] test de::tests::test_serde_nested_multiple ... ok
[INFO] [stdout] test de::tests::test_serde_nested ... ok
[INFO] [stdout] test de::tests::test_serde_simple_number ... ok
[INFO] [stdout] test de::tests::test_serde_simple_str ... ok
[INFO] [stdout] test de::tests::test_serde_options ... ok
[INFO] [stdout] test ser::tests::test_ser_value_counter ... ok
[INFO] [stdout] test de::tests::test_serde_simple_string ... ok
[INFO] [stdout] test plugins::tests::test_plugin_capabilities ... ok
[INFO] [stdout] test api::tests::test_empty_to_none ... ok
[INFO] [stdout] test bindings::bindgen_test_layout_pthread_attr_t ... ok
[INFO] [stdout] test ser::tests::test_ser_value_derive ... ok
[INFO] [stdout] test ser::tests::test_ser_value_gauge ... ok
[INFO] [stdout] test de::tests::test_serde_simple_bool ... ok
[INFO] [stdout] test ser::tests::test_ser_value_absolute ... ok
[INFO] [stdout] 
[INFO] [stdout] test result: ok. 48 passed; 0 failed; 0 ignored; 0 measured; 0 filtered out; finished in 0.02s
[INFO] [stdout] 
[INFO] [stderr]      Running tests/compiles.rs (/opt/rustwide/target/debug/deps/compiles-950b3216f655aa67)
[INFO] [stdout] 
[INFO] [stdout] running 1 test
[INFO] [stderr]    Compiling proc-macro2 v1.0.86
[INFO] [stderr]    Compiling unicode-ident v1.0.12
[INFO] [stderr]    Compiling serde v1.0.204
[INFO] [stderr]    Compiling crossbeam-utils v0.8.20
[INFO] [stderr]    Compiling autocfg v1.3.0
[INFO] [stderr]     Checking memchr v2.7.4
[INFO] [stderr]    Compiling libc v0.2.155
[INFO] [stderr]    Compiling regex-syntax v0.8.4
[INFO] [stderr]    Compiling serde_json v1.0.122
[INFO] [stderr]     Checking cfg-if v1.0.0
[INFO] [stderr]    Compiling rayon-core v1.12.1
[INFO] [stderr]     Checking either v1.13.0
[INFO] [stderr]     Checking itoa v1.0.11
[INFO] [stderr]     Checking ryu v1.0.18
[INFO] [stderr]     Checking ciborium-io v0.2.2
[INFO] [stderr]     Checking half v2.4.1
[INFO] [stderr]     Checking plotters-backend v0.3.6
[INFO] [stderr]     Checking clap_lex v0.7.2
[INFO] [stderr]     Checking anstyle v1.0.8
[INFO] [stderr]     Checking plotters-svg v0.3.6
[INFO] [stderr]     Checking same-file v1.0.6
[INFO] [stderr]     Checking itertools v0.10.5
[INFO] [stderr]     Checking cast v0.3.0
[INFO] [stderr]     Checking iana-time-zone v0.1.60
[INFO] [stderr]    Compiling anyhow v1.0.86
[INFO] [stderr]     Checking ciborium-ll v0.2.2
[INFO] [stderr]    Compiling doc-comment v0.3.3
[INFO] [stderr]     Checking walkdir v2.5.0
[INFO] [stderr]     Checking anes v0.1.6
[INFO] [stderr]     Checking once_cell v1.19.0
[INFO] [stderr]     Checking clap_builder v4.5.13
[INFO] [stderr]     Checking oorandom v11.1.4
[INFO] [stderr]     Checking bitflags v2.6.0
[INFO] [stderr]    Compiling num-traits v0.2.19
[INFO] [stderr]     Checking aho-corasick v1.1.3
[INFO] [stderr]    Compiling quote v1.0.36
[INFO] [stderr]     Checking crossbeam-epoch v0.9.18
[INFO] [stderr]    Compiling syn v2.0.72
[INFO] [stderr]     Checking is-terminal v0.4.12
[INFO] [stderr]     Checking num_cpus v1.16.0
[INFO] [stderr]     Checking crossbeam-deque v0.8.5
[INFO] [stderr]     Checking criterion-plot v0.5.0
[INFO] [stderr]     Checking rayon v1.10.0
[INFO] [stderr]     Checking chrono v0.4.38
[INFO] [stderr]     Checking plotters v0.3.6
[INFO] [stderr]     Checking regex-automata v0.4.7
[INFO] [stderr]     Checking clap v4.5.13
[INFO] [stderr]     Checking regex v1.10.6
[INFO] [stderr]    Compiling serde_derive v1.0.204
[INFO] [stderr]    Compiling collectd-plugin v0.15.0 (/opt/rustwide/workdir)
[INFO] [stderr]     Checking log v0.4.22
[INFO] [stderr]     Checking ciborium v0.2.2
[INFO] [stderr]     Checking serde_test v1.0.177
[INFO] [stderr]     Checking env_logger v0.10.2
[INFO] [stderr] warning: use of deprecated type alias `std::panic::PanicInfo`: use `PanicHookInfo` instead
[INFO] [stderr]  --> /opt/rustwide/workdir/src/errors.rs:3:17
[INFO] [stderr]   |
[INFO] [stderr] 3 | use std::panic::PanicInfo;
[INFO] [stderr]   |                 ^^^^^^^^^
[INFO] [stderr]   |
[INFO] [stderr]   = note: `#[warn(deprecated)]` on by default
[INFO] [stderr] 
[INFO] [stderr] warning: use of deprecated type alias `std::panic::PanicInfo`: use `PanicHookInfo` instead
[INFO] [stderr]    --> /opt/rustwide/workdir/src/errors.rs:210:19
[INFO] [stderr]     |
[INFO] [stderr] 210 |     PanicHook(&'a PanicInfo<'a>),
[INFO] [stderr]     |                   ^^^^^^^^^
[INFO] [stderr] 
[INFO] [stderr]     Checking tinytemplate v1.2.1
[INFO] [stderr] warning: `collectd-plugin` (lib) generated 2 warnings
[INFO] [stderr]     Checking criterion v0.5.1
[INFO] [stderr]     Checking collectd-plugin-tests v0.0.0 (/opt/rustwide/target/tests/trybuild/collectd-plugin)
[INFO] [stderr]     Finished `dev` profile [unoptimized + debuginfo] target(s) in 33.55s
[INFO] [stderr] 
[INFO] [stderr] 
[INFO] [stderr] test tests/compile-fail/non-sync.rs ... mismatch
[INFO] [stderr] 
[INFO] [stderr] EXPECTED:
[INFO] [stderr] ┈┈┈┈┈┈┈┈┈┈┈┈┈┈┈┈┈┈┈┈┈┈┈┈┈┈┈┈┈┈┈┈┈┈┈┈┈┈┈┈┈┈┈┈┈┈┈┈┈┈┈┈┈┈┈┈┈┈┈┈
[INFO] [stderr] error[E0277]: `RefCell<std::string::String>` cannot be shared between threads safely
[INFO] [stderr]   --> tests/compile-fail/non-sync.rs:10:17
[INFO] [stderr]    |
[INFO] [stderr] 10 | impl Plugin for MyPlugin {
[INFO] [stderr]    |                 ^^^^^^^^ `RefCell<std::string::String>` cannot be shared between threads safely
[INFO] [stderr]    |
[INFO] [stderr]    = help: within `MyPlugin`, the trait `Sync` is not implemented for `RefCell<std::string::String>`, which is required by `MyPlugin: Sync`
[INFO] [stderr]    = note: if you want to do aliasing and mutation between multiple threads, use `std::sync::RwLock` instead
[INFO] [stderr] note: required because it appears within the type `MyPlugin`
[INFO] [stderr]   --> tests/compile-fail/non-sync.rs:6:12
[INFO] [stderr]    |
[INFO] [stderr] 6  | pub struct MyPlugin {
[INFO] [stderr]    |            ^^^^^^^^
[INFO] [stderr] note: required by a bound in `Plugin`
[INFO] [stderr]   --> src/plugins.rs
[INFO] [stderr]    |
[INFO] [stderr]    | pub trait Plugin: Send + Sync + UnwindSafe + RefUnwindSafe {
[INFO] [stderr]    |                          ^^^^ required by this bound in `Plugin`
[INFO] [stderr] 
[INFO] [stderr] error[E0277]: the type `UnsafeCell<std::string::String>` may contain interior mutability and a reference may not be safely transferrable across a catch_unwind boundary
[INFO] [stderr]   --> tests/compile-fail/non-sync.rs:10:17
[INFO] [stderr]    |
[INFO] [stderr] 10 | impl Plugin for MyPlugin {
[INFO] [stderr]    |                 ^^^^^^^^ `UnsafeCell<std::string::String>` may contain interior mutability and a reference may not be safely transferrable across a catch_unwind boundary
[INFO] [stderr]    |
[INFO] [stderr]    = help: within `MyPlugin`, the trait `RefUnwindSafe` is not implemented for `UnsafeCell<std::string::String>`, which is required by `MyPlugin: RefUnwindSafe`
[INFO] [stderr] note: required because it appears within the type `RefCell<std::string::String>`
[INFO] [stderr]   --> $RUST/core/src/cell.rs
[INFO] [stderr]    |
[INFO] [stderr]    | pub struct RefCell<T: ?Sized> {
[INFO] [stderr]    |            ^^^^^^^
[INFO] [stderr] note: required because it appears within the type `MyPlugin`
[INFO] [stderr]   --> tests/compile-fail/non-sync.rs:6:12
[INFO] [stderr]    |
[INFO] [stderr] 6  | pub struct MyPlugin {
[INFO] [stderr]    |            ^^^^^^^^
[INFO] [stderr] note: required by a bound in `Plugin`
[INFO] [stderr]   --> src/plugins.rs
[INFO] [stderr]    |
[INFO] [stderr]    | pub trait Plugin: Send + Sync + UnwindSafe + RefUnwindSafe {
[INFO] [stderr]    |                                              ^^^^^^^^^^^^^ required by this bound in `Plugin`
[INFO] [stderr] 
[INFO] [stderr] error[E0277]: the type `UnsafeCell<isize>` may contain interior mutability and a reference may not be safely transferrable across a catch_unwind boundary
[INFO] [stderr]   --> tests/compile-fail/non-sync.rs:10:17
[INFO] [stderr]    |
[INFO] [stderr] 10 | impl Plugin for MyPlugin {
[INFO] [stderr]    |                 ^^^^^^^^ `UnsafeCell<isize>` may contain interior mutability and a reference may not be safely transferrable across a catch_unwind boundary
[INFO] [stderr]    |
[INFO] [stderr]    = help: within `MyPlugin`, the trait `RefUnwindSafe` is not implemented for `UnsafeCell<isize>`, which is required by `MyPlugin: RefUnwindSafe`
[INFO] [stderr] note: required because it appears within the type `Cell<isize>`
[INFO] [stderr]   --> $RUST/core/src/cell.rs
[INFO] [stderr]    |
[INFO] [stderr]    | pub struct Cell<T: ?Sized> {
[INFO] [stderr]    |            ^^^^
[INFO] [stderr] note: required because it appears within the type `RefCell<std::string::String>`
[INFO] [stderr]   --> $RUST/core/src/cell.rs
[INFO] [stderr]    |
[INFO] [stderr]    | pub struct RefCell<T: ?Sized> {
[INFO] [stderr]    |            ^^^^^^^
[INFO] [stderr] note: required because it appears within the type `MyPlugin`
[INFO] [stderr]   --> tests/compile-fail/non-sync.rs:6:12
[INFO] [stderr]    |
[INFO] [stderr] 6  | pub struct MyPlugin {
[INFO] [stderr]    |            ^^^^^^^^
[INFO] [stderr] note: required by a bound in `Plugin`
[INFO] [stderr]   --> src/plugins.rs
[INFO] [stderr]    |
[INFO] [stderr]    | pub trait Plugin: Send + Sync + UnwindSafe + RefUnwindSafe {
[INFO] [stderr]    |                                              ^^^^^^^^^^^^^ required by this bound in `Plugin`
[INFO] [stderr] ┈┈┈┈┈┈┈┈┈┈┈┈┈┈┈┈┈┈┈┈┈┈┈┈┈┈┈┈┈┈┈┈┈┈┈┈┈┈┈┈┈┈┈┈┈┈┈┈┈┈┈┈┈┈┈┈┈┈┈┈
[INFO] [stderr] 
[INFO] [stderr] ACTUAL OUTPUT:
[INFO] [stderr] ┈┈┈┈┈┈┈┈┈┈┈┈┈┈┈┈┈┈┈┈┈┈┈┈┈┈┈┈┈┈┈┈┈┈┈┈┈┈┈┈┈┈┈┈┈┈┈┈┈┈┈┈┈┈┈┈┈┈┈┈
[INFO] [stderr] error[E0277]: `RefCell<std::string::String>` cannot be shared between threads safely
[INFO] [stderr]   --> tests/compile-fail/non-sync.rs:10:17
[INFO] [stderr]    |
[INFO] [stderr] 10 | impl Plugin for MyPlugin {
[INFO] [stderr]    |                 ^^^^^^^^ `RefCell<std::string::String>` cannot be shared between threads safely
[INFO] [stderr]    |
[INFO] [stderr]    = help: within `MyPlugin`, the trait `Sync` is not implemented for `RefCell<std::string::String>`, which is required by `MyPlugin: Sync`
[INFO] [stderr]    = note: if you want to do aliasing and mutation between multiple threads, use `std::sync::RwLock` instead
[INFO] [stderr] note: required because it appears within the type `MyPlugin`
[INFO] [stderr]   --> tests/compile-fail/non-sync.rs:6:12
[INFO] [stderr]    |
[INFO] [stderr] 6  | pub struct MyPlugin {
[INFO] [stderr]    |            ^^^^^^^^
[INFO] [stderr] note: required by a bound in `Plugin`
[INFO] [stderr]   --> src/plugins.rs
[INFO] [stderr]    |
[INFO] [stderr]    | pub trait Plugin: Send + Sync + UnwindSafe + RefUnwindSafe {
[INFO] [stderr]    |                          ^^^^ required by this bound in `Plugin`
[INFO] [stderr] 
[INFO] [stderr] error[E0277]: the type `UnsafeCell<std::string::String>` may contain interior mutability and a reference may not be safely transferrable across a catch_unwind boundary
[INFO] [stderr]   --> tests/compile-fail/non-sync.rs:10:17
[INFO] [stderr]    |
[INFO] [stderr] 10 | impl Plugin for MyPlugin {
[INFO] [stderr]    |                 ^^^^^^^^ `UnsafeCell<std::string::String>` may contain interior mutability and a reference may not be safely transferrable across a catch_unwind boundary
[INFO] [stderr]    |
[INFO] [stderr]    = help: within `MyPlugin`, the trait `RefUnwindSafe` is not implemented for `UnsafeCell<std::string::String>`, which is required by `MyPlugin: RefUnwindSafe`
[INFO] [stderr] note: required because it appears within the type `RefCell<std::string::String>`
[INFO] [stderr]   --> $RUST/core/src/cell.rs
[INFO] [stderr] note: required because it appears within the type `MyPlugin`
[INFO] [stderr]   --> tests/compile-fail/non-sync.rs:6:12
[INFO] [stderr]    |
[INFO] [stderr] 6  | pub struct MyPlugin {
[INFO] [stderr]    |            ^^^^^^^^
[INFO] [stderr] note: required by a bound in `Plugin`
[INFO] [stderr]   --> src/plugins.rs
[INFO] [stderr]    |
[INFO] [stderr]    | pub trait Plugin: Send + Sync + UnwindSafe + RefUnwindSafe {
[INFO] [stderr]    |                                              ^^^^^^^^^^^^^ required by this bound in `Plugin`
[INFO] [stderr] 
[INFO] [stderr] error[E0277]: the type `UnsafeCell<isize>` may contain interior mutability and a reference may not be safely transferrable across a catch_unwind boundary
[INFO] [stderr]   --> tests/compile-fail/non-sync.rs:10:17
[INFO] [stderr]    |
[INFO] [stderr] 10 | impl Plugin for MyPlugin {
[INFO] [stderr]    |                 ^^^^^^^^ `UnsafeCell<isize>` may contain interior mutability and a reference may not be safely transferrable across a catch_unwind boundary
[INFO] [stderr]    |
[INFO] [stderr]    = help: within `MyPlugin`, the trait `RefUnwindSafe` is not implemented for `UnsafeCell<isize>`, which is required by `MyPlugin: RefUnwindSafe`
[INFO] [stderr] note: required because it appears within the type `Cell<isize>`
[INFO] [stderr]   --> $RUST/core/src/cell.rs
[INFO] [stderr] note: required because it appears within the type `RefCell<std::string::String>`
[INFO] [stderr]   --> $RUST/core/src/cell.rs
[INFO] [stderr] note: required because it appears within the type `MyPlugin`
[INFO] [stderr]   --> tests/compile-fail/non-sync.rs:6:12
[INFO] [stderr]    |
[INFO] [stderr] 6  | pub struct MyPlugin {
[INFO] [stderr]    |            ^^^^^^^^
[INFO] [stderr] note: required by a bound in `Plugin`
[INFO] [stderr]   --> src/plugins.rs
[INFO] [stderr]    |
[INFO] [stderr]    | pub trait Plugin: Send + Sync + UnwindSafe + RefUnwindSafe {
[INFO] [stderr]    |                                              ^^^^^^^^^^^^^ required by this bound in `Plugin`
[INFO] [stderr] ┈┈┈┈┈┈┈┈┈┈┈┈┈┈┈┈┈┈┈┈┈┈┈┈┈┈┈┈┈┈┈┈┈┈┈┈┈┈┈┈┈┈┈┈┈┈┈┈┈┈┈┈┈┈┈┈┈┈┈┈
[INFO] [stderr] note: If the actual output is the correct output you can bless it by rerunning
[INFO] [stderr]       your test with the environment variable TRYBUILD=overwrite
[INFO] [stderr] 
[INFO] [stderr] 
[INFO] [stderr] 
[INFO] [stderr] error: test failed, to rerun pass `--test compiles`
[INFO] [stdout] test ui ... FAILED
[INFO] [stdout] 
[INFO] [stdout] failures:
[INFO] [stdout] 
[INFO] [stdout] ---- ui stdout ----
[INFO] [stdout] thread 'ui' panicked at /opt/rustwide/cargo-home/registry/src/index.crates.io-6f17d22bba15001f/trybuild-1.0.99/src/run.rs:101:13:
[INFO] [stdout] 1 of 1 tests failed
[INFO] [stdout] stack backtrace:
[INFO] [stdout]    0:     0x55650225dc9a - std::backtrace_rs::backtrace::libunwind::trace::h5a5b8284f2d0c266
[INFO] [stdout]                                at /rustc/90b35a6239c3d8bdabc530a6a0816f7ff89a0aaf/library/std/src/../../backtrace/src/backtrace/libunwind.rs:116:5
[INFO] [stdout]    1:     0x55650225dc9a - std::backtrace_rs::backtrace::trace_unsynchronized::h76d4f1c9b0b875e3
[INFO] [stdout]                                at /rustc/90b35a6239c3d8bdabc530a6a0816f7ff89a0aaf/library/std/src/../../backtrace/src/backtrace/mod.rs:66:5
[INFO] [stdout]    2:     0x55650225dc9a - std::sys::backtrace::_print_fmt::hc4546b8364a537c6
[INFO] [stdout]                                at /rustc/90b35a6239c3d8bdabc530a6a0816f7ff89a0aaf/library/std/src/sys/backtrace.rs:66:9
[INFO] [stdout]    3:     0x55650225dc9a - <std::sys::backtrace::BacktraceLock::print::DisplayBacktrace as core::fmt::Display>::fmt::h5b6bd5631a6d1f6b
[INFO] [stdout]                                at /rustc/90b35a6239c3d8bdabc530a6a0816f7ff89a0aaf/library/std/src/sys/backtrace.rs:39:26
[INFO] [stdout]    4:     0x5565022868a3 - core::fmt::rt::Argument::fmt::h270f6602a2b96f62
[INFO] [stdout]                                at /rustc/90b35a6239c3d8bdabc530a6a0816f7ff89a0aaf/library/core/src/fmt/rt.rs:177:76
[INFO] [stdout]    5:     0x5565022868a3 - core::fmt::write::h7550c97b06c86515
[INFO] [stdout]                                at /rustc/90b35a6239c3d8bdabc530a6a0816f7ff89a0aaf/library/core/src/fmt/mod.rs:1186:21
[INFO] [stdout]    6:     0x55650225a373 - std::io::Write::write_fmt::h509ff860e5956e5e
[INFO] [stdout]                                at /rustc/90b35a6239c3d8bdabc530a6a0816f7ff89a0aaf/library/std/src/io/mod.rs:1839:15
[INFO] [stdout]    7:     0x55650225dae2 - std::sys::backtrace::BacktraceLock::print::h2395ccd2c84ba3aa
[INFO] [stdout]                                at /rustc/90b35a6239c3d8bdabc530a6a0816f7ff89a0aaf/library/std/src/sys/backtrace.rs:42:9
[INFO] [stdout]    8:     0x55650225f6fa - std::panicking::default_hook::{{closure}}::he19d4c7230e07961
[INFO] [stdout]                                at /rustc/90b35a6239c3d8bdabc530a6a0816f7ff89a0aaf/library/std/src/panicking.rs:268:22
[INFO] [stdout]    9:     0x55650225f504 - std::panicking::default_hook::hf614597d3c67bbdb
[INFO] [stdout]                                at /rustc/90b35a6239c3d8bdabc530a6a0816f7ff89a0aaf/library/std/src/panicking.rs:292:9
[INFO] [stdout]   10:     0x556502227e29 - <alloc::boxed::Box<F,A> as core::ops::function::Fn<Args>>::call::h39b51ce4599c23d1
[INFO] [stdout]                                at /rustc/90b35a6239c3d8bdabc530a6a0816f7ff89a0aaf/library/alloc/src/boxed.rs:2468:9
[INFO] [stdout]   11:     0x556502227e29 - test::test_main::{{closure}}::he977ae839a582784
[INFO] [stdout]                                at /rustc/90b35a6239c3d8bdabc530a6a0816f7ff89a0aaf/library/test/src/lib.rs:133:21
[INFO] [stdout]   12:     0x55650225fd98 - <alloc::boxed::Box<F,A> as core::ops::function::Fn<Args>>::call::h9455091b6b06f9fb
[INFO] [stdout]                                at /rustc/90b35a6239c3d8bdabc530a6a0816f7ff89a0aaf/library/alloc/src/boxed.rs:2468:9
[INFO] [stdout]   13:     0x55650225fd98 - std::panicking::rust_panic_with_hook::h8942133a8b252070
[INFO] [stdout]                                at /rustc/90b35a6239c3d8bdabc530a6a0816f7ff89a0aaf/library/std/src/panicking.rs:809:13
[INFO] [stdout]   14:     0x55650225fb5a - std::panicking::begin_panic_handler::{{closure}}::hb5f5963570096b29
[INFO] [stdout]                                at /rustc/90b35a6239c3d8bdabc530a6a0816f7ff89a0aaf/library/std/src/panicking.rs:674:13
[INFO] [stdout]   15:     0x55650225e179 - std::sys::backtrace::__rust_end_short_backtrace::h6208cedc1922feda
[INFO] [stdout]                                at /rustc/90b35a6239c3d8bdabc530a6a0816f7ff89a0aaf/library/std/src/sys/backtrace.rs:170:18
[INFO] [stdout]   16:     0x55650225f7ec - rust_begin_unwind
[INFO] [stdout]                                at /rustc/90b35a6239c3d8bdabc530a6a0816f7ff89a0aaf/library/std/src/panicking.rs:665:5
[INFO] [stdout]   17:     0x556501f3c210 - core::panicking::panic_fmt::h0c3082644d1bf418
[INFO] [stdout]                                at /rustc/90b35a6239c3d8bdabc530a6a0816f7ff89a0aaf/library/core/src/panicking.rs:74:14
[INFO] [stdout]   18:     0x556501fa4e4f - trybuild::run::<impl trybuild::Runner>::run::ha08c5024177e9048
[INFO] [stdout]                                at /opt/rustwide/cargo-home/registry/src/index.crates.io-6f17d22bba15001f/trybuild-1.0.99/src/run.rs:101:13
[INFO] [stdout]   19:     0x556501faa518 - <trybuild::TestCases as core::ops::drop::Drop>::drop::hd912039c5cb6f9e8
[INFO] [stdout]                                at /opt/rustwide/cargo-home/registry/src/index.crates.io-6f17d22bba15001f/trybuild-1.0.99/src/lib.rs:319:13
[INFO] [stdout]   20:     0x556501f3ce57 - core::ptr::drop_in_place<trybuild::TestCases>::hbafd2a25a196cfef
[INFO] [stdout]                                at /rustc/90b35a6239c3d8bdabc530a6a0816f7ff89a0aaf/library/core/src/ptr/mod.rs:574:1
[INFO] [stdout]   21:     0x556501f3d593 - compiles::ui::h32f78e5ea331108c
[INFO] [stdout]                                at /opt/rustwide/workdir/tests/compiles.rs:5:1
[INFO] [stdout]   22:     0x556501f3d527 - compiles::ui::{{closure}}::hbe42f14131166d39
[INFO] [stdout]                                at /opt/rustwide/workdir/tests/compiles.rs:2:8
[INFO] [stdout]   23:     0x556501f3ce06 - core::ops::function::FnOnce::call_once::hf173429821a75d6e
[INFO] [stdout]                                at /rustc/90b35a6239c3d8bdabc530a6a0816f7ff89a0aaf/library/core/src/ops/function.rs:250:5
[INFO] [stdout]   24:     0x55650222c7eb - core::ops::function::FnOnce::call_once::h109cf8051a59b34e
[INFO] [stdout]                                at /rustc/90b35a6239c3d8bdabc530a6a0816f7ff89a0aaf/library/core/src/ops/function.rs:250:5
[INFO] [stdout]   25:     0x55650222c7eb - test::__rust_begin_short_backtrace::hf4fff89d377446ba
[INFO] [stdout]                                at /rustc/90b35a6239c3d8bdabc530a6a0816f7ff89a0aaf/library/test/src/lib.rs:621:18
[INFO] [stdout]   26:     0x55650222c027 - test::run_test_in_process::{{closure}}::h0e39181dd7ee5a43
[INFO] [stdout]                                at /rustc/90b35a6239c3d8bdabc530a6a0816f7ff89a0aaf/library/test/src/lib.rs:644:60
[INFO] [stdout]   27:     0x55650222c027 - <core::panic::unwind_safe::AssertUnwindSafe<F> as core::ops::function::FnOnce<()>>::call_once::hc5a66a30f0bdfd1f
[INFO] [stdout]                                at /rustc/90b35a6239c3d8bdabc530a6a0816f7ff89a0aaf/library/core/src/panic/unwind_safe.rs:272:9
[INFO] [stdout]   28:     0x55650222c027 - std::panicking::try::do_call::h873b7cf639554a5e
[INFO] [stdout]                                at /rustc/90b35a6239c3d8bdabc530a6a0816f7ff89a0aaf/library/std/src/panicking.rs:557:40
[INFO] [stdout]   29:     0x55650222c027 - std::panicking::try::hdb19862fad9c8bd1
[INFO] [stdout]                                at /rustc/90b35a6239c3d8bdabc530a6a0816f7ff89a0aaf/library/std/src/panicking.rs:520:19
[INFO] [stdout]   30:     0x55650222c027 - std::panic::catch_unwind::h281fe732d236d260
[INFO] [stdout]                                at /rustc/90b35a6239c3d8bdabc530a6a0816f7ff89a0aaf/library/std/src/panic.rs:358:14
[INFO] [stdout]   31:     0x55650222c027 - test::run_test_in_process::h949b6df8457ed338
[INFO] [stdout]                                at /rustc/90b35a6239c3d8bdabc530a6a0816f7ff89a0aaf/library/test/src/lib.rs:644:27
[INFO] [stdout]   32:     0x55650222c027 - test::run_test::{{closure}}::h52c556a6d4740e10
[INFO] [stdout]                                at /rustc/90b35a6239c3d8bdabc530a6a0816f7ff89a0aaf/library/test/src/lib.rs:565:43
[INFO] [stdout]   33:     0x5565021f1304 - test::run_test::{{closure}}::h4237f6381c45ccb9
[INFO] [stdout]                                at /rustc/90b35a6239c3d8bdabc530a6a0816f7ff89a0aaf/library/test/src/lib.rs:595:41
[INFO] [stdout]   34:     0x5565021f1304 - std::sys::backtrace::__rust_begin_short_backtrace::h505c97a579eca628
[INFO] [stdout]                                at /rustc/90b35a6239c3d8bdabc530a6a0816f7ff89a0aaf/library/std/src/sys/backtrace.rs:154:18
[INFO] [stdout]   35:     0x5565021f49ce - std::thread::Builder::spawn_unchecked_::{{closure}}::{{closure}}::h9e86b2e2bc107ea3
[INFO] [stdout]                                at /rustc/90b35a6239c3d8bdabc530a6a0816f7ff89a0aaf/library/std/src/thread/mod.rs:538:17
[INFO] [stdout]   36:     0x5565021f49ce - <core::panic::unwind_safe::AssertUnwindSafe<F> as core::ops::function::FnOnce<()>>::call_once::h8b06ddb275ff4a25
[INFO] [stdout]                                at /rustc/90b35a6239c3d8bdabc530a6a0816f7ff89a0aaf/library/core/src/panic/unwind_safe.rs:272:9
[INFO] [stdout]   37:     0x5565021f49ce - std::panicking::try::do_call::hb26ecd7cd9a9355d
[INFO] [stdout]                                at /rustc/90b35a6239c3d8bdabc530a6a0816f7ff89a0aaf/library/std/src/panicking.rs:557:40
[INFO] [stdout]   38:     0x5565021f49ce - std::panicking::try::h8ddeca9d705f9069
[INFO] [stdout]                                at /rustc/90b35a6239c3d8bdabc530a6a0816f7ff89a0aaf/library/std/src/panicking.rs:520:19
[INFO] [stdout]   39:     0x5565021f49ce - std::panic::catch_unwind::h49e1c33078844c46
[INFO] [stdout]                                at /rustc/90b35a6239c3d8bdabc530a6a0816f7ff89a0aaf/library/std/src/panic.rs:358:14
[INFO] [stdout]   40:     0x5565021f49ce - std::thread::Builder::spawn_unchecked_::{{closure}}::h6073db6ff56ad35d
[INFO] [stdout]                                at /rustc/90b35a6239c3d8bdabc530a6a0816f7ff89a0aaf/library/std/src/thread/mod.rs:537:30
[INFO] [stdout]   41:     0x5565021f49ce - core::ops::function::FnOnce::call_once{{vtable.shim}}::h2c5a5f3779c774f1
[INFO] [stdout]                                at /rustc/90b35a6239c3d8bdabc530a6a0816f7ff89a0aaf/library/core/src/ops/function.rs:250:5
[INFO] [stdout]   42:     0x556502264a8b - <alloc::boxed::Box<F,A> as core::ops::function::FnOnce<Args>>::call_once::hf75717d9f28faebf
[INFO] [stdout]                                at /rustc/90b35a6239c3d8bdabc530a6a0816f7ff89a0aaf/library/alloc/src/boxed.rs:2454:9
[INFO] [stdout]   43:     0x556502264a8b - <alloc::boxed::Box<F,A> as core::ops::function::FnOnce<Args>>::call_once::h7bd883a5f3c5f3c1
[INFO] [stdout]                                at /rustc/90b35a6239c3d8bdabc530a6a0816f7ff89a0aaf/library/alloc/src/boxed.rs:2454:9
[INFO] [stdout]   44:     0x556502264a8b - std::sys::pal::unix::thread::Thread::new::thread_start::hcc78f3943333fa94
[INFO] [stdout]                                at /rustc/90b35a6239c3d8bdabc530a6a0816f7ff89a0aaf/library/std/src/sys/pal/unix/thread.rs:105:17
[INFO] [stdout]   45:     0x799caac3fac3 - <unknown>
[INFO] [stdout]   46:     0x799caacd0a04 - clone
[INFO] [stdout]   47:                0x0 - <unknown>
[INFO] [stdout] 
[INFO] [stdout] 
[INFO] [stdout] failures:
[INFO] [stdout]     ui
[INFO] [stdout] 
[INFO] [stdout] test result: FAILED. 0 passed; 1 failed; 0 ignored; 0 measured; 0 filtered out; finished in 34.12s
[INFO] [stdout] 
[INFO] running `Command { std: "docker" "inspect" "d8dddae0dea93c642fd11319ae74fe96cabf380162cf1b24350d8d2a590a8fb8", kill_on_drop: false }`
[INFO] running `Command { std: "docker" "rm" "-f" "d8dddae0dea93c642fd11319ae74fe96cabf380162cf1b24350d8d2a590a8fb8", kill_on_drop: false }`
[INFO] [stdout] d8dddae0dea93c642fd11319ae74fe96cabf380162cf1b24350d8d2a590a8fb8
